07-19 13:02:43.457 2720 2720 D SubscriptionController: [getActiveSubscriptionInfoForSimSlotIndex]+ slotIdx=0 subId={id=1, iccId=89492019156020009546 simSlotIndex=0 displayName=LIDL Connect carrierName=LIDL Connect nameSource=0 iconTint=-16746133 dataRoaming=0 iconBitmap=android.graphics.Bitmap@d762190 mcc 262 mnc 2 userNwMode=10}
07-19 13:02:43.461 2720 2720 D VideoCall_LowBattery: allowVideoCallsInLowBattery: false isCarrierOneSupported: false mIsLowbattery: true
07-19 13:02:43.461 2720 2720 D VideoCall_LowBattery: disconnectVideoCalls on low battery
07-19 13:02:43.461 2720 2720 D VideoCall_LowBattery: disconnectVideoCalls 
07-19 13:02:52.485 2720 2720 D RILJ : [4131]> SIGNAL_STRENGTH [SUB1]
07-19 13:02:52.496 2720 2885 D RILJ : [4131]< SIGNAL_STRENGTH SignalStrength: 0 0 0 0 0 0 0 0 0 0 0 0 0 gsm|lte [SUB1]
07-19 13:02:52.496 2720 2720 D SubscriptionController: [getSubId]- numSubIds == 0, return DummySubIds slotIdx=1
07-19 13:03:12.502 2720 2720 D RILJ : [4132]> SIGNAL_STRENGTH [SUB1]
07-19 13:03:12.513 2720 2885 D RILJ : [4132]< SIGNAL_STRENGTH SignalStrength: 0 0 0 0 0 0 0 0 0 0 0 0 0 gsm|lte [SUB1]
07-19 13:03:12.515 2720 2720 D SubscriptionController: [getSubId]- numSubIds == 0, return DummySubIds slotIdx=1
07-19 13:03:32.539 2720 2720 D RILJ : [4133]> SIGNAL_STRENGTH [SUB1]
07-19 13:03:32.553 2720 2885 D RILJ : [4133]< SIGNAL_STRENGTH SignalStrength: 0 0 0 0 0 0 0 0 0 0 0 0 0 gsm|lte [SUB1]
07-19 13:03:32.554 2720 2720 D SubscriptionController: [getSubId]- numSubIds == 0, return DummySubIds slotIdx=1
07-19 13:03:43.544 0 0 I [ 4637.512908,0] bq24296_dump_register: REG0 - 0x00 = 0x42
07-19 13:03:43.547 0 0 I [ 4637.514547,0] bq24296_dump_register: REG1 - 0x01 = 0x0b
07-19 13:03:43.547 0 0 I [ 4637.515567,0] bq24296_dump_register: REG2 - 0x02 = 0x5c
07-19 13:03:43.548 0 0 I [ 4637.516582,0] bq24296_dump_register: REG3 - 0x03 = 0x21
07-19 13:03:43.551 0 0 I [ 4637.518044,0] bq24296_dump_register: REG4 - 0x04 = 0xe2
07-19 13:03:43.551 0 0 I [ 4637.519054,0] bq24296_dump_register: REG5 - 0x05 = 0x0e
07-19 13:03:43.552 0 0 I [ 4637.520102,0] bq24296_dump_register: REG6 - 0x06 = 0x73
07-19 13:03:43.552 0 0 I [ 4637.520846,0] bq24296_dump_register: REG7 - 0x07 = 0x4b
07-19 13:03:43.552 0 0 I [ 4637.521482,0] bq24296_dump_register: REG8 - 0x08 = 0x44
07-19 13:03:43.552 0 0 I [ 4637.522112,0] bq24296_dump_register: REG9 - 0x09 = 0x00
07-19 13:03:43.553 0 0 I [ 4637.522749,0] bq24296_dump_register: REGA - 0x0a = 0x20
07-19 13:03:43.575 1827 1971 I cache_file_deleted: power_supply_info.csv
07-19 13:03:43.578 3862 3862 E NEW_BHD : Open /sys/class/power_supply/gb_battery
07-19 13:03:43.608 2720 2720 D VideoCall_LowBattery: BatteryIntent received: android.intent.action.BATTERY_CHANGED
07-19 13:03:43.623 2720 2720 D SubscriptionController: [getActiveSubscriptionInfoForSimSlotIndex]+ slotIdx=0 subId={id=1, iccId=89492019156020009546 simSlotIndex=0 displayName=LIDL Connect carrierName=LIDL Connect nameSource=0 iconTint=-16746133 dataRoaming=0 iconBitmap=android.graphics.Bitmap@f7fa2af mcc 262 mnc 2 userNwMode=10}
07-19 13:03:43.626 2720 2720 D VideoCall_LowBattery: allowVideoCallsInLowBattery: false isCarrierOneSupported: false mIsLowbattery: true
07-19 13:03:43.626 2720 2720 D VideoCall_LowBattery: disconnectVideoCalls on low battery
07-19 13:03:43.626 2720 2720 D VideoCall_LowBattery: disconnectVideoCalls 
07-19 13:03:52.565 2720 2720 D RILJ : [4134]> SIGNAL_STRENGTH [SUB1]
07-19 13:03:52.576 2720 2885 D RILJ : [4134]< SIGNAL_STRENGTH SignalStrength: 0 0 0 0 0 0 0 0 0 0 0 0 0 gsm|lte [SUB1]
07-19 13:03:52.577 2720 2720 D SubscriptionController: [getSubId]- numSubIds == 0, return DummySubIds slotIdx=1
07-19 13:04:12.591 2720 2720 D RILJ : [4135]> SIGNAL_STRENGTH [SUB1]
07-19 13:04:12.598 2720 2885 D RILJ : [4135]< SIGNAL_STRENGTH SignalStrength: 0 0 0 0 0 0 0 0 0 0 0 0 0 gsm|lte [SUB1]
07-19 13:04:12.599 2720 2720 D SubscriptionController: [getSubId]- numSubIds == 0, return DummySubIds slotIdx=1
07-19 13:04:32.614 2720 2720 D RILJ : [4136]> SIGNAL_STRENGTH [SUB1]
07-19 13:04:32.618 2720 2885 D RILJ : [4136]< SIGNAL_STRENGTH SignalStrength: 0 0 0 0 0 0 0 0 0 0 0 0 0 gsm|lte [SUB1]
07-19 13:04:32.620 2720 2720 D SubscriptionController: [getSubId]- numSubIds == 0, return DummySubIds slotIdx=1
07-19 13:04:43.704 0 0 I [ 4697.672853,0] bq24296_dump_register: REG0 - 0x00 = 0x42
07-19 13:04:43.707 0 0 I [ 4697.674148,0] bq24296_dump_register: REG1 - 0x01 = 0x0b
07-19 13:04:43.707 0 0 I [ 4697.675179,0] bq24296_dump_register: REG2 - 0x02 = 0x5c
07-19 13:04:43.708 0 0 I [ 4697.676190,0] bq24296_dump_register: REG3 - 0x03 = 0x21
07-19 13:04:43.711 0 0 I [ 4697.677759,0] bq24296_dump_register: REG4 - 0x04 = 0xe2
07-19 13:04:43.711 0 0 I [ 4697.678775,0] bq24296_dump_register: REG5 - 0x05 = 0x0e
07-19 13:04:43.712 0 0 I [ 4697.679783,0] bq24296_dump_register: REG6 - 0x06 = 0x73
07-19 13:04:43.712 0 0 I [ 4697.680565,0] bq24296_dump_register: REG7 - 0x07 = 0x4b
07-19 13:04:43.712 0 0 I [ 4697.681298,0] bq24296_dump_register: REG8 - 0x08 = 0x44
07-19 13:04:43.712 0 0 I [ 4697.681931,0] bq24296_dump_register: REG9 - 0x09 = 0x00
07-19 13:04:43.713 0 0 I [ 4697.682561,0] bq24296_dump_register: REGA - 0x0a = 0x20
07-19 13:04:43.734 1827 1971 I cache_file_deleted: power_supply_info.csv
07-19 13:04:43.738 3862 3862 E NEW_BHD : Open /sys/class/power_supply/gb_battery
07-19 13:04:43.764 2720 2720 D VideoCall_LowBattery: BatteryIntent received: android.intent.action.BATTERY_CHANGED
07-19 13:04:43.779 2720 2720 D SubscriptionController: [getActiveSubscriptionInfoForSimSlotIndex]+ slotIdx=0 subId={id=1, iccId=89492019156020009546 simSlotIndex=0 displayName=LIDL Connect carrierName=LIDL Connect nameSource=0 iconTint=-16746133 dataRoaming=0 iconBitmap=android.graphics.Bitmap@72db19a mcc 262 mnc 2 userNwMode=10}
07-19 13:04:43.782 2720 2720 D VideoCall_LowBattery: allowVideoCallsInLowBattery: false isCarrierOneSupported: false mIsLowbattery: true
07-19 13:04:43.782 2720 2720 D VideoCall_LowBattery: disconnectVideoCalls on low battery
07-19 13:04:43.782 2720 2720 D VideoCall_LowBattery: disconnectVideoCalls 
07-19 13:04:52.631 2720 2720 D RILJ : [4137]> SIGNAL_STRENGTH [SUB1]
07-19 13:04:52.637 2720 2885 D RILJ : [4137]< SIGNAL_STRENGTH SignalStrength: 0 0 0 0 0 0 0 0 0 0 0 0 0 gsm|lte [SUB1]
07-19 13:04:52.638 2720 2720 D SubscriptionController: [getSubId]- numSubIds == 0, return DummySubIds slotIdx=1
07-19 13:05:12.663 2720 2720 D RILJ : [4138]> SIGNAL_STRENGTH [SUB1]
07-19 13:05:12.675 2720 2885 D RILJ : [4138]< SIGNAL_STRENGTH SignalStrength: 0 0 0 0 0 0 0 0 0 0 0 0 0 gsm|lte [SUB1]
07-19 13:05:12.675 2720 2720 D SubscriptionController: [getSubId]- numSubIds == 0, return DummySubIds slotIdx=1
07-19 13:05:32.680 2720 2720 D RILJ : [4139]> SIGNAL_STRENGTH [SUB1]
07-19 13:05:32.695 2720 2885 D RILJ : [4139]< SIGNAL_STRENGTH SignalStrength: 0 0 0 0 0 0 0 0 0 0 0 0 0 gsm|lte [SUB1]
07-19 13:05:32.696 2720 2720 D SubscriptionController: [getSubId]- numSubIds == 0, return DummySubIds slotIdx=1
07-19 13:05:43.864 0 0 I [ 4757.832896,0] bq24296_dump_register: REG0 - 0x00 = 0x42
07-19 13:05:43.867 0 0 I [ 4757.834208,0] bq24296_dump_register: REG1 - 0x01 = 0x0b
07-19 13:05:43.867 0 0 I [ 4757.835240,0] bq24296_dump_register: REG2 - 0x02 = 0x5c
07-19 13:05:43.868 0 0 I [ 4757.836254,0] bq24296_dump_register: REG3 - 0x03 = 0x21
07-19 13:05:43.871 0 0 I [ 4757.837817,0] bq24296_dump_register: REG4 - 0x04 = 0xe2
07-19 13:05:43.871 0 0 I [ 4757.838839,0] bq24296_dump_register: REG5 - 0x05 = 0x0e
07-19 13:05:43.872 0 0 I [ 4757.839851,0] bq24296_dump_register: REG6 - 0x06 = 0x73
07-19 13:05:43.872 0 0 I [ 4757.840641,0] bq24296_dump_register: REG7 - 0x07 = 0x4b
07-19 13:05:43.872 0 0 I [ 4757.841372,0] bq24296_dump_register: REG8 - 0x08 = 0x44
07-19 13:05:43.872 0 0 I [ 4757.842001,0] bq24296_dump_register: REG9 - 0x09 = 0x00
07-19 13:05:43.873 0 0 I [ 4757.842636,0] bq24296_dump_register: REGA - 0x0a = 0x20
07-19 13:05:43.895 1827 1971 I cache_file_deleted: power_supply_info.csv
07-19 13:05:43.898 3862 3862 E NEW_BHD : Open /sys/class/power_supply/gb_battery
07-19 13:05:43.921 2720 2720 D VideoCall_LowBattery: BatteryIntent received: android.intent.action.BATTERY_CHANGED
07-19 13:05:43.938 2720 2720 D SubscriptionController: [getActiveSubscriptionInfoForSimSlotIndex]+ slotIdx=0 subId={id=1, iccId=89492019156020009546 simSlotIndex=0 displayName=LIDL Connect carrierName=LIDL Connect nameSource=0 iconTint=-16746133 dataRoaming=0 iconBitmap=android.graphics.Bitmap@f1d1c1 mcc 262 mnc 2 userNwMode=10}
07-19 13:05:43.942 2720 2720 D VideoCall_LowBattery: allowVideoCallsInLowBattery: false isCarrierOneSupported: false mIsLowbattery: true
07-19 13:05:43.942 2720 2720 D VideoCall_LowBattery: disconnectVideoCalls on low battery
07-19 13:05:43.942 2720 2720 D VideoCall_LowBattery: disconnectVideoCalls 
07-19 13:05:52.707 2720 2720 D RILJ : [4140]> SIGNAL_STRENGTH [SUB1]
07-19 13:05:52.717 2720 2885 D RILJ : [4140]< SIGNAL_STRENGTH SignalStrength: 0 0 0 0 0 0 0 0 0 0 0 0 0 gsm|lte [SUB1]
07-19 13:05:52.719 2720 2720 D SubscriptionController: [getSubId]- numSubIds == 0, return DummySubIds slotIdx=1
07-19 13:06:12.744 2720 2720 D RILJ : [4141]> SIGNAL_STRENGTH [SUB1]
07-19 13:06:12.756 2720 2885 D RILJ : [4141]< SIGNAL_STRENGTH SignalStrength: 0 0 0 0 0 0 0 0 0 0 0 0 0 gsm|lte [SUB1]
07-19 13:06:12.757 2720 2720 D SubscriptionController: [getSubId]- numSubIds == 0, return DummySubIds slotIdx=1
07-19 13:06:32.782 2720 2720 D RILJ : [4142]> SIGNAL_STRENGTH [SUB1]
07-19 13:06:32.795 2720 2885 D RILJ : [4142]< SIGNAL_STRENGTH SignalStrength: 0 0 0 0 0 0 0 0 0 0 0 0 0 gsm|lte [SUB1]
07-19 13:06:32.796 2720 2720 D SubscriptionController: [getSubId]- numSubIds == 0, return DummySubIds slotIdx=1
07-19 13:06:44.024 0 0 I [ 4817.993195,0] bq24296_dump_register: REG0 - 0x00 = 0x42
07-19 13:06:44.028 0 0 I [ 4817.994197,0] bq24296_dump_register: REG1 - 0x01 = 0x0b
07-19 13:06:44.028 0 0 I [ 4817.994988,0] bq24296_dump_register: REG2 - 0x02 = 0x5c
07-19 13:06:44.028 0 0 I [ 4817.995772,0] bq24296_dump_register: REG3 - 0x03 = 0x21
07-19 13:06:44.029 0 0 I [ 4817.996561,0] bq24296_dump_register: REG4 - 0x04 = 0xe2
07-19 13:06:44.029 0 0 I [ 4817.997220,0] bq24296_dump_register: REG5 - 0x05 = 0x0e
07-19 13:06:44.029 0 0 I [ 4817.997863,0] bq24296_dump_register: REG6 - 0x06 = 0x73
07-19 13:06:44.030 0 0 I [ 4817.998496,0] bq24296_dump_register: REG7 - 0x07 = 0x4b
07-19 13:06:44.030 0 0 I [ 4817.999144,0] bq24296_dump_register: REG8 - 0x08 = 0x44
07-19 13:06:44.030 0 0 I [ 4817.999775,0] bq24296_dump_register: REG9 - 0x09 = 0x00
07-19 13:06:44.031 0 0 I [ 4818.000447,0] bq24296_dump_register: REGA - 0x0a = 0x20
07-19 13:06:44.053 1827 1971 I cache_file_deleted: power_supply_info.csv
07-19 13:06:44.054 3862 3862 E NEW_BHD : Open /sys/class/power_supply/gb_battery
07-19 13:06:52.803 2720 2720 D RILJ : [4143]> SIGNAL_STRENGTH [SUB1]
07-19 13:06:52.815 2720 2885 D RILJ : [4143]< SIGNAL_STRENGTH SignalStrength: 0 0 0 0 0 0 0 0 0 0 0 0 0 gsm|lte [SUB1]
07-19 13:06:52.815 2720 2720 D SubscriptionController: [getSubId]- numSubIds == 0, return DummySubIds slotIdx=1
07-19 13:07:12.840 2720 2720 D RILJ : [4144]> SIGNAL_STRENGTH [SUB1]
07-19 13:07:12.854 2720 2885 D RILJ : [4144]< SIGNAL_STRENGTH SignalStrength: 0 0 0 0 0 0 0 0 0 0 0 0 0 gsm|lte [SUB1]
07-19 13:07:12.856 2720 2720 D SubscriptionController: [getSubId]- numSubIds == 0, return DummySubIds slotIdx=1
07-19 13:07:32.880 2720 2720 D RILJ : [4145]> SIGNAL_STRENGTH [SUB1]
07-19 13:07:32.890 2720 2885 D RILJ : [4145]< SIGNAL_STRENGTH SignalStrength: 0 0 0 0 0 0 0 0 0 0 0 0 0 gsm|lte [SUB1]
07-19 13:07:32.891 2720 2720 D SubscriptionController: [getSubId]- numSubIds == 0, return DummySubIds slotIdx=1
07-19 13:07:44.187 0 0 I [ 4878.153866,0] bq24296_dump_register: REG0 - 0x00 = 0x42
07-19 13:07:44.187 0 0 I [ 4878.154899,0] bq24296_dump_register: REG1 - 0x01 = 0x0b
07-19 13:07:44.188 0 0 I [ 4878.155923,0] bq24296_dump_register: REG2 - 0x02 = 0x5c
07-19 13:07:44.191 0 0 I [ 4878.157820,0] bq24296_dump_register: REG3 - 0x03 = 0x21
07-19 13:07:44.191 0 0 I [ 4878.158852,0] bq24296_dump_register: REG4 - 0x04 = 0xe2
07-19 13:07:44.192 0 0 I [ 4878.159900,0] bq24296_dump_register: REG5 - 0x05 = 0x0e
07-19 13:07:44.192 0 0 I [ 4878.160698,0] bq24296_dump_register: REG6 - 0x06 = 0x73
07-19 13:07:44.192 0 0 I [ 4878.161434,0] bq24296_dump_register: REG7 - 0x07 = 0x4b
07-19 13:07:44.192 0 0 I [ 4878.162065,0] bq24296_dump_register: REG8 - 0x08 = 0x44
07-19 13:07:44.193 0 0 I [ 4878.162705,0] bq24296_dump_register: REG9 - 0x09 = 0x00
07-19 13:07:44.194 0 0 I [ 4878.163365,0] bq24296_dump_register: REGA - 0x0a = 0x20
07-19 13:07:44.215 1827 1971 I cache_file_deleted: power_supply_info.csv
07-19 13:07:44.216 3862 3862 E NEW_BHD : Open /sys/class/power_supply/gb_battery
07-19 13:07:44.247 2720 2720 D VideoCall_LowBattery: BatteryIntent received: android.intent.action.BATTERY_CHANGED
07-19 13:07:44.263 2720 2720 D SubscriptionController: [getActiveSubscriptionInfoForSimSlotIndex]+ slotIdx=0 subId={id=1, iccId=89492019156020009546 simSlotIndex=0 displayName=LIDL Connect carrierName=LIDL Connect nameSource=0 iconTint=-16746133 dataRoaming=0 iconBitmap=android.graphics.Bitmap@3443154 mcc 262 mnc 2 userNwMode=10}
07-19 13:07:44.265 2720 2720 D VideoCall_LowBattery: allowVideoCallsInLowBattery: false isCarrierOneSupported: false mIsLowbattery: true
07-19 13:07:44.266 2720 2720 D VideoCall_LowBattery: disconnectVideoCalls on low battery
07-19 13:07:44.266 2720 2720 D VideoCall_LowBattery: disconnectVideoCalls 
07-19 13:07:52.905 2720 2720 D RILJ : [4146]> SIGNAL_STRENGTH [SUB1]
07-19 13:07:52.916 2720 2885 D RILJ : [4146]< SIGNAL_STRENGTH SignalStrength: 0 0 0 0 0 0 0 0 0 0 0 0 0 gsm|lte [SUB1]
07-19 13:07:52.918 2720 2720 D SubscriptionController: [getSubId]- numSubIds == 0, return DummySubIds slotIdx=1
07-19 13:08:12.945 2720 2720 D RILJ : [4147]> SIGNAL_STRENGTH [SUB1]
07-19 13:08:12.955 2720 2885 D RILJ : [4147]< SIGNAL_STRENGTH SignalStrength: 0 0 0 0 0 0 0 0 0 0 0 0 0 gsm|lte [SUB1]
07-19 13:08:12.956 2720 2720 D SubscriptionController: [getSubId]- numSubIds == 0, return DummySubIds slotIdx=1
07-19 13:08:32.978 2720 2720 D RILJ : [4148]> SIGNAL_STRENGTH [SUB1]
07-19 13:08:32.991 2720 2885 D RILJ : [4148]< SIGNAL_STRENGTH SignalStrength: 0 0 0 0 0 0 0 0 0 0 0 0 0 gsm|lte [SUB1]
07-19 13:08:32.992 2720 2720 D SubscriptionController: [getSubId]- numSubIds == 0, return DummySubIds slotIdx=1
07-19 13:08:44.347 0 0 I [ 4938.313827,0] bq24296_dump_register: REG0 - 0x00 = 0x42
07-19 13:08:44.347 0 0 I [ 4938.314856,0] bq24296_dump_register: REG1 - 0x01 = 0x0b
07-19 13:08:44.348 0 0 I [ 4938.315872,0] bq24296_dump_register: REG2 - 0x02 = 0x5c
07-19 13:08:44.351 0 0 I [ 4938.317781,0] bq24296_dump_register: REG3 - 0x03 = 0x21
07-19 13:08:44.351 0 0 I [ 4938.318818,0] bq24296_dump_register: REG4 - 0x04 = 0xe2
07-19 13:08:44.352 0 0 I [ 4938.319876,0] bq24296_dump_register: REG5 - 0x05 = 0x0e
07-19 13:08:44.352 0 0 I [ 4938.320678,0] bq24296_dump_register: REG6 - 0x06 = 0x73
07-19 13:08:44.352 0 0 I [ 4938.321405,0] bq24296_dump_register: REG7 - 0x07 = 0x4b
07-19 13:08:44.352 0 0 I [ 4938.322040,0] bq24296_dump_register: REG8 - 0x08 = 0x44
07-19 13:08:44.353 0 0 I [ 4938.322669,0] bq24296_dump_register: REG9 - 0x09 = 0x00
07-19 13:08:44.354 0 0 I [ 4938.323321,0] bq24296_dump_register: REGA - 0x0a = 0x20
07-19 13:08:44.375 1827 1971 I cache_file_deleted: power_supply_info.csv
07-19 13:08:44.378 3862 3862 E NEW_BHD : Open /sys/class/power_supply/gb_battery
07-19 13:08:44.408 2720 2720 D VideoCall_LowBattery: BatteryIntent received: android.intent.action.BATTERY_CHANGED
07-19 13:08:44.423 2720 2720 D SubscriptionController: [getActiveSubscriptionInfoForSimSlotIndex]+ slotIdx=0 subId={id=1, iccId=89492019156020009546 simSlotIndex=0 displayName=LIDL Connect carrierName=LIDL Connect nameSource=0 iconTint=-16746133 dataRoaming=0 iconBitmap=android.graphics.Bitmap@78b843 mcc 262 mnc 2 userNwMode=10}
07-19 13:08:44.428 2720 2720 D VideoCall_LowBattery: allowVideoCallsInLowBattery: false isCarrierOneSupported: false mIsLowbattery: true
07-19 13:08:44.428 2720 2720 D VideoCall_LowBattery: disconnectVideoCalls on low battery
07-19 13:08:44.428 2720 2720 D VideoCall_LowBattery: disconnectVideoCalls 
07-19 13:08:53.005 2720 2720 D RILJ : [4149]> SIGNAL_STRENGTH [SUB1]
07-19 13:08:53.019 2720 2885 D RILJ : [4149]< SIGNAL_STRENGTH SignalStrength: 0 0 0 0 0 0 0 0 0 0 0 0 0 gsm|lte [SUB1]
07-19 13:08:53.021 2720 2720 D SubscriptionController: [getSubId]- numSubIds == 0, return DummySubIds slotIdx=1
07-19 13:09:13.033 2720 2720 D RILJ : [4150]> SIGNAL_STRENGTH [SUB1]
07-19 13:09:13.039 2720 2885 D RILJ : [4150]< SIGNAL_STRENGTH SignalStrength: 0 0 0 0 0 0 0 0 0 0 0 0 0 gsm|lte [SUB1]
07-19 13:09:13.039 2720 2720 D SubscriptionController: [getSubId]- numSubIds == 0, return DummySubIds slotIdx=1
07-19 13:09:33.054 2720 2720 D RILJ : [4151]> SIGNAL_STRENGTH [SUB1]
07-19 13:09:33.058 2720 2885 D RILJ : [4151]< SIGNAL_STRENGTH SignalStrength: 0 0 0 0 0 0 0 0 0 0 0 0 0 gsm|lte [SUB1]
07-19 13:09:33.059 2720 2720 D SubscriptionController: [getSubId]- numSubIds == 0, return DummySubIds slotIdx=1
07-19 13:09:44.507 0 0 I [ 4998.473888,0] bq24296_dump_register: REG0 - 0x00 = 0x42
07-19 13:09:44.507 0 0 I [ 4998.474919,0] bq24296_dump_register: REG1 - 0x01 = 0x0b
07-19 13:09:44.508 0 0 I [ 4998.475943,0] bq24296_dump_register: REG2 - 0x02 = 0x5c
07-19 13:09:44.511 0 0 I [ 4998.477831,0] bq24296_dump_register: REG3 - 0x03 = 0x21
07-19 13:09:44.511 0 0 I [ 4998.478862,0] bq24296_dump_register: REG4 - 0x04 = 0xe2
07-19 13:09:44.512 0 0 I [ 4998.479908,0] bq24296_dump_register: REG5 - 0x05 = 0x0e
07-19 13:09:44.512 0 0 I [ 4998.480701,0] bq24296_dump_register: REG6 - 0x06 = 0x73
07-19 13:09:44.512 0 0 I [ 4998.481431,0] bq24296_dump_register: REG7 - 0x07 = 0x4b
07-19 13:09:44.512 0 0 I [ 4998.482062,0] bq24296_dump_register: REG8 - 0x08 = 0x44
07-19 13:09:44.513 0 0 I [ 4998.482688,0] bq24296_dump_register: REG9 - 0x09 = 0x00
07-19 13:09:44.514 0 0 I [ 4998.483349,0] bq24296_dump_register: REGA - 0x0a = 0x20
07-19 13:09:44.535 1827 1971 I cache_file_deleted: power_supply_info.csv
07-19 13:09:44.538 3862 3862 E NEW_BHD : Open /sys/class/power_supply/gb_battery
07-19 13:09:44.561 2720 2720 D VideoCall_LowBattery: BatteryIntent received: android.intent.action.BATTERY_CHANGED
07-19 13:09:44.580 2720 2720 D SubscriptionController: [getActiveSubscriptionInfoForSimSlotIndex]+ slotIdx=0 subId={id=1, iccId=89492019156020009546 simSlotIndex=0 displayName=LIDL Connect carrierName=LIDL Connect nameSource=0 iconTint=-16746133 dataRoaming=0 iconBitmap=android.graphics.Bitmap@c66a33e mcc 262 mnc 2 userNwMode=10}
07-19 13:09:44.584 2720 2720 D VideoCall_LowBattery: allowVideoCallsInLowBattery: false isCarrierOneSupported: false mIsLowbattery: true
07-19 13:09:44.585 2720 2720 D VideoCall_LowBattery: disconnectVideoCalls on low battery
07-19 13:09:44.585 2720 2720 D VideoCall_LowBattery: disconnectVideoCalls 
07-19 13:09:53.067 2720 2720 D RILJ : [4152]> SIGNAL_STRENGTH [SUB1]
07-19 13:09:53.076 2720 2885 D RILJ : [4152]< SIGNAL_STRENGTH SignalStrength: 0 0 0 0 0 0 0 0 0 0 0 0 0 gsm|lte [SUB1]
07-19 13:09:53.077 2720 2720 D SubscriptionController: [getSubId]- numSubIds == 0, return DummySubIds slotIdx=1
07-19 13:10:06.329 1827 1827 I am_proc_start: [0,5627,10010,android.process.media,service,com.android.providers.downloads/.DownloadIdleService]
07-19 13:10:06.329 1827 1827 I ActivityManager: Start proc 5627:android.process.media/u0a10 for service com.android.providers.downloads/.DownloadIdleService
07-19 13:10:06.370 1827 4014 I am_proc_bound: [0,5627,android.process.media]
07-19 13:10:06.388 5627 5627 I art : Starting a blocking GC AddRemoveAppImageSpace
07-19 13:10:06.389 5627 5627 W System : ClassLoader referenced unknown path: /system/priv-app/DownloadProvider/lib/arm
07-19 13:10:06.409 5627 5627 W System : ClassLoader referenced unknown path: /system/priv-app/MediaProvider/lib/arm
07-19 13:10:06.410 5627 5627 D ApplicationLoaders: ignored Vulkan layer search path /system/priv-app/MediaProvider/lib/arm:/system/priv-app/MediaProvider/MediaProvider.apk!/lib/armeabi-v7a:/system/lib:/vendor/lib for namespace 0xb2edf090
07-19 13:10:06.424 1827 1936 I am_pss : [1827,1000,system,84068352,73744384,0]
07-19 13:10:06.471 1827 1936 I am_pss : [2463,10033,com.android.systemui,63056896,55721984,0]
07-19 13:10:06.482 5627 5657 D DownloadManager: Removed 0 stale downloads
07-19 12:10:06.481 5627 5627 I auditd : type=1400 audit(0.0:4): avc: denied { getattr } for uid=10010 comm="sAsyncHandlerTh" path="/cache/backup" dev="mmcblk0p38" ino=8202 scontext=u:r:priv_app:s0:c512,c768 tcontext=u:object_r:cache_private_backup_file:s0 tclass=dir permissive=0
07-19 12:10:06.481 5627 5627 W sAsyncHandlerTh: type=1400 audit(0.0:4): avc: denied { getattr } for uid=10010 path="/cache/backup" dev="mmcblk0p38" ino=8202 scontext=u:r:priv_app:s0:c512,c768 tcontext=u:object_r:cache_private_backup_file:s0 tclass=dir permissive=0
07-19 13:10:06.485 5627 5627 I auditd : type=1400 audit(0.0:5): avc: denied { getattr } for uid=10010 comm="sAsyncHandlerTh" path="/cache/backup" dev="mmcblk0p38" ino=8202 scontext=u:r:priv_app:s0:c512,c768 tcontext=u:object_r:cache_private_backup_file:s0 tclass=dir permissive=0
07-19 13:10:06.485 5627 5627 W sAsyncHandlerTh: type=1400 audit(0.0:5): avc: denied { getattr } for uid=10010 path="/cache/backup" dev="mmcblk0p38" ino=8202 scontext=u:r:priv_app:s0:c512,c768 tcontext=u:object_r:cache_private_backup_file:s0 tclass=dir permissive=0
07-19 13:10:06.490 5627 5657 D DownloadManager: Found 0 files in database
07-19 13:10:06.490 5627 5657 D DownloadManager: Found 0 files on disk
07-19 13:10:06.494 1827 2554 I ActivityManager: Killing 4516:com.android.messaging/u0a61 (adj 906): empty for 4989s
07-19 13:10:06.494 1827 2554 I am_kill : [0,4516,com.android.messaging,906,empty for 4989s]
07-19 13:10:06.518 1827 1936 I am_pss : [4064,10030,com.cyanogenmod.trebuchet,31241216,25329664,0]
07-19 13:10:06.542 1827 2600 I am_proc_died: [0,4516,com.android.messaging]
07-19 13:10:06.542 1827 2600 D ActivityManager: cleanUpApplicationRecord -- 4516
07-19 13:10:06.549 1827 1936 I am_pss : [4185,10054,com.cyanogenmod.lockclock,4339712,2727936,0]
07-19 13:10:06.581 1827 1936 I am_pss : [4387,10059,com.android.email,8383488,6692864,0]
07-19 13:10:06.612 1827 1936 I am_pss : [4597,1001,com.qualcomm.qcrilmsgtunnel,3903488,2666496,0]
07-19 13:10:06.643 1827 1936 I am_pss : [2455,10062,com.android.inputmethod.latin,9291776,7081984,0]
07-19 13:10:06.674 1827 1936 I am_pss : [4011,10058,com.android.smspush,3278848,2052096,0]
07-19 13:10:06.705 1827 1936 I am_pss : [3939,10032,org.cyanogenmod.weatherservice,3837952,2539520,0]
07-19 13:10:06.735 1827 1936 I am_pss : [3964,10003,org.cyanogenmod.audiofx,4849664,3493888,0]
07-19 13:10:06.766 1827 1936 I am_pss : [3856,10013,android.ext.services,3357696,2060288,0]
07-19 13:10:06.809 1827 1936 I am_pss : [2720,1001,com.android.phone,23670784,20148224,0]
07-19 13:10:06.839 1827 1936 I am_pss : [2658,10002,org.cyanogenmod.cmaudio.service,3614720,2355200,0]
07-19 13:10:06.854 1827 1997 I am_proc_start: [0,5668,10008,com.android.defcontainer,service,com.android.defcontainer/.DefaultContainerService]
07-19 13:10:06.854 1827 1997 I ActivityManager: Start proc 5668:com.android.defcontainer/u0a8 for service com.android.defcontainer/.DefaultContainerService
07-19 13:10:06.874 1827 2554 I am_proc_bound: [0,5668,com.android.defcontainer]
07-19 13:10:07.340 1827 5647 I PackageManager.DexOptimizer: Running dexopt (dex2oat) on: /system/app/Stk/Stk.apk pkg=com.android.stk isa=arm vmSafeMode=false debuggable=false target-filter=speed-profile oatDir = null sharedLibraries=null
07-19 13:10:07.400 5697 5697 I dex2oat : /system/bin/dex2oat --compiler-filter=speed-profile --profile-file-fd=7
07-19 13:10:07.537 5697 5697 I dex2oat : Explicit concurrent mark sweep GC freed 302(86KB) AllocSpace objects, 0(0B) LOS objects, 99% free, 3KB/1027KB, paused 119us total 5.278ms
07-19 13:10:07.698 5697 5697 I dex2oat : dex2oat took 299.194ms (threads: 4) arena alloc=1275KB (1306400B) java alloc=11KB (11488B) native alloc=1455KB (1490376B) free=3MB (3228216B)
07-19 13:10:07.708 1827 1997 W art : Long monitor contention with owner BackgroundDexOptService_IdleOptimization (5647) at int com.android.server.pm.PackageManagerService.performDexOptInternal(java.lang.String, boolean, java.lang.String, boolean)(PackageManagerService.java:7567) waiters=0 in void com.android.server.pm.PackageManagerService$MeasureParams.handleStartCopy() for 404ms
07-19 13:10:07.708 1827 1997 I dvm_lock_sample: [system_server,0,PackageManager,404,PackageManagerService.java,12842,-,7567,80]
07-19 13:10:08.365 1827 1997 I dvm_lock_sample: [system_server,0,PackageManager,35,PackageManagerService.java,12842,-,7567,7]
07-19 13:10:08.627 1827 5647 I PackageManager.DexOptimizer: Running dexopt (dex2oat) on: /system/priv-app/Trebuchet/Trebuchet.apk pkg=com.cyanogenmod.trebuchet isa=arm vmSafeMode=false debuggable=false target-filter=speed-profile oatDir = null sharedLibraries=null
07-19 13:10:08.676 5727 5727 I dex2oat : /system/bin/dex2oat --compiler-filter=speed-profile --profile-file-fd=7
07-19 13:10:09.503 5727 5729 W dex2oat : Compilation of void com.android.launcher3.LauncherModel$LoaderTask.loadWorkspace() took 223.088ms
07-19 13:10:09.633 5727 5727 I dex2oat : Explicit concurrent mark sweep GC freed 3864(892KB) AllocSpace objects, 0(0B) LOS objects, 80% free, 252KB/1276KB, paused 125us total 8.360ms
07-19 13:10:09.962 5727 5727 I dex2oat : dex2oat took 1.288s (threads: 4) arena alloc=8MB (9069272B) java alloc=258KB (264504B) native alloc=3MB (3338912B) free=12MB (12914016B)
07-19 13:10:09.977 1827 1997 W art : Long monitor contention with owner BackgroundDexOptService_IdleOptimization (5647) at int com.android.server.pm.PackageManagerService.performDexOptInternal(java.lang.String, boolean, java.lang.String, boolean)(PackageManagerService.java:7567) waiters=0 in void com.android.server.pm.PackageManagerService$MeasureParams.handleStartCopy() for 1.393s
07-19 13:10:09.977 1827 1997 I dvm_lock_sample: [system_server,0,PackageManager,1393,PackageManagerService.java,12842,-,7567,100]
07-19 13:10:10.014 1827 1997 I dvm_lock_sample: [system_server,0,PackageManager,37,PackageManagerService.java,12842,-,7567,7]
07-19 13:10:10.195 1827 1997 I dvm_lock_sample: [system_server,0,PackageManager,37,PackageManagerService.java,12842,-,7567,7]
07-19 13:10:13.097 2720 2720 D RILJ : [4153]> SIGNAL_STRENGTH [SUB1]
07-19 13:10:13.112 2720 2885 D RILJ : [4153]< SIGNAL_STRENGTH SignalStrength: 0 0 0 0 0 0 0 0 0 0 0 0 0 gsm|lte [SUB1]
07-19 13:10:13.114 2720 2720 D SubscriptionController: [getSubId]- numSubIds == 0, return DummySubIds slotIdx=1
07-19 13:10:22.039 1827 4061 I ActivityManager: Killing 4667:com.qualcomm.timeservice/1000 (adj 906): empty for 5005s
07-19 13:10:22.039 1827 4061 I am_kill : [0,4667,com.qualcomm.timeservice,906,empty for 5005s]
07-19 13:10:22.076 1827 2813 I am_proc_died: [0,4667,com.qualcomm.timeservice]
07-19 13:10:22.076 1827 2813 D ActivityManager: cleanUpApplicationRecord -- 4667
07-19 13:10:33.139 2720 2720 D RILJ : [4154]> SIGNAL_STRENGTH [SUB1]
07-19 13:10:33.153 2720 2885 D RILJ : [4154]< SIGNAL_STRENGTH SignalStrength: 0 0 0 0 0 0 0 0 0 0 0 0 0 gsm|lte [SUB1]
07-19 13:10:33.155 2720 2720 D SubscriptionController: [getSubId]- numSubIds == 0, return DummySubIds slotIdx=1
07-19 13:10:44.115 1827 1827 I free_storage_changed: 8590458880
07-19 13:10:44.667 0 0 I [ 5058.633923,0] bq24296_dump_register: REG0 - 0x00 = 0x42
07-19 13:10:44.668 0 0 I [ 5058.634947,0] bq24296_dump_register: REG1 - 0x01 = 0x0b
07-19 13:10:44.668 0 0 I [ 5058.635964,0] bq24296_dump_register: REG2 - 0x02 = 0x5c
07-19 13:10:44.671 0 0 I [ 5058.637860,0] bq24296_dump_register: REG3 - 0x03 = 0x21
07-19 13:10:44.671 0 0 I [ 5058.638893,0] bq24296_dump_register: REG4 - 0x04 = 0xe2
07-19 13:10:44.672 0 0 I [ 5058.639940,0] bq24296_dump_register: REG5 - 0x05 = 0x0e
07-19 13:10:44.672 0 0 I [ 5058.640734,0] bq24296_dump_register: REG6 - 0x06 = 0x73
07-19 13:10:44.672 0 0 I [ 5058.641463,0] bq24296_dump_register: REG7 - 0x07 = 0x4b
07-19 13:10:44.672 0 0 I [ 5058.642097,0] bq24296_dump_register: REG8 - 0x08 = 0x44
07-19 13:10:44.673 0 0 I [ 5058.642731,0] bq24296_dump_register: REG9 - 0x09 = 0x00
07-19 13:10:44.674 0 0 I [ 5058.643385,0] bq24296_dump_register: REGA - 0x0a = 0x20
07-19 13:10:44.696 1827 1971 I cache_file_deleted: power_supply_info.csv
07-19 13:10:44.696 3862 3862 E NEW_BHD : Open /sys/class/power_supply/gb_battery
07-19 13:10:44.728 2720 2720 D VideoCall_LowBattery: BatteryIntent received: android.intent.action.BATTERY_CHANGED
07-19 13:10:44.745 2720 2720 D SubscriptionController: [getActiveSubscriptionInfoForSimSlotIndex]+ slotIdx=0 subId={id=1, iccId=89492019156020009546 simSlotIndex=0 displayName=LIDL Connect carrierName=LIDL Connect nameSource=0 iconTint=-16746133 dataRoaming=0 iconBitmap=android.graphics.Bitmap@bd1ab5 mcc 262 mnc 2 userNwMode=10}
07-19 13:10:44.747 2720 2720 D VideoCall_LowBattery: allowVideoCallsInLowBattery: false isCarrierOneSupported: false mIsLowbattery: true
07-19 13:10:44.747 2720 2720 D VideoCall_LowBattery: disconnectVideoCalls on low battery
07-19 13:10:44.747 2720 2720 D VideoCall_LowBattery: disconnectVideoCalls 
07-19 13:10:53.166 2720 2720 D RILJ : [4155]> SIGNAL_STRENGTH [SUB1]
07-19 13:10:53.176 2720 2885 D RILJ : [4155]< SIGNAL_STRENGTH SignalStrength: 0 0 0 0 0 0 0 0 0 0 0 0 0 gsm|lte [SUB1]
07-19 13:10:53.177 2720 2720 D SubscriptionController: [getSubId]- numSubIds == 0, return DummySubIds slotIdx=1
07-19 13:11:13.202 2720 2720 D RILJ : [4156]> SIGNAL_STRENGTH [SUB1]
07-19 13:11:13.215 2720 2885 D RILJ : [4156]< SIGNAL_STRENGTH SignalStrength: 0 0 0 0 0 0 0 0 0 0 0 0 0 gsm|lte [SUB1]
07-19 13:11:13.215 2720 2720 D SubscriptionController: [getSubId]- numSubIds == 0, return DummySubIds slotIdx=1
07-19 13:11:33.241 2720 2720 D RILJ : [4157]> SIGNAL_STRENGTH [SUB1]
07-19 13:11:33.255 2720 2885 D RILJ : [4157]< SIGNAL_STRENGTH SignalStrength: 0 0 0 0 0 0 0 0 0 0 0 0 0 gsm|lte [SUB1]
07-19 13:11:33.257 2720 2720 D SubscriptionController: [getSubId]- numSubIds == 0, return DummySubIds slotIdx=1
07-19 13:11:44.827 0 0 I [ 5118.793983,0] bq24296_dump_register: REG0 - 0x00 = 0x42
07-19 13:11:44.827 0 0 I [ 5118.795006,0] bq24296_dump_register: REG1 - 0x01 = 0x0b
07-19 13:11:44.828 0 0 I [ 5118.796026,0] bq24296_dump_register: REG2 - 0x02 = 0x5c
07-19 13:11:44.831 0 0 I [ 5118.797993,0] bq24296_dump_register: REG3 - 0x03 = 0x21
07-19 13:11:44.831 0 0 I [ 5118.799010,0] bq24296_dump_register: REG4 - 0x04 = 0xe2
07-19 13:11:44.831 0 0 I [ 5118.800061,0] bq24296_dump_register: REG5 - 0x05 = 0x0e
07-19 13:11:44.832 0 0 I [ 5118.800951,0] bq24296_dump_register: REG6 - 0x06 = 0x73
07-19 13:11:44.832 0 0 I [ 5118.801586,0] bq24296_dump_register: REG7 - 0x07 = 0x4b
07-19 13:11:44.834 0 0 I [ 5118.802269,0] bq24296_dump_register: REG8 - 0x08 = 0x44
07-19 13:11:44.835 0 0 I [ 5118.803195,0] bq24296_dump_register: REG9 - 0x09 = 0x00
07-19 13:11:44.835 0 0 I [ 5118.803908,0] bq24296_dump_register: REGA - 0x0a = 0x20
07-19 13:11:44.857 3862 3862 E NEW_BHD : Open /sys/class/power_supply/gb_battery
07-19 13:11:44.857 1827 1971 I cache_file_deleted: power_supply_info.csv
07-19 13:11:44.884 2720 2720 D VideoCall_LowBattery: BatteryIntent received: android.intent.action.BATTERY_CHANGED
07-19 13:11:44.899 2720 2720 D SubscriptionController: [getActiveSubscriptionInfoForSimSlotIndex]+ slotIdx=0 subId={id=1, iccId=89492019156020009546 simSlotIndex=0 displayName=LIDL Connect carrierName=LIDL Connect nameSource=0 iconTint=-16746133 dataRoaming=0 iconBitmap=android.graphics.Bitmap@6b5f5d8 mcc 262 mnc 2 userNwMode=10}
07-19 13:11:44.901 2720 2720 D VideoCall_LowBattery: allowVideoCallsInLowBattery: false isCarrierOneSupported: false mIsLowbattery: true
07-19 13:11:44.901 2720 2720 D VideoCall_LowBattery: disconnectVideoCalls on low battery
07-19 13:11:44.901 2720 2720 D VideoCall_LowBattery: disconnectVideoCalls 
07-19 13:11:53.269 2720 2720 D RILJ : [4158]> SIGNAL_STRENGTH [SUB1]
07-19 13:11:53.278 2720 2885 D RILJ : [4158]< SIGNAL_STRENGTH SignalStrength: 0 0 0 0 0 0 0 0 0 0 0 0 0 gsm|lte [SUB1]
07-19 13:11:53.280 2720 2720 D SubscriptionController: [getSubId]- numSubIds == 0, return DummySubIds slotIdx=1
07-19 13:12:13.286 2720 2720 D RILJ : [4159]> SIGNAL_STRENGTH [SUB1]
07-19 13:12:13.296 2720 2885 D RILJ : [4159]< SIGNAL_STRENGTH SignalStrength: 0 0 0 0 0 0 0 0 0 0 0 0 0 gsm|lte [SUB1]
07-19 13:12:13.296 2720 2720 D SubscriptionController: [getSubId]- numSubIds == 0, return DummySubIds slotIdx=1
07-19 13:12:33.317 2720 2720 D RILJ : [4160]> SIGNAL_STRENGTH [SUB1]
07-19 13:12:33.330 2720 2885 D RILJ : [4160]< SIGNAL_STRENGTH SignalStrength: 0 0 0 0 0 0 0 0 0 0 0 0 0 gsm|lte [SUB1]
07-19 13:12:33.331 2720 2720 D SubscriptionController: [getSubId]- numSubIds == 0, return DummySubIds slotIdx=1
07-19 13:12:44.987 0 0 I [ 5178.953801,0] bq24296_dump_register: REG0 - 0x00 = 0x42
07-19 13:12:44.987 0 0 I [ 5178.954824,0] bq24296_dump_register: REG1 - 0x01 = 0x0b
07-19 13:12:44.988 0 0 I [ 5178.955845,0] bq24296_dump_register: REG2 - 0x02 = 0x5c
07-19 13:12:44.991 0 0 I [ 5178.957752,0] bq24296_dump_register: REG3 - 0x03 = 0x21
07-19 13:12:44.991 0 0 I [ 5178.958781,0] bq24296_dump_register: REG4 - 0x04 = 0xe2
07-19 13:12:44.992 0 0 I [ 5178.959831,0] bq24296_dump_register: REG5 - 0x05 = 0x0e
07-19 13:12:44.992 0 0 I [ 5178.960645,0] bq24296_dump_register: REG6 - 0x06 = 0x73
07-19 13:12:44.992 0 0 I [ 5178.961367,0] bq24296_dump_register: REG7 - 0x07 = 0x4b
07-19 13:12:44.992 0 0 I [ 5178.962011,0] bq24296_dump_register: REG8 - 0x08 = 0x44
07-19 13:12:44.993 0 0 I [ 5178.962642,0] bq24296_dump_register: REG9 - 0x09 = 0x00
07-19 13:12:44.994 0 0 I [ 5178.963291,0] bq24296_dump_register: REGA - 0x0a = 0x20
07-19 13:12:45.015 1827 1971 I cache_file_deleted: power_supply_info.csv
07-19 13:12:45.016 3862 3862 E NEW_BHD : Open /sys/class/power_supply/gb_battery
07-19 13:12:45.045 2720 2720 D VideoCall_LowBattery: BatteryIntent received: android.intent.action.BATTERY_CHANGED
07-19 13:12:45.063 2720 2720 D SubscriptionController: [getActiveSubscriptionInfoForSimSlotIndex]+ slotIdx=0 subId={id=1, iccId=89492019156020009546 simSlotIndex=0 displayName=LIDL Connect carrierName=LIDL Connect nameSource=0 iconTint=-16746133 dataRoaming=0 iconBitmap=android.graphics.Bitmap@ad9997 mcc 262 mnc 2 userNwMode=10}
07-19 13:12:45.066 2720 2720 D VideoCall_LowBattery: allowVideoCallsInLowBattery: false isCarrierOneSupported: false mIsLowbattery: true
07-19 13:12:45.066 2720 2720 D VideoCall_LowBattery: disconnectVideoCalls on low battery
07-19 13:12:45.066 2720 2720 D VideoCall_LowBattery: disconnectVideoCalls 
07-19 13:12:53.345 2720 2720 D RILJ : [4161]> SIGNAL_STRENGTH [SUB1]
07-19 13:12:53.356 2720 2885 D RILJ : [4161]< SIGNAL_STRENGTH SignalStrength: 0 0 0 0 0 0 0 0 0 0 0 0 0 gsm|lte [SUB1]
07-19 13:12:53.357 2720 2720 D SubscriptionController: [getSubId]- numSubIds == 0, return DummySubIds slotIdx=1
07-19 13:13:13.375 2720 2720 D RILJ : [4162]> SIGNAL_STRENGTH [SUB1]
07-19 13:13:13.389 2720 2885 D RILJ : [4162]< SIGNAL_STRENGTH SignalStrength: 0 0 0 0 0 0 0 0 0 0 0 0 0 gsm|lte [SUB1]
07-19 13:13:13.391 2720 2720 D SubscriptionController: [getSubId]- numSubIds == 0, return DummySubIds slotIdx=1
07-19 13:13:33.418 2720 2720 D RILJ : [4163]> SIGNAL_STRENGTH [SUB1]
07-19 13:13:33.430 2720 2885 D RILJ : [4163]< SIGNAL_STRENGTH SignalStrength: 0 0 0 0 0 0 0 0 0 0 0 0 0 gsm|lte [SUB1]
07-19 13:13:33.431 2720 2720 D SubscriptionController: [getSubId]- numSubIds == 0, return DummySubIds slotIdx=1
07-19 13:13:45.147 0 0 I [ 5239.113907,0] bq24296_dump_register: REG0 - 0x00 = 0x42
07-19 13:13:45.147 0 0 I [ 5239.114936,0] bq24296_dump_register: REG1 - 0x01 = 0x0b
07-19 13:13:45.148 0 0 I [ 5239.115953,0] bq24296_dump_register: REG2 - 0x02 = 0x5c
07-19 13:13:45.151 0 0 I [ 5239.117826,0] bq24296_dump_register: REG3 - 0x03 = 0x21
07-19 13:13:45.151 0 0 I [ 5239.118850,0] bq24296_dump_register: REG4 - 0x04 = 0xe2
07-19 13:13:45.151 0 0 I [ 5239.119902,0] bq24296_dump_register: REG5 - 0x05 = 0x0e
07-19 13:13:45.152 0 0 I [ 5239.120699,0] bq24296_dump_register: REG6 - 0x06 = 0x73
07-19 13:13:45.152 0 0 I [ 5239.121428,0] bq24296_dump_register: REG7 - 0x07 = 0x4b
07-19 13:13:45.152 0 0 I [ 5239.122065,0] bq24296_dump_register: REG8 - 0x08 = 0x44
07-19 13:13:45.154 0 0 I [ 5239.122728,0] bq24296_dump_register: REG9 - 0x09 = 0x00
07-19 13:13:45.154 0 0 I [ 5239.123849,0] bq24296_dump_register: REGA - 0x0a = 0x20
07-19 13:13:45.175 1827 1971 I cache_file_deleted: power_supply_info.csv
07-19 13:13:45.178 3862 3862 E NEW_BHD : Open /sys/class/power_supply/gb_battery
07-19 13:13:45.203 2720 2720 D VideoCall_LowBattery: BatteryIntent received: android.intent.action.BATTERY_CHANGED
07-19 13:13:45.223 2720 2720 D SubscriptionController: [getActiveSubscriptionInfoForSimSlotIndex]+ slotIdx=0 subId={id=1, iccId=89492019156020009546 simSlotIndex=0 displayName=LIDL Connect carrierName=LIDL Connect nameSource=0 iconTint=-16746133 dataRoaming=0 iconBitmap=android.graphics.Bitmap@d47a3a2 mcc 262 mnc 2 userNwMode=10}
07-19 13:13:45.228 2720 2720 D VideoCall_LowBattery: allowVideoCallsInLowBattery: false isCarrierOneSupported: false mIsLowbattery: true
07-19 13:13:45.228 2720 2720 D VideoCall_LowBattery: disconnectVideoCalls on low battery
07-19 13:13:45.229 2720 2720 D VideoCall_LowBattery: disconnectVideoCalls 
07-19 13:13:53.443 2720 2720 D RILJ : [4164]> SIGNAL_STRENGTH [SUB1]
07-19 13:13:53.454 2720 2885 D RILJ : [4164]< SIGNAL_STRENGTH SignalStrength: 0 0 0 0 0 0 0 0 0 0 0 0 0 gsm|lte [SUB1]
07-19 13:13:53.456 2720 2720 D SubscriptionController: [getSubId]- numSubIds == 0, return DummySubIds slotIdx=1
07-19 13:14:13.482 2720 2720 D RILJ : [4165]> SIGNAL_STRENGTH [SUB1]
07-19 13:14:13.495 2720 2885 D RILJ : [4165]< SIGNAL_STRENGTH SignalStrength: 0 0 0 0 0 0 0 0 0 0 0 0 0 gsm|lte [SUB1]
07-19 13:14:13.498 2720 2720 D SubscriptionController: [getSubId]- numSubIds == 0, return DummySubIds slotIdx=1
07-19 13:14:33.507 2720 2720 D RILJ : [4166]> SIGNAL_STRENGTH [SUB1]
07-19 13:14:33.516 2720 2885 D RILJ : [4166]< SIGNAL_STRENGTH SignalStrength: 0 0 0 0 0 0 0 0 0 0 0 0 0 gsm|lte [SUB1]
07-19 13:14:33.517 2720 2720 D SubscriptionController: [getSubId]- numSubIds == 0, return DummySubIds slotIdx=1
07-19 13:14:45.307 0 0 I [ 5299.273936,0] bq24296_dump_register: REG0 - 0x00 = 0x42
07-19 13:14:45.307 0 0 I [ 5299.274965,0] bq24296_dump_register: REG1 - 0x01 = 0x0b
07-19 13:14:45.308 0 0 I [ 5299.275988,0] bq24296_dump_register: REG2 - 0x02 = 0x5c
07-19 13:14:45.311 0 0 I [ 5299.277864,0] bq24296_dump_register: REG3 - 0x03 = 0x21
07-19 13:14:45.311 0 0 I [ 5299.278880,0] bq24296_dump_register: REG4 - 0x04 = 0xe2
07-19 13:14:45.312 0 0 I [ 5299.279928,0] bq24296_dump_register: REG5 - 0x05 = 0x0e
07-19 13:14:45.312 0 0 I [ 5299.280719,0] bq24296_dump_register: REG6 - 0x06 = 0x73
07-19 13:14:45.312 0 0 I [ 5299.281455,0] bq24296_dump_register: REG7 - 0x07 = 0x4b
07-19 13:14:45.313 0 0 I [ 5299.282085,0] bq24296_dump_register: REG8 - 0x08 = 0x44
07-19 13:14:45.313 0 0 I [ 5299.282714,0] bq24296_dump_register: REG9 - 0x09 = 0x00
07-19 13:14:45.314 0 0 I [ 5299.283357,0] bq24296_dump_register: REGA - 0x0a = 0x20
07-19 13:14:45.335 1827 1971 I cache_file_deleted: power_supply_info.csv
07-19 13:14:45.338 3862 3862 E NEW_BHD : Open /sys/class/power_supply/gb_battery
07-19 13:14:45.367 2720 2720 D VideoCall_LowBattery: BatteryIntent received: android.intent.action.BATTERY_CHANGED
07-19 13:14:45.383 2720 2720 D SubscriptionController: [getActiveSubscriptionInfoForSimSlotIndex]+ slotIdx=0 subId={id=1, iccId=89492019156020009546 simSlotIndex=0 displayName=LIDL Connect carrierName=LIDL Connect nameSource=0 iconTint=-16746133 dataRoaming=0 iconBitmap=android.graphics.Bitmap@cefd169 mcc 262 mnc 2 userNwMode=10}
07-19 13:14:45.385 2720 2720 D VideoCall_LowBattery: allowVideoCallsInLowBattery: false isCarrierOneSupported: false mIsLowbattery: true
07-19 13:14:45.385 2720 2720 D VideoCall_LowBattery: disconnectVideoCalls on low battery
07-19 13:14:45.385 2720 2720 D VideoCall_LowBattery: disconnectVideoCalls 
07-19 13:14:53.527 2720 2720 D RILJ : [4167]> SIGNAL_STRENGTH [SUB1]
07-19 13:14:53.536 2720 2885 D RILJ : [4167]< SIGNAL_STRENGTH SignalStrength: 0 0 0 0 0 0 0 0 0 0 0 0 0 gsm|lte [SUB1]
07-19 13:14:53.536 2720 2720 D SubscriptionController: [getSubId]- numSubIds == 0, return DummySubIds slotIdx=1
07-19 13:15:13.544 2720 2720 D RILJ : [4168]> SIGNAL_STRENGTH [SUB1]
07-19 13:15:13.556 2720 2885 D RILJ : [4168]< SIGNAL_STRENGTH SignalStrength: 0 0 0 0 0 0 0 0 0 0 0 0 0 gsm|lte [SUB1]
07-19 13:15:13.557 2720 2720 D SubscriptionController: [getSubId]- numSubIds == 0, return DummySubIds slotIdx=1
07-19 13:15:33.563 2720 2720 D RILJ : [4169]> SIGNAL_STRENGTH [SUB1]
07-19 13:15:33.568 2720 2885 D RILJ : [4169]< SIGNAL_STRENGTH SignalStrength: 0 0 0 0 0 0 0 0 0 0 0 0 0 gsm|lte [SUB1]
07-19 13:15:33.568 2720 2720 D SubscriptionController: [getSubId]- numSubIds == 0, return DummySubIds slotIdx=1
07-19 13:15:45.467 0 0 I [ 5359.433762,0] bq24296_dump_register: REG0 - 0x00 = 0x42
07-19 13:15:45.467 0 0 I [ 5359.434783,0] bq24296_dump_register: REG1 - 0x01 = 0x0b
07-19 13:15:45.468 0 0 I [ 5359.435801,0] bq24296_dump_register: REG2 - 0x02 = 0x5c
07-19 13:15:45.471 0 0 I [ 5359.437701,0] bq24296_dump_register: REG3 - 0x03 = 0x21
07-19 13:15:45.471 0 0 I [ 5359.438735,0] bq24296_dump_register: REG4 - 0x04 = 0xe2
07-19 13:15:45.471 0 0 I [ 5359.439746,0] bq24296_dump_register: REG5 - 0x05 = 0x0e
07-19 13:15:45.474 0 0 I [ 5359.441080,0] bq24296_dump_register: REG6 - 0x06 = 0x73
07-19 13:15:45.474 0 0 I [ 5359.442096,0] bq24296_dump_register: REG7 - 0x07 = 0x4b
07-19 13:15:45.475 0 0 I [ 5359.443163,0] bq24296_dump_register: REG8 - 0x08 = 0x44
07-19 13:15:45.475 0 0 I [ 5359.443893,0] bq24296_dump_register: REG9 - 0x09 = 0x00
07-19 13:15:45.476 0 0 I [ 5359.444542,0] bq24296_dump_register: REGA - 0x0a = 0x20
07-19 13:15:45.496 1827 1971 I cache_file_deleted: power_supply_info.csv
07-19 13:15:45.501 3862 3862 E NEW_BHD : Open /sys/class/power_supply/gb_battery
07-19 13:15:45.529 2720 2720 D VideoCall_LowBattery: BatteryIntent received: android.intent.action.BATTERY_CHANGED
07-19 13:15:45.547 2720 2720 D SubscriptionController: [getActiveSubscriptionInfoForSimSlotIndex]+ slotIdx=0 subId={id=1, iccId=89492019156020009546 simSlotIndex=0 displayName=LIDL Connect carrierName=LIDL Connect nameSource=0 iconTint=-16746133 dataRoaming=0 iconBitmap=android.graphics.Bitmap@aa1531c mcc 262 mnc 2 userNwMode=10}
07-19 13:15:45.550 2720 2720 D VideoCall_LowBattery: allowVideoCallsInLowBattery: false isCarrierOneSupported: false mIsLowbattery: true
07-19 13:15:45.550 2720 2720 D VideoCall_LowBattery: disconnectVideoCalls on low battery
07-19 13:15:45.550 2720 2720 D VideoCall_LowBattery: disconnectVideoCalls 
07-19 13:15:53.579 2720 2720 D RILJ : [4170]> SIGNAL_STRENGTH [SUB1]
07-19 13:15:53.593 2720 2885 D RILJ : [4170]< SIGNAL_STRENGTH SignalStrength: 0 0 0 0 0 0 0 0 0 0 0 0 0 gsm|lte [SUB1]
07-19 13:15:53.595 2720 2720 D SubscriptionController: [getSubId]- numSubIds == 0, return DummySubIds slotIdx=1
07-19 13:16:13.603 2720 2720 D RILJ : [4171]> SIGNAL_STRENGTH [SUB1]
07-19 13:16:13.616 2720 2885 D RILJ : [4171]< SIGNAL_STRENGTH SignalStrength: 0 0 0 0 0 0 0 0 0 0 0 0 0 gsm|lte [SUB1]
07-19 13:16:13.616 2720 2720 D SubscriptionController: [getSubId]- numSubIds == 0, return DummySubIds slotIdx=1
07-19 13:16:26.191 1827 1941 E BatteryStatsService: no controller energy info supplied
07-19 13:16:26.191 2720 2720 D RILJ : [4172]> RIL_REQUEST_GET_ACTIVITY_INFO [SUB0]
07-19 13:16:26.199 309 615 E RILQ : (0/309): RIL[0][main] qcril_qmi_nas_dms_get_activity_info: Get activity info failed 2
07-19 13:16:26.200 2720 2858 D RILJ : [4172]< RIL_REQUEST_GET_ACTIVITY_INFO ModemActivityInfo{ mTimestamp=0 mSleepTimeMs=0 mIdleTimeMs=0 mTxTimeMs[]=[0, 0, 0, 0, 0] mRxTimeMs=0 mEnergyUsed=0} [SUB0]
07-19 13:16:26.213 1827 1941 E BatteryStatsService: modem info is invalid: ModemActivityInfo{ mTimestamp=0 mSleepTimeMs=0 mIdleTimeMs=0 mTxTimeMs[]=[0, 0, 0, 0, 0] mRxTimeMs=0 mEnergyUsed=0}
07-19 13:16:31.974 2720 2720 D VideoCall_LowBattery: BatteryIntent received: android.intent.action.BATTERY_CHANGED
07-19 13:16:31.989 2720 2720 D SubscriptionController: [getActiveSubscriptionInfoForSimSlotIndex]+ slotIdx=0 subId={id=1, iccId=89492019156020009546 simSlotIndex=0 displayName=LIDL Connect carrierName=LIDL Connect nameSource=0 iconTint=-16746133 dataRoaming=0 iconBitmap=android.graphics.Bitmap@8c87aab mcc 262 mnc 2 userNwMode=10}
07-19 13:16:31.992 2720 2720 D VideoCall_LowBattery: allowVideoCallsInLowBattery: false isCarrierOneSupported: false mIsLowbattery: true
07-19 13:16:31.992 2720 2720 D VideoCall_LowBattery: disconnectVideoCalls on low battery
07-19 13:16:31.992 2720 2720 D VideoCall_LowBattery: disconnectVideoCalls 
07-19 13:16:33.621 2720 2720 D RILJ : [4173]> SIGNAL_STRENGTH [SUB1]
07-19 13:16:33.633 2720 2885 D RILJ : [4173]< SIGNAL_STRENGTH SignalStrength: 0 0 0 0 0 0 0 0 0 0 0 0 0 gsm|lte [SUB1]
07-19 13:16:33.636 2720 2720 D SubscriptionController: [getSubId]- numSubIds == 0, return DummySubIds slotIdx=1
07-19 13:16:45.627 0 0 I [ 5419.595625,0] bq24296_dump_register: REG0 - 0x00 = 0x42
07-19 13:16:45.628 0 0 I [ 5419.596704,0] bq24296_dump_register: REG1 - 0x01 = 0x0b
07-19 13:16:45.631 0 0 I [ 5419.598489,0] bq24296_dump_register: REG2 - 0x02 = 0x5c
07-19 13:16:45.631 0 0 I [ 5419.599527,0] bq24296_dump_register: REG3 - 0x03 = 0x21
07-19 13:16:45.634 0 0 I [ 5419.600930,0] bq24296_dump_register: REG4 - 0x04 = 0xe2
07-19 13:16:45.634 0 0 I [ 5419.601938,0] bq24296_dump_register: REG5 - 0x05 = 0x0e
07-19 13:16:45.635 0 0 I [ 5419.602947,0] bq24296_dump_register: REG6 - 0x06 = 0x73
07-19 13:16:45.635 0 0 I [ 5419.603797,0] bq24296_dump_register: REG7 - 0x07 = 0x4b
07-19 13:16:45.636 0 0 I [ 5419.604532,0] bq24296_dump_register: REG8 - 0x08 = 0x44
07-19 13:16:45.636 0 0 I [ 5419.605164,0] bq24296_dump_register: REG9 - 0x09 = 0x00
07-19 13:16:45.636 0 0 I [ 5419.605801,0] bq24296_dump_register: REGA - 0x0a = 0x20
07-19 13:16:45.660 1827 1971 I cache_file_deleted: power_supply_info.csv
07-19 13:16:45.661 3862 3862 E NEW_BHD : Open /sys/class/power_supply/gb_battery
07-19 13:16:45.695 2720 2720 D VideoCall_LowBattery: BatteryIntent received: android.intent.action.BATTERY_CHANGED
07-19 13:16:45.713 2720 2720 D SubscriptionController: [getActiveSubscriptionInfoForSimSlotIndex]+ slotIdx=0 subId={id=1, iccId=89492019156020009546 simSlotIndex=0 displayName=LIDL Connect carrierName=LIDL Connect nameSource=0 iconTint=-16746133 dataRoaming=0 iconBitmap=android.graphics.Bitmap@c5776c6 mcc 262 mnc 2 userNwMode=10}
07-19 13:16:45.717 2720 2720 D VideoCall_LowBattery: allowVideoCallsInLowBattery: false isCarrierOneSupported: false mIsLowbattery: true
07-19 13:16:45.717 2720 2720 D VideoCall_LowBattery: disconnectVideoCalls on low battery
07-19 13:16:45.717 2720 2720 D VideoCall_LowBattery: disconnectVideoCalls 
07-19 13:16:53.646 2720 2720 D RILJ : [4174]> SIGNAL_STRENGTH [SUB1]
07-19 13:16:53.655 2720 2885 D RILJ : [4174]< SIGNAL_STRENGTH SignalStrength: 0 0 0 0 0 0 0 0 0 0 0 0 0 gsm|lte [SUB1]
07-19 13:16:53.656 2720 2720 D SubscriptionController: [getSubId]- numSubIds == 0, return DummySubIds slotIdx=1
07-19 13:17:13.680 2720 2720 D RILJ : [4175]> SIGNAL_STRENGTH [SUB1]
07-19 13:17:13.691 2720 2885 D RILJ : [4175]< SIGNAL_STRENGTH SignalStrength: 0 0 0 0 0 0 0 0 0 0 0 0 0 gsm|lte [SUB1]
07-19 13:17:13.695 2720 2720 D SubscriptionController: [getSubId]- numSubIds == 0, return DummySubIds slotIdx=1
07-19 13:17:33.719 2720 2720 D RILJ : [4176]> SIGNAL_STRENGTH [SUB1]
07-19 13:17:33.733 2720 2885 D RILJ : [4176]< SIGNAL_STRENGTH SignalStrength: 0 0 0 0 0 0 0 0 0 0 0 0 0 gsm|lte [SUB1]
07-19 13:17:33.735 2720 2720 D SubscriptionController: [getSubId]- numSubIds == 0, return DummySubIds slotIdx=1
07-19 13:17:45.787 0 0 I [ 5479.753730,0] bq24296_dump_register: REG0 - 0x00 = 0x42
07-19 13:17:45.787 0 0 I [ 5479.754759,0] bq24296_dump_register: REG1 - 0x01 = 0x0b
07-19 13:17:45.788 0 0 I [ 5479.755771,0] bq24296_dump_register: REG2 - 0x02 = 0x5c
07-19 13:17:45.791 0 0 I [ 5479.757664,0] bq24296_dump_register: REG3 - 0x03 = 0x21
07-19 13:17:45.791 0 0 I [ 5479.758698,0] bq24296_dump_register: REG4 - 0x04 = 0xe2
07-19 13:17:45.791 0 0 I [ 5479.759712,0] bq24296_dump_register: REG5 - 0x05 = 0x0e
07-19 13:17:45.794 0 0 I [ 5479.761049,0] bq24296_dump_register: REG6 - 0x06 = 0x73
07-19 13:17:45.795 0 0 I [ 5479.762058,0] bq24296_dump_register: REG7 - 0x07 = 0x4b
07-19 13:17:45.795 0 0 I [ 5479.763109,0] bq24296_dump_register: REG8 - 0x08 = 0x44
07-19 13:17:45.795 0 0 I [ 5479.763848,0] bq24296_dump_register: REG9 - 0x09 = 0x00
07-19 13:17:45.796 0 0 I [ 5479.764486,0] bq24296_dump_register: REGA - 0x0a = 0x20
07-19 13:17:45.816 1827 1971 I cache_file_deleted: power_supply_info.csv
07-19 13:17:45.817 3862 3862 E NEW_BHD : Open /sys/class/power_supply/gb_battery
07-19 13:17:45.845 2720 2720 D VideoCall_LowBattery: BatteryIntent received: android.intent.action.BATTERY_CHANGED
07-19 13:17:45.865 2720 2720 D SubscriptionController: [getActiveSubscriptionInfoForSimSlotIndex]+ slotIdx=0 subId={id=1, iccId=89492019156020009546 simSlotIndex=0 displayName=LIDL Connect carrierName=LIDL Connect nameSource=0 iconTint=-16746133 dataRoaming=0 iconBitmap=android.graphics.Bitmap@ac289dd mcc 262 mnc 2 userNwMode=10}
07-19 13:17:45.868 2720 2720 D VideoCall_LowBattery: allowVideoCallsInLowBattery: false isCarrierOneSupported: false mIsLowbattery: true
07-19 13:17:45.868 2720 2720 D VideoCall_LowBattery: disconnectVideoCalls on low battery
07-19 13:17:45.868 2720 2720 D VideoCall_LowBattery: disconnectVideoCalls 
07-19 13:17:53.745 2720 2720 D RILJ : [4177]> SIGNAL_STRENGTH [SUB1]
