07-19 12:46:55.167 2646 2646 D wpa_supplicant: wlan0: Control interface command 'SIGNAL_POLL'
07-19 12:46:55.181 1827 1936 I am_pss : [2463,10033,com.android.systemui,61977600,54587392,0]
07-19 12:46:55.188 2720 2720 D DCT : [0]NETWORK_STATE_CHANGED_ACTION: mIsWifiConnected=true
07-19 12:46:55.189 2720 2720 D DCT : [1]NETWORK_STATE_CHANGED_ACTION: mIsWifiConnected=true
07-19 12:46:55.225 1827 1936 I am_pss : [4064,10030,com.cyanogenmod.trebuchet,31282176,25321472,0]
07-19 12:46:55.262 1827 1936 I am_pss : [2751,1000,com.android.settings,26107904,19869696,0]
07-19 12:46:55.292 1827 1936 I am_pss : [3888,10046,com.android.deskclock,6415360,4956160,0]
07-19 12:46:55.323 1827 1936 I am_pss : [4397,10005,com.android.providers.calendar,4666368,3174400,0]
07-19 12:46:55.353 1827 1936 I am_pss : [2958,10009,com.android.cellbroadcastreceiver,4346880,2813952,0]
07-19 12:46:55.384 1827 1936 I am_pss : [4318,10001,android.process.acore,9944064,7557120,0]
07-19 12:46:55.415 1827 1936 I am_pss : [4293,10041,com.android.calendar,5515264,3993600,0]
07-19 12:46:55.445 1827 1936 I am_pss : [4185,10054,com.cyanogenmod.lockclock,4329472,2727936,0]
07-19 12:46:55.475 1827 1936 I am_pss : [3988,10056,com.android.printspooler,3781632,2449408,0]
07-19 12:46:55.505 1827 1936 I am_pss : [4209,1000,org.cyanogenmod.cmparts,6132736,4435968,0]
07-19 12:46:55.537 1827 1936 I am_pss : [4620,10007,org.lineageos.updater,5968896,3710976,0]
07-19 12:46:55.566 1827 1936 I am_pss : [4667,1000,com.qualcomm.timeservice,3088384,1826816,0]
07-19 12:46:55.597 1827 1936 I am_pss : [4387,10059,com.android.email,8376320,6696960,0]
07-19 12:46:55.628 1827 1936 I am_pss : [4516,10061,com.android.messaging,10507264,7946240,0]
07-19 12:46:55.658 1827 1936 I am_pss : [4597,1001,com.qualcomm.qcrilmsgtunnel,4086784,2850816,0]
07-19 12:46:55.689 1827 1936 I am_pss : [2455,10062,com.android.inputmethod.latin,9275392,7081984,0]
07-19 12:46:55.718 1827 1936 I am_pss : [4011,10058,com.android.smspush,3281920,2052096,0]
07-19 12:46:55.748 1827 1936 I am_pss : [3939,10032,org.cyanogenmod.weatherservice,3840000,2539520,0]
07-19 12:46:55.778 1827 1936 I am_pss : [3964,10003,org.cyanogenmod.audiofx,4849664,3493888,0]
07-19 12:46:55.807 1827 1936 I am_pss : [3856,10013,android.ext.services,3360768,2060288,0]
07-19 12:46:55.849 1827 1936 I am_pss : [2720,1001,com.android.phone,23239680,19808256,0]
07-19 12:46:55.879 1827 1936 I am_pss : [2658,10002,org.cyanogenmod.cmaudio.service,3613696,2355200,0]
07-19 12:47:11.200 2720 2720 D RILJ : [4076]> SIGNAL_STRENGTH [SUB1]
07-19 12:47:11.213 2720 2885 D RILJ : [4076]< SIGNAL_STRENGTH SignalStrength: 0 0 0 0 0 0 0 0 0 0 0 0 0 gsm|lte [SUB1]
07-19 12:47:11.215 2720 2720 D SubscriptionController: [getSubId]- numSubIds == 0, return DummySubIds slotIdx=1
07-19 12:47:31.228 2720 2720 D RILJ : [4077]> SIGNAL_STRENGTH [SUB1]
07-19 12:47:31.237 2720 2885 D RILJ : [4077]< SIGNAL_STRENGTH SignalStrength: 0 0 0 0 0 0 0 0 0 0 0 0 0 gsm|lte [SUB1]
07-19 12:47:31.239 2720 2720 D SubscriptionController: [getSubId]- numSubIds == 0, return DummySubIds slotIdx=1
07-19 12:47:33.017 2720 2858 V RILJ : [UNSL]< UNSOL_OEM_HOOK_RAW 514f454d484f4f4bef0308000100000002 [SUB0]
07-19 12:47:33.022 2720 2858 D RILJ : [UNSL]< UNSOL_RESPONSE_VOICE_NETWORK_STATE_CHANGED [SUB0]
07-19 12:47:33.023 2720 2720 D RILJ : [4078]> OPERATOR [SUB0]
07-19 12:47:33.024 2720 2720 D RILJ : [4079]> DATA_REGISTRATION_STATE [SUB0]
07-19 12:47:33.027 2720 2720 D RILJ : [4080]> VOICE_REGISTRATION_STATE [SUB0]
07-19 12:47:33.028 2720 2720 D RILJ : [4081]> QUERY_NETWORK_SELECTION_MODE [SUB0]
07-19 12:47:33.045 309 5470 E use-Rlog/RLOG-RIL-MOTEXT: mothook_oem_ex: header type 0, requestCode 0x0
07-19 12:47:33.052 2720 2858 D RILJ : [4078]< OPERATOR {LIDL Connect, LIDL Connect, 26202, , , } [SUB0]
07-19 12:47:33.057 2720 2858 D RILJ : [4079]< DATA_REGISTRATION_STATE {1, 0546, 04ba794d, 11, null, 20, null, null, null, null, null} [SUB0]
07-19 12:47:33.057 2720 2720 D SST : handlPollStateResultMessage: GsmSST setDataRegState=0 regState=1 dataRadioTechnology=11
07-19 12:47:33.059 2720 2858 D RILJ : [4080]< VOICE_REGISTRATION_STATE {1, 0546, 04ba794d, 3, null, null, null, 0, null, null, 1, null, null, 0, b2} [SUB0]
07-19 12:47:33.061 2720 2858 D RILJ : [4081]< QUERY_NETWORK_SELECTION_MODE {0} [SUB0]
07-19 12:47:33.061 2720 2720 D SST : EVENT_POLL_STATE_NETWORK_SELECTION_MODE
07-19 12:47:33.063 2720 2720 D SST : Poll ServiceState done: oldSS=[0 0 voice home data home LIDL Connect LIDL Connect 26202 LIDL Connect LIDL Connect 26202 UMTS HSPA CSS not supported -1 -1 RoamInd=-1 DefRoamInd=-1 EmergOnly=false IsDataRoamingFromRegistration=false IsUsingCarrierAggregation=false] newSS=[0 0 voice home data home LIDL Connect LIDL Connect 26202 LIDL Connect LIDL Connect 26202 UMTS HSPA CSS not supported -1 -1 RoamInd=-1 DefRoamInd=-1 EmergOnly=false IsDataRoamingFromRegistration=false IsUsingCarrierAggregation=false] oldMaxDataCalls=20 mNewMaxDataCalls=20 oldReasonDataDenied=-1 mNewReasonDataDenied=-1
07-19 12:47:33.398 2720 2858 V RILJ : [UNSL]< UNSOL_OEM_HOOK_RAW 514f454d484f4f4bef0308000100000002 [SUB0]
07-19 12:47:33.403 2720 2858 D RILJ : [UNSL]< UNSOL_RESPONSE_VOICE_NETWORK_STATE_CHANGED [SUB0]
07-19 12:47:33.403 2720 2720 D RILJ : [4082]> OPERATOR [SUB0]
07-19 12:47:33.405 2720 2720 D RILJ : [4083]> DATA_REGISTRATION_STATE [SUB0]
07-19 12:47:33.407 2720 2720 D RILJ : [4084]> VOICE_REGISTRATION_STATE [SUB0]
07-19 12:47:33.408 2720 2720 D RILJ : [4085]> QUERY_NETWORK_SELECTION_MODE [SUB0]
07-19 12:47:33.420 309 5477 E use-Rlog/RLOG-RIL-MOTEXT: mothook_oem_ex: header type 0, requestCode 0x0
07-19 12:47:33.422 2720 2858 D RILJ : [4082]< OPERATOR {LIDL Connect, LIDL Connect, 26202, , , } [SUB0]
07-19 12:47:33.425 2720 2858 D RILJ : [4085]< QUERY_NETWORK_SELECTION_MODE {0} [SUB0]
07-19 12:47:33.425 2720 2720 D SST : EVENT_POLL_STATE_NETWORK_SELECTION_MODE
07-19 12:47:33.431 2720 2858 D RILJ : [4083]< DATA_REGISTRATION_STATE {1, 0546, 04ba794d, 11, null, 20, null, null, null, null, null} [SUB0]
07-19 12:47:33.432 2720 2720 D SST : handlPollStateResultMessage: GsmSST setDataRegState=0 regState=1 dataRadioTechnology=11
07-19 12:47:33.434 2720 2858 D RILJ : [4084]< VOICE_REGISTRATION_STATE {1, 0546, 04ba794d, 3, null, null, null, 0, null, null, 1, null, null, 0, b2} [SUB0]
07-19 12:47:33.437 2720 2720 D SST : Poll ServiceState done: oldSS=[0 0 voice home data home LIDL Connect LIDL Connect 26202 LIDL Connect LIDL Connect 26202 UMTS HSPA CSS not supported -1 -1 RoamInd=-1 DefRoamInd=-1 EmergOnly=false IsDataRoamingFromRegistration=false IsUsingCarrierAggregation=false] newSS=[0 0 voice home data home LIDL Connect LIDL Connect 26202 LIDL Connect LIDL Connect 26202 UMTS HSPA CSS not supported -1 -1 RoamInd=-1 DefRoamInd=-1 EmergOnly=false IsDataRoamingFromRegistration=false IsUsingCarrierAggregation=false] oldMaxDataCalls=20 mNewMaxDataCalls=20 oldReasonDataDenied=-1 mNewReasonDataDenied=-1
07-19 12:47:40.987 0 0 I [ 3674.953902,0] bq24296_dump_register: REG0 - 0x00 = 0x42
07-19 12:47:40.988 0 0 I [ 3674.954835,0] bq24296_dump_register: REG1 - 0x01 = 0x0b
07-19 12:47:40.988 0 0 I [ 3674.955855,0] bq24296_dump_register: REG2 - 0x02 = 0x5c
07-19 12:47:40.988 0 0 I [ 3674.956913,0] bq24296_dump_register: REG3 - 0x03 = 0x21
07-19 12:47:40.991 0 0 I [ 3674.958325,0] bq24296_dump_register: REG4 - 0x04 = 0xe2
07-19 12:47:40.991 0 0 I [ 3674.959347,0] bq24296_dump_register: REG5 - 0x05 = 0x0e
07-19 12:47:40.991 0 0 I [ 3674.960405,0] bq24296_dump_register: REG6 - 0x06 = 0x73
07-19 12:47:40.992 0 0 I [ 3674.961296,0] bq24296_dump_register: REG7 - 0x07 = 0x4b
07-19 12:47:40.992 0 0 I [ 3674.961925,0] bq24296_dump_register: REG8 - 0x08 = 0x44
07-19 12:47:40.993 0 0 I [ 3674.962563,0] bq24296_dump_register: REG9 - 0x09 = 0x00
07-19 12:47:40.994 0 0 I [ 3674.963184,0] bq24296_dump_register: REGA - 0x0a = 0x20
07-19 12:47:41.015 1827 1971 I cache_file_deleted: power_supply_info.csv
07-19 12:47:41.016 3862 3862 E NEW_BHD : Open /sys/class/power_supply/gb_battery
07-19 12:47:41.048 2720 2720 D VideoCall_LowBattery: BatteryIntent received: android.intent.action.BATTERY_CHANGED
07-19 12:47:41.066 2720 2720 D SubscriptionController: [getActiveSubscriptionInfoForSimSlotIndex]+ slotIdx=0 subId={id=1, iccId=89492019156020009546 simSlotIndex=0 displayName=LIDL Connect carrierName=LIDL Connect nameSource=0 iconTint=-16746133 dataRoaming=0 iconBitmap=android.graphics.Bitmap@3f56200 mcc 262 mnc 2 userNwMode=10}
07-19 12:47:41.070 2720 2720 D VideoCall_LowBattery: allowVideoCallsInLowBattery: false isCarrierOneSupported: false mIsLowbattery: true
07-19 12:47:41.070 2720 2720 D VideoCall_LowBattery: disconnectVideoCalls on low battery
07-19 12:47:41.070 2720 2720 D VideoCall_LowBattery: disconnectVideoCalls 
07-19 12:47:51.252 2720 2720 D RILJ : [4086]> SIGNAL_STRENGTH [SUB1]
07-19 12:47:51.258 2720 2885 D RILJ : [4086]< SIGNAL_STRENGTH SignalStrength: 0 0 0 0 0 0 0 0 0 0 0 0 0 gsm|lte [SUB1]
07-19 12:47:51.261 2720 2720 D SubscriptionController: [getSubId]- numSubIds == 0, return DummySubIds slotIdx=1
07-19 12:48:11.285 2720 2720 D RILJ : [4087]> SIGNAL_STRENGTH [SUB1]
07-19 12:48:11.296 2720 2885 D RILJ : [4087]< SIGNAL_STRENGTH SignalStrength: 0 0 0 0 0 0 0 0 0 0 0 0 0 gsm|lte [SUB1]
07-19 12:48:11.298 2720 2720 D SubscriptionController: [getSubId]- numSubIds == 0, return DummySubIds slotIdx=1
07-19 12:48:31.322 2720 2720 D RILJ : [4088]> SIGNAL_STRENGTH [SUB1]
07-19 12:48:31.336 2720 2885 D RILJ : [4088]< SIGNAL_STRENGTH SignalStrength: 0 0 0 0 0 0 0 0 0 0 0 0 0 gsm|lte [SUB1]
07-19 12:48:31.337 2720 2720 D SubscriptionController: [getSubId]- numSubIds == 0, return DummySubIds slotIdx=1
07-19 12:48:41.147 0 0 I [ 3735.114216,0] bq24296_dump_register: REG0 - 0x00 = 0x42
07-19 12:48:41.148 0 0 I [ 3735.115242,0] bq24296_dump_register: REG1 - 0x01 = 0x0b
07-19 12:48:41.148 0 0 I [ 3735.116255,0] bq24296_dump_register: REG2 - 0x02 = 0x5c
07-19 12:48:41.151 0 0 I [ 3735.118155,0] bq24296_dump_register: REG3 - 0x03 = 0x21
07-19 12:48:41.151 0 0 I [ 3735.119186,0] bq24296_dump_register: REG4 - 0x04 = 0xe2
07-19 12:48:41.152 0 0 I [ 3735.120236,0] bq24296_dump_register: REG5 - 0x05 = 0x0e
07-19 12:48:41.152 0 0 I [ 3735.121033,0] bq24296_dump_register: REG6 - 0x06 = 0x73
07-19 12:48:41.152 0 0 I [ 3735.121765,0] bq24296_dump_register: REG7 - 0x07 = 0x4b
07-19 12:48:41.153 0 0 I [ 3735.122405,0] bq24296_dump_register: REG8 - 0x08 = 0x44
07-19 12:48:41.153 0 0 I [ 3735.123035,0] bq24296_dump_register: REG9 - 0x09 = 0x00
07-19 12:48:41.154 0 0 I [ 3735.123696,0] bq24296_dump_register: REGA - 0x0a = 0x20
07-19 12:48:41.175 1827 1971 I cache_file_deleted: power_supply_info.csv
07-19 12:48:41.176 3862 3862 E NEW_BHD : Open /sys/class/power_supply/gb_battery
07-19 12:48:41.203 2720 2720 D VideoCall_LowBattery: BatteryIntent received: android.intent.action.BATTERY_CHANGED
07-19 12:48:41.222 2720 2720 D SubscriptionController: [getActiveSubscriptionInfoForSimSlotIndex]+ slotIdx=0 subId={id=1, iccId=89492019156020009546 simSlotIndex=0 displayName=LIDL Connect carrierName=LIDL Connect nameSource=0 iconTint=-16746133 dataRoaming=0 iconBitmap=android.graphics.Bitmap@17a71df mcc 262 mnc 2 userNwMode=10}
07-19 12:48:41.227 2720 2720 D VideoCall_LowBattery: allowVideoCallsInLowBattery: false isCarrierOneSupported: false mIsLowbattery: true
07-19 12:48:41.228 2720 2720 D VideoCall_LowBattery: disconnectVideoCalls on low battery
07-19 12:48:41.228 2720 2720 D VideoCall_LowBattery: disconnectVideoCalls 
07-19 12:48:51.351 2720 2720 D RILJ : [4089]> SIGNAL_STRENGTH [SUB1]
07-19 12:48:51.357 2720 2885 D RILJ : [4089]< SIGNAL_STRENGTH SignalStrength: 0 0 0 0 0 0 0 0 0 0 0 0 0 gsm|lte [SUB1]
07-19 12:48:51.358 2720 2720 D SubscriptionController: [getSubId]- numSubIds == 0, return DummySubIds slotIdx=1
07-19 12:49:11.382 2720 2720 D RILJ : [4090]> SIGNAL_STRENGTH [SUB1]
07-19 12:49:11.395 2720 2885 D RILJ : [4090]< SIGNAL_STRENGTH SignalStrength: 0 0 0 0 0 0 0 0 0 0 0 0 0 gsm|lte [SUB1]
07-19 12:49:11.396 2720 2720 D SubscriptionController: [getSubId]- numSubIds == 0, return DummySubIds slotIdx=1
07-19 12:49:31.419 2720 2720 D RILJ : [4091]> SIGNAL_STRENGTH [SUB1]
07-19 12:49:31.435 2720 2885 D RILJ : [4091]< SIGNAL_STRENGTH SignalStrength: 0 0 0 0 0 0 0 0 0 0 0 0 0 gsm|lte [SUB1]
07-19 12:49:31.438 2720 2720 D SubscriptionController: [getSubId]- numSubIds == 0, return DummySubIds slotIdx=1
07-19 12:49:41.307 0 0 I [ 3795.274111,0] bq24296_dump_register: REG0 - 0x00 = 0x42
07-19 12:49:41.308 0 0 I [ 3795.275135,0] bq24296_dump_register: REG1 - 0x01 = 0x0b
07-19 12:49:41.308 0 0 I [ 3795.276149,0] bq24296_dump_register: REG2 - 0x02 = 0x5c
07-19 12:49:41.311 0 0 I [ 3795.278033,0] bq24296_dump_register: REG3 - 0x03 = 0x21
07-19 12:49:41.311 0 0 I [ 3795.279069,0] bq24296_dump_register: REG4 - 0x04 = 0xe2
07-19 12:49:41.311 0 0 I [ 3795.280079,0] bq24296_dump_register: REG5 - 0x05 = 0x0e
07-19 12:49:41.314 0 0 I [ 3795.281406,0] bq24296_dump_register: REG6 - 0x06 = 0x73
07-19 12:49:41.315 0 0 I [ 3795.282414,0] bq24296_dump_register: REG7 - 0x07 = 0x4b
07-19 12:49:41.315 0 0 I [ 3795.283467,0] bq24296_dump_register: REG8 - 0x08 = 0x44
07-19 12:49:41.315 0 0 I [ 3795.284195,0] bq24296_dump_register: REG9 - 0x09 = 0x00
07-19 12:49:41.316 0 0 I [ 3795.284832,0] bq24296_dump_register: REGA - 0x0a = 0x20
07-19 12:49:41.337 1827 1971 I cache_file_deleted: power_supply_info.csv
07-19 12:49:41.338 3862 3862 E NEW_BHD : Open /sys/class/power_supply/gb_battery
07-19 12:49:41.383 2720 2720 D VideoCall_LowBattery: BatteryIntent received: android.intent.action.BATTERY_CHANGED
07-19 12:49:41.405 2720 2720 D SubscriptionController: [getActiveSubscriptionInfoForSimSlotIndex]+ slotIdx=0 subId={id=1, iccId=89492019156020009546 simSlotIndex=0 displayName=LIDL Connect carrierName=LIDL Connect nameSource=0 iconTint=-16746133 dataRoaming=0 iconBitmap=android.graphics.Bitmap@8196e8a mcc 262 mnc 2 userNwMode=10}
07-19 12:49:41.408 2720 2720 D VideoCall_LowBattery: allowVideoCallsInLowBattery: false isCarrierOneSupported: false mIsLowbattery: true
07-19 12:49:41.408 2720 2720 D VideoCall_LowBattery: disconnectVideoCalls on low battery
07-19 12:49:41.409 2720 2720 D VideoCall_LowBattery: disconnectVideoCalls 
07-19 12:49:51.454 2720 2720 D RILJ : [4092]> SIGNAL_STRENGTH [SUB1]
07-19 12:49:51.461 2720 2885 D RILJ : [4092]< SIGNAL_STRENGTH SignalStrength: 0 0 0 0 0 0 0 0 0 0 0 0 0 gsm|lte [SUB1]
07-19 12:49:51.461 2720 2720 D SubscriptionController: [getSubId]- numSubIds == 0, return DummySubIds slotIdx=1
07-19 12:50:11.485 2720 2720 D RILJ : [4093]> SIGNAL_STRENGTH [SUB1]
07-19 12:50:11.496 2720 2885 D RILJ : [4093]< SIGNAL_STRENGTH SignalStrength: 0 0 0 0 0 0 0 0 0 0 0 0 0 gsm|lte [SUB1]
07-19 12:50:11.497 2720 2720 D SubscriptionController: [getSubId]- numSubIds == 0, return DummySubIds slotIdx=1
07-19 12:50:31.515 2720 2720 D RILJ : [4094]> SIGNAL_STRENGTH [SUB1]
07-19 12:50:31.528 2720 2885 D RILJ : [4094]< SIGNAL_STRENGTH SignalStrength: 0 0 0 0 0 0 0 0 0 0 0 0 0 gsm|lte [SUB1]
07-19 12:50:31.532 2720 2720 D SubscriptionController: [getSubId]- numSubIds == 0, return DummySubIds slotIdx=1
07-19 12:50:41.468 0 0 I [ 3855.434120,0] bq24296_dump_register: REG0 - 0x00 = 0x42
07-19 12:50:41.468 0 0 I [ 3855.435138,0] bq24296_dump_register: REG1 - 0x01 = 0x0b
07-19 12:50:41.468 0 0 I [ 3855.436150,0] bq24296_dump_register: REG2 - 0x02 = 0x5c
07-19 12:50:41.468 0 0 I [ 3855.437212,0] bq24296_dump_register: REG3 - 0x03 = 0x21
07-19 12:50:41.471 0 0 I [ 3855.439231,0] bq24296_dump_register: REG4 - 0x04 = 0xe2
07-19 12:50:41.471 0 0 I [ 3855.440284,0] bq24296_dump_register: REG5 - 0x05 = 0x0e
07-19 12:50:41.472 0 0 I [ 3855.441117,0] bq24296_dump_register: REG6 - 0x06 = 0x73
07-19 12:50:41.472 0 0 I [ 3855.441847,0] bq24296_dump_register: REG7 - 0x07 = 0x4b
07-19 12:50:41.473 0 0 I [ 3855.442479,0] bq24296_dump_register: REG8 - 0x08 = 0x44
07-19 12:50:41.474 0 0 I [ 3855.443115,0] bq24296_dump_register: REG9 - 0x09 = 0x00
07-19 12:50:41.475 0 0 I [ 3855.444238,0] bq24296_dump_register: REGA - 0x0a = 0x20
07-19 12:50:41.496 1827 1971 I cache_file_deleted: power_supply_info.csv
07-19 12:50:41.498 3862 3862 E NEW_BHD : Open /sys/class/power_supply/gb_battery
07-19 12:50:41.524 2720 2720 D VideoCall_LowBattery: BatteryIntent received: android.intent.action.BATTERY_CHANGED
07-19 12:50:41.540 2720 2720 D SubscriptionController: [getActiveSubscriptionInfoForSimSlotIndex]+ slotIdx=0 subId={id=1, iccId=89492019156020009546 simSlotIndex=0 displayName=LIDL Connect carrierName=LIDL Connect nameSource=0 iconTint=-16746133 dataRoaming=0 iconBitmap=android.graphics.Bitmap@78ea771 mcc 262 mnc 2 userNwMode=10}
07-19 12:50:41.543 2720 2720 D VideoCall_LowBattery: allowVideoCallsInLowBattery: false isCarrierOneSupported: false mIsLowbattery: true
07-19 12:50:41.543 2720 2720 D VideoCall_LowBattery: disconnectVideoCalls on low battery
07-19 12:50:41.543 2720 2720 D VideoCall_LowBattery: disconnectVideoCalls 
07-19 12:50:51.548 2720 2720 D RILJ : [4095]> SIGNAL_STRENGTH [SUB1]
07-19 12:50:51.557 2720 2885 D RILJ : [4095]< SIGNAL_STRENGTH SignalStrength: 0 0 0 0 0 0 0 0 0 0 0 0 0 gsm|lte [SUB1]
07-19 12:50:51.557 2720 2720 D SubscriptionController: [getSubId]- numSubIds == 0, return DummySubIds slotIdx=1
07-19 12:51:11.581 2720 2720 D RILJ : [4096]> SIGNAL_STRENGTH [SUB1]
07-19 12:51:11.595 2720 2885 D RILJ : [4096]< SIGNAL_STRENGTH SignalStrength: 0 0 0 0 0 0 0 0 0 0 0 0 0 gsm|lte [SUB1]
07-19 12:51:11.596 2720 2720 D SubscriptionController: [getSubId]- numSubIds == 0, return DummySubIds slotIdx=1
07-19 12:51:31.621 2720 2720 D RILJ : [4097]> SIGNAL_STRENGTH [SUB1]
07-19 12:51:31.635 2720 2885 D RILJ : [4097]< SIGNAL_STRENGTH SignalStrength: 0 0 0 0 0 0 0 0 0 0 0 0 0 gsm|lte [SUB1]
07-19 12:51:31.638 2720 2720 D SubscriptionController: [getSubId]- numSubIds == 0, return DummySubIds slotIdx=1
07-19 12:51:41.628 0 0 I [ 3915.594120,0] bq24296_dump_register: REG0 - 0x00 = 0x42
07-19 12:51:41.628 0 0 I [ 3915.595143,0] bq24296_dump_register: REG1 - 0x01 = 0x0b
07-19 12:51:41.628 0 0 I [ 3915.596157,0] bq24296_dump_register: REG2 - 0x02 = 0x5c
07-19 12:51:41.628 0 0 I [ 3915.597398,0] bq24296_dump_register: REG3 - 0x03 = 0x21
07-19 12:51:41.631 0 0 I [ 3915.599201,0] bq24296_dump_register: REG4 - 0x04 = 0xe2
07-19 12:51:41.631 0 0 I [ 3915.600264,0] bq24296_dump_register: REG5 - 0x05 = 0x0e
07-19 12:51:41.632 0 0 I [ 3915.600994,0] bq24296_dump_register: REG6 - 0x06 = 0x73
07-19 12:51:41.632 0 0 I [ 3915.601631,0] bq24296_dump_register: REG7 - 0x07 = 0x4b
07-19 12:51:41.632 0 0 I [ 3915.602264,0] bq24296_dump_register: REG8 - 0x08 = 0x44
07-19 12:51:41.634 0 0 I [ 3915.602896,0] bq24296_dump_register: REG9 - 0x09 = 0x00
07-19 12:51:41.635 0 0 I [ 3915.603815,0] bq24296_dump_register: REGA - 0x0a = 0x20
07-19 12:51:41.656 1827 1971 I cache_file_deleted: power_supply_info.csv
07-19 12:51:41.658 3862 3862 E NEW_BHD : Open /sys/class/power_supply/gb_battery
07-19 12:51:41.691 2720 2720 D VideoCall_LowBattery: BatteryIntent received: android.intent.action.BATTERY_CHANGED
07-19 12:51:41.706 2720 2720 D SubscriptionController: [getActiveSubscriptionInfoForSimSlotIndex]+ slotIdx=0 subId={id=1, iccId=89492019156020009546 simSlotIndex=0 displayName=LIDL Connect carrierName=LIDL Connect nameSource=0 iconTint=-16746133 dataRoaming=0 iconBitmap=android.graphics.Bitmap@40486c4 mcc 262 mnc 2 userNwMode=10}
07-19 12:51:41.708 2720 2720 D VideoCall_LowBattery: allowVideoCallsInLowBattery: false isCarrierOneSupported: false mIsLowbattery: true
07-19 12:51:41.708 2720 2720 D VideoCall_LowBattery: disconnectVideoCalls on low battery
07-19 12:51:41.708 2720 2720 D VideoCall_LowBattery: disconnectVideoCalls 
07-19 12:51:51.645 2720 2720 D RILJ : [4098]> SIGNAL_STRENGTH [SUB1]
07-19 12:51:51.656 2720 2885 D RILJ : [4098]< SIGNAL_STRENGTH SignalStrength: 0 0 0 0 0 0 0 0 0 0 0 0 0 gsm|lte [SUB1]
07-19 12:51:51.657 2720 2720 D SubscriptionController: [getSubId]- numSubIds == 0, return DummySubIds slotIdx=1
07-19 12:52:11.666 2720 2720 D RILJ : [4099]> SIGNAL_STRENGTH [SUB1]
07-19 12:52:11.681 2720 2885 D RILJ : [4099]< SIGNAL_STRENGTH SignalStrength: 0 0 0 0 0 0 0 0 0 0 0 0 0 gsm|lte [SUB1]
07-19 12:52:11.685 2720 2720 D SubscriptionController: [getSubId]- numSubIds == 0, return DummySubIds slotIdx=1
07-19 12:52:31.704 2720 2720 D RILJ : [4100]> SIGNAL_STRENGTH [SUB1]
07-19 12:52:31.716 2720 2885 D RILJ : [4100]< SIGNAL_STRENGTH SignalStrength: 0 0 0 0 0 0 0 0 0 0 0 0 0 gsm|lte [SUB1]
07-19 12:52:31.717 2720 2720 D SubscriptionController: [getSubId]- numSubIds == 0, return DummySubIds slotIdx=1
07-19 12:52:41.784 0 0 I [ 3975.753744,0] bq24296_dump_register: REG0 - 0x00 = 0x42
07-19 12:52:41.788 0 0 I [ 3975.754600,0] bq24296_dump_register: REG1 - 0x01 = 0x0b
07-19 12:52:41.788 0 0 I [ 3975.755529,0] bq24296_dump_register: REG2 - 0x02 = 0x5c
07-19 12:52:41.788 0 0 I [ 3975.756548,0] bq24296_dump_register: REG3 - 0x03 = 0x21
07-19 12:52:41.788 0 0 I [ 3975.757522,0] bq24296_dump_register: REG4 - 0x04 = 0xe2
07-19 12:52:41.789 0 0 I [ 3975.758261,0] bq24296_dump_register: REG5 - 0x05 = 0x0e
07-19 12:52:41.789 0 0 I [ 3975.758895,0] bq24296_dump_register: REG6 - 0x06 = 0x73
07-19 12:52:41.790 0 0 I [ 3975.759524,0] bq24296_dump_register: REG7 - 0x07 = 0x4b
07-19 12:52:41.791 0 0 I [ 3975.760166,0] bq24296_dump_register: REG8 - 0x08 = 0x44
07-19 12:52:41.791 0 0 I [ 3975.760830,0] bq24296_dump_register: REG9 - 0x09 = 0x00
07-19 12:52:41.791 0 0 I [ 3975.761464,0] bq24296_dump_register: REGA - 0x0a = 0x20
07-19 12:52:41.813 1827 1971 I cache_file_deleted: power_supply_info.csv
07-19 12:52:41.814 3862 3862 E NEW_BHD : Open /sys/class/power_supply/gb_battery
07-19 12:52:41.856 2720 2720 D VideoCall_LowBattery: BatteryIntent received: android.intent.action.BATTERY_CHANGED
07-19 12:52:41.870 2720 2720 D SubscriptionController: [getActiveSubscriptionInfoForSimSlotIndex]+ slotIdx=0 subId={id=1, iccId=89492019156020009546 simSlotIndex=0 displayName=LIDL Connect carrierName=LIDL Connect nameSource=0 iconTint=-16746133 dataRoaming=0 iconBitmap=android.graphics.Bitmap@ee36073 mcc 262 mnc 2 userNwMode=10}
07-19 12:52:41.873 2720 2720 D VideoCall_LowBattery: allowVideoCallsInLowBattery: false isCarrierOneSupported: false mIsLowbattery: true
07-19 12:52:41.873 2720 2720 D VideoCall_LowBattery: disconnectVideoCalls on low battery
07-19 12:52:41.873 2720 2720 D VideoCall_LowBattery: disconnectVideoCalls 
07-19 12:52:51.732 2720 2720 D RILJ : [4101]> SIGNAL_STRENGTH [SUB1]
07-19 12:52:51.738 2720 2885 D RILJ : [4101]< SIGNAL_STRENGTH SignalStrength: 0 0 0 0 0 0 0 0 0 0 0 0 0 gsm|lte [SUB1]
07-19 12:52:51.739 2720 2720 D SubscriptionController: [getSubId]- numSubIds == 0, return DummySubIds slotIdx=1
07-19 12:53:11.755 2720 2720 D RILJ : [4102]> SIGNAL_STRENGTH [SUB1]
07-19 12:53:11.771 2720 2885 D RILJ : [4102]< SIGNAL_STRENGTH SignalStrength: 0 0 0 0 0 0 0 0 0 0 0 0 0 gsm|lte [SUB1]
07-19 12:53:11.771 2720 2720 D SubscriptionController: [getSubId]- numSubIds == 0, return DummySubIds slotIdx=1
07-19 12:53:31.779 2720 2720 D RILJ : [4103]> SIGNAL_STRENGTH [SUB1]
07-19 12:53:31.795 2720 2885 D RILJ : [4103]< SIGNAL_STRENGTH SignalStrength: 0 0 0 0 0 0 0 0 0 0 0 0 0 gsm|lte [SUB1]
07-19 12:53:31.796 2720 2720 D SubscriptionController: [getSubId]- numSubIds == 0, return DummySubIds slotIdx=1
07-19 12:53:41.944 0 0 I [ 4035.913977,0] bq24296_dump_register: REG0 - 0x00 = 0x42
07-19 12:53:41.948 0 0 I [ 4035.915550,0] bq24296_dump_register: REG1 - 0x01 = 0x0b
07-19 12:53:41.948 0 0 I [ 4035.916567,0] bq24296_dump_register: REG2 - 0x02 = 0x5c
07-19 12:53:41.948 0 0 I [ 4035.917540,0] bq24296_dump_register: REG3 - 0x03 = 0x21
07-19 12:53:41.951 0 0 I [ 4035.919162,0] bq24296_dump_register: REG4 - 0x04 = 0xe2
07-19 12:53:41.951 0 0 I [ 4035.920176,0] bq24296_dump_register: REG5 - 0x05 = 0x0e
07-19 12:53:41.952 0 0 I [ 4035.920990,0] bq24296_dump_register: REG6 - 0x06 = 0x73
07-19 12:53:41.952 0 0 I [ 4035.921723,0] bq24296_dump_register: REG7 - 0x07 = 0x4b
07-19 12:53:41.952 0 0 I [ 4035.922356,0] bq24296_dump_register: REG8 - 0x08 = 0x44
07-19 12:53:41.954 0 0 I [ 4035.923016,0] bq24296_dump_register: REG9 - 0x09 = 0x00
07-19 12:53:41.954 0 0 I [ 4035.923932,0] bq24296_dump_register: REGA - 0x0a = 0x20
07-19 12:53:41.975 1827 1971 I cache_file_deleted: power_supply_info.csv
07-19 12:53:41.978 3862 3862 E NEW_BHD : Open /sys/class/power_supply/gb_battery
07-19 12:53:42.008 2720 2720 D VideoCall_LowBattery: BatteryIntent received: android.intent.action.BATTERY_CHANGED
07-19 12:53:42.023 2720 2720 D SubscriptionController: [getActiveSubscriptionInfoForSimSlotIndex]+ slotIdx=0 subId={id=1, iccId=89492019156020009546 simSlotIndex=0 displayName=LIDL Connect carrierName=LIDL Connect nameSource=0 iconTint=-16746133 dataRoaming=0 iconBitmap=android.graphics.Bitmap@c2cd2e mcc 262 mnc 2 userNwMode=10}
07-19 12:53:42.026 2720 2720 D VideoCall_LowBattery: allowVideoCallsInLowBattery: false isCarrierOneSupported: false mIsLowbattery: true
07-19 12:53:42.027 2720 2720 D VideoCall_LowBattery: disconnectVideoCalls on low battery
07-19 12:53:42.027 2720 2720 D VideoCall_LowBattery: disconnectVideoCalls 
07-19 12:53:51.803 2720 2720 D RILJ : [4104]> SIGNAL_STRENGTH [SUB1]
07-19 12:53:51.814 2720 2885 D RILJ : [4104]< SIGNAL_STRENGTH SignalStrength: 0 0 0 0 0 0 0 0 0 0 0 0 0 gsm|lte [SUB1]
07-19 12:53:51.818 2720 2720 D SubscriptionController: [getSubId]- numSubIds == 0, return DummySubIds slotIdx=1
07-19 12:54:11.845 2720 2720 D RILJ : [4105]> SIGNAL_STRENGTH [SUB1]
07-19 12:54:11.856 2720 2885 D RILJ : [4105]< SIGNAL_STRENGTH SignalStrength: 0 0 0 0 0 0 0 0 0 0 0 0 0 gsm|lte [SUB1]
07-19 12:54:11.857 2720 2720 D SubscriptionController: [getSubId]- numSubIds == 0, return DummySubIds slotIdx=1
07-19 12:54:31.872 2720 2720 D RILJ : [4106]> SIGNAL_STRENGTH [SUB1]
07-19 12:54:31.878 2720 2885 D RILJ : [4106]< SIGNAL_STRENGTH SignalStrength: 0 0 0 0 0 0 0 0 0 0 0 0 0 gsm|lte [SUB1]
07-19 12:54:31.879 2720 2720 D SubscriptionController: [getSubId]- numSubIds == 0, return DummySubIds slotIdx=1
07-19 12:54:42.107 0 0 I [ 4096.073846,0] bq24296_dump_register: REG0 - 0x00 = 0x42
07-19 12:54:42.108 0 0 I [ 4096.074777,0] bq24296_dump_register: REG1 - 0x01 = 0x0b
07-19 12:54:42.108 0 0 I [ 4096.075793,0] bq24296_dump_register: REG2 - 0x02 = 0x5c
07-19 12:54:42.108 0 0 I [ 4096.076844,0] bq24296_dump_register: REG3 - 0x03 = 0x21
07-19 12:54:42.111 0 0 I [ 4096.078835,0] bq24296_dump_register: REG4 - 0x04 = 0xe2
07-19 12:54:42.111 0 0 I [ 4096.079849,0] bq24296_dump_register: REG5 - 0x05 = 0x0e
07-19 12:54:42.112 0 0 I [ 4096.080683,0] bq24296_dump_register: REG6 - 0x06 = 0x73
07-19 12:54:42.112 0 0 I [ 4096.081415,0] bq24296_dump_register: REG7 - 0x07 = 0x4b
07-19 12:54:42.112 0 0 I [ 4096.082053,0] bq24296_dump_register: REG8 - 0x08 = 0x44
07-19 12:54:42.114 0 0 I [ 4096.082728,0] bq24296_dump_register: REG9 - 0x09 = 0x00
07-19 12:54:42.115 0 0 I [ 4096.083867,0] bq24296_dump_register: REGA - 0x0a = 0x20
07-19 12:54:42.135 1827 1971 I cache_file_deleted: power_supply_info.csv
07-19 12:54:42.138 3862 3862 E NEW_BHD : Open /sys/class/power_supply/gb_battery
07-19 12:54:42.166 2720 2720 D VideoCall_LowBattery: BatteryIntent received: android.intent.action.BATTERY_CHANGED
07-19 12:54:42.182 2720 2720 D SubscriptionController: [getActiveSubscriptionInfoForSimSlotIndex]+ slotIdx=0 subId={id=1, iccId=89492019156020009546 simSlotIndex=0 displayName=LIDL Connect carrierName=LIDL Connect nameSource=0 iconTint=-16746133 dataRoaming=0 iconBitmap=android.graphics.Bitmap@ee30165 mcc 262 mnc 2 userNwMode=10}
07-19 12:54:42.184 2720 2720 D VideoCall_LowBattery: allowVideoCallsInLowBattery: false isCarrierOneSupported: false mIsLowbattery: true
07-19 12:54:42.184 2720 2720 D VideoCall_LowBattery: disconnectVideoCalls on low battery
07-19 12:54:42.184 2720 2720 D VideoCall_LowBattery: disconnectVideoCalls 
07-19 12:54:51.891 2720 2720 D RILJ : [4107]> SIGNAL_STRENGTH [SUB1]
07-19 12:54:51.905 2720 2885 D RILJ : [4107]< SIGNAL_STRENGTH SignalStrength: 0 0 0 0 0 0 0 0 0 0 0 0 0 gsm|lte [SUB1]
07-19 12:54:51.909 2720 2720 D SubscriptionController: [getSubId]- numSubIds == 0, return DummySubIds slotIdx=1
07-19 12:55:11.920 2720 2720 D RILJ : [4108]> SIGNAL_STRENGTH [SUB1]
07-19 12:55:11.933 2720 2885 D RILJ : [4108]< SIGNAL_STRENGTH SignalStrength: 0 0 0 0 0 0 0 0 0 0 0 0 0 gsm|lte [SUB1]
07-19 12:55:11.935 2720 2720 D SubscriptionController: [getSubId]- numSubIds == 0, return DummySubIds slotIdx=1
07-19 12:55:31.941 2720 2720 D RILJ : [4109]> SIGNAL_STRENGTH [SUB1]
07-19 12:55:31.955 2720 2885 D RILJ : [4109]< SIGNAL_STRENGTH SignalStrength: 0 0 0 0 0 0 0 0 0 0 0 0 0 gsm|lte [SUB1]
07-19 12:55:31.956 2720 2720 D SubscriptionController: [getSubId]- numSubIds == 0, return DummySubIds slotIdx=1
07-19 12:55:42.264 0 0 I [ 4156.232459,0] bq24296_dump_register: REG0 - 0x00 = 0x42
07-19 12:55:42.264 0 0 I [ 4156.233389,0] bq24296_dump_register: REG1 - 0x01 = 0x0b
07-19 12:55:42.268 0 0 I [ 4156.234507,0] bq24296_dump_register: REG2 - 0x02 = 0x5c
07-19 12:55:42.268 0 0 I [ 4156.235531,0] bq24296_dump_register: REG3 - 0x03 = 0x21
07-19 12:55:42.268 0 0 I [ 4156.236547,0] bq24296_dump_register: REG4 - 0x04 = 0xe2
07-19 12:55:42.269 0 0 I [ 4156.237338,0] bq24296_dump_register: REG5 - 0x05 = 0x0e
07-19 12:55:42.269 0 0 I [ 4156.238068,0] bq24296_dump_register: REG6 - 0x06 = 0x73
07-19 12:55:42.269 0 0 I [ 4156.238695,0] bq24296_dump_register: REG7 - 0x07 = 0x4b
07-19 12:55:42.270 0 0 I [ 4156.239330,0] bq24296_dump_register: REG8 - 0x08 = 0x44
07-19 12:55:42.271 0 0 I [ 4156.239999,0] bq24296_dump_register: REG9 - 0x09 = 0x00
07-19 12:55:42.271 0 0 I [ 4156.240648,0] bq24296_dump_register: REGA - 0x0a = 0x20
07-19 12:55:42.292 1827 1971 I cache_file_deleted: power_supply_info.csv
07-19 12:55:42.295 3862 3862 E NEW_BHD : Open /sys/class/power_supply/gb_battery
07-19 12:55:42.322 2720 2720 D VideoCall_LowBattery: BatteryIntent received: android.intent.action.BATTERY_CHANGED
07-19 12:55:42.338 2720 2720 D SubscriptionController: [getActiveSubscriptionInfoForSimSlotIndex]+ slotIdx=0 subId={id=1, iccId=89492019156020009546 simSlotIndex=0 displayName=LIDL Connect carrierName=LIDL Connect nameSource=0 iconTint=-16746133 dataRoaming=0 iconBitmap=android.graphics.Bitmap@db5048 mcc 262 mnc 2 userNwMode=10}
07-19 12:55:42.341 2720 2720 D VideoCall_LowBattery: allowVideoCallsInLowBattery: false isCarrierOneSupported: false mIsLowbattery: true
07-19 12:55:42.341 2720 2720 D VideoCall_LowBattery: disconnectVideoCalls on low battery
07-19 12:55:42.341 2720 2720 D VideoCall_LowBattery: disconnectVideoCalls 
07-19 12:55:51.967 2720 2720 D RILJ : [4110]> SIGNAL_STRENGTH [SUB1]
07-19 12:55:51.977 2720 2885 D RILJ : [4110]< SIGNAL_STRENGTH SignalStrength: 0 0 0 0 0 0 0 0 0 0 0 0 0 gsm|lte [SUB1]
07-19 12:55:51.977 2720 2720 D SubscriptionController: [getSubId]- numSubIds == 0, return DummySubIds slotIdx=1
07-19 12:56:12.002 2720 2720 D RILJ : [4111]> SIGNAL_STRENGTH [SUB1]
07-19 12:56:12.013 2720 2885 D RILJ : [4111]< SIGNAL_STRENGTH SignalStrength: 0 0 0 0 0 0 0 0 0 0 0 0 0 gsm|lte [SUB1]
07-19 12:56:12.015 2720 2720 D SubscriptionController: [getSubId]- numSubIds == 0, return DummySubIds slotIdx=1
07-19 12:56:31.969 2720 2720 D VideoCall_LowBattery: BatteryIntent received: android.intent.action.BATTERY_CHANGED
07-19 12:56:31.985 2720 2720 D SubscriptionController: [getActiveSubscriptionInfoForSimSlotIndex]+ slotIdx=0 subId={id=1, iccId=89492019156020009546 simSlotIndex=0 displayName=LIDL Connect carrierName=LIDL Connect nameSource=0 iconTint=-16746133 dataRoaming=0 iconBitmap=android.graphics.Bitmap@430cac7 mcc 262 mnc 2 userNwMode=10}
07-19 12:56:31.988 2720 2720 D VideoCall_LowBattery: allowVideoCallsInLowBattery: false isCarrierOneSupported: false mIsLowbattery: true
07-19 12:56:31.988 2720 2720 D VideoCall_LowBattery: disconnectVideoCalls on low battery
07-19 12:56:31.988 2720 2720 D VideoCall_LowBattery: disconnectVideoCalls 
07-19 12:56:32.016 2720 2720 D RILJ : [4112]> SIGNAL_STRENGTH [SUB1]
07-19 12:56:32.020 2720 2885 D RILJ : [4112]< SIGNAL_STRENGTH SignalStrength: 0 0 0 0 0 0 0 0 0 0 0 0 0 gsm|lte [SUB1]
07-19 12:56:32.021 2720 2720 D SubscriptionController: [getSubId]- numSubIds == 0, return DummySubIds slotIdx=1
07-19 12:56:42.427 0 0 I [ 4216.395778,0] bq24296_dump_register: REG0 - 0x00 = 0x42
07-19 12:56:42.428 0 0 I [ 4216.396844,0] bq24296_dump_register: REG1 - 0x01 = 0x0b
07-19 12:56:42.431 0 0 I [ 4216.398693,0] bq24296_dump_register: REG2 - 0x02 = 0x5c
07-19 12:56:42.431 0 0 I [ 4216.399711,0] bq24296_dump_register: REG3 - 0x03 = 0x21
07-19 12:56:42.434 0 0 I [ 4216.401200,0] bq24296_dump_register: REG4 - 0x04 = 0xe2
07-19 12:56:42.435 0 0 I [ 4216.402214,0] bq24296_dump_register: REG5 - 0x05 = 0x0e
07-19 12:56:42.435 0 0 I [ 4216.403236,0] bq24296_dump_register: REG6 - 0x06 = 0x73
07-19 12:56:42.435 0 0 I [ 4216.404109,0] bq24296_dump_register: REG7 - 0x07 = 0x4b
07-19 12:56:42.436 0 0 I [ 4216.404846,0] bq24296_dump_register: REG8 - 0x08 = 0x44
07-19 12:56:42.436 0 0 I [ 4216.405478,0] bq24296_dump_register: REG9 - 0x09 = 0x00
07-19 12:56:42.436 0 0 I [ 4216.406113,0] bq24296_dump_register: REGA - 0x0a = 0x20
07-19 12:56:42.458 1827 1971 I cache_file_deleted: power_supply_info.csv
07-19 12:56:42.461 3862 3862 E NEW_BHD : Open /sys/class/power_supply/gb_battery
07-19 12:56:42.488 2720 2720 D VideoCall_LowBattery: BatteryIntent received: android.intent.action.BATTERY_CHANGED
07-19 12:56:42.504 2720 2720 D SubscriptionController: [getActiveSubscriptionInfoForSimSlotIndex]+ slotIdx=0 subId={id=1, iccId=89492019156020009546 simSlotIndex=0 displayName=LIDL Connect carrierName=LIDL Connect nameSource=0 iconTint=-16746133 dataRoaming=0 iconBitmap=android.graphics.Bitmap@598aa92 mcc 262 mnc 2 userNwMode=10}
07-19 12:56:42.506 2720 2720 D VideoCall_LowBattery: allowVideoCallsInLowBattery: false isCarrierOneSupported: false mIsLowbattery: true
07-19 12:56:42.507 2720 2720 D VideoCall_LowBattery: disconnectVideoCalls on low battery
07-19 12:56:42.507 2720 2720 D VideoCall_LowBattery: disconnectVideoCalls 
07-19 12:56:52.035 2720 2720 D RILJ : [4113]> SIGNAL_STRENGTH [SUB1]
07-19 12:56:52.039 2720 2885 D RILJ : [4113]< SIGNAL_STRENGTH SignalStrength: 0 0 0 0 0 0 0 0 0 0 0 0 0 gsm|lte [SUB1]
07-19 12:56:52.040 2720 2720 D SubscriptionController: [getSubId]- numSubIds == 0, return DummySubIds slotIdx=1
07-19 12:57:12.064 2720 2720 D RILJ : [4114]> SIGNAL_STRENGTH [SUB1]
07-19 12:57:12.076 2720 2885 D RILJ : [4114]< SIGNAL_STRENGTH SignalStrength: 0 0 0 0 0 0 0 0 0 0 0 0 0 gsm|lte [SUB1]
07-19 12:57:12.076 2720 2720 D SubscriptionController: [getSubId]- numSubIds == 0, return DummySubIds slotIdx=1
07-19 12:57:32.085 2720 2720 D RILJ : [4115]> SIGNAL_STRENGTH [SUB1]
07-19 12:57:32.099 2720 2885 D RILJ : [4115]< SIGNAL_STRENGTH SignalStrength: 0 0 0 0 0 0 0 0 0 0 0 0 0 gsm|lte [SUB1]
07-19 12:57:32.101 2720 2720 D SubscriptionController: [getSubId]- numSubIds == 0, return DummySubIds slotIdx=1
07-19 12:57:42.587 0 0 I [ 4276.553830,0] bq24296_dump_register: REG0 - 0x00 = 0x42
07-19 12:57:42.588 0 0 I [ 4276.554988,0] bq24296_dump_register: REG1 - 0x01 = 0x0b
07-19 12:57:42.588 0 0 I [ 4276.555943,0] bq24296_dump_register: REG2 - 0x02 = 0x5c
07-19 12:57:42.588 0 0 I [ 4276.556886,0] bq24296_dump_register: REG3 - 0x03 = 0x21
07-19 12:57:42.591 0 0 I [ 4276.558872,0] bq24296_dump_register: REG4 - 0x04 = 0xe2
07-19 12:57:42.591 0 0 I [ 4276.559814,0] bq24296_dump_register: REG5 - 0x05 = 0x0e
07-19 12:57:42.592 0 0 I [ 4276.560678,0] bq24296_dump_register: REG6 - 0x06 = 0x73
07-19 12:57:42.592 0 0 I [ 4276.561420,0] bq24296_dump_register: REG7 - 0x07 = 0x4b
07-19 12:57:42.592 0 0 I [ 4276.562061,0] bq24296_dump_register: REG8 - 0x08 = 0x44
07-19 12:57:42.593 0 0 I [ 4276.562700,0] bq24296_dump_register: REG9 - 0x09 = 0x00
07-19 12:57:42.594 0 0 I [ 4276.563335,0] bq24296_dump_register: REGA - 0x0a = 0x20
07-19 12:57:42.615 1827 1971 I cache_file_deleted: power_supply_info.csv
07-19 12:57:42.618 3862 3862 E NEW_BHD : Open /sys/class/power_supply/gb_battery
07-19 12:57:42.648 2720 2720 D VideoCall_LowBattery: BatteryIntent received: android.intent.action.BATTERY_CHANGED
07-19 12:57:42.672 2720 2720 D SubscriptionController: [getActiveSubscriptionInfoForSimSlotIndex]+ slotIdx=0 subId={id=1, iccId=89492019156020009546 simSlotIndex=0 displayName=LIDL Connect carrierName=LIDL Connect nameSource=0 iconTint=-16746133 dataRoaming=0 iconBitmap=android.graphics.Bitmap@281f919 mcc 262 mnc 2 userNwMode=10}
07-19 12:57:42.675 2720 2720 D VideoCall_LowBattery: allowVideoCallsInLowBattery: false isCarrierOneSupported: false mIsLowbattery: true
07-19 12:57:42.675 2720 2720 D VideoCall_LowBattery: disconnectVideoCalls on low battery
07-19 12:57:42.675 2720 2720 D VideoCall_LowBattery: disconnectVideoCalls 
07-19 12:57:52.117 2720 2720 D RILJ : [4116]> SIGNAL_STRENGTH [SUB1]
07-19 12:57:52.130 2720 2885 D RILJ : [4116]< SIGNAL_STRENGTH SignalStrength: 0 0 0 0 0 0 0 0 0 0 0 0 0 gsm|lte [SUB1]
07-19 12:57:52.131 2720 2720 D SubscriptionController: [getSubId]- numSubIds == 0, return DummySubIds slotIdx=1
07-19 12:58:12.143 2720 2720 D RILJ : [4117]> SIGNAL_STRENGTH [SUB1]
07-19 12:58:12.155 2720 2885 D RILJ : [4117]< SIGNAL_STRENGTH SignalStrength: 0 0 0 0 0 0 0 0 0 0 0 0 0 gsm|lte [SUB1]
07-19 12:58:12.156 2720 2720 D SubscriptionController: [getSubId]- numSubIds == 0, return DummySubIds slotIdx=1
07-19 12:58:32.169 2720 2720 D RILJ : [4118]> SIGNAL_STRENGTH [SUB1]
07-19 12:58:32.178 2720 2885 D RILJ : [4118]< SIGNAL_STRENGTH SignalStrength: 0 0 0 0 0 0 0 0 0 0 0 0 0 gsm|lte [SUB1]
07-19 12:58:32.179 2720 2720 D SubscriptionController: [getSubId]- numSubIds == 0, return DummySubIds slotIdx=1
07-19 12:58:42.744 0 0 I [ 4336.712641,0] bq24296_dump_register: REG0 - 0x00 = 0x42
07-19 12:58:42.744 0 0 I [ 4336.713572,0] bq24296_dump_register: REG1 - 0x01 = 0x0b
07-19 12:58:42.747 0 0 I [ 4336.714594,0] bq24296_dump_register: REG2 - 0x02 = 0x5c
07-19 12:58:42.748 0 0 I [ 4336.715450,0] bq24296_dump_register: REG3 - 0x03 = 0x21
07-19 12:58:42.748 0 0 I [ 4336.716301,0] bq24296_dump_register: REG4 - 0x04 = 0xe2
07-19 12:58:42.748 0 0 I [ 4336.716934,0] bq24296_dump_register: REG5 - 0x05 = 0x0e
07-19 12:58:42.749 0 0 I [ 4336.717772,0] bq24296_dump_register: REG6 - 0x06 = 0x73
07-19 12:58:42.749 0 0 I [ 4336.718402,0] bq24296_dump_register: REG7 - 0x07 = 0x4b
07-19 12:58:42.749 0 0 I [ 4336.719041,0] bq24296_dump_register: REG8 - 0x08 = 0x44
07-19 12:58:42.750 0 0 I [ 4336.719674,0] bq24296_dump_register: REG9 - 0x09 = 0x00
07-19 12:58:42.751 0 0 I [ 4336.720309,0] bq24296_dump_register: REGA - 0x0a = 0x20
07-19 12:58:42.773 1827 1971 I cache_file_deleted: power_supply_info.csv
07-19 12:58:42.774 3862 3862 E NEW_BHD : Open /sys/class/power_supply/gb_battery
07-19 12:58:42.799 2720 2720 D VideoCall_LowBattery: BatteryIntent received: android.intent.action.BATTERY_CHANGED
07-19 12:58:42.815 2720 2720 D SubscriptionController: [getActiveSubscriptionInfoForSimSlotIndex]+ slotIdx=0 subId={id=1, iccId=89492019156020009546 simSlotIndex=0 displayName=LIDL Connect carrierName=LIDL Connect nameSource=0 iconTint=-16746133 dataRoaming=0 iconBitmap=android.graphics.Bitmap@10ca28c mcc 262 mnc 2 userNwMode=10}
07-19 12:58:42.818 2720 2720 D VideoCall_LowBattery: allowVideoCallsInLowBattery: false isCarrierOneSupported: false mIsLowbattery: true
07-19 12:58:42.818 2720 2720 D VideoCall_LowBattery: disconnectVideoCalls on low battery
07-19 12:58:42.818 2720 2720 D VideoCall_LowBattery: disconnectVideoCalls 
07-19 12:58:52.193 2720 2720 D RILJ : [4119]> SIGNAL_STRENGTH [SUB1]
07-19 12:58:52.199 2720 2885 D RILJ : [4119]< SIGNAL_STRENGTH SignalStrength: 0 0 0 0 0 0 0 0 0 0 0 0 0 gsm|lte [SUB1]
07-19 12:58:52.200 2720 2720 D SubscriptionController: [getSubId]- numSubIds == 0, return DummySubIds slotIdx=1
07-19 12:59:12.224 2720 2720 D RILJ : [4120]> SIGNAL_STRENGTH [SUB1]
07-19 12:59:12.235 2720 2885 D RILJ : [4120]< SIGNAL_STRENGTH SignalStrength: 0 0 0 0 0 0 0 0 0 0 0 0 0 gsm|lte [SUB1]
07-19 12:59:12.236 2720 2720 D SubscriptionController: [getSubId]- numSubIds == 0, return DummySubIds slotIdx=1
07-19 12:59:32.260 2720 2720 D RILJ : [4121]> SIGNAL_STRENGTH [SUB1]
07-19 12:59:32.274 2720 2885 D RILJ : [4121]< SIGNAL_STRENGTH SignalStrength: 0 0 0 0 0 0 0 0 0 0 0 0 0 gsm|lte [SUB1]
07-19 12:59:32.276 2720 2720 D SubscriptionController: [getSubId]- numSubIds == 0, return DummySubIds slotIdx=1
07-19 12:59:42.904 0 0 I [ 4396.872915,0] bq24296_dump_register: REG0 - 0x00 = 0x42
07-19 12:59:42.907 0 0 I [ 4396.874250,0] bq24296_dump_register: REG1 - 0x01 = 0x0b
07-19 12:59:42.907 0 0 I [ 4396.875291,0] bq24296_dump_register: REG2 - 0x02 = 0x5c
07-19 12:59:42.908 0 0 I [ 4396.876310,0] bq24296_dump_register: REG3 - 0x03 = 0x21
07-19 12:59:42.911 0 0 I [ 4396.877859,0] bq24296_dump_register: REG4 - 0x04 = 0xe2
07-19 12:59:42.912 0 0 I [ 4396.878884,0] bq24296_dump_register: REG5 - 0x05 = 0x0e
07-19 12:59:42.912 0 0 I [ 4396.879895,0] bq24296_dump_register: REG6 - 0x06 = 0x73
07-19 12:59:42.912 0 0 I [ 4396.880683,0] bq24296_dump_register: REG7 - 0x07 = 0x4b
07-19 12:59:42.912 0 0 I [ 4396.881414,0] bq24296_dump_register: REG8 - 0x08 = 0x44
07-19 12:59:42.912 0 0 I [ 4396.882041,0] bq24296_dump_register: REG9 - 0x09 = 0x00
07-19 12:59:42.913 0 0 I [ 4396.882680,0] bq24296_dump_register: REGA - 0x0a = 0x20
07-19 12:59:42.935 1827 1971 I cache_file_deleted: power_supply_info.csv
07-19 12:59:42.935 3862 3862 E NEW_BHD : Open /sys/class/power_supply/gb_battery
07-19 12:59:42.975 2720 2720 D VideoCall_LowBattery: BatteryIntent received: android.intent.action.BATTERY_CHANGED
07-19 12:59:42.995 2720 2720 D SubscriptionController: [getActiveSubscriptionInfoForSimSlotIndex]+ slotIdx=0 subId={id=1, iccId=89492019156020009546 simSlotIndex=0 displayName=LIDL Connect carrierName=LIDL Connect nameSource=0 iconTint=-16746133 dataRoaming=0 iconBitmap=android.graphics.Bitmap@aade4db mcc 262 mnc 2 userNwMode=10}
07-19 12:59:42.998 2720 2720 D VideoCall_LowBattery: allowVideoCallsInLowBattery: false isCarrierOneSupported: false mIsLowbattery: true
07-19 12:59:42.998 2720 2720 D VideoCall_LowBattery: disconnectVideoCalls on low battery
07-19 12:59:42.998 2720 2720 D VideoCall_LowBattery: disconnectVideoCalls 
07-19 12:59:52.290 2720 2720 D RILJ : [4122]> SIGNAL_STRENGTH [SUB1]
07-19 12:59:52.296 2720 2885 D RILJ : [4122]< SIGNAL_STRENGTH SignalStrength: 0 0 0 0 0 0 0 0 0 0 0 0 0 gsm|lte [SUB1]
07-19 12:59:52.297 2720 2720 D SubscriptionController: [getSubId]- numSubIds == 0, return DummySubIds slotIdx=1
07-19 13:00:12.315 2720 2720 D RILJ : [4123]> SIGNAL_STRENGTH [SUB1]
07-19 13:00:12.320 2720 2885 D RILJ : [4123]< SIGNAL_STRENGTH SignalStrength: 0 0 0 0 0 0 0 0 0 0 0 0 0 gsm|lte [SUB1]
07-19 13:00:12.320 2720 2720 D SubscriptionController: [getSubId]- numSubIds == 0, return DummySubIds slotIdx=1
07-19 13:00:32.327 2720 2720 D RILJ : [4124]> SIGNAL_STRENGTH [SUB1]
07-19 13:00:32.337 2720 2885 D RILJ : [4124]< SIGNAL_STRENGTH SignalStrength: 0 0 0 0 0 0 0 0 0 0 0 0 0 gsm|lte [SUB1]
07-19 13:00:32.338 2720 2720 D SubscriptionController: [getSubId]- numSubIds == 0, return DummySubIds slotIdx=1
07-19 13:00:43.064 0 0 I [ 4457.032956,0] bq24296_dump_register: REG0 - 0x00 = 0x42
07-19 13:00:43.067 0 0 I [ 4457.034263,0] bq24296_dump_register: REG1 - 0x01 = 0x0b
07-19 13:00:43.068 0 0 I [ 4457.035285,0] bq24296_dump_register: REG2 - 0x02 = 0x5c
07-19 13:00:43.068 0 0 I [ 4457.036297,0] bq24296_dump_register: REG3 - 0x03 = 0x21
07-19 13:00:43.071 0 0 I [ 4457.037869,0] bq24296_dump_register: REG4 - 0x04 = 0xe2
07-19 13:00:43.071 0 0 I [ 4457.038893,0] bq24296_dump_register: REG5 - 0x05 = 0x0e
07-19 13:00:43.072 0 0 I [ 4457.039901,0] bq24296_dump_register: REG6 - 0x06 = 0x73
07-19 13:00:43.072 0 0 I [ 4457.040628,0] bq24296_dump_register: REG7 - 0x07 = 0x4b
07-19 13:00:43.072 0 0 I [ 4457.041258,0] bq24296_dump_register: REG8 - 0x08 = 0x44
07-19 13:00:43.072 0 0 I [ 4457.041892,0] bq24296_dump_register: REG9 - 0x09 = 0x00
07-19 13:00:43.073 0 0 I [ 4457.042519,0] bq24296_dump_register: REGA - 0x0a = 0x20
07-19 13:00:43.095 1827 1971 I cache_file_deleted: power_supply_info.csv
07-19 13:00:43.098 3862 3862 E NEW_BHD : Open /sys/class/power_supply/gb_battery
07-19 13:00:43.125 2720 2720 D VideoCall_LowBattery: BatteryIntent received: android.intent.action.BATTERY_CHANGED
07-19 13:00:43.142 2720 2720 D SubscriptionController: [getActiveSubscriptionInfoForSimSlotIndex]+ slotIdx=0 subId={id=1, iccId=89492019156020009546 simSlotIndex=0 displayName=LIDL Connect carrierName=LIDL Connect nameSource=0 iconTint=-16746133 dataRoaming=0 iconBitmap=android.graphics.Bitmap@6f6cab6 mcc 262 mnc 2 userNwMode=10}
07-19 13:00:43.145 2720 2720 D VideoCall_LowBattery: allowVideoCallsInLowBattery: false isCarrierOneSupported: false mIsLowbattery: true
07-19 13:00:43.145 2720 2720 D VideoCall_LowBattery: disconnectVideoCalls on low battery
07-19 13:00:43.145 2720 2720 D VideoCall_LowBattery: disconnectVideoCalls 
07-19 13:00:52.350 2720 2720 D RILJ : [4125]> SIGNAL_STRENGTH [SUB1]
07-19 13:00:52.357 2720 2885 D RILJ : [4125]< SIGNAL_STRENGTH SignalStrength: 0 0 0 0 0 0 0 0 0 0 0 0 0 gsm|lte [SUB1]
07-19 13:00:52.358 2720 2720 D SubscriptionController: [getSubId]- numSubIds == 0, return DummySubIds slotIdx=1
07-19 13:01:12.383 2720 2720 D RILJ : [4126]> SIGNAL_STRENGTH [SUB1]
07-19 13:01:12.396 2720 2885 D RILJ : [4126]< SIGNAL_STRENGTH SignalStrength: 0 0 0 0 0 0 0 0 0 0 0 0 0 gsm|lte [SUB1]
07-19 13:01:12.397 2720 2720 D SubscriptionController: [getSubId]- numSubIds == 0, return DummySubIds slotIdx=1
07-19 13:01:32.411 2720 2720 D RILJ : [4127]> SIGNAL_STRENGTH [SUB1]
07-19 13:01:32.418 2720 2885 D RILJ : [4127]< SIGNAL_STRENGTH SignalStrength: 0 0 0 0 0 0 0 0 0 0 0 0 0 gsm|lte [SUB1]
07-19 13:01:32.419 2720 2720 D SubscriptionController: [getSubId]- numSubIds == 0, return DummySubIds slotIdx=1
07-19 13:01:43.224 0 0 I [ 4517.192747,0] bq24296_dump_register: REG0 - 0x00 = 0x42
07-19 13:01:43.224 0 0 I [ 4517.193829,0] bq24296_dump_register: REG1 - 0x01 = 0x0b
07-19 13:01:43.228 0 0 I [ 4517.194696,0] bq24296_dump_register: REG2 - 0x02 = 0x5c
07-19 13:01:43.228 0 0 I [ 4517.195618,0] bq24296_dump_register: REG3 - 0x03 = 0x21
07-19 13:01:43.228 0 0 I [ 4517.196630,0] bq24296_dump_register: REG4 - 0x04 = 0xe2
07-19 13:01:43.228 0 0 I [ 4517.197356,0] bq24296_dump_register: REG5 - 0x05 = 0x0e
07-19 13:01:43.229 0 0 I [ 4517.197992,0] bq24296_dump_register: REG6 - 0x06 = 0x73
07-19 13:01:43.229 0 0 I [ 4517.198624,0] bq24296_dump_register: REG7 - 0x07 = 0x4b
07-19 13:01:43.230 0 0 I [ 4517.199260,0] bq24296_dump_register: REG8 - 0x08 = 0x44
07-19 13:01:43.231 0 0 I [ 4517.199929,0] bq24296_dump_register: REG9 - 0x09 = 0x00
07-19 13:01:43.231 0 0 I [ 4517.200544,0] bq24296_dump_register: REGA - 0x0a = 0x20
07-19 13:01:43.252 1827 1971 I cache_file_deleted: power_supply_info.csv
07-19 13:01:43.254 3862 3862 E NEW_BHD : Open /sys/class/power_supply/gb_battery
07-19 13:01:43.283 2720 2720 D VideoCall_LowBattery: BatteryIntent received: android.intent.action.BATTERY_CHANGED
07-19 13:01:43.300 2720 2720 D SubscriptionController: [getActiveSubscriptionInfoForSimSlotIndex]+ slotIdx=0 subId={id=1, iccId=89492019156020009546 simSlotIndex=0 displayName=LIDL Connect carrierName=LIDL Connect nameSource=0 iconTint=-16746133 dataRoaming=0 iconBitmap=android.graphics.Bitmap@b3d228d mcc 262 mnc 2 userNwMode=10}
07-19 13:01:43.303 2720 2720 D VideoCall_LowBattery: allowVideoCallsInLowBattery: false isCarrierOneSupported: false mIsLowbattery: true
07-19 13:01:43.303 2720 2720 D VideoCall_LowBattery: disconnectVideoCalls on low battery
07-19 13:01:43.303 2720 2720 D VideoCall_LowBattery: disconnectVideoCalls 
07-19 13:01:52.422 2720 2720 D RILJ : [4128]> SIGNAL_STRENGTH [SUB1]
07-19 13:01:52.435 2720 2885 D RILJ : [4128]< SIGNAL_STRENGTH SignalStrength: 0 0 0 0 0 0 0 0 0 0 0 0 0 gsm|lte [SUB1]
07-19 13:01:52.436 2720 2720 D SubscriptionController: [getSubId]- numSubIds == 0, return DummySubIds slotIdx=1
07-19 13:02:12.442 2720 2720 D RILJ : [4129]> SIGNAL_STRENGTH [SUB1]
07-19 13:02:12.450 2720 2885 D RILJ : [4129]< SIGNAL_STRENGTH SignalStrength: 0 0 0 0 0 0 0 0 0 0 0 0 0 gsm|lte [SUB1]
07-19 13:02:12.451 2720 2720 D SubscriptionController: [getSubId]- numSubIds == 0, return DummySubIds slotIdx=1
07-19 13:02:32.471 2720 2720 D RILJ : [4130]> SIGNAL_STRENGTH [SUB1]
07-19 13:02:32.478 2720 2885 D RILJ : [4130]< SIGNAL_STRENGTH SignalStrength: 0 0 0 0 0 0 0 0 0 0 0 0 0 gsm|lte [SUB1]
07-19 13:02:32.479 2720 2720 D SubscriptionController: [getSubId]- numSubIds == 0, return DummySubIds slotIdx=1
07-19 13:02:43.384 0 0 I [ 4577.352636,0] bq24296_dump_register: REG0 - 0x00 = 0x42
07-19 13:02:43.384 0 0 I [ 4577.353579,0] bq24296_dump_register: REG1 - 0x01 = 0x0b
07-19 13:02:43.388 0 0 I [ 4577.354669,0] bq24296_dump_register: REG2 - 0x02 = 0x5c
07-19 13:02:43.388 0 0 I [ 4577.355691,0] bq24296_dump_register: REG3 - 0x03 = 0x21
07-19 13:02:43.388 0 0 I [ 4577.356740,0] bq24296_dump_register: REG4 - 0x04 = 0xe2
07-19 13:02:43.388 0 0 I [ 4577.357469,0] bq24296_dump_register: REG5 - 0x05 = 0x0e
07-19 13:02:43.389 0 0 I [ 4577.358106,0] bq24296_dump_register: REG6 - 0x06 = 0x73
07-19 13:02:43.389 0 0 I [ 4577.358742,0] bq24296_dump_register: REG7 - 0x07 = 0x4b
07-19 13:02:43.390 0 0 I [ 4577.359374,0] bq24296_dump_register: REG8 - 0x08 = 0x44
07-19 13:02:43.391 0 0 I [ 4577.360008,0] bq24296_dump_register: REG9 - 0x09 = 0x00
07-19 13:02:43.391 0 0 I [ 4577.360655,0] bq24296_dump_register: REGA - 0x0a = 0x20
07-19 13:02:43.413 1827 1971 I cache_file_deleted: power_supply_info.csv
07-19 13:02:43.414 3862 3862 E NEW_BHD : Open /sys/class/power_supply/gb_battery
07-19 13:02:43.442 2720 2720 D VideoCall_LowBattery: BatteryIntent received: android.intent.action.BATTERY_CHANGED
