07-19 10:44:19.757 2646 2646 D wpa_supplicant: wlan0: WPA: clearing own WPA/RSN IE
07-19 10:44:19.757 2646 2646 D wpa_supplicant: wlan0: Automatic auth_alg selection: 0x1
07-19 10:44:19.757 2646 2646 D wpa_supplicant: RSN: PMKSA cache search - network_ctx=0xb67cc600 try_opportunistic=0
07-19 10:44:19.757 2646 2646 D wpa_supplicant: RSN: Search for BSSID 18:a6:f7:7a:57:e4
07-19 10:44:19.757 2646 2646 D wpa_supplicant: RSN: No PMKSA cache entry found
07-19 10:44:19.757 2646 2646 D wpa_supplicant: wlan0: RSN: using IEEE 802.11i/D9.0
07-19 10:44:19.757 2646 2646 D wpa_supplicant: wlan0: WPA: Selected cipher suites: group 16 pairwise 16 key_mgmt 2 proto 2
07-19 10:44:19.758 2646 2646 D wpa_supplicant: wlan0: WPA: Selected mgmt group cipher 32
07-19 10:44:19.758 2646 2646 D wpa_supplicant: WPA: set AP WPA IE - hexdump(len=24): dd 16 00 50 f2 01 01 00 00 50 f2 04 01 00 00 50 f2 04 01 00 00 50 f2 02
07-19 10:44:19.758 2646 2646 D wpa_supplicant: WPA: set AP RSN IE - hexdump(len=22): 30 14 01 00 00 0f ac 04 01 00 00 0f ac 04 01 00 00 0f ac 02 00 00
07-19 10:44:19.758 2646 2646 D wpa_supplicant: wlan0: WPA: using GTK CCMP
07-19 10:44:19.758 2646 2646 D wpa_supplicant: wlan0: WPA: using PTK CCMP
07-19 10:44:19.758 2646 2646 D wpa_supplicant: wlan0: WPA: using KEY_MGMT WPA-PSK
07-19 10:44:19.758 2646 2646 D wpa_supplicant: wlan0: WPA: not using MGMT group cipher
07-19 10:44:19.758 2646 2646 D wpa_supplicant: WPA: Set own WPA IE default - hexdump(len=22): 30 14 01 00 00 0f ac 04 01 00 00 0f ac 04 01 00 00 0f ac 02 80 00
07-19 10:44:19.758 2646 2646 D wpa_supplicant: wlan0: State: DISCONNECTED -> ASSOCIATING
07-19 10:44:19.758 2646 2646 D wpa_supplicant: nl80211: Set wlan0 operstate 0->0 (DORMANT)
07-19 10:44:19.758 2646 2646 D wpa_supplicant: netlink: Operstate: ifindex=30 linkmode=-1 (no change), operstate=5 (IF_OPER_DORMANT)
07-19 10:44:19.758 2646 2646 D wpa_supplicant: wlan0: Determining shared radio frequencies (max len 2)
07-19 10:44:19.758 2646 2646 D wpa_supplicant: wlan0: Shared frequencies (len=0): completed iteration
07-19 10:44:19.758 2646 2646 D wpa_supplicant: P2P: Add operating class 81
07-19 10:44:19.758 2646 2646 D wpa_supplicant: P2P: Channels - hexdump(len=13): 01 02 03 04 05 06 07 08 09 0a 0b 0c 0d
07-19 10:44:19.758 2646 2646 D wpa_supplicant: P2P: Update channel list
07-19 10:44:19.758 2646 2646 D wpa_supplicant: P2P: channels: 81:1,2,3,4,5,6,7,8,9,10,11,12,13
07-19 10:44:19.758 2646 2646 D wpa_supplicant: P2P: cli_channels:
07-19 10:44:19.758 2646 2646 D wpa_supplicant: Limit connection to BSSID 18:a6:f7:7a:57:e4 freq=2462 MHz based on scan results (bssid_set=1)
07-19 10:44:19.758 2646 2646 D wpa_supplicant: nl80211: Set mode ifindex 30 iftype 2 (STATION)
07-19 10:44:19.758 2646 2646 D wpa_supplicant: nl80211: Unsubscribe mgmt frames handle 0x3ef20909 (mode change)
07-19 10:44:19.759 2646 2646 D wpa_supplicant: nl80211: Subscribe to mgmt frames with non-AP handle 0xb67a8180
07-19 10:44:19.759 2646 2646 D wpa_supplicant: nl80211: Register frame type=0xd0 (WLAN_FC_STYPE_ACTION) nl_handle=0xb67a8180 match=0104
07-19 10:44:19.759 2646 2646 D wpa_supplicant: nl80211: Register frame type=0xd0 (WLAN_FC_STYPE_ACTION) nl_handle=0xb67a8180 match=040a
07-19 10:44:19.759 2646 2646 D wpa_supplicant: nl80211: Register frame type=0xd0 (WLAN_FC_STYPE_ACTION) nl_handle=0xb67a8180 match=040b
07-19 10:44:19.759 2646 2646 D wpa_supplicant: nl80211: Register frame type=0xd0 (WLAN_FC_STYPE_ACTION) nl_handle=0xb67a8180 match=040c
07-19 10:44:19.759 2646 2646 D wpa_supplicant: nl80211: Register frame type=0xd0 (WLAN_FC_STYPE_ACTION) nl_handle=0xb67a8180 match=040d
07-19 10:44:19.759 2646 2646 D wpa_supplicant: nl80211: Register frame type=0xd0 (WLAN_FC_STYPE_ACTION) nl_handle=0xb67a8180 match=090a
07-19 10:44:19.759 2646 2646 D wpa_supplicant: nl80211: Register frame type=0xd0 (WLAN_FC_STYPE_ACTION) nl_handle=0xb67a8180 match=090b
07-19 10:44:19.759 2646 2646 D wpa_supplicant: nl80211: Register frame type=0xd0 (WLAN_FC_STYPE_ACTION) nl_handle=0xb67a8180 match=090c
07-19 10:44:19.759 2646 2646 D wpa_supplicant: nl80211: Register frame type=0xd0 (WLAN_FC_STYPE_ACTION) nl_handle=0xb67a8180 match=090d
07-19 10:44:19.759 2646 2646 D wpa_supplicant: nl80211: Register frame type=0xd0 (WLAN_FC_STYPE_ACTION) nl_handle=0xb67a8180 match=0409506f9a09
07-19 10:44:19.759 2646 2646 D wpa_supplicant: nl80211: Register frame type=0xd0 (WLAN_FC_STYPE_ACTION) nl_handle=0xb67a8180 match=7f506f9a09
07-19 10:44:19.759 2646 2646 D wpa_supplicant: nl80211: Register frame type=0xd0 (WLAN_FC_STYPE_ACTION) nl_handle=0xb67a8180 match=0801
07-19 10:44:19.759 2646 2646 D wpa_supplicant: nl80211: Register frame type=0xd0 (WLAN_FC_STYPE_ACTION) nl_handle=0xb67a8180 match=040e
07-19 10:44:19.759 2646 2646 D wpa_supplicant: nl80211: Register frame type=0xd0 (WLAN_FC_STYPE_ACTION) nl_handle=0xb67a8180 match=12
07-19 10:44:19.759 2646 2646 D wpa_supplicant: nl80211: Register frame type=0xd0 (WLAN_FC_STYPE_ACTION) nl_handle=0xb67a8180 match=06
07-19 10:44:19.760 2646 2646 D wpa_supplicant: nl80211: Register frame type=0xd0 (WLAN_FC_STYPE_ACTION) nl_handle=0xb67a8180 match=0a07
07-19 10:44:19.760 2646 2646 D wpa_supplicant: nl80211: Register frame type=0xd0 (WLAN_FC_STYPE_ACTION) nl_handle=0xb67a8180 match=0a11
07-19 10:44:19.760 2646 2646 D wpa_supplicant: nl80211: Register frame type=0xd0 (WLAN_FC_STYPE_ACTION) nl_handle=0xb67a8180 match=0a1a
07-19 10:44:19.760 2646 2646 D wpa_supplicant: nl80211: Register frame type=0xd0 (WLAN_FC_STYPE_ACTION) nl_handle=0xb67a8180 match=1101
07-19 10:44:19.760 2646 2646 D wpa_supplicant: nl80211: Register frame type=0xd0 (WLAN_FC_STYPE_ACTION) nl_handle=0xb67a8180 match=1102
07-19 10:44:19.760 2646 2646 D wpa_supplicant: nl80211: Register frame type=0xd0 (WLAN_FC_STYPE_ACTION) nl_handle=0xb67a8180 match=0505
07-19 10:44:19.760 2646 2646 D wpa_supplicant: nl80211: Key management set PSK
07-19 10:44:19.760 2646 2646 D wpa_supplicant: nl80211: Connect (ifindex=30)
07-19 10:44:19.760 2646 2646 D wpa_supplicant: * bssid=18:a6:f7:7a:57:e4
07-19 10:44:19.760 2646 2646 D wpa_supplicant: * bssid_hint=18:a6:f7:7a:57:e4
07-19 10:44:19.760 2646 2646 D wpa_supplicant: * freq=2462
07-19 10:44:19.760 2646 2646 D wpa_supplicant: * freq_hint=2462
07-19 10:44:19.760 2646 2646 D wpa_supplicant: * SSID - hexdump(len=26): 42 61 65 75 6d 63 68 65 6e 49 6e 53 70 69 74 7a 65 6e 68 6f 65 73 63 68 65 6e
07-19 10:44:19.760 2646 2646 D wpa_supplicant: * IEs - hexdump(len=29): 30 14 01 00 00 0f ac 04 01 00 00 0f ac 04 01 00 00 0f ac 02 80 00 7f 05 00 00 0a 02 01
07-19 10:44:19.760 2646 2646 D wpa_supplicant: * WPA Versions 0x2
07-19 10:44:19.760 2646 2646 D wpa_supplicant: * pairwise=0xfac04
07-19 10:44:19.760 2646 2646 D wpa_supplicant: * group=0xfac04
07-19 10:44:19.760 2646 2646 D wpa_supplicant: * akm=0xfac02
07-19 10:44:19.760 2646 2646 D wpa_supplicant: * Auth Type 0
07-19 10:44:19.761 2646 2646 D wpa_supplicant: nl80211: Connect request send successfully
07-19 10:44:19.761 2646 2646 D wpa_supplicant: wlan0: Setting authentication timeout: 10 sec 0 usec
07-19 10:44:19.761 2646 2646 D wpa_supplicant: EAPOL: External notification - EAP success=0
07-19 10:44:19.761 2646 2646 D wpa_supplicant: EAPOL: External notification - EAP fail=0
07-19 10:44:19.761 2646 2646 D wpa_supplicant: EAPOL: External notification - portControl=Auto
07-19 10:44:19.762 2646 2646 D wpa_supplicant: wlan0: Control interface command 'RECONNECT'
07-19 10:44:19.765 1827 4285 D WifiNetworkHistory: saving network history: "BaeumchenInSpitzenhoeschen"WPA_PSK gw: null Network Selection-status: NETWORK_SELECTION_ENABLED ephemeral=false choice:null link:0 status:1 nid:0 hasEverConnected: true
07-19 10:44:19.765 1827 4269 I BootReceiver: Copied 0 worth of audits to DropBox
07-19 10:44:19.765 1827 4285 V WifiNetworkHistory: writeKnownNetworkHistory write config "BaeumchenInSpitzenhoeschen"WPA_PSK
07-19 10:44:19.767 2720 2720 D DCT : [0]NETWORK_STATE_CHANGED_ACTION: mIsWifiConnected=false
07-19 10:44:19.767 2720 2720 D DCT : [1]NETWORK_STATE_CHANGED_ACTION: mIsWifiConnected=false
07-19 10:44:19.769 1827 4269 I BootReceiver: Checking for fsck errors
07-19 10:44:19.787 4271 4271 W System : ClassLoader referenced unknown path: /system/priv-app/Dialer/lib/arm
07-19 10:44:19.856 0 0 E [ 28.691868,1] [10: 44:19.853818] [0000000028D198FB] [VosMC] wlan: [E :VOS] vos_mem_malloc: called with invalid arg 0 !!!
07-19 10:44:19.856 0 0 E [ 28.691902,1] [10: 44:19.853843] [0000000028D19AD3] [VosMC] wlan: [E :PE ] limProcessAssocRspFrame: 555: Unable to allocate memory to store assoc response
07-19 10:44:19.893 0 0 I [ 28.731009,0] IPv6: ADDRCONF(NETDEV_CHANGE): wlan0: link becomes ready
07-19 10:44:19.893 2646 2646 D wpa_supplicant: RTM_NEWLINK: ifi_index=30 ifname=wlan0 wext ifi_family=0 ifi_flags=0x1003 ([UP])
07-19 10:44:19.893 2646 2646 D wpa_supplicant: RTM_NEWLINK: ifi_index=30 ifname=wlan0 wext ifi_family=0 ifi_flags=0x1003 ([UP])
07-19 10:44:19.894 2646 2646 D wpa_supplicant: RTM_NEWLINK: ifi_index=30 ifname=wlan0 wext ifi_family=0 ifi_flags=0x1003 ([UP])
07-19 10:44:19.894 2646 2646 D wpa_supplicant: RTM_NEWLINK: ifi_index=30 ifname=wlan0 operstate=5 linkmode=1 ifi_family=0 ifi_flags=0x11003 ([UP][LOWER_UP])
07-19 10:44:19.897 2646 2646 D wpa_supplicant: nl80211: Drv Event 46 (NL80211_CMD_CONNECT) received for wlan0
07-19 10:44:19.897 2646 2646 D wpa_supplicant: nl80211: Connect event (status=0 ignore_next_local_disconnect=0)
07-19 10:44:19.898 2646 2646 D wpa_supplicant: nl80211: Associated on 2462 MHz
07-19 10:44:19.898 2646 2646 D wpa_supplicant: nl80211: Associated with 18:a6:f7:7a:57:e4
07-19 10:44:19.898 2646 2646 D wpa_supplicant: nl80211: Operating frequency for the associated BSS from scan results: 2462 MHz
07-19 10:44:19.898 2646 2646 D wpa_supplicant: wlan0: Event ASSOC (0) received
07-19 10:44:19.898 2646 2646 D wpa_supplicant: wlan0: Association info event
07-19 10:44:19.898 2646 2646 D wpa_supplicant: req_ies - hexdump(len=22): 30 14 01 00 00 0f ac 04 01 00 00 0f ac 04 01 00 00 0f ac 02 80 00
07-19 10:44:19.898 2646 2646 D wpa_supplicant: resp_ies - hexdump(len=22): 30 14 01 00 00 0f ac 04 01 00 00 0f ac 04 01 00 00 0f ac 02 00 00
07-19 10:44:19.898 2646 2646 D wpa_supplicant: wlan0: freq=2462 MHz
07-19 10:44:19.899 2646 2646 D wpa_supplicant: WPA: set own WPA/RSN IE - hexdump(len=22): 30 14 01 00 00 0f ac 04 01 00 00 0f ac 04 01 00 00 0f ac 02 80 00
07-19 10:44:19.899 2646 2646 D wpa_supplicant: FT: Stored MDIE and FTIE from (Re)Association Response - hexdump(len=0):
07-19 10:44:19.899 2646 2646 D wpa_supplicant: wlan0: State: ASSOCIATING -> ASSOCIATED
07-19 10:44:19.899 2646 2646 D wpa_supplicant: nl80211: Set wlan0 operstate 0->0 (DORMANT)
07-19 10:44:19.899 2646 2646 D wpa_supplicant: netlink: Operstate: ifindex=30 linkmode=-1 (no change), operstate=5 (IF_OPER_DORMANT)
07-19 10:44:19.899 2646 2646 D wpa_supplicant: wlan0: Determining shared radio frequencies (max len 2)
07-19 10:44:19.899 2646 2646 D wpa_supplicant: wlan0: Shared frequencies (len=1): completed iteration
07-19 10:44:19.899 2646 2646 D wpa_supplicant: wlan0: freq[0]: 2462, flags=0x1
07-19 10:44:19.900 2646 2646 D wpa_supplicant: P2P: Add operating class 81
07-19 10:44:19.900 2646 2646 D wpa_supplicant: P2P: Channels - hexdump(len=13): 01 02 03 04 05 06 07 08 09 0a 0b 0c 0d
07-19 10:44:19.900 2646 2646 D wpa_supplicant: P2P: Update channel list
07-19 10:44:19.900 2646 2646 D wpa_supplicant: P2P: channels: 81:1,2,3,4,5,6,7,8,9,10,11,12,13
07-19 10:44:19.900 2646 2646 D wpa_supplicant: P2P: cli_channels:
07-19 10:44:19.900 2646 2646 D wpa_supplicant: wlan0: Associated to a new BSS: BSSID=18:a6:f7:7a:57:e4
07-19 10:44:19.900 2646 2646 D wpa_supplicant: WPA: set AP WPA IE - hexdump(len=24): dd 16 00 50 f2 01 01 00 00 50 f2 04 01 00 00 50 f2 04 01 00 00 50 f2 02
07-19 10:44:19.900 2646 2646 D wpa_supplicant: WPA: set AP RSN IE - hexdump(len=22): 30 14 01 00 00 0f ac 04 01 00 00 0f ac 04 01 00 00 0f ac 02 00 00
07-19 10:44:19.900 2646 2646 I wpa_supplicant: wlan0: Associated with 18:a6:f7:7a:57:e4
07-19 10:44:19.900 2646 2646 D wpa_supplicant: wlan0: WPA: Association event - clear replay counter
07-19 10:44:19.900 2646 2646 D wpa_supplicant: wlan0: WPA: Clear old PTK
07-19 10:44:19.900 2646 2646 D wpa_supplicant: TDLS: Remove peers on association
07-19 10:44:19.900 2646 2646 D wpa_supplicant: EAPOL: External notification - portEnabled=0
07-19 10:44:19.900 2646 2646 D wpa_supplicant: EAPOL: External notification - portValid=0
07-19 10:44:19.900 2646 2646 D wpa_supplicant: EAPOL: External notification - EAP success=0
07-19 10:44:19.901 2646 2646 D wpa_supplicant: EAPOL: External notification - portEnabled=1
07-19 10:44:19.901 2646 2646 D wpa_supplicant: EAPOL: SUPP_PAE entering state CONNECTING
07-19 10:44:19.901 2646 2646 D wpa_supplicant: EAPOL: enable timer tick
07-19 10:44:19.901 2646 2646 D wpa_supplicant: EAPOL: SUPP_BE entering state IDLE
07-19 10:44:19.901 2646 2646 D wpa_supplicant: wlan0: Setting authentication timeout: 10 sec 0 usec
07-19 10:44:19.901 2646 2646 D wpa_supplicant: wlan0: Cancelling scan request
07-19 10:44:19.901 2646 2646 D wpa_supplicant: WMM AC: Missing U-APSD configuration
07-19 10:44:19.901 2646 2646 I wpa_supplicant: wlan0: CTRL-EVENT-SUBNET-STATUS-UPDATE status=0
07-19 10:44:19.901 2646 2646 D wpa_supplicant: l2_packet_receive: src=18:a6:f7:7a:57:e4 len=99
07-19 10:44:19.903 2646 2646 D wpa_supplicant: wlan0: RX EAPOL from 18:a6:f7:7a:57:e4
07-19 10:44:19.903 2646 2646 D wpa_supplicant: wlan0: Setting authentication timeout: 10 sec 0 usec
07-19 10:44:19.907 2646 2646 D wpa_supplicant: wlan0: IEEE 802.1X RX: version=2 type=3 length=95
07-19 10:44:19.907 2646 2646 D wpa_supplicant: wlan0: EAPOL-Key type=2
07-19 10:44:19.907 2720 2720 D DCT : [0]NETWORK_STATE_CHANGED_ACTION: mIsWifiConnected=false
07-19 10:44:19.907 2646 2646 D wpa_supplicant: wlan0: key_info 0x8a (ver=2 keyidx=0 rsvd=0 Pairwise Ack)
07-19 10:44:19.907 2646 2646 D wpa_supplicant: wlan0: key_length=16 key_data_length=0
07-19 10:44:19.907 2646 2646 D wpa_supplicant: replay_counter - hexdump(len=8): 00 00 00 00 00 00 00 03
07-19 10:44:19.907 2646 2646 D wpa_supplicant: key_nonce - hexdump(len=32): 73 d9 74 1c e4 d6 73 56 8d 33 cf a6 b2 2d 3c b6 59 bc 17 5a 24 b4 71 97 b8 c5 9a dc e6 75 34 03
07-19 10:44:19.907 2720 2720 D DCT : [1]NETWORK_STATE_CHANGED_ACTION: mIsWifiConnected=false
07-19 10:44:19.907 2646 2646 D wpa_supplicant: key_iv - hexdump(len=16): 00 00 00 00 00 00 00 00 00 00 00 00 00 00 00 00
07-19 10:44:19.907 2646 2646 D wpa_supplicant: key_rsc - hexdump(len=8): 00 00 00 00 00 00 00 00
07-19 10:44:19.908 2646 2646 D wpa_supplicant: key_id (reserved) - hexdump(len=8): 00 00 00 00 00 00 00 00
07-19 10:44:19.908 2646 2646 D wpa_supplicant: key_mic - hexdump(len=16): 00 00 00 00 00 00 00 00 00 00 00 00 00 00 00 00
07-19 10:44:19.908 2646 2646 D wpa_supplicant: wlan0: State: ASSOCIATED -> 4WAY_HANDSHAKE
07-19 10:44:19.908 2646 2646 D wpa_supplicant: wlan0: Determining shared radio frequencies (max len 2)
07-19 10:44:19.908 2646 2646 D wpa_supplicant: wlan0: Shared frequencies (len=1): completed iteration
07-19 10:44:19.908 2646 2646 D wpa_supplicant: wlan0: freq[0]: 2462, flags=0x1
07-19 10:44:19.908 2646 2646 D wpa_supplicant: P2P: Add operating class 81
07-19 10:44:19.908 2646 2646 D wpa_supplicant: P2P: Channels - hexdump(len=13): 01 02 03 04 05 06 07 08 09 0a 0b 0c 0d
07-19 10:44:19.908 2646 2646 D wpa_supplicant: P2P: Update channel list
07-19 10:44:19.908 2646 2646 D wpa_supplicant: P2P: channels: 81:1,2,3,4,5,6,7,8,9,10,11,12,13
07-19 10:44:19.908 2646 2646 D wpa_supplicant: P2P: cli_channels:
07-19 10:44:19.908 2646 2646 D wpa_supplicant: wlan0: WPA: RX message 1 of 4-Way Handshake from 18:a6:f7:7a:57:e4 (ver=2)
07-19 10:44:19.908 2646 2646 D wpa_supplicant: RSN: msg 1/4 key data - hexdump(len=0):
07-19 10:44:19.910 2646 2646 D wpa_supplicant: WPA: Renewed SNonce - hexdump(len=32): eb 2f 1b a7 81 34 2a 13 db 8d 14 eb c1 91 10 5c 98 fb 83 66 b9 a5 a1 dd 54 79 8f 5a c3 d9 a7 3a
07-19 10:44:19.910 2646 2646 D wpa_supplicant: WPA: PTK derivation - A1=80:58:f8:1d:a4:00 A2=18:a6:f7:7a:57:e4
07-19 10:44:19.911 2646 2646 D wpa_supplicant: WPA: Nonce1 - hexdump(len=32): eb 2f 1b a7 81 34 2a 13 db 8d 14 eb c1 91 10 5c 98 fb 83 66 b9 a5 a1 dd 54 79 8f 5a c3 d9 a7 3a
07-19 10:44:19.911 2646 2646 D wpa_supplicant: WPA: Nonce2 - hexdump(len=32): 73 d9 74 1c e4 d6 73 56 8d 33 cf a6 b2 2d 3c b6 59 bc 17 5a 24 b4 71 97 b8 c5 9a dc e6 75 34 03
07-19 10:44:19.911 2646 2646 D wpa_supplicant: WPA: PMK - hexdump(len=32): [REMOVED]
07-19 10:44:19.911 2646 2646 D wpa_supplicant: WPA: PTK - hexdump(len=48): [REMOVED]
07-19 10:44:19.911 2646 2646 D wpa_supplicant: WPA: KCK - hexdump(len=16): [REMOVED]
07-19 10:44:19.911 2646 2646 D wpa_supplicant: WPA: KEK - hexdump(len=16): [REMOVED]
07-19 10:44:19.911 2646 2646 D wpa_supplicant: WPA: TK - hexdump(len=16): [REMOVED]
07-19 10:44:19.911 2646 2646 D wpa_supplicant: WPA: WPA IE for msg 2/4 - hexdump(len=22): 30 14 01 00 00 0f ac 04 01 00 00 0f ac 04 01 00 00 0f ac 02 80 00
07-19 10:44:19.911 2646 2646 D wpa_supplicant: WPA: Replay Counter - hexdump(len=8): 00 00 00 00 00 00 00 03
07-19 10:44:19.911 2646 2646 D wpa_supplicant: wlan0: WPA: Sending EAPOL-Key 2/4
07-19 10:44:19.911 2646 2646 D wpa_supplicant: WPA: KCK - hexdump(len=16): [REMOVED]
07-19 10:44:19.911 2646 2646 D wpa_supplicant: WPA: Derived Key MIC - hexdump(len=16): 2c 3d c3 db a2 2e 62 93 5c 44 c7 94 33 75 42 5c
07-19 10:44:19.915 4271 4271 D BlockedNumbersAuto: Not attempting auto-migrate: already checked once.
07-19 10:44:19.917 2646 2646 D wpa_supplicant: l2_packet_receive: src=18:a6:f7:7a:57:e4 len=179
07-19 10:44:19.917 2646 2646 D wpa_supplicant: wlan0: RX EAPOL from 18:a6:f7:7a:57:e4
07-19 10:44:19.917 2646 2646 D wpa_supplicant: wlan0: IEEE 802.1X RX: version=2 type=3 length=175
07-19 10:44:19.917 2646 2646 D wpa_supplicant: wlan0: EAPOL-Key type=2
07-19 10:44:19.917 2646 2646 D wpa_supplicant: wlan0: key_info 0x13ca (ver=2 keyidx=0 rsvd=0 Pairwise Install Ack MIC Secure Encr)
07-19 10:44:19.917 2646 2646 D wpa_supplicant: wlan0: key_length=16 key_data_length=80
07-19 10:44:19.917 2646 2646 D wpa_supplicant: replay_counter - hexdump(len=8): 00 00 00 00 00 00 00 04
07-19 10:44:19.917 2646 2646 D wpa_supplicant: key_nonce - hexdump(len=32): 73 d9 74 1c e4 d6 73 56 8d 33 cf a6 b2 2d 3c b6 59 bc 17 5a 24 b4 71 97 b8 c5 9a dc e6 75 34 03
07-19 10:44:19.917 2646 2646 D wpa_supplicant: key_iv - hexdump(len=16): 00 00 00 00 00 00 00 00 00 00 00 00 00 00 00 00
07-19 10:44:19.917 2646 2646 D wpa_supplicant: key_rsc - hexdump(len=8): ae 15 04 00 00 00 00 00
07-19 10:44:19.917 2646 2646 D wpa_supplicant: key_id (reserved) - hexdump(len=8): 00 00 00 00 00 00 00 00
07-19 10:44:19.917 2646 2646 D wpa_supplicant: key_mic - hexdump(len=16): dc 53 83 be 51 f8 15 ff 1e 0c 42 20 b4 1a 64 c5
07-19 10:44:19.917 2646 2646 D wpa_supplicant: RSN: encrypted key data - hexdump(len=80): 9f 11 be 9d a7 dc 5e f2 24 9e 41 98 69 2a 0a 42 6e 21 78 79 2e d8 e7 d5 69 52 65 a1 94 0f 6c 6d ...
07-19 10:44:19.917 2646 2646 D wpa_supplicant: WPA: decrypted EAPOL-Key key data - hexdump(len=72): [REMOVED]
07-19 10:44:19.917 2646 2646 D wpa_supplicant: wlan0: State: 4WAY_HANDSHAKE -> 4WAY_HANDSHAKE
07-19 10:44:19.918 2646 2646 D wpa_supplicant: wlan0: WPA: RX message 3 of 4-Way Handshake from 18:a6:f7:7a:57:e4 (ver=2)
07-19 10:44:19.918 2646 2646 D wpa_supplicant: WPA: IE KeyData - hexdump(len=72): 30 14 01 00 00 0f ac 04 01 00 00 0f ac 04 01 00 00 0f ac 02 00 00 dd 16 00 50 f2 01 01 00 00 50 ...
07-19 10:44:19.918 2646 2646 D wpa_supplicant: WPA: RSN IE in EAPOL-Key - hexdump(len=22): 30 14 01 00 00 0f ac 04 01 00 00 0f ac 04 01 00 00 0f ac 02 00 00
07-19 10:44:19.918 2646 2646 D wpa_supplicant: WPA: WPA IE in EAPOL-Key - hexdump(len=24): dd 16 00 50 f2 01 01 00 00 50 f2 04 01 00 00 50 f2 04 01 00 00 50 f2 02
07-19 10:44:19.918 2646 2646 D wpa_supplicant: WPA: GTK in EAPOL-Key - hexdump(len=24): [REMOVED]
07-19 10:44:19.918 2646 2646 D wpa_supplicant: wlan0: WPA: Sending EAPOL-Key 4/4
07-19 10:44:19.918 2646 2646 D wpa_supplicant: WPA: KCK - hexdump(len=16): [REMOVED]
07-19 10:44:19.918 2646 2646 D wpa_supplicant: WPA: Derived Key MIC - hexdump(len=16): 84 d5 df b6 dd ac 03 e3 71 db 89 c9 3d da de a1
07-19 10:44:19.918 2646 2646 D wpa_supplicant: wlan0: WPA: Installing PTK to the driver
07-19 10:44:19.918 2646 2646 D wpa_supplicant: wpa_driver_nl80211_set_key: ifindex=30 (wlan0) alg=3 addr=0xb67e3570 key_idx=0 set_tx=1 seq_len=6 key_len=16
07-19 10:44:19.918 2646 2646 D wpa_supplicant: nl80211: KEY_DATA - hexdump(len=16): [REMOVED]
07-19 10:44:19.918 2646 2646 D wpa_supplicant: nl80211: KEY_SEQ - hexdump(len=6): 00 00 00 00 00 00
07-19 10:44:19.918 2646 2646 D wpa_supplicant: addr=18:a6:f7:7a:57:e4
07-19 10:44:19.919 2720 2720 D DCT : [0]NETWORK_STATE_CHANGED_ACTION: mIsWifiConnected=false
07-19 10:44:19.920 2720 2720 D DCT : [1]NETWORK_STATE_CHANGED_ACTION: mIsWifiConnected=false
07-19 10:44:19.920 2646 2646 D wpa_supplicant: EAPOL: External notification - portValid=1
07-19 10:44:19.920 2646 2646 D wpa_supplicant: wlan0: State: 4WAY_HANDSHAKE -> GROUP_HANDSHAKE
07-19 10:44:19.920 2646 2646 D wpa_supplicant: wlan0: Determining shared radio frequencies (max len 2)
07-19 10:44:19.920 2646 2646 D wpa_supplicant: wlan0: Shared frequencies (len=1): completed iteration
07-19 10:44:19.920 2646 2646 D wpa_supplicant: wlan0: freq[0]: 2462, flags=0x1
07-19 10:44:19.921 2646 2646 D wpa_supplicant: P2P: Add operating class 81
07-19 10:44:19.921 2646 2646 D wpa_supplicant: P2P: Channels - hexdump(len=13): 01 02 03 04 05 06 07 08 09 0a 0b 0c 0d
07-19 10:44:19.921 2646 2646 D wpa_supplicant: P2P: Update channel list
07-19 10:44:19.921 2646 2646 D wpa_supplicant: P2P: channels: 81:1,2,3,4,5,6,7,8,9,10,11,12,13
07-19 10:44:19.921 2646 2646 D wpa_supplicant: P2P: cli_channels:
07-19 10:44:19.921 2646 2646 D wpa_supplicant: RSN: received GTK in pairwise handshake - hexdump(len=18): [REMOVED]
07-19 10:44:19.921 2646 2646 D wpa_supplicant: WPA: Group Key - hexdump(len=16): [REMOVED]
07-19 10:44:19.921 2646 2646 D wpa_supplicant: wlan0: WPA: Installing GTK to the driver (keyidx=1 tx=0 len=16)
07-19 10:44:19.921 2646 2646 D wpa_supplicant: WPA: RSC - hexdump(len=6): ae 15 04 00 00 00
07-19 10:44:19.921 2646 2646 D wpa_supplicant: wpa_driver_nl80211_set_key: ifindex=30 (wlan0) alg=3 addr=0xb6f30a34 key_idx=1 set_tx=0 seq_len=6 key_len=16
07-19 10:44:19.921 2646 2646 D wpa_supplicant: nl80211: KEY_DATA - hexdump(len=16): [REMOVED]
07-19 10:44:19.921 2646 2646 D wpa_supplicant: nl80211: KEY_SEQ - hexdump(len=6): ae 15 04 00 00 00
07-19 10:44:19.921 2646 2646 D wpa_supplicant: broadcast key
07-19 10:44:19.922 2646 2646 I wpa_supplicant: wlan0: WPA: Key negotiation completed with 18:a6:f7:7a:57:e4 [PTK=CCMP GTK=CCMP]
07-19 10:44:19.922 2646 2646 D wpa_supplicant: wlan0: Cancelling authentication timeout
07-19 10:44:19.922 2646 2646 D wpa_supplicant: wlan0: State: GROUP_HANDSHAKE -> COMPLETED
07-19 10:44:19.922 2646 2646 D wpa_supplicant: wlan0: Radio work 'connect'@0xb67a8060 done in 0.164769 seconds
07-19 10:44:19.922 2646 2646 D wpa_supplicant: wlan0: radio_work_free('connect'@0xb67a8060: num_active_works --> 0
07-19 10:44:19.922 2646 2646 I wpa_supplicant: wlan0: CTRL-EVENT-CONNECTED - Connection to 18:a6:f7:7a:57:e4 completed [id=0 id_str=%7B%22creatorUid%22%3A%221000%22%2C%22configKey%22%3A%22%5C%22BaeumchenInSpitzenhoeschen%5C%22WPA_PSK%22%7D]
07-19 10:44:19.922 2646 2646 D wpa_supplicant: nl80211: Set wlan0 operstate 0->1 (UP)
07-19 10:44:19.922 2646 2646 D wpa_supplicant: netlink: Operstate: ifindex=30 linkmode=-1 (no change), operstate=6 (IF_OPER_UP)
07-19 10:44:19.922 2646 2646 D wpa_supplicant: wlan0: Determining shared radio frequencies (max len 2)
07-19 10:44:19.923 2646 2646 D wpa_supplicant: wlan0: Shared frequencies (len=1): completed iteration
07-19 10:44:19.923 2646 2646 D wpa_supplicant: wlan0: freq[0]: 2462, flags=0x1
07-19 10:44:19.923 2646 2646 D wpa_supplicant: P2P: Add operating class 81
07-19 10:44:19.923 2646 2646 D wpa_supplicant: P2P: Channels - hexdump(len=13): 01 02 03 04 05 06 07 08 09 0a 0b 0c 0d
07-19 10:44:19.923 2646 2646 D wpa_supplicant: P2P: Update channel list
07-19 10:44:19.923 2646 2646 D wpa_supplicant: P2P: channels: 81:1,2,3,4,5,6,7,8,9,10,11,12,13
07-19 10:44:19.923 2646 2646 D wpa_supplicant: P2P: cli_channels:
07-19 10:44:19.923 2646 2646 D wpa_supplicant: EAPOL: External notification - portValid=1
07-19 10:44:19.923 2646 2646 D wpa_supplicant: EAPOL: External notification - EAP success=1
07-19 10:44:19.923 2646 2646 D wpa_supplicant: EAPOL: SUPP_PAE entering state AUTHENTICATING
07-19 10:44:19.923 2646 2646 D wpa_supplicant: EAPOL: SUPP_BE entering state SUCCESS
07-19 10:44:19.923 2646 2646 D wpa_supplicant: EAP: EAP entering state DISABLED
07-19 10:44:19.923 2646 2646 D wpa_supplicant: EAPOL: SUPP_PAE entering state AUTHENTICATED
07-19 10:44:19.923 2646 2646 D wpa_supplicant: EAPOL: Supplicant port status: Authorized
07-19 10:44:19.923 2646 2646 D wpa_supplicant: nl80211: Set supplicant port authorized for 18:a6:f7:7a:57:e4
07-19 10:44:19.923 2646 2646 D wpa_supplicant: EAPOL: SUPP_BE entering state IDLE
07-19 10:44:19.923 2646 2646 D wpa_supplicant: EAPOL authentication completed - result=SUCCESS
07-19 10:44:19.923 2646 2646 D wpa_supplicant: nl80211: Set rekey offload
07-19 10:44:19.924 2646 2646 D wpa_supplicant: RTM_NEWLINK: ifi_index=30 ifname=wlan0 operstate=6 linkmode=1 ifi_family=0 ifi_flags=0x11043 ([UP][RUNNING][LOWER_UP])
07-19 10:44:19.932 2720 2720 D DCT : [0]NETWORK_STATE_CHANGED_ACTION: mIsWifiConnected=false
07-19 10:44:19.932 2720 2720 D DCT : [1]NETWORK_STATE_CHANGED_ACTION: mIsWifiConnected=false
07-19 10:44:19.934 2720 2720 D DCT : [0]NETWORK_STATE_CHANGED_ACTION: mIsWifiConnected=false
07-19 10:44:19.935 2720 2720 D DCT : [1]NETWORK_STATE_CHANGED_ACTION: mIsWifiConnected=false
07-19 10:44:19.938 1827 2342 D ConnectivityService: registerNetworkAgent NetworkAgentInfo{ ni{[type: WIFI[], state: CONNECTING/CONNECTING, reason: (unspecified), extra: "BaeumchenInSpitzenhoeschen", failover: false, available: true, roaming: false, metered: false]} network{100} nethandle{429513165534} lp{{LinkAddresses: [] Routes: [] DnsAddresses: [] Domains: null MTU: 0}} nc{[ Transports: WIFI Capabilities: NOT_METERED&INTERNET&NOT_RESTRICTED&TRUSTED&NOT_VPN LinkUpBandwidth>=1048576Kbps LinkDnBandwidth>=1048576Kbps]} Score{20} everValidated{false} lastValidated{false} created{false} lingering{false} explicitlySelected{false} acceptUnvalidated{false} everCaptivePortalDetected{false} lastCaptivePortalDetected{false} }
07-19 10:44:19.938 1827 2385 D ConnectivityService: NetworkAgentInfo [WIFI () - 100] EVENT_NETWORK_INFO_CHANGED, going from null to CONNECTING
07-19 10:44:19.938 2646 2646 D wpa_supplicant: wlan0: Control interface command 'SET_NETWORK [REMOVED]'
07-19 10:44:19.938 2646 2646 D wpa_supplicant: CTRL_IFACE: SET_NETWORK id=0 name='bssid'
07-19 10:44:19.938 2646 2646 D wpa_supplicant: CTRL_IFACE: value - hexdump(len=3): [REMOVED]
07-19 10:44:19.938 2646 2646 D wpa_supplicant: wlan0: Network bssid config changed for the current network - within-ESS roaming enabled
07-19 10:44:19.938 2646 2646 D wpa_supplicant: nl80211: Roaming policy: allowed=1
07-19 10:44:19.939 0 0 E [ 28.777147,2] [10: 44:19.939096] [0000000028EA94DA] [wpa_s] wlan: [E :HDD] __wlan_hdd_cfg80211_firmware_roaming: 5579: attr bss id failed
07-19 10:44:19.941 2720 2720 D DCT : [0]NETWORK_STATE_CHANGED_ACTION: mIsWifiConnected=false
07-19 10:44:19.941 2720 2720 D DCT : [1]NETWORK_STATE_CHANGED_ACTION: mIsWifiConnected=false
07-19 10:44:19.942 2646 2646 D wpa_supplicant: wlan0: Control interface command 'SET_NETWORK [REMOVED]'
07-19 10:44:19.942 2646 2646 D wpa_supplicant: CTRL_IFACE: SET_NETWORK id=0 name='bssid'
07-19 10:44:19.942 2646 2646 D wpa_supplicant: CTRL_IFACE: value - hexdump(len=3): [REMOVED]
07-19 10:44:19.943 2646 2646 D wpa_supplicant: wlan0: Control interface command 'SET ps 1'
07-19 10:44:19.943 2646 2646 D wpa_supplicant: CTRL_IFACE SET 'ps'='1'
07-19 10:44:19.944 2646 2646 D wpa_supplicant: nl80211: set_p2p_powersave (legacy_ps=1 opp_ps=-1 ctwindow=-1)
07-19 10:44:19.945 2646 2646 D wpa_supplicant: wlan0: Control interface command 'DRIVER BTCOEXMODE 2'
07-19 10:44:19.945 2646 2646 D wpa_supplicant: wpa_driver_nl80211_driver_cmd BTCOEXMODE 2 len = 0, 4096
07-19 10:44:19.947 1827 2342 E WifiHAL : wifi_get_packet_filter_capabilities: requestResponse() error: -95
07-19 10:44:19.947 1827 2342 I WifiHAL : Packet filtering is not supprted
07-19 10:44:19.948 1827 2342 D wifi : APF version supported: 0
07-19 10:44:19.948 1827 2342 D wifi : Maximum APF program size: 0
07-19 10:44:19.951 2720 2720 D SubscriptionController: [getPhoneId] asked for default subId=1
07-19 10:44:19.951 1827 2342 D WifiStateMachine: Start Dhcp Watchdog 1
07-19 10:44:19.968 4271 4292 W CountryDetector: No location permissions, not registering for location updates.
07-19 10:44:19.970 1827 1926 I am_proc_start: [0,4293,10041,com.android.calendar,broadcast,com.android.calendar/.alerts.AlertReceiver]
07-19 10:44:19.970 1827 1926 I ActivityManager: Start proc 4293:com.android.calendar/u0a41 for broadcast com.android.calendar/.alerts.AlertReceiver
07-19 10:44:19.991 2646 2646 D wpa_supplicant: wlan0: Control interface command 'SIGNAL_POLL'
07-19 10:44:19.993 1827 2342 D WifiStateMachine: updateCapabilities for config:BaeumchenInSpitzenhoeschenfalse,false
07-19 10:44:19.994 1827 2813 I am_proc_start: [0,4318,10001,android.process.acore,content provider,com.android.providers.contacts/.CallLogProvider]
07-19 10:44:19.994 1827 2813 I ActivityManager: Start proc 4318:android.process.acore/u0a1 for content provider com.android.providers.contacts/.CallLogProvider
07-19 10:44:19.997 2720 2720 I chatty : uid=1001(radio) com.android.phone expire 3 lines
07-19 10:44:20.004 3529 3529 D DefaultCarrierConfigService: Service created
07-19 10:44:20.004 2720 2720 D CarrierConfigLoader: mHandler: 5 phoneId: 0
07-19 10:44:20.006 1827 1927 I am_proc_bound: [0,4293,com.android.calendar]
07-19 10:44:20.015 1827 2342 D WifiNative-wlan0: configureNeighborDiscoveryOffload(true)
07-19 10:44:20.016 1827 2342 D WifiNative-wlan0: configureNeighborDiscoveryOffload(true) returned: -95
07-19 10:44:20.016 2646 2646 D wpa_supplicant: wlan0: Control interface command 'DRIVER RXFILTER-STOP'
07-19 10:44:20.017 2646 2646 D wpa_supplicant: wpa_driver_nl80211_driver_cmd RXFILTER-STOP len = 0, 4096
07-19 10:44:20.017 2646 2646 D wpa_supplicant: wlan0: Control interface command 'DRIVER RXFILTER-REMOVE 2'
07-19 10:44:20.017 2720 2720 D CarrierConfigLoader: Connected to config app: com.android.carrierconfig/com.android.carrierconfig.DefaultCarrierConfigService
07-19 10:44:20.017 2720 2720 D CarrierConfigLoader: mHandler: 3 phoneId: 1
07-19 10:44:20.018 2646 2646 D wpa_supplicant: wpa_driver_nl80211_driver_cmd RXFILTER-REMOVE 2 len = 0, 4096
07-19 10:44:20.018 2646 2646 D wpa_supplicant: wlan0: Control interface command 'DRIVER RXFILTER-START'
07-19 10:44:20.018 2646 2646 D wpa_supplicant: wpa_driver_nl80211_driver_cmd RXFILTER-START len = 0, 4096
07-19 10:44:20.019 3529 3542 D DefaultCarrierConfigService: Config being fetched
07-19 10:44:20.020 3529 3542 D DefaultCarrierConfigService: java.io.FileNotFoundException: carrier_config_.xml
07-19 10:44:20.020 2720 2720 E CarrierConfigLoader: Cannot save config with null packageName or iccid.
07-19 10:44:20.025 2720 2720 D GsmCdmaPhone: mBroadcastReceiver: action android.telephony.action.CARRIER_CONFIG_CHANGED
07-19 10:44:20.031 2720 2720 I CSST : reading time to delay notification: -1
07-19 10:44:20.033 1827 1827 I Telecom : PhoneAccountRegistrar: SimCallManager queried, returning: null: TSI.gSCMFU@ADU
07-19 10:44:20.034 2720 2720 D GsmCdmaPhone: mBroadcastReceiver: action android.telephony.action.CARRIER_CONFIG_CHANGED
07-19 10:44:20.036 4293 4293 I art : Starting a blocking GC AddRemoveAppImageSpace
07-19 10:44:20.038 4293 4293 W System : ClassLoader referenced unknown path: /system/app/Calendar/lib/arm
07-19 10:44:20.039 1827 4014 I am_proc_bound: [0,4318,android.process.acore]
07-19 10:44:20.040 2720 2720 I CSST : reading time to delay notification: -1
07-19 10:44:20.040 2720 2720 D SubscriptionController: [getSubId]- numSubIds == 0, return DummySubIds slotIdx=1
07-19 10:44:20.043 2720 2720 D ImsPhoneCallTracker: [ImsPhoneCallTracker] No carrier ImsReasonInfo mappings defined.
07-19 10:44:20.043 2720 2720 D ImsPhoneCallTracker: [ImsPhoneCallTracker] onReceive : Updating mAllowEmergencyVideoCalls = false
07-19 10:44:20.043 2720 2720 D CarrierConfigLoader: mHandler: 5 phoneId: 1
07-19 10:44:20.044 2720 2720 D SubscriptionController: [getSubId]- numSubIds == 0, return DummySubIds slotIdx=1
07-19 10:44:20.047 2646 2646 D wpa_supplicant: wlan0: Control interface command 'DRIVER BTCOEXMODE 1'
07-19 10:44:20.047 2646 2646 D wpa_supplicant: wpa_driver_nl80211_driver_cmd BTCOEXMODE 1 len = 0, 4096
07-19 10:44:20.048 2646 2646 D wpa_supplicant: wlan0: Control interface command 'DRIVER SETSUSPENDMODE 0'
07-19 10:44:20.049 2646 2646 D wpa_supplicant: wpa_driver_nl80211_driver_cmd SETSUSPENDMODE 0 len = 0, 4096
07-19 10:44:20.056 2646 2646 D wpa_supplicant: wlan0: Control interface command 'SET ps 0'
07-19 10:44:20.056 2646 2646 D wpa_supplicant: CTRL_IFACE SET 'ps'='0'
07-19 10:44:20.056 2646 2646 D wpa_supplicant: nl80211: set_p2p_powersave (legacy_ps=0 opp_ps=-1 ctwindow=-1)
07-19 10:44:20.057 1827 4351 D DhcpClient: Receive thread started
07-19 10:44:20.063 1827 1827 I Telecom : PhoneAccountRegistrar: SimCallManager queried, returning: null: TSI.gSCMFU@ADY
07-19 10:44:20.065 2720 2720 D ImsManager: updateVolteFeatureValue: available = true, enabled = true, nonTTY = true
07-19 10:44:20.065 2720 2720 D ImsManager: getConfigInterface(), mConfig= com.android.ims.ImsConfig@1456530
07-19 10:44:20.065 2720 2720 D ImsConfig: setFeatureValue: feature = 0, network =13, value =1, listener =com.android.internal.telephony.imsphone.ImsPhoneCallTracker$5@e610e13
07-19 10:44:20.065 2720 2720 I QImsService: ImsConfigImpl : SetServiceStatus = 0 13 2
07-19 10:44:20.066 2720 2720 I QImsService: ImsSenderRxr : [0013]> REQUEST_SET_SERVICE_STATUS[SUB0]
07-19 10:44:20.066 2720 2720 I QImsService: ImsSenderRxr : Message data: [0, 0, 0, 27, 11, 13, 13, 0, 0, 0, 16, 1, 24, 30, 32, 0, 8, 1, 24, 0, 58, 9, 8, 14, 16, 2, 29, 0, 0, 0, 0][SUB0]
07-19 10:44:20.069 2720 3318 I QImsService: ImsSenderRxr : Response data: [11, 13, 13, 0, 0, 0, 16, 2, 24, 30, 32, 2][SUB0]
07-19 10:44:20.069 2720 3318 I QImsService: ImsSenderRxr : Tag 13 2 30 2[SUB0]
07-19 10:44:20.070 2720 3318 I QImsService: IFRequest : [0013]< REQUEST_SET_SERVICE_STATUS error: 2
07-19 10:44:20.070 2720 3328 I QImsService: ImsConfigImplHandler : Message received: what = 2
07-19 10:44:20.071 4318 4318 I art : Starting a blocking GC AddRemoveAppImageSpace
07-19 10:44:20.072 4318 4318 W System : ClassLoader referenced unknown path: /system/priv-app/ContactsProvider/lib/arm
07-19 10:44:20.079 1827 4324 D DhcpClient: Broadcasting DHCPDISCOVER
07-19 10:44:20.087 2720 2720 D ImsManager: getWfcMode - setting=2
07-19 10:44:20.089 2720 2720 D ImsManager: updateWfcFeatureAndProvisionedValues: available = false, enabled = false, mode = 2, roaming = false
07-19 10:44:20.089 2720 2720 D ImsManager: getConfigInterface(), mConfig= com.android.ims.ImsConfig@1456530
07-19 10:44:20.089 2720 2720 D ImsConfig: setFeatureValue: feature = 2, network =18, value =0, listener =com.android.internal.telephony.imsphone.ImsPhoneCallTracker$5@e610e13
07-19 10:44:20.089 2720 2720 I QImsService: ImsConfigImpl : SetServiceStatus = 0 18 0
07-19 10:44:20.090 1827 4351 D DhcpClient: Received packet: 80:58:f8:1d:a4:00 OFFER, ip /192.168.1.102, mask /255.255.255.0, DNS servers: /192.168.1.1 , gateways [/192.168.1.1] lease time 3955, domain null
07-19 10:44:20.090 2720 2720 I QImsService: ImsSenderRxr : [0014]> REQUEST_SET_SERVICE_STATUS[SUB0]
07-19 10:44:20.090 2720 2720 I QImsService: ImsSenderRxr : Message data: [0, 0, 0, 27, 11, 13, 14, 0, 0, 0, 16, 1, 24, 30, 32, 0, 8, 1, 24, 0, 58, 9, 8, 19, 16, 0, 29, 0, 0, 0, 0][SUB0]
07-19 10:44:20.090 1827 4324 D DhcpClient: Got pending lease: IP address 192.168.1.102/24 Gateway 192.168.1.1 DNS servers: [ 192.168.1.1 ] Domains DHCP server /192.168.1.1 Vendor info null lease 3955 seconds
07-19 10:44:20.092 1827 4324 D DhcpClient: Broadcasting DHCPREQUEST ciaddr=0.0.0.0 request=192.168.1.102 serverid=192.168.1.1
07-19 10:44:20.094 2720 3318 I QImsService: ImsSenderRxr : Response data: [11, 13, 14, 0, 0, 0, 16, 2, 24, 30, 32, 0][SUB0]
07-19 10:44:20.094 2720 3318 I QImsService: ImsSenderRxr : Tag 14 2 30 0[SUB0]
07-19 10:44:20.094 2720 3318 I QImsService: ImsSenderRxr : [0014]< REQUEST_SET_SERVICE_STATUS [SUB0]
07-19 10:44:20.094 2720 3328 I QImsService: ImsConfigImplHandler : Message received: what = 2
07-19 10:44:20.095 2720 4358 D ImsManager: getConfigInterface(), mConfig= com.android.ims.ImsConfig@1456530
07-19 10:44:20.095 2720 4358 D ImsConfig: setProvisionedValue(): item = 26value = 0
07-19 10:44:20.095 2720 4357 D ImsManager: getConfigInterface(), mConfig= com.android.ims.ImsConfig@1456530
07-19 10:44:20.095 2720 4357 D ImsConfig: setProvisionedValue(): item = 27value = 1
07-19 10:44:20.095 2720 2720 D ImsManager: updateVideoCallFeatureValue: available = false, enabled = true, nonTTY = true, data enabled = true
07-19 10:44:20.095 2720 2720 D ImsManager: getConfigInterface(), mConfig= com.android.ims.ImsConfig@1456530
07-19 10:44:20.095 2720 2720 D ImsConfig: setFeatureValue: feature = 1, network =13, value =0, listener =com.android.internal.telephony.imsphone.ImsPhoneCallTracker$5@e610e13
07-19 10:44:20.096 2720 2720 I QImsService: ImsConfigImpl : SetServiceStatus = 3 13 0
07-19 10:44:20.096 2720 4358 W QImsService: ImsConfigImpl : VoWiFi Roaming: value can't be changed
07-19 10:44:20.096 2720 4358 D ImsConfig: setProvisionedValue(): item = 26 value = 0 ret = 1
07-19 10:44:20.096 2720 2720 I QImsService: ImsSenderRxr : [0015]> REQUEST_SET_SERVICE_STATUS[SUB0]
07-19 10:44:20.096 2720 2720 I QImsService: ImsSenderRxr : Message data: [0, 0, 0, 27, 11, 13, 15, 0, 0, 0, 16, 1, 24, 30, 32, 0, 8, 1, 24, 3, 58, 9, 8, 14, 16, 0, 29, 0, 0, 0, 0][SUB0]
07-19 10:44:20.096 4293 4293 D ExtensionsFactory: No custom extensions.
07-19 10:44:20.097 2720 4357 I QImsService: ImsSenderRxr : [0016]> REQUEST_SET_IMS_CONFIG[SUB0]
07-19 10:44:20.097 2720 2720 D ImsManager: updateImsServiceConfig: turnOnIms
07-19 10:44:20.097 2720 4357 I QImsService: ImsSenderRxr : Message data: [0, 0, 0, 23, 11, 13, 16, 0, 0, 0, 16, 1, 24, 44, 32, 0, 8, 29, 16, 0, 29, 1, 0, 0, 0, 40, 0][SUB0]
07-19 10:44:20.097 2720 2720 I QImsService: ImsSenderRxr : [0017]> REQUEST_IMS_REG_STATE_CHANGE[SUB0]
07-19 10:44:20.097 2720 2720 I QImsService: ImsSenderRxr : Message data: [0, 0, 0, 14, 11, 13, 17, 0, 0, 0, 16, 1, 24, 26, 32, 0, 8, 1][SUB0]
07-19 10:44:20.098 2720 3318 I QImsService: ImsSenderRxr : Response data: [11, 13, 15, 0, 0, 0, 16, 2, 24, 30, 32, 2][SUB0]
07-19 10:44:20.098 2720 3318 I QImsService: ImsSenderRxr : Tag 15 2 30 2[SUB0]
07-19 10:44:20.099 2720 3318 I QImsService: IFRequest : [0015]< REQUEST_SET_SERVICE_STATUS error: 2
07-19 10:44:20.099 2720 3328 I QImsService: ImsConfigImplHandler : Message received: what = 2
07-19 10:44:20.100 2720 2720 D GsmCdmaPhone: [GsmCdmaPhone] broadcastEmergencyCallStateChanges = false
07-19 10:44:20.100 2720 2720 E GsmCdmaPhone: [GsmCdmaPhone] Invalid cdma_roaming_mode settings: -1
07-19 10:44:20.100 2720 2720 D EriManager: loadEriFileFromXml: check for alternate file
07-19 10:44:20.102 2720 2720 D EriManager: loadEriFileFromXml: no alternate file
07-19 10:44:20.102 309 1182 E RILQ : (0/309): RIL[0][event] qcril_qmi_imss_request_set_ims_config: radio config error: 1..sending empty response
07-19 10:44:20.103 2720 3318 I QImsService: ImsSenderRxr : Response data: [11, 13, 16, 0, 0, 0, 16, 2, 24, 44, 32, 2][SUB0]
07-19 10:44:20.103 2720 3318 I QImsService: ImsSenderRxr : Tag 16 2 44 2[SUB0]
07-19 10:44:20.103 1827 4351 D DhcpClient: Received packet: 80:58:f8:1d:a4:00 ACK: your new IP /192.168.1.102, netmask /255.255.255.0, gateways [/192.168.1.1] DNS servers: /192.168.1.1 , lease time 7200
07-19 10:44:20.103 2720 3318 I QImsService: IFRequest : [0016]< REQUEST_SET_IMS_CONFIG error: 2
07-19 10:44:20.103 2720 3328 I QImsService: ImsConfigImplHandler : Message received: what = 1
07-19 10:44:20.103 2720 3328 I QImsService: ImsConfigImpl : Notifyall
07-19 10:44:20.103 1827 4324 D DhcpClient: Confirmed lease: IP address 192.168.1.102/24 Gateway 192.168.1.1 DNS servers: [ 192.168.1.1 ] Domains DHCP server /192.168.1.1 Vendor info null lease 7200 seconds
07-19 10:44:20.104 2720 4357 D ImsConfig: setProvisionedValue(): item = 27 value = 1 ret = 1
07-19 10:44:20.105 2720 3318 I QImsService: ImsSenderRxr : Response data: [11, 13, 17, 0, 0, 0, 16, 2, 24, 26, 32, 2][SUB0]
07-19 10:44:20.105 2720 2720 D EriManager: eriFile = eri.xml
07-19 10:44:20.105 2720 3318 I QImsService: ImsSenderRxr : Tag 17 2 26 2[SUB0]
07-19 10:44:20.105 2720 3318 I QImsService: IFRequest : [0017]< REQUEST_IMS_REG_STATE_CHANGE error: 2
07-19 10:44:20.109 2646 2646 D wpa_supplicant: wlan0: Control interface command 'SET ps 1'
07-19 10:44:20.110 2646 2646 D wpa_supplicant: CTRL_IFACE SET 'ps'='1'
07-19 10:44:20.110 2646 2646 D wpa_supplicant: nl80211: set_p2p_powersave (legacy_ps=1 opp_ps=-1 ctwindow=-1)
07-19 10:44:20.112 2720 2720 D EriManager: loadEriFileFromXml: eri parsing successful, file loaded. ver = 1357, # of entries = 176
07-19 10:44:20.112 2720 2720 D GsmCdmaPhone: [GsmCdmaPhone] ERI read, notify registrants
07-19 10:44:20.113 324 2071 D CommandListener: Setting iface cfg
07-19 10:44:20.115 4293 4293 D AlertReceiver: onReceive: a=android.intent.action.BOOT_COMPLETED Intent { act=android.intent.action.BOOT_COMPLETED flg=0x9000010 cmp=com.android.calendar/.alerts.AlertReceiver (has extras) }
07-19 10:44:20.119 309 4362 I RILQ : (0/309):RIL[0][cmd-21(624)] qcril_qmi_nas_reset_data_snapshot_cache_and_timer: Resetting snapshot timer
07-19 10:44:20.124 3888 3888 I AlarmClock: AlarmInitReceiver android.intent.action.BOOT_COMPLETED
07-19 10:44:20.128 2720 2720 D SubscriptionController: [getActiveSubscriptionInfo]+ subId=1 subInfo={id=1, iccId=89492019156020009546 simSlotIndex=0 displayName=LIDL Connect carrierName=No service nameSource=0 iconTint=-16746133 dataRoaming=0 iconBitmap=android.graphics.Bitmap@93fcab1 mcc 262 mnc 2 userNwMode=10}
07-19 10:44:20.129 2720 2720 D GsmCdmaPhone: mBroadcastReceiver: action android.telephony.action.CARRIER_CONFIG_CHANGED
07-19 10:44:20.131 2720 2858 D RILJ : [3772]< DATA_REGISTRATION_STATE {3, null, null, null, 15, 20, null, 9, -1, null, null} [SUB0]
07-19 10:44:20.131 2720 2720 I CSST : reading time to delay notification: -1
07-19 10:44:20.132 2720 2858 D RILJ : [3776]< DATA_REGISTRATION_STATE {3, null, null, null, 15, 20, null, 9, -1, null, null} [SUB0]
07-19 10:44:20.132 2720 2858 D RILJ : [3780]< DATA_REGISTRATION_STATE {3, null, null, null, 15, 20, null, 9, -1, null, null} [SUB0]
07-19 10:44:20.133 309 4363 I RILQ : (0/309):RIL[0][cmd-20(760)] qcril_qmi_nas_reset_data_snapshot_cache_and_timer: Resetting snapshot timer
07-19 10:44:20.135 2720 2720 D GsmCdmaPhone: mBroadcastReceiver: action android.telephony.action.CARRIER_CONFIG_CHANGED
07-19 10:44:20.136 2646 2646 D wpa_supplicant: wlan0: Control interface command 'DRIVER BTCOEXMODE 2'
07-19 10:44:20.137 2646 2646 D wpa_supplicant: wpa_driver_nl80211_driver_cmd BTCOEXMODE 2 len = 0, 4096
07-19 10:44:20.137 1827 2342 D WifiStateMachine: updateCapabilities for config:BaeumchenInSpitzenhoeschenfalse,false
07-19 10:44:20.140 2720 2720 I CSST : reading time to delay notification: -1
07-19 10:44:20.142 2720 2720 D SubscriptionController: [getSubId]- numSubIds == 0, return DummySubIds slotIdx=1
07-19 10:44:20.142 1827 4324 D DhcpClient: Scheduling renewal in 3599s
07-19 10:44:20.142 1827 4324 D DhcpClient: Scheduling rebind in 6299s
07-19 10:44:20.142 1827 4324 D DhcpClient: Scheduling expiry in 7199s
07-19 10:44:20.143 1827 2342 D WifiStateMachine: updateCapabilities for config:BaeumchenInSpitzenhoeschenfalse,false
07-19 10:44:20.143 2646 2646 D wpa_supplicant: wlan0: Control interface command 'BLACKLIST clear'
07-19 10:44:20.144 1827 2342 E WifiNative-HAL: setBssidBlacklist cmd 0 size 0
07-19 10:44:20.144 1827 2342 D wifi : configure BSSID black list request [2] = 0x9cfff1c0
07-19 10:44:20.144 1827 2342 D wifi : Added 0 bssids
07-19 10:44:20.144 1827 2342 E WifiHAL : wifi_set_bssid_blacklist: GSCAN is not supported by driver
07-19 10:44:20.144 2720 2720 I QImsService: ImsServiceSubHandler : Message received: what = 9
07-19 10:44:20.144 2720 2720 I QImsService: ImsServiceSubHandler : Request turn on/off IMS failed
07-19 10:44:20.146 1827 2385 D ConnectivityService: NetworkAgentInfo [WIFI () - 100] EVENT_NETWORK_INFO_CHANGED, going from CONNECTING to CONNECTED
07-19 10:44:20.147 2646 2646 D wpa_supplicant: wlan0: Control interface command 'SIGNAL_POLL'
07-19 10:44:20.148 1827 2385 D ConnectivityService: Adding iface wlan0 to network 100
07-19 10:44:20.151 4293 4366 D AlertService: 0 Action = android.intent.action.BOOT_COMPLETED
07-19 10:44:20.155 2720 2858 D RILJ : [3774]< QUERY_NETWORK_SELECTION_MODE {0} [SUB0]
07-19 10:44:20.155 2720 2858 D RILJ : [3778]< QUERY_NETWORK_SELECTION_MODE {0} [SUB0]
07-19 10:44:20.155 2720 2858 D RILJ : [3782]< QUERY_NETWORK_SELECTION_MODE {0} [SUB0]
07-19 10:44:20.156 2720 2858 D RILJ : [3771]< OPERATOR {null, null, null, null, null, null} [SUB0]
07-19 10:44:20.156 2720 2858 D RILJ : [3775]< OPERATOR {null, null, null, null, null, null} [SUB0]
07-19 10:44:20.156 2720 2858 D RILJ : [3779]< OPERATOR {null, null, null, null, null, null} [SUB0]
07-19 10:44:20.156 2720 2858 D RILJ : [3783]< OPERATOR {null, null, null, null, null, null} [SUB0]
07-19 10:44:20.158 4293 4366 D AlertService: Scheduling next alarm with AlarmScheduler. sEventReminderReceived: null
07-19 10:44:20.159 2720 2858 D RILJ : [3773]< VOICE_REGISTRATION_STATE {13, null, null, 0, null, null, null, 0, null, null, null, null, null, 15, null} [SUB0]
07-19 10:44:20.159 2720 2720 D ImsManager: updateVolteFeatureValue: available = true, enabled = true, nonTTY = true
07-19 10:44:20.160 2720 2720 D ImsConfig: ImsConfig creates
07-19 10:44:20.160 2720 2720 D ImsManager: getConfigInterface(), mConfig= com.android.ims.ImsConfig@5d16b96
07-19 10:44:20.160 2720 2720 D ImsConfig: setFeatureValue: feature = 0, network =13, value =1, listener =null
07-19 10:44:20.161 2720 2720 I QImsService: ImsConfigImpl : SetServiceStatus = 0 13 2
07-19 10:44:20.161 2720 2720 I QImsService: ImsSenderRxr : [0018]> REQUEST_SET_SERVICE_STATUS[SUB0]
07-19 10:44:20.161 2720 2720 I QImsService: ImsSenderRxr : Message data: [0, 0, 0, 27, 11, 13, 18, 0, 0, 0, 16, 1, 24, 30, 32, 0, 8, 1, 24, 0, 58, 9, 8, 14, 16, 2, 29, 0, 0, 0, 0][SUB0]
07-19 10:44:20.162 1827 2342 D WifiStateMachine: updateCapabilities for config:BaeumchenInSpitzenhoeschenfalse,false
07-19 10:44:20.163 2720 3318 I QImsService: ImsSenderRxr : Response data: [11, 13, 18, 0, 0, 0, 16, 2, 24, 30, 32, 2][SUB0]
07-19 10:44:20.164 2720 3318 I QImsService: ImsSenderRxr : Tag 18 2 30 2[SUB0]
07-19 10:44:20.164 2720 3318 I QImsService: IFRequest : [0018]< REQUEST_SET_SERVICE_STATUS error: 2
07-19 10:44:20.164 2720 3328 I QImsService: ImsConfigImplHandler : Message received: what = 2
07-19 10:44:20.164 2720 3328 E QImsService: ImsConfigImpl : getImsConfigListener returns null
07-19 10:44:20.165 2720 2858 D RILJ : [3777]< VOICE_REGISTRATION_STATE {13, null, null, 0, null, null, null, 0, null, null, null, null, null, 15, null} [SUB0]
07-19 10:44:20.165 2720 2858 D RILJ : [3781]< VOICE_REGISTRATION_STATE {13, null, null, 0, null, null, null, 0, null, null, null, null, null, 15, null} [SUB0]
07-19 10:44:20.166 2646 2646 D wpa_supplicant: wlan0: Control interface command 'SIGNAL_POLL'
07-19 10:44:20.168 2720 2858 D RILJ : [3785]< VOICE_REGISTRATION_STATE {13, null, null, 0, null, null, null, 0, null, null, null, null, null, 15, null} [SUB0]
07-19 10:44:20.173 2720 2858 D RILJ : [3786]< QUERY_NETWORK_SELECTION_MODE {0} [SUB0]
07-19 10:44:20.173 2720 2858 D RILJ : [3790]< QUERY_NETWORK_SELECTION_MODE {0} [SUB0]
07-19 10:44:20.174 2720 2858 D RILJ : [3787]< OPERATOR {null, null, null, null, null, null} [SUB0]
07-19 10:44:20.174 309 4374 I RILQ : (0/309):RIL[0][cmd-21(624)] qcril_qmi_nas_reset_data_snapshot_cache_and_timer: Resetting snapshot timer
07-19 10:44:20.177 4318 4318 I ContactsPerf: VoicemailContentProvider.onCreate start
07-19 10:44:20.178 2720 2858 D RILJ : [3784]< DATA_REGISTRATION_STATE {3, null, null, null, 15, 20, null, null, null, null, null} [SUB0]
07-19 10:44:20.178 2720 2858 D RILJ : [3788]< DATA_REGISTRATION_STATE {3, null, null, null, 15, 20, null, null, null, null, null} [SUB0]
07-19 10:44:20.182 4318 4318 I ContactsPerf: VoicemailContentProvider.onCreate finish
07-19 10:44:20.187 309 4381 I RILQ : (0/309):RIL[0][cmd-20(800)] qcril_qmi_nas_reset_data_snapshot_cache_and_timer: Resetting snapshot timer
07-19 10:44:20.198 2720 2858 D RILJ : [3789]< VOICE_REGISTRATION_STATE {13, null, null, 0, null, null, null, 0, null, null, null, null, null, 15, null} [SUB0]
07-19 10:44:20.199 1827 4061 I am_proc_start: [0,4387,10059,com.android.email,broadcast,com.android.email/.service.EmailBroadcastReceiver]
07-19 10:44:20.199 1827 4061 I ActivityManager: Start proc 4387:com.android.email/u0a59 for broadcast com.android.email/.service.EmailBroadcastReceiver
07-19 10:44:20.201 1827 2342 E WifiStateMachine: Did not find remoteAddress {192.168.1.1} in /proc/net/arp
07-19 10:44:20.202 1827 2600 I dvm_lock_sample: [system_server,1,Binder:1827_4,19,ActivityManagerService.java,5959,BroadcastQueue.java,762,3]
07-19 10:44:20.206 2720 2720 D ImsManager: getWfcMode - setting=2
07-19 10:44:20.209 2720 2720 D ImsManager: updateWfcFeatureAndProvisionedValues: available = false, enabled = false, mode = 2, roaming = false
