07-19 13:35:35.232 2720 2885 D RILJ : [4234]< SIGNAL_STRENGTH SignalStrength: 0 0 0 0 0 0 0 0 0 0 0 0 0 gsm|lte [SUB1]
07-19 13:35:35.233 2720 2720 D SubscriptionController: [getSubId]- numSubIds == 0, return DummySubIds slotIdx=1
07-19 13:35:35.559 2720 2858 V RILJ : [UNSL]< UNSOL_OEM_HOOK_RAW 514f454d484f4f4bef0308000100000002 [SUB0]
07-19 13:35:35.564 2720 2858 D RILJ : [UNSL]< UNSOL_RESPONSE_VOICE_NETWORK_STATE_CHANGED [SUB0]
07-19 13:35:35.564 2720 2720 D RILJ : [4235]> OPERATOR [SUB0]
07-19 13:35:35.565 2720 2720 D RILJ : [4236]> DATA_REGISTRATION_STATE [SUB0]
07-19 13:35:35.567 2720 2720 D RILJ : [4237]> VOICE_REGISTRATION_STATE [SUB0]
07-19 13:35:35.568 2720 2720 D RILJ : [4238]> QUERY_NETWORK_SELECTION_MODE [SUB0]
07-19 13:35:35.580 309 5942 E use-Rlog/RLOG-RIL-MOTEXT: mothook_oem_ex: header type 0, requestCode 0x0
07-19 13:35:35.587 2720 2858 D RILJ : [4235]< OPERATOR {LIDL Connect, LIDL Connect, 26202, , , } [SUB0]
07-19 13:35:35.591 2720 2858 D RILJ : [4237]< VOICE_REGISTRATION_STATE {1, 0546, 04ba794d, 3, null, null, null, 0, null, null, 1, null, null, 0, b2} [SUB0]
07-19 13:35:35.594 2720 2858 D RILJ : [4238]< QUERY_NETWORK_SELECTION_MODE {0} [SUB0]
07-19 13:35:35.594 2720 2720 D SST : EVENT_POLL_STATE_NETWORK_SELECTION_MODE
07-19 13:35:35.596 2720 2858 D RILJ : [4236]< DATA_REGISTRATION_STATE {1, 0546, 04ba794d, 11, null, 20, null, null, null, null, null} [SUB0]
07-19 13:35:35.597 2720 2720 D SST : handlPollStateResultMessage: GsmSST setDataRegState=0 regState=1 dataRadioTechnology=11
07-19 13:35:35.599 2720 2720 D SST : Poll ServiceState done: oldSS=[0 0 voice home data home LIDL Connect LIDL Connect 26202 LIDL Connect LIDL Connect 26202 UMTS HSPA CSS not supported -1 -1 RoamInd=-1 DefRoamInd=-1 EmergOnly=false IsDataRoamingFromRegistration=false IsUsingCarrierAggregation=false] newSS=[0 0 voice home data home LIDL Connect LIDL Connect 26202 LIDL Connect LIDL Connect 26202 UMTS HSPA CSS not supported -1 -1 RoamInd=-1 DefRoamInd=-1 EmergOnly=false IsDataRoamingFromRegistration=false IsUsingCarrierAggregation=false] oldMaxDataCalls=20 mNewMaxDataCalls=20 oldReasonDataDenied=-1 mNewReasonDataDenied=-1
07-19 13:35:48.667 0 0 I [ 6562.633527,0] bq24296_dump_register: REG0 - 0x00 = 0x42
07-19 13:35:48.668 0 0 I [ 6562.634551,0] bq24296_dump_register: REG1 - 0x01 = 0x0b
07-19 13:35:48.668 0 0 I [ 6562.635565,0] bq24296_dump_register: REG2 - 0x02 = 0x5c
07-19 13:35:48.668 0 0 I [ 6562.636804,0] bq24296_dump_register: REG3 - 0x03 = 0x21
07-19 13:35:48.671 0 0 I [ 6562.638629,0] bq24296_dump_register: REG4 - 0x04 = 0xe2
07-19 13:35:48.671 0 0 I [ 6562.639683,0] bq24296_dump_register: REG5 - 0x05 = 0x0e
07-19 13:35:48.671 0 0 I [ 6562.640415,0] bq24296_dump_register: REG6 - 0x06 = 0x73
07-19 13:35:48.672 0 0 I [ 6562.641048,0] bq24296_dump_register: REG7 - 0x07 = 0x4b
07-19 13:35:48.672 0 0 I [ 6562.641674,0] bq24296_dump_register: REG8 - 0x08 = 0x44
07-19 13:35:48.674 0 0 I [ 6562.642291,0] bq24296_dump_register: REG9 - 0x09 = 0x00
07-19 13:35:48.674 0 0 I [ 6562.643220,0] bq24296_dump_register: REGA - 0x0a = 0x20
07-19 13:35:48.696 1827 1971 I cache_file_deleted: power_supply_info.csv
07-19 13:35:48.700 3862 3862 E NEW_BHD : Open /sys/class/power_supply/gb_battery
07-19 13:35:48.729 2720 2720 D VideoCall_LowBattery: BatteryIntent received: android.intent.action.BATTERY_CHANGED
07-19 13:35:48.744 2720 2720 D SubscriptionController: [getActiveSubscriptionInfoForSimSlotIndex]+ slotIdx=0 subId={id=1, iccId=89492019156020009546 simSlotIndex=0 displayName=LIDL Connect carrierName=LIDL Connect nameSource=0 iconTint=-16746133 dataRoaming=0 iconBitmap=android.graphics.Bitmap@fe3bba mcc 262 mnc 2 userNwMode=10}
07-19 13:35:48.747 2720 2720 D VideoCall_LowBattery: allowVideoCallsInLowBattery: false isCarrierOneSupported: false mIsLowbattery: true
07-19 13:35:48.747 2720 2720 D VideoCall_LowBattery: disconnectVideoCalls on low battery
07-19 13:35:48.747 2720 2720 D VideoCall_LowBattery: disconnectVideoCalls 
07-19 13:35:55.244 2720 2720 D RILJ : [4239]> SIGNAL_STRENGTH [SUB1]
07-19 13:35:55.249 2720 2885 D RILJ : [4239]< SIGNAL_STRENGTH SignalStrength: 0 0 0 0 0 0 0 0 0 0 0 0 0 gsm|lte [SUB1]
07-19 13:35:55.251 2720 2720 D SubscriptionController: [getSubId]- numSubIds == 0, return DummySubIds slotIdx=1
07-19 13:36:15.268 2720 2720 D RILJ : [4240]> SIGNAL_STRENGTH [SUB1]
07-19 13:36:15.276 2720 2885 D RILJ : [4240]< SIGNAL_STRENGTH SignalStrength: 0 0 0 0 0 0 0 0 0 0 0 0 0 gsm|lte [SUB1]
07-19 13:36:15.277 2720 2720 D SubscriptionController: [getSubId]- numSubIds == 0, return DummySubIds slotIdx=1
07-19 13:36:31.962 2720 2720 D VideoCall_LowBattery: BatteryIntent received: android.intent.action.BATTERY_CHANGED
07-19 13:36:31.983 2720 2720 D SubscriptionController: [getActiveSubscriptionInfoForSimSlotIndex]+ slotIdx=0 subId={id=1, iccId=89492019156020009546 simSlotIndex=0 displayName=LIDL Connect carrierName=LIDL Connect nameSource=0 iconTint=-16746133 dataRoaming=0 iconBitmap=android.graphics.Bitmap@872fa61 mcc 262 mnc 2 userNwMode=10}
07-19 13:36:31.985 2720 2720 D VideoCall_LowBattery: allowVideoCallsInLowBattery: false isCarrierOneSupported: false mIsLowbattery: true
07-19 13:36:31.985 2720 2720 D VideoCall_LowBattery: disconnectVideoCalls on low battery
07-19 13:36:31.985 2720 2720 D VideoCall_LowBattery: disconnectVideoCalls 
07-19 13:36:35.284 2720 2720 D RILJ : [4241]> SIGNAL_STRENGTH [SUB1]
07-19 13:36:35.295 2720 2885 D RILJ : [4241]< SIGNAL_STRENGTH SignalStrength: 0 0 0 0 0 0 0 0 0 0 0 0 0 gsm|lte [SUB1]
07-19 13:36:35.297 2720 2720 D SubscriptionController: [getSubId]- numSubIds == 0, return DummySubIds slotIdx=1
07-19 13:36:48.827 0 0 I [ 6622.795248,0] bq24296_dump_register: REG0 - 0x00 = 0x42
07-19 13:36:48.827 0 0 I [ 6622.796324,0] bq24296_dump_register: REG1 - 0x01 = 0x0b
07-19 13:36:48.831 0 0 I [ 6622.797537,0] bq24296_dump_register: REG2 - 0x02 = 0x5c
07-19 13:36:48.831 0 0 I [ 6622.798546,0] bq24296_dump_register: REG3 - 0x03 = 0x21
07-19 13:36:48.832 0 0 I [ 6622.799597,0] bq24296_dump_register: REG4 - 0x04 = 0xe2
07-19 13:36:48.832 0 0 I [ 6622.800391,0] bq24296_dump_register: REG5 - 0x05 = 0x0e
07-19 13:36:48.832 0 0 I [ 6622.801128,0] bq24296_dump_register: REG6 - 0x06 = 0x73
07-19 13:36:48.832 0 0 I [ 6622.801774,0] bq24296_dump_register: REG7 - 0x07 = 0x4b
07-19 13:36:48.833 0 0 I [ 6622.802416,0] bq24296_dump_register: REG8 - 0x08 = 0x44
07-19 13:36:48.834 0 0 I [ 6622.803038,0] bq24296_dump_register: REG9 - 0x09 = 0x00
07-19 13:36:48.834 0 0 I [ 6622.803663,0] bq24296_dump_register: REGA - 0x0a = 0x20
07-19 13:36:48.857 1827 1971 I cache_file_deleted: power_supply_info.csv
07-19 13:36:48.857 3862 3862 E NEW_BHD : Open /sys/class/power_supply/gb_battery
07-19 13:36:48.887 2720 2720 D VideoCall_LowBattery: BatteryIntent received: android.intent.action.BATTERY_CHANGED
07-19 13:36:48.905 2720 2720 D SubscriptionController: [getActiveSubscriptionInfoForSimSlotIndex]+ slotIdx=0 subId={id=1, iccId=89492019156020009546 simSlotIndex=0 displayName=LIDL Connect carrierName=LIDL Connect nameSource=0 iconTint=-16746133 dataRoaming=0 iconBitmap=android.graphics.Bitmap@18b6a74 mcc 262 mnc 2 userNwMode=10}
07-19 13:36:48.907 2720 2720 D VideoCall_LowBattery: allowVideoCallsInLowBattery: false isCarrierOneSupported: false mIsLowbattery: true
07-19 13:36:48.907 2720 2720 D VideoCall_LowBattery: disconnectVideoCalls on low battery
07-19 13:36:48.907 2720 2720 D VideoCall_LowBattery: disconnectVideoCalls 
07-19 13:36:55.307 2720 2720 D RILJ : [4242]> SIGNAL_STRENGTH [SUB1]
07-19 13:36:55.316 2720 2885 D RILJ : [4242]< SIGNAL_STRENGTH SignalStrength: 0 0 0 0 0 0 0 0 0 0 0 0 0 gsm|lte [SUB1]
07-19 13:36:55.318 2720 2720 D SubscriptionController: [getSubId]- numSubIds == 0, return DummySubIds slotIdx=1
07-19 13:37:15.343 2720 2720 D RILJ : [4243]> SIGNAL_STRENGTH [SUB1]
07-19 13:37:15.356 2720 2885 D RILJ : [4243]< SIGNAL_STRENGTH SignalStrength: 0 0 0 0 0 0 0 0 0 0 0 0 0 gsm|lte [SUB1]
07-19 13:37:15.356 2720 2720 D SubscriptionController: [getSubId]- numSubIds == 0, return DummySubIds slotIdx=1
07-19 13:37:35.379 2720 2720 D RILJ : [4244]> SIGNAL_STRENGTH [SUB1]
07-19 13:37:35.394 2720 2885 D RILJ : [4244]< SIGNAL_STRENGTH SignalStrength: 0 0 0 0 0 0 0 0 0 0 0 0 0 gsm|lte [SUB1]
07-19 13:37:35.395 2720 2720 D SubscriptionController: [getSubId]- numSubIds == 0, return DummySubIds slotIdx=1
07-19 13:37:48.987 0 0 I [ 6682.953870,0] bq24296_dump_register: REG0 - 0x00 = 0x42
07-19 13:37:48.987 0 0 I [ 6682.954903,0] bq24296_dump_register: REG1 - 0x01 = 0x0b
07-19 13:37:48.987 0 0 I [ 6682.955918,0] bq24296_dump_register: REG2 - 0x02 = 0x5c
07-19 13:37:48.991 0 0 I [ 6682.957818,0] bq24296_dump_register: REG3 - 0x03 = 0x21
07-19 13:37:48.991 0 0 I [ 6682.958833,0] bq24296_dump_register: REG4 - 0x04 = 0xe2
07-19 13:37:48.991 0 0 I [ 6682.959878,0] bq24296_dump_register: REG5 - 0x05 = 0x0e
07-19 13:37:48.992 0 0 I [ 6682.960606,0] bq24296_dump_register: REG6 - 0x06 = 0x73
07-19 13:37:48.992 0 0 I [ 6682.961238,0] bq24296_dump_register: REG7 - 0x07 = 0x4b
07-19 13:37:48.992 0 0 I [ 6682.961875,0] bq24296_dump_register: REG8 - 0x08 = 0x44
07-19 13:37:48.993 0 0 I [ 6682.962505,0] bq24296_dump_register: REG9 - 0x09 = 0x00
07-19 13:37:48.994 0 0 I [ 6682.963169,0] bq24296_dump_register: REGA - 0x0a = 0x20
07-19 13:37:49.015 1827 1971 I cache_file_deleted: power_supply_info.csv
07-19 13:37:49.018 3862 3862 E NEW_BHD : Open /sys/class/power_supply/gb_battery
07-19 13:37:49.047 2720 2720 D VideoCall_LowBattery: BatteryIntent received: android.intent.action.BATTERY_CHANGED
07-19 13:37:49.069 2720 2720 D SubscriptionController: [getActiveSubscriptionInfoForSimSlotIndex]+ slotIdx=0 subId={id=1, iccId=89492019156020009546 simSlotIndex=0 displayName=LIDL Connect carrierName=LIDL Connect nameSource=0 iconTint=-16746133 dataRoaming=0 iconBitmap=android.graphics.Bitmap@b679be3 mcc 262 mnc 2 userNwMode=10}
07-19 13:37:49.073 2720 2720 D VideoCall_LowBattery: allowVideoCallsInLowBattery: false isCarrierOneSupported: false mIsLowbattery: true
07-19 13:37:49.073 2720 2720 D VideoCall_LowBattery: disconnectVideoCalls on low battery
07-19 13:37:49.073 2720 2720 D VideoCall_LowBattery: disconnectVideoCalls 
07-19 13:37:55.406 2720 2720 D RILJ : [4245]> SIGNAL_STRENGTH [SUB1]
07-19 13:37:55.416 2720 2885 D RILJ : [4245]< SIGNAL_STRENGTH SignalStrength: 0 0 0 0 0 0 0 0 0 0 0 0 0 gsm|lte [SUB1]
07-19 13:37:55.416 2720 2720 D SubscriptionController: [getSubId]- numSubIds == 0, return DummySubIds slotIdx=1
07-19 13:38:15.441 2720 2720 D RILJ : [4246]> SIGNAL_STRENGTH [SUB1]
07-19 13:38:15.453 2720 2885 D RILJ : [4246]< SIGNAL_STRENGTH SignalStrength: 0 0 0 0 0 0 0 0 0 0 0 0 0 gsm|lte [SUB1]
07-19 13:38:15.456 2720 2720 D SubscriptionController: [getSubId]- numSubIds == 0, return DummySubIds slotIdx=1
07-19 13:38:35.463 2720 2720 D RILJ : [4247]> SIGNAL_STRENGTH [SUB1]
07-19 13:38:35.475 2720 2885 D RILJ : [4247]< SIGNAL_STRENGTH SignalStrength: 0 0 0 0 0 0 0 0 0 0 0 0 0 gsm|lte [SUB1]
07-19 13:38:35.476 2720 2720 D SubscriptionController: [getSubId]- numSubIds == 0, return DummySubIds slotIdx=1
07-19 13:38:49.147 0 0 I [ 6743.113497,0] bq24296_dump_register: REG0 - 0x00 = 0x42
07-19 13:38:49.147 0 0 I [ 6743.114518,0] bq24296_dump_register: REG1 - 0x01 = 0x0b
07-19 13:38:49.147 0 0 I [ 6743.115534,0] bq24296_dump_register: REG2 - 0x02 = 0x5c
07-19 13:38:49.151 0 0 I [ 6743.117431,0] bq24296_dump_register: REG3 - 0x03 = 0x21
07-19 13:38:49.151 0 0 I [ 6743.118463,0] bq24296_dump_register: REG4 - 0x04 = 0xe2
07-19 13:38:49.151 0 0 I [ 6743.119513,0] bq24296_dump_register: REG5 - 0x05 = 0x0e
07-19 13:38:49.151 0 0 I [ 6743.120242,0] bq24296_dump_register: REG6 - 0x06 = 0x73
07-19 13:38:49.152 0 0 I [ 6743.120873,0] bq24296_dump_register: REG7 - 0x07 = 0x4b
07-19 13:38:49.152 0 0 I [ 6743.121510,0] bq24296_dump_register: REG8 - 0x08 = 0x44
07-19 13:38:49.153 0 0 I [ 6743.122143,0] bq24296_dump_register: REG9 - 0x09 = 0x00
07-19 13:38:49.154 0 0 I [ 6743.122817,0] bq24296_dump_register: REGA - 0x0a = 0x20
07-19 13:38:49.175 1827 1971 I cache_file_deleted: power_supply_info.csv
07-19 13:38:49.178 3862 3862 E NEW_BHD : Open /sys/class/power_supply/gb_battery
07-19 13:38:49.207 2720 2720 D VideoCall_LowBattery: BatteryIntent received: android.intent.action.BATTERY_CHANGED
07-19 13:38:49.223 2720 2720 D SubscriptionController: [getActiveSubscriptionInfoForSimSlotIndex]+ slotIdx=0 subId={id=1, iccId=89492019156020009546 simSlotIndex=0 displayName=LIDL Connect carrierName=LIDL Connect nameSource=0 iconTint=-16746133 dataRoaming=0 iconBitmap=android.graphics.Bitmap@b97135e mcc 262 mnc 2 userNwMode=10}
07-19 13:38:49.225 2720 2720 D VideoCall_LowBattery: allowVideoCallsInLowBattery: false isCarrierOneSupported: false mIsLowbattery: true
07-19 13:38:49.225 2720 2720 D VideoCall_LowBattery: disconnectVideoCalls on low battery
07-19 13:38:49.225 2720 2720 D VideoCall_LowBattery: disconnectVideoCalls 
07-19 13:38:55.480 2720 2720 D RILJ : [4248]> SIGNAL_STRENGTH [SUB1]
07-19 13:38:55.493 2720 2885 D RILJ : [4248]< SIGNAL_STRENGTH SignalStrength: 0 0 0 0 0 0 0 0 0 0 0 0 0 gsm|lte [SUB1]
07-19 13:38:55.494 2720 2720 D SubscriptionController: [getSubId]- numSubIds == 0, return DummySubIds slotIdx=1
07-19 13:39:15.518 2720 2720 D RILJ : [4249]> SIGNAL_STRENGTH [SUB1]
07-19 13:39:15.531 2720 2885 D RILJ : [4249]< SIGNAL_STRENGTH SignalStrength: 0 0 0 0 0 0 0 0 0 0 0 0 0 gsm|lte [SUB1]
07-19 13:39:15.534 2720 2720 D SubscriptionController: [getSubId]- numSubIds == 0, return DummySubIds slotIdx=1
07-19 13:39:35.541 2720 2720 D RILJ : [4250]> SIGNAL_STRENGTH [SUB1]
07-19 13:39:35.552 2720 2885 D RILJ : [4250]< SIGNAL_STRENGTH SignalStrength: 0 0 0 0 0 0 0 0 0 0 0 0 0 gsm|lte [SUB1]
07-19 13:39:35.555 2720 2720 D SubscriptionController: [getSubId]- numSubIds == 0, return DummySubIds slotIdx=1
07-19 13:39:49.307 0 0 I [ 6803.273429,0] bq24296_dump_register: REG0 - 0x00 = 0x42
07-19 13:39:49.307 0 0 I [ 6803.274448,0] bq24296_dump_register: REG1 - 0x01 = 0x0b
07-19 13:39:49.308 0 0 I [ 6803.275460,0] bq24296_dump_register: REG2 - 0x02 = 0x5c
07-19 13:39:49.308 0 0 I [ 6803.276512,0] bq24296_dump_register: REG3 - 0x03 = 0x21
07-19 13:39:49.311 0 0 I [ 6803.278534,0] bq24296_dump_register: REG4 - 0x04 = 0xe2
07-19 13:39:49.311 0 0 I [ 6803.279587,0] bq24296_dump_register: REG5 - 0x05 = 0x0e
07-19 13:39:49.311 0 0 I [ 6803.280321,0] bq24296_dump_register: REG6 - 0x06 = 0x73
07-19 13:39:49.312 0 0 I [ 6803.280966,0] bq24296_dump_register: REG7 - 0x07 = 0x4b
07-19 13:39:49.312 0 0 I [ 6803.281600,0] bq24296_dump_register: REG8 - 0x08 = 0x44
07-19 13:39:49.314 0 0 I [ 6803.282220,0] bq24296_dump_register: REG9 - 0x09 = 0x00
07-19 13:39:49.314 0 0 I [ 6803.283145,0] bq24296_dump_register: REGA - 0x0a = 0x20
07-19 13:39:49.335 1827 1971 I cache_file_deleted: power_supply_info.csv
07-19 13:39:49.338 3862 3862 E NEW_BHD : Open /sys/class/power_supply/gb_battery
07-19 13:39:49.365 2720 2720 D VideoCall_LowBattery: BatteryIntent received: android.intent.action.BATTERY_CHANGED
07-19 13:39:49.381 2720 2720 D SubscriptionController: [getActiveSubscriptionInfoForSimSlotIndex]+ slotIdx=0 subId={id=1, iccId=89492019156020009546 simSlotIndex=0 displayName=LIDL Connect carrierName=LIDL Connect nameSource=0 iconTint=-16746133 dataRoaming=0 iconBitmap=android.graphics.Bitmap@ff3e155 mcc 262 mnc 2 userNwMode=10}
07-19 13:39:49.384 2720 2720 D VideoCall_LowBattery: allowVideoCallsInLowBattery: false isCarrierOneSupported: false mIsLowbattery: true
07-19 13:39:49.384 2720 2720 D VideoCall_LowBattery: disconnectVideoCalls on low battery
07-19 13:39:49.384 2720 2720 D VideoCall_LowBattery: disconnectVideoCalls 
07-19 13:39:55.563 2720 2720 D RILJ : [4251]> SIGNAL_STRENGTH [SUB1]
07-19 13:39:55.575 2720 2885 D RILJ : [4251]< SIGNAL_STRENGTH SignalStrength: 0 0 0 0 0 0 0 0 0 0 0 0 0 gsm|lte [SUB1]
07-19 13:39:55.577 2720 2720 D SubscriptionController: [getSubId]- numSubIds == 0, return DummySubIds slotIdx=1
07-19 13:40:15.601 2720 2720 D RILJ : [4252]> SIGNAL_STRENGTH [SUB1]
07-19 13:40:15.612 2720 2885 D RILJ : [4252]< SIGNAL_STRENGTH SignalStrength: 0 0 0 0 0 0 0 0 0 0 0 0 0 gsm|lte [SUB1]
07-19 13:40:15.615 2720 2720 D SubscriptionController: [getSubId]- numSubIds == 0, return DummySubIds slotIdx=1
07-19 13:40:35.638 2720 2720 D RILJ : [4253]> SIGNAL_STRENGTH [SUB1]
07-19 13:40:35.653 2720 2885 D RILJ : [4253]< SIGNAL_STRENGTH SignalStrength: 0 0 0 0 0 0 0 0 0 0 0 0 0 gsm|lte [SUB1]
07-19 13:40:35.655 2720 2720 D SubscriptionController: [getSubId]- numSubIds == 0, return DummySubIds slotIdx=1
07-19 13:40:49.467 0 0 I [ 6863.433756,0] bq24296_dump_register: REG0 - 0x00 = 0x42
07-19 13:40:49.467 0 0 I [ 6863.434786,0] bq24296_dump_register: REG1 - 0x01 = 0x0b
07-19 13:40:49.467 0 0 I [ 6863.435801,0] bq24296_dump_register: REG2 - 0x02 = 0x5c
07-19 13:40:49.471 0 0 I [ 6863.437446,0] bq24296_dump_register: REG3 - 0x03 = 0x21
07-19 13:40:49.471 0 0 I [ 6863.438475,0] bq24296_dump_register: REG4 - 0x04 = 0xe2
07-19 13:40:49.471 0 0 I [ 6863.439524,0] bq24296_dump_register: REG5 - 0x05 = 0x0e
07-19 13:40:49.472 0 0 I [ 6863.440332,0] bq24296_dump_register: REG6 - 0x06 = 0x73
07-19 13:40:49.472 0 0 I [ 6863.441066,0] bq24296_dump_register: REG7 - 0x07 = 0x4b
07-19 13:40:49.472 0 0 I [ 6863.441695,0] bq24296_dump_register: REG8 - 0x08 = 0x44
07-19 13:40:49.473 0 0 I [ 6863.442328,0] bq24296_dump_register: REG9 - 0x09 = 0x00
07-19 13:40:49.474 0 0 I [ 6863.442970,0] bq24296_dump_register: REGA - 0x0a = 0x20
07-19 13:40:49.495 1827 1971 I cache_file_deleted: power_supply_info.csv
07-19 13:40:49.498 3862 3862 E NEW_BHD : Open /sys/class/power_supply/gb_battery
07-19 13:40:49.525 2720 2720 D VideoCall_LowBattery: BatteryIntent received: android.intent.action.BATTERY_CHANGED
07-19 13:40:49.542 2720 2720 D SubscriptionController: [getActiveSubscriptionInfoForSimSlotIndex]+ slotIdx=0 subId={id=1, iccId=89492019156020009546 simSlotIndex=0 displayName=LIDL Connect carrierName=LIDL Connect nameSource=0 iconTint=-16746133 dataRoaming=0 iconBitmap=android.graphics.Bitmap@e6de4f8 mcc 262 mnc 2 userNwMode=10}
07-19 13:40:49.545 2720 2720 D VideoCall_LowBattery: allowVideoCallsInLowBattery: false isCarrierOneSupported: false mIsLowbattery: true
07-19 13:40:49.545 2720 2720 D VideoCall_LowBattery: disconnectVideoCalls on low battery
07-19 13:40:49.545 2720 2720 D VideoCall_LowBattery: disconnectVideoCalls 
07-19 13:40:55.658 2720 2720 D RILJ : [4254]> SIGNAL_STRENGTH [SUB1]
07-19 13:40:55.672 2720 2885 D RILJ : [4254]< SIGNAL_STRENGTH SignalStrength: 0 0 0 0 0 0 0 0 0 0 0 0 0 gsm|lte [SUB1]
07-19 13:40:55.674 2720 2720 D SubscriptionController: [getSubId]- numSubIds == 0, return DummySubIds slotIdx=1
07-19 13:41:15.700 2720 2720 D RILJ : [4255]> SIGNAL_STRENGTH [SUB1]
07-19 13:41:15.713 2720 2885 D RILJ : [4255]< SIGNAL_STRENGTH SignalStrength: 0 0 0 0 0 0 0 0 0 0 0 0 0 gsm|lte [SUB1]
07-19 13:41:15.715 2720 2720 D SubscriptionController: [getSubId]- numSubIds == 0, return DummySubIds slotIdx=1
07-19 13:41:35.738 2720 2720 D RILJ : [4256]> SIGNAL_STRENGTH [SUB1]
07-19 13:41:35.751 2720 2885 D RILJ : [4256]< SIGNAL_STRENGTH SignalStrength: 0 0 0 0 0 0 0 0 0 0 0 0 0 gsm|lte [SUB1]
07-19 13:41:35.753 2720 2720 D SubscriptionController: [getSubId]- numSubIds == 0, return DummySubIds slotIdx=1
07-19 13:41:49.627 0 0 I [ 6923.593620,0] bq24296_dump_register: REG0 - 0x00 = 0x42
07-19 13:41:49.627 0 0 I [ 6923.594644,0] bq24296_dump_register: REG1 - 0x01 = 0x0b
07-19 13:41:49.627 0 0 I [ 6923.595658,0] bq24296_dump_register: REG2 - 0x02 = 0x5c
07-19 13:41:49.630 0 0 I [ 6923.597305,0] bq24296_dump_register: REG3 - 0x03 = 0x21
07-19 13:41:49.631 0 0 I [ 6923.598336,0] bq24296_dump_register: REG4 - 0x04 = 0xe2
07-19 13:41:49.631 0 0 I [ 6923.599346,0] bq24296_dump_register: REG5 - 0x05 = 0x0e
07-19 13:41:49.634 0 0 I [ 6923.600692,0] bq24296_dump_register: REG6 - 0x06 = 0x73
07-19 13:41:49.635 0 0 I [ 6923.601700,0] bq24296_dump_register: REG7 - 0x07 = 0x4b
07-19 13:41:49.635 0 0 I [ 6923.602749,0] bq24296_dump_register: REG8 - 0x08 = 0x44
07-19 13:41:49.635 0 0 I [ 6923.603476,0] bq24296_dump_register: REG9 - 0x09 = 0x00
07-19 13:41:49.636 0 0 I [ 6923.604112,0] bq24296_dump_register: REGA - 0x0a = 0x20
07-19 13:41:49.656 1827 1971 I cache_file_deleted: power_supply_info.csv
07-19 13:41:49.658 3862 3862 E NEW_BHD : Open /sys/class/power_supply/gb_battery
07-19 13:41:49.690 2720 2720 D VideoCall_LowBattery: BatteryIntent received: android.intent.action.BATTERY_CHANGED
07-19 13:41:49.706 2720 2720 D SubscriptionController: [getActiveSubscriptionInfoForSimSlotIndex]+ slotIdx=0 subId={id=1, iccId=89492019156020009546 simSlotIndex=0 displayName=LIDL Connect carrierName=LIDL Connect nameSource=0 iconTint=-16746133 dataRoaming=0 iconBitmap=android.graphics.Bitmap@bf52b37 mcc 262 mnc 2 userNwMode=10}
07-19 13:41:49.712 2720 2720 D VideoCall_LowBattery: allowVideoCallsInLowBattery: false isCarrierOneSupported: false mIsLowbattery: true
07-19 13:41:49.713 2720 2720 D VideoCall_LowBattery: disconnectVideoCalls on low battery
07-19 13:41:49.713 2720 2720 D VideoCall_LowBattery: disconnectVideoCalls 
07-19 13:41:55.763 2720 2720 D RILJ : [4257]> SIGNAL_STRENGTH [SUB1]
07-19 13:41:55.776 2720 2885 D RILJ : [4257]< SIGNAL_STRENGTH SignalStrength: 0 0 0 0 0 0 0 0 0 0 0 0 0 gsm|lte [SUB1]
07-19 13:41:55.778 2720 2720 D SubscriptionController: [getSubId]- numSubIds == 0, return DummySubIds slotIdx=1
07-19 13:42:15.804 2720 2720 D RILJ : [4258]> SIGNAL_STRENGTH [SUB1]
07-19 13:42:15.815 2720 2885 D RILJ : [4258]< SIGNAL_STRENGTH SignalStrength: 0 0 0 0 0 0 0 0 0 0 0 0 0 gsm|lte [SUB1]
07-19 13:42:15.817 2720 2720 D SubscriptionController: [getSubId]- numSubIds == 0, return DummySubIds slotIdx=1
07-19 13:42:35.841 2720 2720 D RILJ : [4259]> SIGNAL_STRENGTH [SUB1]
07-19 13:42:35.855 2720 2885 D RILJ : [4259]< SIGNAL_STRENGTH SignalStrength: 0 0 0 0 0 0 0 0 0 0 0 0 0 gsm|lte [SUB1]
07-19 13:42:35.856 2720 2720 D SubscriptionController: [getSubId]- numSubIds == 0, return DummySubIds slotIdx=1
07-19 13:42:49.787 0 0 I [ 6983.753408,0] bq24296_dump_register: REG0 - 0x00 = 0x42
07-19 13:42:49.787 0 0 I [ 6983.754439,0] bq24296_dump_register: REG1 - 0x01 = 0x0b
07-19 13:42:49.787 0 0 I [ 6983.755460,0] bq24296_dump_register: REG2 - 0x02 = 0x5c
07-19 13:42:49.791 0 0 I [ 6983.757362,0] bq24296_dump_register: REG3 - 0x03 = 0x21
07-19 13:42:49.791 0 0 I [ 6983.758392,0] bq24296_dump_register: REG4 - 0x04 = 0xe2
07-19 13:42:49.791 0 0 I [ 6983.759445,0] bq24296_dump_register: REG5 - 0x05 = 0x0e
07-19 13:42:49.791 0 0 I [ 6983.760185,0] bq24296_dump_register: REG6 - 0x06 = 0x73
07-19 13:42:49.792 0 0 I [ 6983.760823,0] bq24296_dump_register: REG7 - 0x07 = 0x4b
07-19 13:42:49.792 0 0 I [ 6983.761458,0] bq24296_dump_register: REG8 - 0x08 = 0x44
07-19 13:42:49.793 0 0 I [ 6983.762096,0] bq24296_dump_register: REG9 - 0x09 = 0x00
07-19 13:42:49.794 0 0 I [ 6983.762730,0] bq24296_dump_register: REGA - 0x0a = 0x20
07-19 13:42:49.815 1827 1971 I cache_file_deleted: power_supply_info.csv
07-19 13:42:49.818 3862 3862 E NEW_BHD : Open /sys/class/power_supply/gb_battery
07-19 13:42:49.846 2720 2720 D VideoCall_LowBattery: BatteryIntent received: android.intent.action.BATTERY_CHANGED
07-19 13:42:49.863 2720 2720 D SubscriptionController: [getActiveSubscriptionInfoForSimSlotIndex]+ slotIdx=0 subId={id=1, iccId=89492019156020009546 simSlotIndex=0 displayName=LIDL Connect carrierName=LIDL Connect nameSource=0 iconTint=-16746133 dataRoaming=0 iconBitmap=android.graphics.Bitmap@f319c2 mcc 262 mnc 2 userNwMode=10}
07-19 13:42:49.865 2720 2720 D VideoCall_LowBattery: allowVideoCallsInLowBattery: false isCarrierOneSupported: false mIsLowbattery: true
07-19 13:42:49.866 2720 2720 D VideoCall_LowBattery: disconnectVideoCalls on low battery
07-19 13:42:49.866 2720 2720 D VideoCall_LowBattery: disconnectVideoCalls 
07-19 13:42:55.865 2720 2720 D RILJ : [4260]> SIGNAL_STRENGTH [SUB1]
07-19 13:42:55.876 2720 2885 D RILJ : [4260]< SIGNAL_STRENGTH SignalStrength: 0 0 0 0 0 0 0 0 0 0 0 0 0 gsm|lte [SUB1]
07-19 13:42:55.877 2720 2720 D SubscriptionController: [getSubId]- numSubIds == 0, return DummySubIds slotIdx=1
07-19 13:43:15.901 2720 2720 D RILJ : [4261]> SIGNAL_STRENGTH [SUB1]
07-19 13:43:15.914 2720 2885 D RILJ : [4261]< SIGNAL_STRENGTH SignalStrength: 0 0 0 0 0 0 0 0 0 0 0 0 0 gsm|lte [SUB1]
07-19 13:43:15.916 2720 2720 D SubscriptionController: [getSubId]- numSubIds == 0, return DummySubIds slotIdx=1
07-19 13:43:35.940 2720 2720 D RILJ : [4262]> SIGNAL_STRENGTH [SUB1]
07-19 13:43:35.953 2720 2885 D RILJ : [4262]< SIGNAL_STRENGTH SignalStrength: 0 0 0 0 0 0 0 0 0 0 0 0 0 gsm|lte [SUB1]
07-19 13:43:35.955 2720 2720 D SubscriptionController: [getSubId]- numSubIds == 0, return DummySubIds slotIdx=1
07-19 13:43:49.944 0 0 I [ 7043.913229,0] bq24296_dump_register: REG0 - 0x00 = 0x42
07-19 13:43:49.947 0 0 I [ 7043.914818,0] bq24296_dump_register: REG1 - 0x01 = 0x0b
07-19 13:43:49.948 0 0 I [ 7043.915839,0] bq24296_dump_register: REG2 - 0x02 = 0x5c
07-19 13:43:49.948 0 0 I [ 7043.917055,0] bq24296_dump_register: REG3 - 0x03 = 0x21
07-19 13:43:49.949 0 0 I [ 7043.917797,0] bq24296_dump_register: REG4 - 0x04 = 0xe2
07-19 13:43:49.949 0 0 I [ 7043.918433,0] bq24296_dump_register: REG5 - 0x05 = 0x0e
07-19 13:43:49.949 0 0 I [ 7043.919064,0] bq24296_dump_register: REG6 - 0x06 = 0x73
07-19 13:43:49.951 0 0 I [ 7043.919679,0] bq24296_dump_register: REG7 - 0x07 = 0x4b
07-19 13:43:49.951 0 0 I [ 7043.920312,0] bq24296_dump_register: REG8 - 0x08 = 0x44
07-19 13:43:49.951 0 0 I [ 7043.920951,0] bq24296_dump_register: REG9 - 0x09 = 0x00
07-19 13:43:49.954 0 0 I [ 7043.921598,0] bq24296_dump_register: REGA - 0x0a = 0x20
07-19 13:43:49.974 1827 1971 I cache_file_deleted: power_supply_info.csv
07-19 13:43:49.977 3862 3862 E NEW_BHD : Open /sys/class/power_supply/gb_battery
07-19 13:43:50.009 2720 2720 D VideoCall_LowBattery: BatteryIntent received: android.intent.action.BATTERY_CHANGED
07-19 13:43:50.024 2720 2720 D SubscriptionController: [getActiveSubscriptionInfoForSimSlotIndex]+ slotIdx=0 subId={id=1, iccId=89492019156020009546 simSlotIndex=0 displayName=LIDL Connect carrierName=LIDL Connect nameSource=0 iconTint=-16746133 dataRoaming=0 iconBitmap=android.graphics.Bitmap@d89d609 mcc 262 mnc 2 userNwMode=10}
07-19 13:43:50.027 2720 2720 D VideoCall_LowBattery: allowVideoCallsInLowBattery: false isCarrierOneSupported: false mIsLowbattery: true
07-19 13:43:50.027 2720 2720 D VideoCall_LowBattery: disconnectVideoCalls on low battery
07-19 13:43:50.027 2720 2720 D VideoCall_LowBattery: disconnectVideoCalls 
07-19 13:43:55.964 2720 2720 D RILJ : [4263]> SIGNAL_STRENGTH [SUB1]
07-19 13:43:55.975 2720 2885 D RILJ : [4263]< SIGNAL_STRENGTH SignalStrength: 0 0 0 0 0 0 0 0 0 0 0 0 0 gsm|lte [SUB1]
07-19 13:43:55.975 2720 2720 D SubscriptionController: [getSubId]- numSubIds == 0, return DummySubIds slotIdx=1
07-19 13:44:16.001 2720 2720 D RILJ : [4264]> SIGNAL_STRENGTH [SUB1]
07-19 13:44:16.012 2720 2885 D RILJ : [4264]< SIGNAL_STRENGTH SignalStrength: 0 0 0 0 0 0 0 0 0 0 0 0 0 gsm|lte [SUB1]
07-19 13:44:16.014 2720 2720 D SubscriptionController: [getSubId]- numSubIds == 0, return DummySubIds slotIdx=1
07-19 13:44:36.040 2720 2720 D RILJ : [4265]> SIGNAL_STRENGTH [SUB1]
07-19 13:44:36.054 2720 2885 D RILJ : [4265]< SIGNAL_STRENGTH SignalStrength: 0 0 0 0 0 0 0 0 0 0 0 0 0 gsm|lte [SUB1]
07-19 13:44:36.055 2720 2720 D SubscriptionController: [getSubId]- numSubIds == 0, return DummySubIds slotIdx=1
07-19 13:44:50.107 0 0 I [ 7104.073568,0] bq24296_dump_register: REG0 - 0x00 = 0x42
07-19 13:44:50.107 0 0 I [ 7104.074593,0] bq24296_dump_register: REG1 - 0x01 = 0x0b
07-19 13:44:50.107 0 0 I [ 7104.075607,0] bq24296_dump_register: REG2 - 0x02 = 0x5c
07-19 13:44:50.110 0 0 I [ 7104.077492,0] bq24296_dump_register: REG3 - 0x03 = 0x21
07-19 13:44:50.111 0 0 I [ 7104.078516,0] bq24296_dump_register: REG4 - 0x04 = 0xe2
07-19 13:44:50.111 0 0 I [ 7104.079567,0] bq24296_dump_register: REG5 - 0x05 = 0x0e
07-19 13:44:50.112 0 0 I [ 7104.080458,0] bq24296_dump_register: REG6 - 0x06 = 0x73
07-19 13:44:50.112 0 0 I [ 7104.081098,0] bq24296_dump_register: REG7 - 0x07 = 0x4b
07-19 13:44:50.112 0 0 I [ 7104.081727,0] bq24296_dump_register: REG8 - 0x08 = 0x44
07-19 13:44:50.114 0 0 I [ 7104.082352,0] bq24296_dump_register: REG9 - 0x09 = 0x00
07-19 13:44:50.114 0 0 I [ 7104.083471,0] bq24296_dump_register: REGA - 0x0a = 0x20
07-19 13:44:50.135 1827 1971 I cache_file_deleted: power_supply_info.csv
07-19 13:44:50.138 3862 3862 E NEW_BHD : Open /sys/class/power_supply/gb_battery
07-19 13:44:50.166 2720 2720 D VideoCall_LowBattery: BatteryIntent received: android.intent.action.BATTERY_CHANGED
07-19 13:44:50.184 2720 2720 D SubscriptionController: [getActiveSubscriptionInfoForSimSlotIndex]+ slotIdx=0 subId={id=1, iccId=89492019156020009546 simSlotIndex=0 displayName=LIDL Connect carrierName=LIDL Connect nameSource=0 iconTint=-16746133 dataRoaming=0 iconBitmap=android.graphics.Bitmap@50c183c mcc 262 mnc 2 userNwMode=10}
07-19 13:44:50.186 2720 2720 D VideoCall_LowBattery: allowVideoCallsInLowBattery: false isCarrierOneSupported: false mIsLowbattery: true
07-19 13:44:50.186 2720 2720 D VideoCall_LowBattery: disconnectVideoCalls on low battery
07-19 13:44:50.186 2720 2720 D VideoCall_LowBattery: disconnectVideoCalls 
07-19 13:44:56.059 2720 2720 D RILJ : [4266]> SIGNAL_STRENGTH [SUB1]
07-19 13:44:56.074 2720 2885 D RILJ : [4266]< SIGNAL_STRENGTH SignalStrength: 0 0 0 0 0 0 0 0 0 0 0 0 0 gsm|lte [SUB1]
07-19 13:44:56.075 2720 2720 D SubscriptionController: [getSubId]- numSubIds == 0, return DummySubIds slotIdx=1
07-19 13:45:16.085 2720 2720 D RILJ : [4267]> SIGNAL_STRENGTH [SUB1]
07-19 13:45:16.096 2720 2885 D RILJ : [4267]< SIGNAL_STRENGTH SignalStrength: 0 0 0 0 0 0 0 0 0 0 0 0 0 gsm|lte [SUB1]
07-19 13:45:16.096 2720 2720 D SubscriptionController: [getSubId]- numSubIds == 0, return DummySubIds slotIdx=1
07-19 13:45:36.118 2720 2720 D RILJ : [4268]> SIGNAL_STRENGTH [SUB1]
07-19 13:45:36.129 2720 2885 D RILJ : [4268]< SIGNAL_STRENGTH SignalStrength: 0 0 0 0 0 0 0 0 0 0 0 0 0 gsm|lte [SUB1]
07-19 13:45:36.130 2720 2720 D SubscriptionController: [getSubId]- numSubIds == 0, return DummySubIds slotIdx=1
07-19 13:45:50.267 0 0 I [ 7164.233476,0] bq24296_dump_register: REG0 - 0x00 = 0x42
07-19 13:45:50.267 0 0 I [ 7164.234499,0] bq24296_dump_register: REG1 - 0x01 = 0x0b
07-19 13:45:50.267 0 0 I [ 7164.235522,0] bq24296_dump_register: REG2 - 0x02 = 0x5c
07-19 13:45:50.270 0 0 I [ 7164.237402,0] bq24296_dump_register: REG3 - 0x03 = 0x21
07-19 13:45:50.271 0 0 I [ 7164.238426,0] bq24296_dump_register: REG4 - 0x04 = 0xe2
07-19 13:45:50.271 0 0 I [ 7164.239474,0] bq24296_dump_register: REG5 - 0x05 = 0x0e
07-19 13:45:50.271 0 0 I [ 7164.240377,0] bq24296_dump_register: REG6 - 0x06 = 0x73
07-19 13:45:50.272 0 0 I [ 7164.241009,0] bq24296_dump_register: REG7 - 0x07 = 0x4b
07-19 13:45:50.274 0 0 I [ 7164.241642,0] bq24296_dump_register: REG8 - 0x08 = 0x44
07-19 13:45:50.274 0 0 I [ 7164.242310,0] bq24296_dump_register: REG9 - 0x09 = 0x00
07-19 13:45:50.275 0 0 I [ 7164.242939,0] bq24296_dump_register: REGA - 0x0a = 0x20
07-19 13:45:50.296 1827 1971 I cache_file_deleted: power_supply_info.csv
07-19 13:45:50.300 3862 3862 E NEW_BHD : Open /sys/class/power_supply/gb_battery
07-19 13:45:50.328 2720 2720 D VideoCall_LowBattery: BatteryIntent received: android.intent.action.BATTERY_CHANGED
07-19 13:45:50.344 2720 2720 D SubscriptionController: [getActiveSubscriptionInfoForSimSlotIndex]+ slotIdx=0 subId={id=1, iccId=89492019156020009546 simSlotIndex=0 displayName=LIDL Connect carrierName=LIDL Connect nameSource=0 iconTint=-16746133 dataRoaming=0 iconBitmap=android.graphics.Bitmap@fa95a4b mcc 262 mnc 2 userNwMode=10}
07-19 13:45:50.347 2720 2720 D VideoCall_LowBattery: allowVideoCallsInLowBattery: false isCarrierOneSupported: false mIsLowbattery: true
07-19 13:45:50.347 2720 2720 D VideoCall_LowBattery: disconnectVideoCalls on low battery
07-19 13:45:50.347 2720 2720 D VideoCall_LowBattery: disconnectVideoCalls 
07-19 13:45:56.140 2720 2720 D RILJ : [4269]> SIGNAL_STRENGTH [SUB1]
07-19 13:45:56.152 2720 2885 D RILJ : [4269]< SIGNAL_STRENGTH SignalStrength: 0 0 0 0 0 0 0 0 0 0 0 0 0 gsm|lte [SUB1]
07-19 13:45:56.154 2720 2720 D SubscriptionController: [getSubId]- numSubIds == 0, return DummySubIds slotIdx=1
07-19 13:46:16.178 2720 2720 D RILJ : [4270]> SIGNAL_STRENGTH [SUB1]
07-19 13:46:16.191 2720 2885 D RILJ : [4270]< SIGNAL_STRENGTH SignalStrength: 0 0 0 0 0 0 0 0 0 0 0 0 0 gsm|lte [SUB1]
07-19 13:46:16.193 2720 2720 D SubscriptionController: [getSubId]- numSubIds == 0, return DummySubIds slotIdx=1
07-19 13:46:26.190 1827 1941 E BatteryStatsService: no controller energy info supplied
07-19 13:46:26.192 2720 2720 D RILJ : [4271]> RIL_REQUEST_GET_ACTIVITY_INFO [SUB0]
07-19 13:46:26.201 309 615 E RILQ : (0/309): RIL[0][main] qcril_qmi_nas_dms_get_activity_info: Get activity info failed 2
07-19 13:46:26.204 2720 2858 D RILJ : [4271]< RIL_REQUEST_GET_ACTIVITY_INFO ModemActivityInfo{ mTimestamp=0 mSleepTimeMs=0 mIdleTimeMs=0 mTxTimeMs[]=[0, 0, 0, 0, 0] mRxTimeMs=0 mEnergyUsed=0} [SUB0]
07-19 13:46:26.224 1827 1941 E BatteryStatsService: modem info is invalid: ModemActivityInfo{ mTimestamp=0 mSleepTimeMs=0 mIdleTimeMs=0 mTxTimeMs[]=[0, 0, 0, 0, 0] mRxTimeMs=0 mEnergyUsed=0}
07-19 13:46:31.966 2720 2720 D VideoCall_LowBattery: BatteryIntent received: android.intent.action.BATTERY_CHANGED
07-19 13:46:31.985 2720 2720 D SubscriptionController: [getActiveSubscriptionInfoForSimSlotIndex]+ slotIdx=0 subId={id=1, iccId=89492019156020009546 simSlotIndex=0 displayName=LIDL Connect carrierName=LIDL Connect nameSource=0 iconTint=-16746133 dataRoaming=0 iconBitmap=android.graphics.Bitmap@eaf12e6 mcc 262 mnc 2 userNwMode=10}
07-19 13:46:31.987 2720 2720 D VideoCall_LowBattery: allowVideoCallsInLowBattery: false isCarrierOneSupported: false mIsLowbattery: true
07-19 13:46:31.988 2720 2720 D VideoCall_LowBattery: disconnectVideoCalls on low battery
07-19 13:46:31.988 2720 2720 D VideoCall_LowBattery: disconnectVideoCalls 
07-19 13:46:36.201 2720 2720 D RILJ : [4272]> SIGNAL_STRENGTH [SUB1]
07-19 13:46:36.212 2720 2885 D RILJ : [4272]< SIGNAL_STRENGTH SignalStrength: 0 0 0 0 0 0 0 0 0 0 0 0 0 gsm|lte [SUB1]
07-19 13:46:36.215 2720 2720 D SubscriptionController: [getSubId]- numSubIds == 0, return DummySubIds slotIdx=1
07-19 13:46:50.427 0 0 I [ 7224.395171,0] bq24296_dump_register: REG0 - 0x00 = 0x42
07-19 13:46:50.427 0 0 I [ 7224.396199,0] bq24296_dump_register: REG1 - 0x01 = 0x0b
07-19 13:46:50.430 0 0 I [ 7224.397498,0] bq24296_dump_register: REG2 - 0x02 = 0x5c
07-19 13:46:50.430 0 0 I [ 7224.398508,0] bq24296_dump_register: REG3 - 0x03 = 0x21
07-19 13:46:50.431 0 0 I [ 7224.399516,0] bq24296_dump_register: REG4 - 0x04 = 0xe2
07-19 13:46:50.434 0 0 I [ 7224.400821,0] bq24296_dump_register: REG5 - 0x05 = 0x0e
07-19 13:46:50.434 0 0 I [ 7224.401830,0] bq24296_dump_register: REG6 - 0x06 = 0x73
07-19 13:46:50.435 0 0 I [ 7224.402839,0] bq24296_dump_register: REG7 - 0x07 = 0x4b
07-19 13:46:50.435 0 0 I [ 7224.403645,0] bq24296_dump_register: REG8 - 0x08 = 0x44
07-19 13:46:50.435 0 0 I [ 7224.404378,0] bq24296_dump_register: REG9 - 0x09 = 0x00
07-19 13:46:50.436 0 0 I [ 7224.405012,0] bq24296_dump_register: REGA - 0x0a = 0x20
07-19 13:46:50.458 1827 1971 I cache_file_deleted: power_supply_info.csv
07-19 13:46:50.461 3862 3862 E NEW_BHD : Open /sys/class/power_supply/gb_battery
07-19 13:46:50.491 2720 2720 D VideoCall_LowBattery: BatteryIntent received: android.intent.action.BATTERY_CHANGED
07-19 13:46:50.511 2720 2720 D SubscriptionController: [getActiveSubscriptionInfoForSimSlotIndex]+ slotIdx=0 subId={id=1, iccId=89492019156020009546 simSlotIndex=0 displayName=LIDL Connect carrierName=LIDL Connect nameSource=0 iconTint=-16746133 dataRoaming=0 iconBitmap=android.graphics.Bitmap@4fb6c7d mcc 262 mnc 2 userNwMode=10}
07-19 13:46:50.515 2720 2720 D VideoCall_LowBattery: allowVideoCallsInLowBattery: false isCarrierOneSupported: false mIsLowbattery: true
07-19 13:46:50.515 2720 2720 D VideoCall_LowBattery: disconnectVideoCalls on low battery
07-19 13:46:50.515 2720 2720 D VideoCall_LowBattery: disconnectVideoCalls 
07-19 13:46:55.153 2646 2646 D wpa_supplicant: wlan0: Control interface command 'DRIVER BTCOEXMODE 1'
07-19 13:46:55.155 2646 2646 D wpa_supplicant: wpa_driver_nl80211_driver_cmd BTCOEXMODE 1 len = 0, 4096
07-19 13:46:55.158 2646 2646 D wpa_supplicant: wlan0: Control interface command 'DRIVER SETSUSPENDMODE 0'
07-19 13:46:55.162 1827 1937 I ProcessStatsService: Prepared write state in 5ms
07-19 13:46:55.164 1827 2337 W ConnectivityExtension: ConnectivityExt jar file not present
07-19 13:46:55.167 1827 2337 I netstats_mobile_sample: [0,0,0,0,0,0,0,0,0,0,0,0,1500464815167]
07-19 13:46:55.167 1827 2337 I netstats_wifi_sample: [46800,657,28860,614,31036,94,4500,51,10111,32,4500,51,1500464815167]
07-19 13:46:55.181 2720 2749 D DCT : [0]setPolicyDataEnabled: true
07-19 13:46:55.181 2720 2720 D CdmaSSM : subscriptionSource from settings: 0
07-19 13:46:55.184 1827 2337 W ConnectivityExtension: ConnectivityExt jar file not present
07-19 13:46:55.185 1827 2337 I netstats_mobile_sample: [0,0,0,0,0,0,0,0,0,0,0,0,1500464815186]
07-19 13:46:55.185 1827 2337 I netstats_wifi_sample: [46800,657,28860,614,31036,94,4500,51,10111,32,4500,51,1500464815186]
07-19 13:46:55.195 2646 2646 D wpa_supplicant: wpa_driver_nl80211_driver_cmd SETSUSPENDMODE 0 len = 0, 4096
07-19 13:46:55.197 2646 2646 D wpa_supplicant: wlan0: Control interface command 'SET ps 0'
07-19 13:46:55.197 2646 2646 D wpa_supplicant: CTRL_IFACE SET 'ps'='0'
07-19 13:46:55.197 2646 2646 D wpa_supplicant: nl80211: set_p2p_powersave (legacy_ps=0 opp_ps=-1 ctwindow=-1)
07-19 13:46:55.198 2720 3441 D DCT : [0]setPolicyDataEnabled: true
07-19 13:46:55.199 2720 2720 D CdmaSSM : subscriptionSource from settings: 0
07-19 13:46:55.234 2646 2646 D wpa_supplicant: nl80211: Drv Event 79 (NL80211_CMD_SET_REKEY_OFFLOAD) received for wlan0
07-19 13:46:55.234 2646 2646 D wpa_supplicant: nl80211: Rekey offload event for BSSID 18:a6:f7:7a:57:e4
07-19 13:46:55.234 2646 2646 D wpa_supplicant: nl80211: Rekey offload - Replay Counter - hexdump(len=8): 00 00 00 00 00 00 00 04
07-19 13:46:55.234 2646 2646 D wpa_supplicant: wlan0: Event DRIVER_GTK_REKEY (35) received
07-19 13:46:55.249 1827 1936 I am_pss : [1827,1000,system,83834880,73322496,0]
07-19 13:46:55.273 1827 4324 D DhcpClient: Unicasting DHCPREQUEST ciaddr=192.168.1.102 request=0.0.0.0 serverid=null to /192.168.1.1:67
07-19 13:46:55.276 1827 4351 D DhcpClient: Received packet: 80:58:f8:1d:a4:00 ACK: your new IP /192.168.1.102, netmask /255.255.255.0, gateways [/192.168.1.1] DNS servers: /192.168.1.1 , lease time 7200
07-19 13:46:55.276 1827 4324 D DhcpClient: Renewed lease: IP address 192.168.1.102/24 Gateway 192.168.1.1 DNS servers: [ 192.168.1.1 ] Domains DHCP server /192.168.1.1 Vendor info null lease 7200 seconds
07-19 13:46:55.277 2646 2646 D wpa_supplicant: wlan0: Control interface command 'DRIVER SETSUSPENDMODE 1'
07-19 13:46:55.278 2646 2646 D wpa_supplicant: wpa_driver_nl80211_driver_cmd SETSUSPENDMODE 1 len = 0, 4096
07-19 13:46:55.278 2646 2646 D wpa_supplicant: wlan0: Control interface command 'SET ps 1'
07-19 13:46:55.278 2646 2646 D wpa_supplicant: CTRL_IFACE SET 'ps'='1'
07-19 13:46:55.278 2646 2646 D wpa_supplicant: nl80211: set_p2p_powersave (legacy_ps=1 opp_ps=-1 ctwindow=-1)
07-19 13:46:55.281 1827 4324 D DhcpClient: Scheduling renewal in 3599s
07-19 13:46:55.281 1827 4324 D DhcpClient: Scheduling rebind in 6299s
07-19 13:46:55.281 1827 4324 D DhcpClient: Scheduling expiry in 7199s
07-19 13:46:55.294 1827 1936 I am_pss : [2463,10033,com.android.systemui,65093632,57659392,0]
07-19 13:46:55.300 2646 2646 D wpa_supplicant: wlan0: Control interface command 'DRIVER BTCOEXMODE 2'
07-19 13:46:55.300 2646 2646 D wpa_supplicant: wpa_driver_nl80211_driver_cmd BTCOEXMODE 2 len = 0, 4096
07-19 13:46:55.301 1827 2342 D WifiStateMachine: updateCapabilities for config:BaeumchenInSpitzenhoeschenfalse,false
07-19 13:46:55.302 2646 2646 D wpa_supplicant: wlan0: Control interface command 'SIGNAL_POLL'
07-19 13:46:55.323 2720 2720 D DCT : [0]NETWORK_STATE_CHANGED_ACTION: mIsWifiConnected=true
07-19 13:46:55.324 2720 2720 D DCT : [1]NETWORK_STATE_CHANGED_ACTION: mIsWifiConnected=true
07-19 13:46:55.337 1827 1936 I am_pss : [4064,10030,com.cyanogenmod.trebuchet,31348736,25350144,0]
07-19 13:46:55.374 1827 1936 I am_pss : [2751,1000,com.android.settings,26089472,19836928,0]
07-19 13:46:55.403 1827 1936 I am_pss : [5668,10008,com.android.defcontainer,3219456,1929216,0]
07-19 13:46:55.433 1827 1936 I am_pss : [5627,10010,android.process.media,5007360,3526656,0]
07-19 13:46:55.464 1827 1936 I am_pss : [3888,10046,com.android.deskclock,6426624,4964352,0]
07-19 13:46:55.494 1827 1936 I am_pss : [4397,10005,com.android.providers.calendar,4669440,3174400,0]
07-19 13:46:55.523 1827 1936 I am_pss : [2958,10009,com.android.cellbroadcastreceiver,4388864,2826240,0]
07-19 13:46:55.555 1827 1936 I am_pss : [4318,10001,android.process.acore,10019840,7602176,0]
07-19 13:46:55.586 1827 1936 I am_pss : [4293,10041,com.android.calendar,5523456,3993600,0]
07-19 13:46:55.616 1827 1936 I am_pss : [4185,10054,com.cyanogenmod.lockclock,4337664,2727936,0]
07-19 13:46:55.645 1827 1936 I am_pss : [3988,10056,com.android.printspooler,3785728,2449408,0]
07-19 13:46:55.675 1827 1936 I am_pss : [4209,1000,org.cyanogenmod.cmparts,6160384,4435968,0]
07-19 13:46:55.706 1827 1936 I am_pss : [4620,10007,org.lineageos.updater,6070272,3710976,0]
07-19 13:46:55.736 1827 1936 I am_pss : [4387,10059,com.android.email,8379392,6688768,0]
07-19 13:46:55.766 1827 1936 I am_pss : [4597,1001,com.qualcomm.qcrilmsgtunnel,4365312,3129344,0]
07-19 13:46:55.797 1827 1936 I am_pss : [2455,10062,com.android.inputmethod.latin,9307136,7098368,0]
07-19 13:46:55.826 1827 1936 I am_pss : [4011,10058,com.android.smspush,3281920,2052096,0]
07-19 13:46:55.856 1827 1936 I am_pss : [3939,10032,org.cyanogenmod.weatherservice,3836928,2539520,0]
07-19 13:46:55.886 1827 1936 I am_pss : [3964,10003,org.cyanogenmod.audiofx,4849664,3493888,0]
07-19 13:46:55.915 1827 1936 I am_pss : [3856,10013,android.ext.services,3358720,2060288,0]
07-19 13:46:55.956 1827 1936 I am_pss : [2720,1001,com.android.phone,23755776,20234240,0]
07-19 13:46:55.986 1827 1936 I am_pss : [2658,10002,org.cyanogenmod.cmaudio.service,3616768,2355200,0]
07-19 13:46:56.218 2720 2720 D RILJ : [4273]> SIGNAL_STRENGTH [SUB1]
07-19 13:46:56.232 2720 2885 D RILJ : [4273]< SIGNAL_STRENGTH SignalStrength: 0 0 0 0 0 0 0 0 0 0 0 0 0 gsm|lte [SUB1]
07-19 13:46:56.235 2720 2720 D SubscriptionController: [getSubId]- numSubIds == 0, return DummySubIds slotIdx=1
07-19 13:47:16.259 2720 2720 D RILJ : [4274]> SIGNAL_STRENGTH [SUB1]
07-19 13:47:16.272 2720 2885 D RILJ : [4274]< SIGNAL_STRENGTH SignalStrength: 0 0 0 0 0 0 0 0 0 0 0 0 0 gsm|lte [SUB1]
07-19 13:47:16.275 2720 2720 D SubscriptionController: [getSubId]- numSubIds == 0, return DummySubIds slotIdx=1
07-19 13:47:34.419 2720 2858 V RILJ : [UNSL]< UNSOL_OEM_HOOK_RAW 514f454d484f4f4bef0308000100000002 [SUB0]
07-19 13:47:34.424 2720 2858 D RILJ : [UNSL]< UNSOL_RESPONSE_VOICE_NETWORK_STATE_CHANGED [SUB0]
07-19 13:47:34.424 2720 2720 D RILJ : [4275]> OPERATOR [SUB0]
07-19 13:47:34.426 2720 2720 D RILJ : [4276]> DATA_REGISTRATION_STATE [SUB0]
07-19 13:47:34.427 2720 2720 D RILJ : [4277]> VOICE_REGISTRATION_STATE [SUB0]
07-19 13:47:34.429 2720 2720 D RILJ : [4278]> QUERY_NETWORK_SELECTION_MODE [SUB0]
07-19 13:47:34.441 309 6016 E use-Rlog/RLOG-RIL-MOTEXT: mothook_oem_ex: header type 0, requestCode 0x0
07-19 13:47:34.446 2720 2858 D RILJ : [4276]< DATA_REGISTRATION_STATE {1, 0546, 04ba794d, 11, null, 20, null, null, null, null, null} [SUB0]
07-19 13:47:34.447 2720 2720 D SST : handlPollStateResultMessage: GsmSST setDataRegState=0 regState=1 dataRadioTechnology=11
07-19 13:47:34.449 2720 2858 D RILJ : [4278]< QUERY_NETWORK_SELECTION_MODE {0} [SUB0]
07-19 13:47:34.450 2720 2720 D SST : EVENT_POLL_STATE_NETWORK_SELECTION_MODE
07-19 13:47:34.452 2720 2858 D RILJ : [4275]< OPERATOR {LIDL Connect, LIDL Connect, 26202, , , } [SUB0]
07-19 13:47:34.453 2720 2858 D RILJ : [4277]< VOICE_REGISTRATION_STATE {1, 0546, 04ba794d, 3, null, null, null, 0, null, null, 1, null, null, 0, b2} [SUB0]
07-19 13:47:34.455 2720 2720 D SST : Poll ServiceState done: oldSS=[0 0 voice home data home LIDL Connect LIDL Connect 26202 LIDL Connect LIDL Connect 26202 UMTS HSPA CSS not supported -1 -1 RoamInd=-1 DefRoamInd=-1 EmergOnly=false IsDataRoamingFromRegistration=false IsUsingCarrierAggregation=false] newSS=[0 0 voice home data home LIDL Connect LIDL Connect 26202 LIDL Connect LIDL Connect 26202 UMTS HSPA CSS not supported -1 -1 RoamInd=-1 DefRoamInd=-1 EmergOnly=false IsDataRoamingFromRegistration=false IsUsingCarrierAggregation=false] oldMaxDataCalls=20 mNewMaxDataCalls=20 oldReasonDataDenied=-1 mNewReasonDataDenied=-1
07-19 13:47:34.779 2720 2858 V RILJ : [UNSL]< UNSOL_OEM_HOOK_RAW 514f454d484f4f4bef0308000100000002 [SUB0]
07-19 13:47:34.783 2720 2858 D RILJ : [UNSL]< UNSOL_RESPONSE_VOICE_NETWORK_STATE_CHANGED [SUB0]
07-19 13:47:34.784 2720 2720 D RILJ : [4279]> OPERATOR [SUB0]
07-19 13:47:34.785 2720 2720 D RILJ : [4280]> DATA_REGISTRATION_STATE [SUB0]
07-19 13:47:34.787 2720 2720 D RILJ : [4281]> VOICE_REGISTRATION_STATE [SUB0]
07-19 13:47:34.788 2720 2720 D RILJ : [4282]> QUERY_NETWORK_SELECTION_MODE [SUB0]
07-19 13:47:34.801 309 6023 E use-Rlog/RLOG-RIL-MOTEXT: mothook_oem_ex: header type 0, requestCode 0x0
07-19 13:47:34.805 2720 2858 D RILJ : [4279]< OPERATOR {LIDL Connect, LIDL Connect, 26202, , , } [SUB0]
07-19 13:47:34.810 2720 2858 D RILJ : [4282]< QUERY_NETWORK_SELECTION_MODE {0} [SUB0]
07-19 13:47:34.811 2720 2720 D SST : EVENT_POLL_STATE_NETWORK_SELECTION_MODE
07-19 13:47:34.814 2720 2858 D RILJ : [4280]< DATA_REGISTRATION_STATE {1, 0546, 04ba794d, 11, null, 20, null, null, null, null, null} [SUB0]
07-19 13:47:34.814 2720 2720 D SST : handlPollStateResultMessage: GsmSST setDataRegState=0 regState=1 dataRadioTechnology=11
07-19 13:47:34.816 2720 2858 D RILJ : [4281]< VOICE_REGISTRATION_STATE {1, 0546, 04ba794d, 3, null, null, null, 0, null, null, 1, null, null, 0, b2} [SUB0]
07-19 13:47:34.818 2720 2720 D SST : Poll ServiceState done: oldSS=[0 0 voice home data home LIDL Connect LIDL Connect 26202 LIDL Connect LIDL Connect 26202 UMTS HSPA CSS not supported -1 -1 RoamInd=-1 DefRoamInd=-1 EmergOnly=false IsDataRoamingFromRegistration=false IsUsingCarrierAggregation=false] newSS=[0 0 voice home data home LIDL Connect LIDL Connect 26202 LIDL Connect LIDL Connect 26202 UMTS HSPA CSS not supported -1 -1 RoamInd=-1 DefRoamInd=-1 EmergOnly=false IsDataRoamingFromRegistration=false IsUsingCarrierAggregation=false] oldMaxDataCalls=20 mNewMaxDataCalls=20 oldReasonDataDenied=-1 mNewReasonDataDenied=-1
07-19 13:47:36.281 2720 2720 D RILJ : [4283]> SIGNAL_STRENGTH [SUB1]
07-19 13:47:36.292 2720 2885 D RILJ : [4283]< SIGNAL_STRENGTH SignalStrength: 0 0 0 0 0 0 0 0 0 0 0 0 0 gsm|lte [SUB1]
07-19 13:47:36.295 2720 2720 D SubscriptionController: [getSubId]- numSubIds == 0, return DummySubIds slotIdx=1
07-19 13:47:50.587 0 0 I [ 7284.553203,0] bq24296_dump_register: REG0 - 0x00 = 0x42
07-19 13:47:50.587 0 0 I [ 7284.554224,0] bq24296_dump_register: REG1 - 0x01 = 0x0b
07-19 13:47:50.588 0 0 I [ 7284.555243,0] bq24296_dump_register: REG2 - 0x02 = 0x5c
07-19 13:47:50.588 0 0 I [ 7284.556485,0] bq24296_dump_register: REG3 - 0x03 = 0x21
07-19 13:47:50.591 0 0 I [ 7284.558300,0] bq24296_dump_register: REG4 - 0x04 = 0xe2
07-19 13:47:50.591 0 0 I [ 7284.559354,0] bq24296_dump_register: REG5 - 0x05 = 0x0e
07-19 13:47:50.591 0 0 I [ 7284.560085,0] bq24296_dump_register: REG6 - 0x06 = 0x73
07-19 13:47:50.591 0 0 I [ 7284.560728,0] bq24296_dump_register: REG7 - 0x07 = 0x4b
07-19 13:47:50.592 0 0 I [ 7284.561357,0] bq24296_dump_register: REG8 - 0x08 = 0x44
07-19 13:47:50.594 0 0 I [ 7284.562005,0] bq24296_dump_register: REG9 - 0x09 = 0x00
07-19 13:47:50.594 0 0 I [ 7284.562922,0] bq24296_dump_register: REGA - 0x0a = 0x20
07-19 13:47:50.616 1827 1971 I cache_file_deleted: power_supply_info.csv
07-19 13:47:50.617 3862 3862 E NEW_BHD : Open /sys/class/power_supply/gb_battery
07-19 13:47:50.648 2720 2720 D VideoCall_LowBattery: BatteryIntent received: android.intent.action.BATTERY_CHANGED
07-19 13:47:50.667 2720 2720 D SubscriptionController: [getActiveSubscriptionInfoForSimSlotIndex]+ slotIdx=0 subId={id=1, iccId=89492019156020009546 simSlotIndex=0 displayName=LIDL Connect carrierName=LIDL Connect nameSource=0 iconTint=-16746133 dataRoaming=0 iconBitmap=android.graphics.Bitmap@97ca840 mcc 262 mnc 2 userNwMode=10}
07-19 13:47:50.670 2720 2720 D VideoCall_LowBattery: allowVideoCallsInLowBattery: false isCarrierOneSupported: false mIsLowbattery: true
07-19 13:47:50.670 2720 2720 D VideoCall_LowBattery: disconnectVideoCalls on low battery
07-19 13:47:50.670 2720 2720 D VideoCall_LowBattery: disconnectVideoCalls 
07-19 13:47:56.303 2720 2720 D RILJ : [4284]> SIGNAL_STRENGTH [SUB1]
07-19 13:47:56.315 2720 2885 D RILJ : [4284]< SIGNAL_STRENGTH SignalStrength: 0 0 0 0 0 0 0 0 0 0 0 0 0 gsm|lte [SUB1]
07-19 13:47:56.316 2720 2720 D SubscriptionController: [getSubId]- numSubIds == 0, return DummySubIds slotIdx=1
07-19 13:48:16.331 2720 2720 D RILJ : [4285]> SIGNAL_STRENGTH [SUB1]
07-19 13:48:16.338 2720 2885 D RILJ : [4285]< SIGNAL_STRENGTH SignalStrength: 0 0 0 0 0 0 0 0 0 0 0 0 0 gsm|lte [SUB1]
07-19 13:48:16.339 2720 2720 D SubscriptionController: [getSubId]- numSubIds == 0, return DummySubIds slotIdx=1
07-19 13:48:36.364 2720 2720 D RILJ : [4286]> SIGNAL_STRENGTH [SUB1]
07-19 13:48:36.376 2720 2885 D RILJ : [4286]< SIGNAL_STRENGTH SignalStrength: 0 0 0 0 0 0 0 0 0 0 0 0 0 gsm|lte [SUB1]
07-19 13:48:36.376 2720 2720 D SubscriptionController: [getSubId]- numSubIds == 0, return DummySubIds slotIdx=1
07-19 13:48:50.747 0 0 I [ 7344.713188,0] bq24296_dump_register: REG0 - 0x00 = 0x42
