07-19 14:02:04.728 1827 1827 I Telecom : CallsManager: setCallState NEW -> RINGING, call: [TC@1, NEW, com.android.phone/com.android.services.telephony.TelephonyConnectionService, tel:**************, A, childs(0), has_parent(false), [Capabilities: CAPABILITY_SUPPORT_HOLD CAPABILITY_MUTE CAPABILITY_CANNOT_DOWNGRADE_VIDEO_TO_AUDIO CAPABILITY_SPEED_UP_MT_AUDIO], [Properties:]]: CSW.hCCC->ABCF.oPE->ICF.oCFC@AFs_1_0
07-19 14:02:04.731 1827 1827 I Telecom : Event: Call TC@1: SET_RINGING, successful incoming call: CSW.hCCC->ABCF.oPE->ICF.oCFC@AFs_1_0
07-19 14:02:04.731 1827 1827 W Telecom : CallsManager: isIncomingVideoCallAllowed: null Extras or not an incoming video call or allow video calls in low battery: CSW.hCCC->ABCF.oPE->ICF.oCFC@AFs_1_0
07-19 14:02:04.732 1827 2833 I Telecom : CallAudioRouteStateMachine: Message received: UPDATE_SYSTEM_AUDIO_ROUTE=1201, arg1=0: CSW.hCCC->ABCF.oPE->ICF.oCFC->CARSM.pM_UPDATE_SYSTEM_AUDIO_ROUTE@AFs_1_0_0
07-19 14:02:04.734 1827 2836 I Telecom : CallAudioModeStateMachine: Message received: NEW_RINGING_CALL.: CSW.hCCC->ABCF.oPE->ICF.oCFC->CAMSM.pM_2002@AFs_1_0_1
07-19 14:02:04.734 1827 1827 I Telecom : TelecomWakeLock: Acquiring WakeLock with id: 26: CSW.hCCC->ABCF.oPE->ICF.oCFC@AFs_1_0
07-19 14:02:04.735 1827 1827 I Telecom : InCallWakeLockController: Acquiring full wake lock: CSW.hCCC->ABCF.oPE->ICF.oCFC@AFs_1_0
07-19 14:02:04.735 1827 2836 I Telecom : CallAudioModeStateMachine: Audio focus entering RINGING state: CSW.hCCC->ABCF.oPE->ICF.oCFC->CAMSM.pM_2002@AFs_1_0_1
07-19 14:02:04.735 1827 1936 I am_pss : [4011,10058,com.android.smspush,3281920,2052096,0]
07-19 14:02:04.736 1827 1827 I Telecom : InCallController: defaultDialer: null: CSW.hCCC->ABCF.oPE->ICF.oCFC@AFs_1_0
07-19 14:02:04.736 1827 1827 I Telecom : InCallController: defaultDialer: null: CSW.hCCC->ABCF.oPE->ICF.oCFC@AFs_1_0
07-19 14:02:04.738 1827 1827 I Telecom : CarSwappingInCallServiceConnection: carmodechange: false => false: CSW.hCCC->ABCF.oPE->ICF.oCFC@AFs_1_0
07-19 14:02:04.738 1827 2836 I Telecom : Event: Call TC@1: START_RINGER, null: CSW.hCCC->ABCF.oPE->ICF.oCFC->CAMSM.pM_2002@AFs_1_0_1
07-19 14:02:04.738 1827 1827 I Telecom : EmergencyInCallServiceConnection: Attempting to bind to InCall [ComponentInfo{com.android.dialer/com.android.incallui.InCallServiceImpl} supportsExternal? true], with Intent { act=android.telecom.InCallService cmp=com.android.dialer/com.android.incallui.InCallServiceImpl }: CSW.hCCC->ABCF.oPE->ICF.oCFC@AFs_1_0
07-19 14:02:04.744 1827 6114 D AudioTrack: Client defaulted notificationFrames to 240 for frameCount 960
07-19 14:02:04.749 1827 2836 I Telecom : Event: Call TC@1: SKIP_VIBRATION, hasVibrator=true, userRequestsVibrate=false, ringerMode=2, isVibrating=false: CSW.hCCC->ABCF.oPE->ICF.oCFC->CAMSM.pM_2002@AFs_1_0_1
07-19 14:02:04.749 1827 2836 I MediaFocusControl: AudioFocus requestAudioFocus() from uid/pid 1000/1827 clientId=AudioFocus_For_Phone_Ring_And_Calls req=2 flags=0x4
07-19 14:02:04.749 1827 1827 I am_proc_start: [0,6120,10020,com.android.dialer,service,com.android.dialer/com.android.incallui.InCallServiceImpl]
07-19 14:02:04.749 1827 1827 I ActivityManager: Start proc 6120:com.android.dialer/u0a20 for service com.android.dialer/com.android.incallui.InCallServiceImpl
07-19 14:02:04.750 313 313 D audio_hw_primary: adev_set_mode: mode 1
07-19 14:02:04.750 313 313 D AudioPolicyManagerCustom: setPhoneState() state 1
07-19 14:02:04.751 1827 1937 W BroadcastQueue: Permission Denial: receiving Intent { act=android.intent.action.PHONE_STATE flg=0x10 (has extras) } to com.android.deskclock/.alarms.PhoneStateReceiver requires android.permission.READ_PRIVILEGED_PHONE_STATE due to sender android (uid 1000)
07-19 14:02:04.753 1827 6118 I Telecom : AsyncRingtonePlayer: Play ringtone.
07-19 14:02:04.753 1827 1827 I Telecom : PhoneStateBroadcaster: Broadcasted state change: 1: CSW.hCCC->ABCF.oPE->ICF.oCFC@AFs_1_0
07-19 14:02:04.753 1827 1937 W BroadcastQueue: Permission Denial: receiving Intent { act=android.intent.action.PHONE_STATE flg=0x10 (has extras) } to ProcessRecord{832b545 2463:com.android.systemui/u0a33} (pid=2463, uid=10033) requires android.permission.READ_PHONE_STATE due to sender android (uid 1000)
07-19 14:02:04.753 1827 1937 W BroadcastQueue: Permission Denial: receiving Intent { act=android.intent.action.PHONE_STATE flg=0x10 (has extras) } to com.android.deskclock/.alarms.PhoneStateReceiver requires android.permission.READ_PHONE_STATE due to sender android (uid 1000)
07-19 14:02:04.753 1827 1827 D GpsNetInitiatedHandler: onCallStateChanged(): state is 1
07-19 14:02:04.756 1827 6118 E MediaPlayer-JNI: JNIMediaPlayerFactory: bIsQCMediaPlayerPresent 0
07-19 14:02:04.756 1827 6118 E MediaPlayer-JNI: JNIMediaPlayerFactory: bIsQCMediaPlayerPresent 0
07-19 14:02:04.765 1827 2833 I Telecom : CallAudioRouteStateMachine: setSystemAudioState: changing from [AudioState isMuted: false, route: EARPIECE, supportedRouteMask: EARPIECE, SPEAKER] to [AudioState isMuted: false, route: EARPIECE, supportedRouteMask: EARPIECE, SPEAKER]: CSW.hCCC->ABCF.oPE->ICF.oCFC->CARSM.pM_UPDATE_SYSTEM_AUDIO_ROUTE@AFs_1_0_0
07-19 14:02:04.769 1827 1936 I am_pss : [3939,10032,org.cyanogenmod.weatherservice,3831808,2539520,0]
07-19 14:02:04.775 1827 2833 I Telecom : CallAudioRouteStateMachine: Message received: SWITCH_FOCUS=4001, arg1=3: CSW.hCCC->ABCF.oPE->ICF.oCFC->CAMSM.pM_2002->CARSM.pM_SWITCH_FOCUS@AFs_1_0_1_3
07-19 14:02:04.775 1827 2833 I Telecom : Event: Call TC@1: AUDIO_ROUTE, Leaving state QuiescentEarpieceRoute: CSW.hCCC->ABCF.oPE->ICF.oCFC->CAMSM.pM_2002->CARSM.pM_SWITCH_FOCUS@AFs_1_0_1_3
07-19 14:02:04.775 1827 2833 I Telecom : Event: Call TC@1: AUDIO_ROUTE, Entering state ActiveEarpieceRoute: CSW.hCCC->ABCF.oPE->ICF.oCFC->CAMSM.pM_2002->CARSM.pM_SWITCH_FOCUS@AFs_1_0_1_3
07-19 14:02:04.776 1827 2833 I Telecom : CallAudioRouteStateMachine: setSystemAudioState: changing from [AudioState isMuted: false, route: EARPIECE, supportedRouteMask: EARPIECE, SPEAKER] to [AudioState isMuted: false, route: EARPIECE, supportedRouteMask: EARPIECE, SPEAKER]: CSW.hCCC->ABCF.oPE->ICF.oCFC->CAMSM.pM_2002->CARSM.pM_SWITCH_FOCUS@AFs_1_0_1_3
07-19 14:02:04.795 1827 4061 I am_proc_bound: [0,6120,com.android.dialer]
07-19 14:02:04.798 323 6127 D NuPlayerDriver: notifyListener_l(0xb1822540), (1, 0, 0), loop setting(0, 0)
07-19 14:02:04.798 1827 6118 D MediaPlayer: setSubtitleAnchor in MediaPlayer
07-19 14:02:04.802 1827 6118 D Ringtone: Successfully created local player
07-19 14:02:04.803 323 2517 D NuPlayerDriver: reset(0xb1822540) at state 4
07-19 14:02:04.803 323 2517 D NuPlayerDriver: notifyListener_l(0xb1822540), (8, 0, 0), loop setting(1, 0)
07-19 14:02:04.803 323 6127 W AMessage: failed to post message as target looper for handler 0 is gone.
07-19 14:02:04.803 323 6127 D NuPlayerDriver: notifyResetComplete(0xb1822540)
07-19 14:02:04.804 323 2617 D NuPlayerDriver: reset(0xb1822540) at state 0
07-19 14:02:04.806 1827 1936 I am_pss : [3964,10003,org.cyanogenmod.audiofx,4817920,3493888,0]
07-19 14:02:04.806 1827 6118 E MediaPlayer-JNI: JNIMediaPlayerFactory: bIsQCMediaPlayerPresent 0
07-19 14:02:04.806 1827 6118 E MediaPlayer-JNI: JNIMediaPlayerFactory: bIsQCMediaPlayerPresent 0
07-19 14:02:04.819 6120 6120 W System : ClassLoader referenced unknown path: /system/priv-app/Dialer/lib/arm
07-19 14:02:04.829 323 6138 D NuPlayerDriver: notifyListener_l(0xb5dab020), (1, 0, 0), loop setting(0, 0)
07-19 14:02:04.830 1827 6118 D MediaPlayer: setSubtitleAnchor in MediaPlayer
07-19 14:02:04.833 1827 6118 D Ringtone: Successfully created local player
07-19 14:02:04.834 323 2617 D NuPlayerDriver: start(0xb5dab020), state is 4, eos is 0
07-19 14:02:04.834 323 6138 I GenericSource: start
07-19 14:02:04.834 1827 6118 I Telecom : AsyncRingtonePlayer: Repeat ringtone.
07-19 14:02:04.837 1827 1936 I am_pss : [3856,10013,android.ext.services,3316736,2060288,0]
07-19 14:02:04.839 323 6138 W Utils : track of type 'audio/vorbis' does not publish channel mask, channel count 1
07-19 14:02:04.842 323 6138 W Utils : track of type 'audio/vorbis' does not publish channel mask, channel count 1
07-19 14:02:04.845 323 6144 I MediaPlayerService: MediaPlayerService::getOMX
07-19 14:02:04.845 323 6144 I OMXClient: MuxOMX ctor
07-19 14:02:04.845 318 469 I OMXMaster: makeComponentInstance(OMX.google.vorbis.decoder) in mediacodec process
07-19 14:02:04.851 318 2758 E OMXNodeInstance: setConfig(13e0038:google.vorbis.decoder, ConfigPriority(0x6f800002)) ERROR: Undefined(0x80001001)
07-19 14:02:04.851 323 6144 I ACodec : codec does not support config priority (err -2147483648)
07-19 14:02:04.853 323 6144 I MediaCodec: MediaCodec will operate in async mode
07-19 14:02:04.856 6120 6120 D BlockedNumbersAuto: Not attempting auto-migrate: already checked once.
07-19 14:02:04.869 313 540 W AudioFlinger: createTrack_l(): mismatch between requested flags (00000008) and output flags (00000002)
07-19 14:02:04.870 323 6142 D AudioTrack: Client defaulted notificationFrames to 7350 for frameCount 22050
07-19 14:02:04.872 313 524 D audio_hw_primary: start_output_stream: enter: stream(0xb623d240)usecase(0: deep-buffer-playback) devices(0x2)
07-19 14:02:04.872 313 524 D audio_hw_primary: select_devices: out_snd_device(2: speaker) in_snd_device(0: )
07-19 14:02:04.872 313 524 W msm8916_platform: Codec backend bitwidth 16, samplerate 48000
07-19 14:02:04.872 313 524 D hardware_info: hw_info_append_hw_type : device_name = speaker
07-19 14:02:04.872 313 524 D audio_hw_primary: enable_snd_device: snd_device(2: speaker)
07-19 14:02:04.874 313 524 W audio_hw_utils: audio_extn_utils_update_stream_app_type_cfg: App type could not be selected. Falling back to default
07-19 14:02:04.874 313 524 I audio_hw_primary: select_devices Selected apptype: 69936
07-19 14:02:04.874 313 524 D ACDB-LOADER: ACDB -> send_audio_cal, acdb_id = 15, path = 0
07-19 14:02:04.874 313 524 D ACDB-LOADER: ACDB -> send_asm_topology
07-19 14:02:04.874 313 524 D ACDB-LOADER: ACDB -> ACDB_CMD_GET_AUDPROC_STREAM_TOPOLOGY_ID
07-19 14:02:04.874 313 524 D ACDB-LOADER: ACDB -> send_adm_topology
07-19 14:02:04.874 313 524 D ACDB-LOADER: ACDB -> ACDB_CMD_GET_AUDPROC_COMMON_TOPOLOGY_ID
07-19 14:02:04.874 313 524 D ACDB-LOADER: ACDB -> send_audtable
07-19 14:02:04.874 313 524 D ACDB-LOADER: ACDB -> ACDB_CMD_GET_AUDPROC_COMMON_TABLE
07-19 14:02:04.874 313 524 D ACDB-LOADER: ACDB -> AUDIO_SET_AUDPROC_CAL
07-19 14:02:04.874 313 524 D ACDB-LOADER: ACDB -> send_audvoltable
07-19 14:02:04.874 313 524 D ACDB-LOADER: ACDB -> ACDB_CMD_GET_AUDPROC_GAIN_DEP_STEP_TABLE
07-19 14:02:04.874 313 524 D ACDB-LOADER: ACDB -> AUDIO_SET_AUDPROC_VOL_CAL
07-19 14:02:04.874 313 524 D ACDB-LOADER: ACDB -> send_afe_cal
07-19 14:02:04.874 313 524 D ACDB-LOADER: ACDB -> ACDB_CMD_GET_AFE_COMMON_TABLE
07-19 14:02:04.874 313 524 D : Failed to fetch the lookup information of the device 0000000F 
07-19 14:02:04.874 313 524 D ACDB-LOADER: ACDB -> AUDIO_SET_AFE_CAL
07-19 14:02:04.874 313 524 D ACDB-LOADER: ACDB -> send_hw_delay : acdb_id = 15 path = 0
07-19 14:02:04.874 313 524 D ACDB-LOADER: ACDB -> ACDB_AVSYNC_INFO: ACDB_CMD_GET_DEVICE_PROPERTY
07-19 14:02:04.875 313 524 I audio_hw_utils: audio_extn_utils_send_app_type_cfg: PLAYBACK app_type 69936, acdb_dev_id 15, sample_rate 48000
07-19 14:02:04.875 313 524 D audio_hw_primary: enable_audio_route: apply mixer and update path: deep-buffer-playback
07-19 14:02:04.876 323 6138 D NuPlayerDriver: notifyListener_l(0xb5dab020), (6, 0, 0), loop setting(1, 0)
07-19 14:02:04.876 313 524 D audio_hw_primary: select_devices: done
07-19 14:02:04.883 1827 1936 I am_pss : [2720,1001,com.android.phone,24628224,20987904,0]
07-19 14:02:04.895 313 524 D msm8916_platform: platform_set_channel_map mixer_ctl_name:Playback Channel Map0
07-19 14:02:04.895 313 524 D msm8916_platform: platform_set_channel_map: set mapping(1 2 3 0 0 0 0 0) for channel:2
07-19 14:02:04.895 313 524 D audio_hw_primary: start_output_stream: exit
07-19 14:02:04.914 1827 1936 I am_pss : [2658,10002,org.cyanogenmod.cmaudio.service,3568640,2355200,0]
07-19 14:02:04.940 6120 6120 I InCall : ProximitySensor - ProximitySensor{keybrd=0, dpad=0, offhook=0, hor=0, ui=0, aud=EARPIECE}
07-19 14:02:04.940 6120 6120 I InCall : ProximitySensor - Proximity wake lock already released
07-19 14:02:04.942 6120 6120 I InCall : InCallPresenter - Phone switching state: NO_CALLS -> NO_CALLS
07-19 14:02:04.947 2720 4902 D SubscriptionController: [getPhoneId] asked for default subId=1
07-19 14:02:04.955 1827 1827 I Telecom : InCallController: onConnected to ComponentInfo{com.android.dialer/com.android.incallui.InCallServiceImpl}: ICSBC.oSC@AF0
07-19 14:02:04.956 1827 1827 I Telecom : InCallController: Adding 1 calls to InCallService after onConnected: ComponentInfo{com.android.dialer/com.android.incallui.InCallServiceImpl}, including external calls: ICSBC.oSC@AF0
07-19 14:02:04.963 1827 1827 I Telecom : InCallController: 1 calls sent to InCallService.: ICSBC.oSC@AF0
07-19 14:02:04.965 1827 1936 I am_pss : [2463,10033,com.android.systemui,65612800,57389056,0]
07-19 14:02:04.974 6120 6120 W CountryDetector: No location permissions, not registering for location updates.
07-19 14:02:04.995 6120 6120 D PhoneNumberUtils: slotId:0 subId:1 country:null emergencyNumbers: 911,*911,#911,112
07-19 14:02:04.999 6120 6120 I InCall : InCallPresenter - setBoundAndWaitingForOutgoingCall: false
07-19 14:02:05.015 6120 6120 D PhoneNumberUtils: slotId:0 subId:1 country:null emergencyNumbers: 911,*911,#911,112
07-19 14:02:05.021 6120 6120 I InCall : CallList - onIncoming - [Call_0, INCOMING, [Capabilities: CAPABILITY_SUPPORT_HOLD CAPABILITY_RESPOND_VIA_TEXT CAPABILITY_MUTE CAPABILITY_CANNOT_DOWNGRADE_VIDEO_TO_AUDIO], [Properties:], children:[], parent:null, conferenceable:[], videoState:Audio Only, mSessionModificationState:0, VideoSettings:(CameraDir:-1), mIsActivSub:false]
07-19 14:02:05.021 6120 6120 I InCall : InCallPresenter - Start Full Screen in call UI
07-19 14:02:05.022 6120 6120 D CallerInfoUtils: modifyForSpecialCnapCases: initially, number=xxxxxxxxxxxxxx, presentation=1 ci com.android.incallui.CallerInfo@91e6857 { name null, phoneNumber null }
07-19 14:02:05.023 6120 6120 D CallerInfoUtils: SpecialCnap: number=xxxxxxxxxxxxxx; presentation now=1
07-19 14:02:05.023 6120 6120 D CallerInfoUtils: modifyForSpecialCnapCases: returning number string=xxxxxxxxxxxxxx
07-19 14:02:05.035 6120 6120 D CallerInfoUtils: ==> Actually starting CallerInfoAsyncQuery.startQuery()...
07-19 14:02:05.038 6120 6120 W PhoneNumberUtils: getCountryIso null
07-19 14:02:05.043 1827 1936 I am_pss : [1827,1000,system,85045248,74006528,0]
07-19 14:02:05.043 6120 6120 W PhoneNumberUtils: isLocalEmergencyNumberInternalDE
07-19 14:02:05.044 6120 6120 D PhoneNumberUtils: slotId:0 subId:1 country:DE emergencyNumbers: 911,*911,#911,112
07-19 14:02:05.087 313 524 D AudioFlinger: mixer(0xb5983fc0) throttle end: throttle time(145)
07-19 14:02:05.324 2720 2990 D SubscriptionController: [getActiveSubscriptionInfo]+ subId=1 subInfo={id=1, iccId=89492019156020009546 simSlotIndex=0 displayName=LIDL Connect carrierName=LIDL Connect nameSource=0 iconTint=-16746133 dataRoaming=0 iconBitmap=android.graphics.Bitmap@fa87ace mcc 262 mnc 2 userNwMode=10}
07-19 14:02:05.341 6120 6120 I InCall : StatusBarNotifier - Displaying notification for 2
07-19 14:02:05.352 1827 1827 I notification_enqueue: [10020,6120,com.android.dialer,2,NULL,0,Notification(pri=2 contentView=null vibrate=null sound=null defaults=0x0 flags=0x82 color=0xff2a56c6 category=call actions=2 vis=PRIVATE publicVersion=Notification(pri=0 contentView=com.android.dialer/0x109008b vibrate=null sound=null defaults=0x0 flags=0x0 color=0xff2a56c6 vis=PRIVATE)),0]
07-19 14:02:05.353 1827 1827 I sysui_histogram: [validate_people_cache_latency,0]
07-19 14:02:05.356 6120 6120 I InCall : InCallPresenter - Phone switching state: NO_CALLS -> INCOMING
07-19 14:02:05.378 6120 6120 V PhoneNumberUtil: getGeoDescription('[9bad5c947778a2b599258eb897d7ca0e05775856]')...
07-19 14:02:05.380 6120 6120 V PhoneNumberUtil: parsing '[9bad5c947778a2b599258eb897d7ca0e05775856]' for countryIso 'DE'...
07-19 14:02:05.380 6120 6120 V PhoneNumberUtil: - parsed number: [dd95a159647816008293f85d354130e70f5d6036]
07-19 14:02:05.381 6120 6120 V PhoneNumberUtil: - got description: 'Dresden'
07-19 14:02:05.383 1827 2389 I sysui_histogram: [validate_people_lookup_latency,30]
07-19 14:02:05.414 2720 4902 D SubscriptionController: [getActiveSubscriptionInfo]+ subId=1 subInfo={id=1, iccId=89492019156020009546 simSlotIndex=0 displayName=LIDL Connect carrierName=LIDL Connect nameSource=0 iconTint=-16746133 dataRoaming=0 iconBitmap=android.graphics.Bitmap@9e84385 mcc 262 mnc 2 userNwMode=10}
07-19 14:02:05.425 6120 6120 I InCall : StatusBarNotifier - Displaying notification for 2
07-19 14:02:05.436 1827 1827 I notification_enqueue: [10020,6120,com.android.dialer,2,NULL,0,Notification(pri=2 contentView=null vibrate=null sound=null defaults=0x0 flags=0x82 color=0xff2a56c6 category=call actions=2 vis=PRIVATE publicVersion=Notification(pri=0 contentView=com.android.dialer/0x109008b vibrate=null sound=null defaults=0x0 flags=0x0 color=0xff2a56c6 vis=PRIVATE)),1]
07-19 14:02:05.436 1827 1827 I sysui_histogram: [validate_people_cache_latency,0]
07-19 14:02:05.478 1827 4014 I DreamManagerService: Gently waking up from dream.
07-19 14:02:05.478 2463 2463 I sysui_fullscreen_notification: 0|com.android.dialer|2|null|10020
07-19 14:02:05.479 1827 1927 I ActivityManager: START u0 {act=android.intent.action.MAIN flg=0x10040000 cmp=com.android.dialer/com.android.incallui.InCallActivity (has extras)} from uid 10020 on display 0
07-19 14:02:05.485 1827 1927 I am_create_task: [0,13]
07-19 14:02:05.485 1827 1927 I am_create_activity: [0,31931573,13,com.android.dialer/com.android.incallui.InCallActivity,android.intent.action.MAIN,NULL,NULL,277086208]
07-19 14:02:05.485 1827 1927 I wm_task_created: [13,1]
07-19 14:02:05.486 1827 1927 I wm_task_moved: [13,1,1]
07-19 14:02:05.486 1827 1927 I am_focused_stack: [0,1,0,startedActivity setFocusedActivity]
07-19 14:02:05.486 1827 1927 I wm_task_moved: [13,1,1]
07-19 14:02:05.487 1827 1927 I am_focused_activity: [0,com.android.dialer/com.android.incallui.InCallActivity,startedActivity]
07-19 14:02:05.489 1827 1927 I am_restart_activity: [0,31931573,13,com.android.dialer/com.android.incallui.InCallActivity]
07-19 14:02:05.490 1827 1927 I am_pause_activity: [0,31931573,com.android.dialer/com.android.incallui.InCallActivity]
07-19 14:02:05.493 1827 1927 I sysui_action: [323,com.android.dialer/com.android.incallui.InCallActivity]
07-19 14:02:05.493 1827 1927 I sysui_action: [324,true]
07-19 14:02:05.493 1827 1927 I sysui_action: [325,8139]
07-19 14:02:05.494 6120 6149 D ReverseLookup: Chosen reverse lookup provider: OpenCnam
07-19 14:02:05.495 2463 2463 I sysui_count: [note_fullscreen,1]
07-19 14:02:05.496 1827 1983 I sysui_action: [320,3]
07-19 14:02:05.496 1827 1983 I sysui_action: [319,18]
07-19 14:02:05.504 1827 2554 I DreamManagerService: Leaving dreamland.
07-19 14:02:05.504 1827 1985 I PowerManagerService: Sleeping (uid 1000)...
07-19 14:02:05.505 1827 1981 I DreamController: Stopping dream: name=ComponentInfo{com.android.systemui/com.android.systemui.doze.DozeService}, isTest=false, canDoze=true, userId=0
07-19 14:02:05.505 1827 1981 I sysui_view_visibility: [223,0]
07-19 14:02:05.505 1827 1981 I sysui_histogram: [dozing_minutes,122]
07-19 14:02:05.679 2720 2749 D SubscriptionController: [getActiveSubscriptionInfoForSimSlotIndex]+ slotIdx=0 subId={id=1, iccId=89492019156020009546 simSlotIndex=0 displayName=LIDL Connect carrierName=LIDL Connect nameSource=0 iconTint=-16746133 dataRoaming=0 iconBitmap=android.graphics.Bitmap@1c290e8 mcc 262 mnc 2 userNwMode=10}
07-19 14:02:05.693 2720 4901 D SubscriptionController: [getActiveSubscriptionInfoForSimSlotIndex]+ slotIdx=0 subId={id=1, iccId=89492019156020009546 simSlotIndex=0 displayName=LIDL Connect carrierName=LIDL Connect nameSource=0 iconTint=-16746133 dataRoaming=0 iconBitmap=android.graphics.Bitmap@946fbe7 mcc 262 mnc 2 userNwMode=10}
07-19 14:02:05.716 6120 6120 E InCall : InCallPresenter - InCallActivity is null. Can't set requested orientation.
07-19 14:02:05.717 6120 6120 I InCall : InCallPresenter - UI Initialized
07-19 14:02:05.721 6120 6120 I InCall : InCallPresenter - Phone switching state: INCOMING -> INCOMING
07-19 14:02:05.759 2720 2749 D SubscriptionController: [getActiveSubscriptionInfo]+ subId=1 subInfo={id=1, iccId=89492019156020009546 simSlotIndex=0 displayName=LIDL Connect carrierName=LIDL Connect nameSource=0 iconTint=-16746133 dataRoaming=0 iconBitmap=android.graphics.Bitmap@6fce632 mcc 262 mnc 2 userNwMode=10}
07-19 14:02:05.769 6120 6120 I InCall : StatusBarNotifier - Previous notification already showing - cancelling 2
07-19 14:02:05.770 6120 6120 I InCall : StatusBarNotifier - Displaying notification for 1
07-19 14:02:05.772 1827 1827 I notification_canceled: [0|com.android.dialer|2|null|10020,8,419,336,0]
07-19 14:02:05.783 1827 1827 I notification_enqueue: [10020,6120,com.android.dialer,1,NULL,0,Notification(pri=1 contentView=null vibrate=null sound=null defaults=0x0 flags=0x2 color=0xff2a56c6 actions=2 vis=PRIVATE publicVersion=Notification(pri=0 contentView=com.android.dialer/0x109008b vibrate=null sound=null defaults=0x0 flags=0x0 color=0xff2a56c6 vis=PRIVATE)),0]
07-19 14:02:05.783 1827 1827 I sysui_histogram: [validate_people_cache_latency,0]
07-19 14:02:05.787 6120 6120 I InCall : ProximitySensor - ProximitySensor{keybrd=0, dpad=0, offhook=0, hor=0, ui=0, aud=EARPIECE}
07-19 14:02:05.787 6120 6120 I InCall : ProximitySensor - Proximity wake lock already released
07-19 14:02:05.801 2720 3393 D SubscriptionController: [getActiveSubscriptionInfoForSimSlotIndex]+ slotIdx=0 subId={id=1, iccId=89492019156020009546 simSlotIndex=0 displayName=LIDL Connect carrierName=LIDL Connect nameSource=0 iconTint=-16746133 dataRoaming=0 iconBitmap=android.graphics.Bitmap@749a139 mcc 262 mnc 2 userNwMode=10}
07-19 14:02:05.820 2720 2990 D SubscriptionController: [getActiveSubscriptionInfoForSimSlotIndex]+ slotIdx=0 subId={id=1, iccId=89492019156020009546 simSlotIndex=0 displayName=LIDL Connect carrierName=LIDL Connect nameSource=0 iconTint=-16746133 dataRoaming=0 iconBitmap=android.graphics.Bitmap@94e012c mcc 262 mnc 2 userNwMode=10}
07-19 14:02:05.829 6120 6120 I InCall : InCallActivity - onResume()...
07-19 14:02:05.838 6120 6120 I InCall : ProximitySensor - ProximitySensor{keybrd=0, dpad=0, offhook=0, hor=0, ui=1, aud=EARPIECE}
07-19 14:02:05.838 6120 6120 I InCall : ProximitySensor - Proximity wake lock already released
07-19 14:02:05.879 2720 4901 D SubscriptionController: [getSubId]- numSubIds == 0, return DummySubIds slotIdx=1
07-19 14:02:05.880 2720 2750 D SubscriptionController: [getSubId]- numSubIds == 0, return DummySubIds slotIdx=1
07-19 14:02:05.900 6120 6120 I am_on_resume_called: [0,com.android.incallui.InCallActivity,LAUNCH_ACTIVITY]
07-19 14:02:05.939 6120 6120 I InCall : ProximitySensor - ProximitySensor{keybrd=0, dpad=0, offhook=0, hor=0, ui=1, aud=EARPIECE}
07-19 14:02:05.939 6120 6120 I InCall : ProximitySensor - Proximity wake lock already released
07-19 14:02:05.944 2720 4901 D SubscriptionController: [getSubId]- numSubIds == 0, return DummySubIds slotIdx=1
07-19 14:02:05.944 2720 2750 D SubscriptionController: [getSubId]- numSubIds == 0, return DummySubIds slotIdx=1
07-19 14:02:05.948 6120 6120 I am_on_paused_called: [0,com.android.incallui.InCallActivity,handlePauseActivity]
07-19 14:02:05.949 1827 1937 I am_stop_activity: [0,31931573,com.android.dialer/com.android.incallui.InCallActivity]
07-19 14:02:05.949 6120 6120 I InCall : ProximitySensor - isDisplayOn: false
07-19 14:02:05.949 6120 6120 D AccelerometerListener: enable(false)
07-19 14:02:05.950 1827 1937 I sysui_count: [window_time_0,8008]
07-19 14:02:05.983 6120 6156 I Adreno-EGL: : EGL 1.4 QUALCOMM build: (Ifd751822f5)
07-19 14:02:05.983 6120 6156 I Adreno-EGL: OpenGL ES Shader Compiler Version: XE031.06.00.05
07-19 14:02:05.983 6120 6156 I Adreno-EGL: Build Date: 01/26/16 Tue 07-19 14:02:05.983 6120 6156 I Adreno-EGL: Local Branch: AU12_SBA
07-19 14:02:05.983 6120 6156 I Adreno-EGL: Remote Branch: 
07-19 14:02:05.983 6120 6156 I Adreno-EGL: Local Patches: 
07-19 14:02:05.983 6120 6156 I Adreno-EGL: Reconstruct Branch: 
07-19 14:02:05.987 6120 6156 I OpenGLRenderer: Initialized EGL, version 1.4
07-19 14:02:05.987 6120 6156 D OpenGLRenderer: Swap behavior 1
07-19 14:02:06.002 6120 6120 I am_on_stop_called: [0,com.android.incallui.InCallActivity,sleeping]
07-19 14:02:06.151 1827 1983 V KeyguardServiceDelegate: setOccluded(true) animate=false
07-19 14:02:06.159 1827 1983 I sysui_action: [322,681]
07-19 14:02:06.159 1827 1983 I am_activity_launch_time: [0,31931573,com.android.dialer/com.android.incallui.InCallActivity,669,672]
07-19 14:02:06.159 1827 1983 I ActivityManager: Displayed com.android.dialer/com.android.incallui.InCallActivity: +669ms (total +672ms)
07-19 14:02:06.160 2463 2463 I sysui_view_visibility: [111,0]
07-19 14:02:06.164 1827 2600 I notification_expansion: [0|com.android.dialer|1|null|10020,0,1,382,382,0]
07-19 14:02:06.164 1827 4062 I notification_expansion: [-1|android|17040536|null|1000,0,1,11877112,11877112,8095400]
07-19 14:02:06.165 1827 1926 I notification_expansion: [-1|android|17040536|null|1000,0,0,11877113,11877113,8095401]
07-19 14:02:06.172 2463 2463 W FingerprintManager: isFingerprintHardwareDetected(): Service not connected!
07-19 14:02:06.172 2463 2463 I sysui_status_bar_state: [0,1,1,0,0,1]
07-19 14:02:06.174 1827 1983 I PowerManagerService: Waking up from sleep (uid 1000)...
07-19 14:02:06.174 1827 1827 I power_screen_state: [1,0,0,0]
07-19 14:02:06.174 1827 1827 I screen_toggled: 1
07-19 14:02:06.174 1827 1827 V KeyguardServiceDelegate: onStartedWakingUp()
07-19 14:02:06.175 1827 1827 I power_screen_broadcast_send: 1
07-19 14:02:06.178 1827 1985 I DisplayPowerController: Blocking screen on until initial contents have been drawn.
07-19 14:02:06.190 1827 1985 I am_resume_activity: [0,31931573,13,com.android.dialer/com.android.incallui.InCallActivity]
07-19 14:02:06.190 2463 2463 D PhoneStatusBar: disable: < expand ICONS alerts SYSTEM_INFO back home* RECENT clock SEARCH quick_settings
> 07-19 14:02:06.194 1827 1985 V KeyguardServiceDelegate: onScreenTurnedOn(showListener = com.android.server.policy.PhoneWindowManager$2@bddafee)
07-19 14:02:06.195 1827 1985 E Sensors : als setDelay
07-19 14:02:06.197 0 0 I [ 8140.164965,3] alsps_epl8802[epl_sensor_enable_als]: enable=1
07-19 14:02:06.195 1827 1985 E Sensors : als poll interval: 1
07-19 14:02:06.195 1827 1985 E Sensors : als enable
07-19 14:02:06.200 313 5022 D audio_hw_primary: adev_set_parameters: enter: screen_state=on
07-19 14:02:06.201 1827 4014 I ActivityManager: Setting hasTopUi=false for pid=2463
07-19 14:02:06.203 2463 2463 D PhoneStatusBar: disable: < expand icons* alerts system_info* back home RECENT clock SEARCH quick_settings
> 07-19 14:02:06.217 6120 6120 I InCall : InCallActivity - onResume()...
07-19 14:02:06.227 1827 1985 E Sensors : als opening als_enable 1
07-19 14:02:06.229 288 288 D SurfaceFlinger: Set power mode=2, type=0 flinger=0xb6932000
07-19 14:02:06.229 288 288 D qdhwcomposer: hwc_setPowerMode: Setting mode 2 on display: 0
07-19 14:02:06.229 288 288 E qdutils : int qdutils::getHDMINode(): Failed to open fb node 2
07-19 14:02:06.229 288 288 E qdutils : int qdutils::getHDMINode(): Failed to open fb node 3
07-19 14:02:06.229 288 288 E qdutils : int qdutils::getHDMINode(): Failed to find HDMI node
07-19 14:02:06.231 1827 1985 E Sensors : als enable
07-19 14:02:06.231 1827 1985 E Sensors : als opening als_enable 0
07-19 14:02:06.232 6120 6120 I InCall : ProximitySensor - ProximitySensor{keybrd=0, dpad=0, offhook=0, hor=0, ui=1, aud=EARPIECE}
07-19 14:02:06.232 6120 6120 I InCall : ProximitySensor - Proximity wake lock already released
07-19 14:02:06.232 1827 1985 E Sensors : als setDelay
07-19 14:02:06.232 1827 1985 E Sensors : als poll interval: 250
07-19 14:02:06.232 1827 1985 E Sensors : als enable
07-19 14:02:06.234 2646 2646 D wpa_supplicant: wlan0: Control interface command 'SIGNAL_POLL'
07-19 14:02:06.243 2646 2646 D wpa_supplicant: wlan0: Control interface command 'SCAN TYPE=ONLY freq=2462'
07-19 14:02:06.243 2646 2646 D wpa_supplicant: wlan0: Setting scan request: 0.000000 sec
07-19 14:02:06.243 2646 2646 D wpa_supplicant: wlan0: Starting AP scan for wildcard SSID
07-19 14:02:06.243 2646 2646 D wpa_supplicant: wlan0: Limit manual scan to specified channels
07-19 14:02:06.243 2646 2646 D wpa_supplicant: wlan0: Add radio work 'scan'@0xb67a8060
07-19 14:02:06.243 2646 2646 D wpa_supplicant: wlan0: First radio work item in the queue - schedule start immediately
07-19 14:02:06.243 2646 2646 D wpa_supplicant: wlan0: Starting radio work 'scan'@0xb67a8060 after 0.000076 second wait
07-19 14:02:06.243 2646 2646 D wpa_supplicant: wlan0: nl80211: scan request
07-19 14:02:06.244 2646 2646 D wpa_supplicant: Scan requested (ret=0) - scan timeout 30 seconds
07-19 14:02:06.244 2646 2646 D wpa_supplicant: nl80211: Drv Event 33 (NL80211_CMD_TRIGGER_SCAN) received for wlan0
07-19 14:02:06.244 2646 2646 D wpa_supplicant: wlan0: nl80211: Scan trigger
07-19 14:02:06.244 2646 2646 D wpa_supplicant: wlan0: Event SCAN_STARTED (47) received
07-19 14:02:06.244 2646 2646 D wpa_supplicant: wlan0: Own scan request started a scan in 0.000138 seconds
07-19 14:02:06.245 2720 2750 D SubscriptionController: [getSubId]- numSubIds == 0, return DummySubIds slotIdx=1
07-19 14:02:06.245 2646 2646 D wpa_supplicant: wlan0: Control interface command 'DRIVER SETSUSPENDMODE 0'
07-19 14:02:06.246 2720 2990 D SubscriptionController: [getSubId]- numSubIds == 0, return DummySubIds slotIdx=1
07-19 14:02:06.258 1827 1985 E Sensors : als opening als_enable 1
07-19 14:02:06.258 1827 1985 D LuxLevels: bright hysteresis constant= 0.1, threshold=58.300003, lux=53.0
07-19 14:02:06.258 1827 1985 D LuxLevels: dark hysteresis constant= 0.2, threshold=42.4, lux=53.0
07-19 14:02:06.267 6120 6120 I am_on_resume_called: [0,com.android.incallui.InCallActivity,RESUME_ACTIVITY]
07-19 14:02:06.344 2646 2646 D wpa_supplicant: wpa_driver_nl80211_driver_cmd SETSUSPENDMODE 0 len = 0, 4096
07-19 14:02:06.344 2646 2646 D wpa_supplicant: nl80211: Drv Event 34 (NL80211_CMD_NEW_SCAN_RESULTS) received for wlan0
07-19 14:02:06.344 2646 2646 D wpa_supplicant: wlan0: nl80211: New scan results available
07-19 14:02:06.344 2646 2646 D wpa_supplicant: nl80211: Scan included frequencies: 2462
07-19 14:02:06.344 2646 2646 D wpa_supplicant: wlan0: Event SCAN_RESULTS (3) received
07-19 14:02:06.344 2646 2646 D wpa_supplicant: wlan0: Scan completed in 0.100034 seconds
07-19 14:02:06.344 2646 2646 D wpa_supplicant: nl80211: Associated on 2462 MHz
07-19 14:02:06.344 2646 2646 D wpa_supplicant: nl80211: Associated with 18:a6:f7:7a:57:e4
07-19 14:02:06.344 2646 2646 D wpa_supplicant: nl80211: Received scan results (15 BSSes)
07-19 14:02:06.344 2646 2646 D wpa_supplicant: nl80211: Scan results indicate BSS status with 18:a6:f7:7a:57:e4 as associated
07-19 14:02:06.345 2646 2646 D wpa_supplicant: wlan0: BSS: Start scan result update 7
07-19 14:02:06.345 2646 2646 D wpa_supplicant: wlan0: BSS: Add new id 29 BSSID c8:0e:14:69:c9:86 SSID 'FRITZ!Box 6490 Cable' freq 2412
07-19 14:02:06.345 2646 2646 D wpa_supplicant: wlan0: BSS: Add new id 30 BSSID 38:10:d5:f7:b9:17 SSID 'FRITZ!Box 7412' freq 2437
07-19 14:02:06.345 2646 2646 D wpa_supplicant: wlan0: BSS: Add new id 31 BSSID e8:37:7a:b7:59:1b SSID 'o2-WLAN91' freq 2452
07-19 14:02:06.345 2646 2646 D wpa_supplicant: wlan0: BSS: Add new id 32 BSSID 00:fc:8d:10:34:c8 SSID 'HITRON-34C0' freq 2462
07-19 14:02:06.345 2646 2646 D wpa_supplicant: wlan0: BSS: Add new id 33 BSSID d4:21:22:5d:ed:ab SSID 'Kurbelmodem' freq 2462
07-19 14:02:06.345 2646 2646 D wpa_supplicant: wlan0: BSS: Add new id 34 BSSID 90:5c:44:47:96:a7 SSID 'KabelBox-292C' freq 2437
07-19 14:02:06.345 2646 2646 D wpa_supplicant: wlan0: BSS: Add new id 35 BSSID 34:81:c4:de:aa:cf SSID 'FRITZ!Box 6490 Cable' freq 2412
07-19 14:02:06.345 2646 2646 D wpa_supplicant: wlan0: BSS: Add new id 36 BSSID 4c:09:d4:28:a8:b6 SSID 'Paul' freq 2417
07-19 14:02:06.345 2646 2646 D wpa_supplicant: wlan0: BSS: Add new id 37 BSSID 34:81:c4:0e:44:01 SSID 'BKA-Messbus 314' freq 2452
07-19 14:02:06.346 2646 2646 D wpa_supplicant: wlan0: BSS: Add new id 38 BSSID 3a:0e:14:69:c9:86 SSID 'Vodafone Hotspot' freq 2412
07-19 14:02:06.346 2646 2646 D wpa_supplicant: wlan0: BSS: Add new id 39 BSSID 4a:0e:14:69:c9:86 SSID 'Vodafone Homespot' freq 2412
07-19 14:02:06.346 2646 2646 D wpa_supplicant: wlan0: BSS: Add new id 40 BSSID 00:fc:8d:10:34:ca SSID 'Vodafone Hotspot' freq 2462
07-19 14:02:06.346 2646 2646 D wpa_supplicant: wlan0: BSS: Add new id 41 BSSID 00:fc:8d:10:34:cb SSID 'Vodafone Homespot' freq 2462
07-19 14:02:06.346 2646 2646 D wpa_supplicant: wlan0: BSS: Add new id 42 BSSID b6:81:c4:de:aa:cf SSID 'Vodafone Homespot' freq 2412
07-19 14:02:06.346 2646 2646 D wpa_supplicant: BSS: last_scan_res_used=15/32
07-19 14:02:06.346 2646 2646 D wpa_supplicant: wlan0: Scan-only results received
07-19 14:02:06.346 2646 2646 D wpa_supplicant: wlan0: Radio work 'scan'@0xb67a8060 done in 0.102747 seconds
07-19 14:02:06.346 2646 2646 D wpa_supplicant: wlan0: radio_work_free('scan'@0xb67a8060: num_active_works --> 0
07-19 14:02:06.359 2646 2646 D wpa_supplicant: nl80211: Drv Event 79 (NL80211_CMD_SET_REKEY_OFFLOAD) received for wlan0
07-19 14:02:06.359 2646 2646 D wpa_supplicant: nl80211: Rekey offload event for BSSID 18:a6:f7:7a:57:e4
07-19 14:02:06.359 2646 2646 D wpa_supplicant: nl80211: Rekey offload - Replay Counter - hexdump(len=8): 00 00 00 00 00 00 00 04
07-19 14:02:06.359 2646 2646 D wpa_supplicant: wlan0: Event DRIVER_GTK_REKEY (35) received
07-19 14:02:06.462 288 538 I qdhwcomposer: handle_blank_event: dpy:0 panel power state: 1
07-19 14:02:06.462 288 538 E qdutils : int qdutils::getHDMINode(): Failed to open fb node 2
07-19 14:02:06.462 288 538 E qdutils : int qdutils::getHDMINode(): Failed to open fb node 3
07-19 14:02:06.463 288 538 E qdutils : int qdutils::getHDMINode(): Failed to find HDMI node
07-19 14:02:06.463 288 288 D qdhwcomposer: hwc_setPowerMode: Done setting mode 2 on display 0
07-19 14:02:06.463 0 0 I [ 8140.200370,3] alsps_epl8802[epl_sensor_enable_als]: enable=0
07-19 14:02:06.463 0 0 I [ 8140.201697,3] alsps_epl8802[epl_sensor_enable_als]: enable=1
07-19 14:02:06.463 0 0 I [ 8140.211387,1] mdss_dsi_on+: ctrl=eb501010 ndx=0
07-19 14:02:06.463 0 0 I [ 8140.289519,0] mdss_dsi_on-: 
07-19 14:02:06.463 0 0 I [ 8140.289528,0] mdss_dsi_panel_on+: ctrl=00000000 ndx=0
07-19 14:02:06.464 0 0 E [ 8140.313375,0] [14: 02:06.344159] [000000246BD5342A] [wpa_s] wlan: [E :PMC] pmcEnterBmpsCheck: 2460: PMC: Power save check failed. BMPS cannot be entered now
07-19 14:02:06.464 0 0 I : [ 8140.431411,0] mdss_dsi_panel_on-. Pwr_mode(0x0A) = 0x9c
07-19 14:02:06.465 1827 2417 D SurfaceControl: Excessive delay in setPowerMode(): 236ms
07-19 14:02:06.470 1827 4061 W art : Long monitor contention with owner Binder:1827_A (4062) at int com.android.server.wm.WindowManagerService.relayoutWindow(com.android.server.wm.Session, android.view.IWindow, int, android.view.WindowManager$LayoutParams, int, int, int, int, android.graphics.Rect, android.graphics.Rect, android.graphics.Rect, android.graphics.Rect, android.graphics.Rect, android.graphics.Rect, android.graphics.Rect, android.content.res.Configuration, android.view.Surface)(WindowManagerService.java:2858) waiters=1 in int com.android.server.wm.WindowManagerService.relayoutWindow(com.android.server.wm.Session, android.view.IWindow, int, android.view.WindowManager$LayoutParams, int, int, int, int, android.graphics.Rect, android.graphics.Rect, android.graphics.Rect, android.graphics.Rect, android.graphics.Rect, android.graphics.Rect, android.graphics.Rect, android.content.res.Configuration, android.view.Surface) for 200ms
07-19 14:02:06.470 1827 4061 I dvm_lock_sample: [system_server,1,Binder:1827_9,200,WindowManagerService.java,2858,-,2858,40]
07-19 14:02:06.470 1827 1983 I DisplayManagerService: Display device changed state: "Built-in Screen", ON
07-19 14:02:06.483 0 0 I : [ 8140.452183,1] bma25x-accel 4-0019: bma25x_set_enable entry ebable:1 pre_enable:0!!!
07-19 14:02:06.480 6120 6120 I InCall : ProximitySensor - isDisplayOn: true
07-19 14:02:06.480 6120 6120 D AccelerometerListener: enable(true)
07-19 14:02:06.482 1827 4014 E Sensors : AccSensor::setDelay handle:1 delay:200
07-19 14:02:06.482 1827 4014 E Sensors : AccSensor::setDelay finished!!!
07-19 14:02:06.482 1827 4014 E Sensors : AccSensor::setEnable handle:1 enable:1
07-19 14:02:06.482 1827 4014 E Sensors : AccSensor::setEnable handle:1 oldStatus=0 newStatus=1
07-19 14:02:06.487 0 0 I : [ 8140.455879,0] bma25x-accel 4-0019: bma25x_set_enable finished!!!
07-19 14:02:06.486 1827 4014 E Sensors : AccSensor::setEnable finished!!!
07-19 14:02:06.491 6120 6120 W InCall : VideoCallPresenter - onUiShowing, received for non-active video call
07-19 14:02:06.511 1827 2554 V KeyguardServiceDelegate: **** SHOWN CALLED ****
07-19 14:02:06.563 1827 1938 E Sensors : AccSensor::setDelay handle:1 delay:66
07-19 14:02:06.563 1827 1938 E Sensors : AccSensor::setDelay finished!!!
07-19 14:02:06.565 1827 1985 I DisplayPowerController: Unblocked screen on after 387 ms
07-19 14:02:06.567 1827 1985 V KeyguardServiceDelegate: onScreenTurnedOn()
07-19 14:02:06.567 1827 1985 I VrManagerService: VR mode is allowed
07-19 14:02:06.582 288 288 I sf_frame_dur: [ColorFade,26,0,0,0,0,0,0]
07-19 14:02:06.595 1827 1936 I am_meminfo: [305545216,944599040,4096,75059200,129565696]
07-19 14:02:06.642 1827 1936 I am_pss : [4064,10030,com.cyanogenmod.trebuchet,38403072,32772096,0]
07-19 14:02:06.644 2720 2720 D Phone : Event EVENT_CALL_RING_CONTINUE Received state=RINGING
07-19 14:02:06.644 2720 2720 D Phone : Sending notifyIncomingRing
07-19 14:02:06.680 1827 1936 I am_pss : [2751,1000,com.android.settings,25654272,19681280,0]
07-19 14:02:06.711 1827 1936 I am_pss : [5668,10008,com.android.defcontainer,3183616,1953792,0]
07-19 14:02:06.742 1827 1936 I am_pss : [5627,10010,android.process.media,4950016,3526656,0]
07-19 14:02:06.773 1827 1936 I am_pss : [4397,10005,com.android.providers.calendar,4609024,3170304,0]
07-19 14:02:06.804 1827 1936 I am_pss : [2958,10009,com.android.cellbroadcastreceiver,4308992,2826240,0]
07-19 14:02:06.835 1827 1936 I am_pss : [4293,10041,com.android.calendar,5453824,3989504,0]
07-19 14:02:06.865 1827 1936 I am_pss : [4185,10054,com.cyanogenmod.lockclock,4270080,2727936,0]
07-19 14:02:06.895 1827 1936 I am_pss : [3988,10056,com.android.printspooler,3729408,2449408,0]
07-19 14:02:06.926 1827 1936 I am_pss : [4209,1000,org.cyanogenmod.cmparts,6079488,4435968,0]
07-19 14:02:06.958 1827 1936 I am_pss : [4620,10007,org.lineageos.updater,5918720,3710976,0]
07-19 14:02:06.988 1827 1936 I am_pss : [4387,10059,com.android.email,8308736,6688768,0]
07-19 14:02:07.018 1827 1936 I am_pss : [4597,1001,com.qualcomm.qcrilmsgtunnel,3865600,2674688,0]
07-19 14:02:07.049 1827 1936 I am_pss : [2455,10062,com.android.inputmethod.latin,9175040,7086080,0]
07-19 14:02:07.065 6120 6120 D AccelerometerListener: orientation: horizontal
07-19 14:02:07.065 6120 6120 I InCall : ProximitySensor - ProximitySensor{keybrd=0, dpad=0, offhook=0, hor=1, ui=1, aud=EARPIECE}
07-19 14:02:07.065 6120 6120 I InCall : ProximitySensor - Proximity wake lock already released
07-19 14:02:07.079 1827 1936 I am_pss : [4011,10058,com.android.smspush,3235840,2052096,0]
07-19 14:02:07.109 1827 1936 I am_pss : [3939,10032,org.cyanogenmod.weatherservice,3786752,2539520,0]
07-19 14:02:07.139 1827 1936 I am_pss : [3964,10003,org.cyanogenmod.audiofx,4796416,3493888,0]
07-19 14:02:07.169 1827 1936 I am_pss : [3856,10013,android.ext.services,4178944,2879488,0]
07-19 14:02:07.211 1827 1936 I am_pss : [2720,1001,com.android.phone,24586240,21098496,0]
07-19 14:02:07.241 1827 1936 I am_pss : [2658,10002,org.cyanogenmod.cmaudio.service,3569664,2355200,0]
07-19 14:02:07.316 1827 1936 I am_pss : [1827,1000,system,85354496,74559488,0]
07-19 14:02:07.318 2720 2720 D DCT : [0]screen on
07-19 14:02:07.319 2720 2720 D DCT : [0]stopNetStatPoll
07-19 14:02:07.322 2720 2720 D DCT : [1]screen on
07-19 14:02:07.322 2720 2720 D DCT : [1]stopNetStatPoll
07-19 14:02:07.322 2720 2720 D SubscriptionController: [getSubId]- numSubIds == 0, return DummySubIds slotIdx=1
07-19 14:02:07.323 2720 2720 D SubscriptionController: [getSubId]- numSubIds == 0, return DummySubIds slotIdx=1
07-19 14:02:07.332 1827 1827 I power_screen_broadcast_done: [1,1158,1]
07-19 14:02:07.335 6120 6120 D AccelerometerListener: orientation: vertical
07-19 14:02:07.335 6120 6120 I InCall : ProximitySensor - ProximitySensor{keybrd=0, dpad=0, offhook=0, hor=0, ui=1, aud=EARPIECE}
07-19 14:02:07.335 6120 6120 I InCall : ProximitySensor - Proximity wake lock already released
07-19 14:02:07.867 6120 6120 D AccelerometerListener: orientation: horizontal
07-19 14:02:07.867 6120 6120 I InCall : ProximitySensor - ProximitySensor{keybrd=0, dpad=0, offhook=0, hor=1, ui=1, aud=EARPIECE}
07-19 14:02:07.867 6120 6120 I InCall : ProximitySensor - Proximity wake lock already released
07-19 14:02:07.983 6120 6120 D AccelerometerListener: orientation: vertical
07-19 14:02:07.983 6120 6120 I InCall : ProximitySensor - ProximitySensor{keybrd=0, dpad=0, offhook=0, hor=0, ui=1, aud=EARPIECE}
07-19 14:02:07.983 6120 6120 I InCall : ProximitySensor - Proximity wake lock already released
07-19 14:02:08.954 6120 6120 I InCall : AnswerPresenter - onAnswer mCallId:[Ljava.lang.String;@a284a49phoneId:0
07-19 14:02:08.955 1827 1927 I Telecom : CallAudioManager: Invoking the MT_AUDIO_SPEEDUP mechanism. Transitioning into an active in-call audio state before connection service has connected the call.: ICA.aC(InCall package: com.android.dialer)@AJE
07-19 14:02:08.955 6120 6120 I InCall : InCallPresenter - Showing InCallActivity
07-19 14:02:08.955 1827 1927 I Telecom : Event: Call TC@1: STOP_RINGER, null: ICA.aC(InCall package: com.android.dialer)@AJE
07-19 14:02:08.956 1827 1927 I Telecom : Event: Call TC@1: REQUEST_ACCEPT, null: ICA.aC(InCall package: com.android.dialer)@AJE
07-19 14:02:08.956 1827 2836 I Telecom : CallAudioModeStateMachine: Message received: MT_AUDIO_SPEEDUP_FOR_RINGING_CALL.: ICA.aC->CAMSM.pM_2004@AJE_0
07-19 14:02:08.956 1827 6118 I Telecom : AsyncRingtonePlayer: Stop ringtone.
07-19 14:02:08.956 1827 2836 I Telecom : CallAudioModeStateMachine: Audio focus entering SIM CALL state: ICA.aC->CAMSM.pM_2004@AJE_0
07-19 14:02:08.956 1827 2836 I MediaFocusControl: AudioFocus requestAudioFocus() from uid/pid 1000/1827 clientId=AudioFocus_For_Phone_Ring_And_Calls req=2 flags=0x4
07-19 14:02:08.956 323 2617 D NuPlayerDriver: reset(0xb5dab020) at state 5
07-19 14:02:08.956 323 2617 D NuPlayerDriver: notifyListener_l(0xb5dab020), (8, 0, 0), loop setting(1, 0)
07-19 14:02:08.957 2720 2720 I phone : acceptCall: incoming...
07-19 14:02:08.957 2720 2720 D RILJ : [4333]> SET_MUTE false [SUB0]
07-19 14:02:08.957 313 540 D audio_hw_primary: adev_set_mode: mode 2
07-19 14:02:08.958 313 540 D AudioPolicyManagerCustom: setPhoneState() state 2
07-19 14:02:08.958 1827 1926 I ActivityManager: START u0 {act=android.intent.action.MAIN flg=0x10040000 cmp=com.android.dialer/com.android.incallui.InCallActivity (has extras)} from uid 10020 on display 0
07-19 14:02:08.958 1827 2833 I Telecom : CallAudioRouteStateMachine: Message received: MUTE_OFF=3002, arg1=0: ICA.aC->CARSM.pM_MUTE_OFF@AJE_1
07-19 14:02:08.959 1827 1926 I am_new_intent: [0,215352993,13,com.android.dialer/com.android.incallui.InCallActivity,android.intent.action.MAIN,NULL,NULL,277086208]
07-19 14:02:08.959 1827 2833 I Telecom : Event: Call TC@1: UNMUTE, null: ICA.aC->CARSM.pM_MUTE_OFF@AJE_1
07-19 14:02:08.960 1827 1926 I wm_task_moved: [13,1,1]
07-19 14:02:08.960 2720 2720 D RILJ : [4334]> ANSWER [SUB0]
07-19 14:02:08.962 1827 2833 I Telecom : CallAudioRouteStateMachine: setSystemAudioState: changing from [AudioState isMuted: false, route: EARPIECE, supportedRouteMask: EARPIECE, SPEAKER] to [AudioState isMuted: false, route: EARPIECE, supportedRouteMask: EARPIECE, SPEAKER]: ICA.aC->CARSM.pM_MUTE_OFF@AJE_1
07-19 14:02:08.962 1827 2833 I Telecom : CallAudioRouteStateMachine: Message received: USER_SWITCH_EARPIECE=1101, arg1=0: ICA.sAR->CARSM.pM_USER_SWITCH_EARPIECE@AJI_0
07-19 14:02:08.963 2720 2858 D RILJ : [4333]< SET_MUTE [SUB0]
07-19 14:02:08.963 1827 1926 I sysui_action: [323,com.android.dialer/com.android.incallui.InCallActivity]
07-19 14:02:08.963 1827 1926 I sysui_action: [324,true]
07-19 14:02:08.963 1827 1926 I sysui_action: [325,8142]
07-19 14:02:08.973 313 313 D audio_hw_extn: audio_extn_get_parameters: returns 
07-19 14:02:08.973 313 313 I hash_map_utils: key: 'all_call_states' value: ''
07-19 14:02:08.974 313 6168 D PermissionCache: checking android.permission.MODIFY_AUDIO_SETTINGS for uid=1001 => granted (279 us)
07-19 14:02:08.974 313 6168 D audio_hw_primary: adev_set_parameters: enter: vsid=281022464;call_state=2;call_type=UMTS
07-19 14:02:08.974 313 6168 D voice_extn: update_call_states is_call_active:0 in_call:0, mode:2
07-19 14:02:08.974 323 6138 W AMessage: failed to post message as target looper for handler 0 is gone.
07-19 14:02:08.975 2720 2858 V RILJ : [UNSL]< UNSOL_OEM_HOOK_RAW 514f454d484f4f4bf70308002a000000767369643d3238313032323436343b63616c6c5f73746174653d323b63616c6c5f747970653d554d5453 [SUB0]
07-19 14:02:08.977 323 6138 D NuPlayerDriver: notifyResetComplete(0xb5dab020)
07-19 14:02:08.977 323 2057 D NuPlayerDriver: reset(0xb5dab020) at state 0
07-19 14:02:08.980 6120 6120 I InCall : ProximitySensor - ProximitySensor{keybrd=0, dpad=0, offhook=0, hor=0, ui=0, aud=EARPIECE}
07-19 14:02:08.980 6120 6120 I InCall : ProximitySensor - Proximity wake lock already released
07-19 14:02:08.986 2720 4901 D SubscriptionController: [getSubId]- numSubIds == 0, return DummySubIds slotIdx=1
07-19 14:02:08.986 2720 2750 D SubscriptionController: [getSubId]- numSubIds == 0, return DummySubIds slotIdx=1
07-19 14:02:08.989 6120 6120 I InCall : InCallActivity - onResume()...
07-19 14:02:08.995 6120 6120 I InCall : ProximitySensor - ProximitySensor{keybrd=0, dpad=0, offhook=0, hor=0, ui=1, aud=EARPIECE}
07-19 14:02:08.995 6120 6120 I InCall : ProximitySensor - Proximity wake lock already released
07-19 14:02:09.004 2720 3393 D SubscriptionController: [getSubId]- numSubIds == 0, return DummySubIds slotIdx=1
07-19 14:02:09.005 2720 4901 D SubscriptionController: [getSubId]- numSubIds == 0, return DummySubIds slotIdx=1
07-19 14:02:09.167 313 524 D audio_hw_primary: out_set_parameters: enter: usecase(0: deep-buffer-playback) kvpairs: routing=1
07-19 14:02:09.167 313 524 D audio_hw_primary: select_devices: out_snd_device(9: voice-handset) in_snd_device(0: )
07-19 14:02:09.167 313 524 D audio_hw_primary: disable_audio_route: reset and update mixer path: deep-buffer-playback
07-19 14:02:09.174 313 524 D hardware_info: hw_info_append_hw_type : device_name = speaker
07-19 14:02:09.174 313 524 D audio_hw_primary: disable_snd_device: snd_device(2: speaker)
07-19 14:02:09.202 309 1182 I RILQ : (0/309):RIL[0][event] qcril_qmi_voice_all_call_status_ind_hdlr: call state CONVERSATION for conn id 1
07-19 14:02:09.205 2720 2858 D RILJ : [4334]< ANSWER [SUB0]
07-19 14:02:09.206 2720 2720 D RILJ : [4335]> GET_CURRENT_CALLS [SUB0]
07-19 14:02:09.242 313 524 W msm8916_platform: Codec backend bitwidth 16, samplerate 48000
07-19 14:02:09.242 313 524 W msm8916_platform: platform_check_codec_backend_cfg:Use default bw and sr for voice/voip calls 
07-19 14:02:09.242 313 524 D hardware_info: hw_info_append_hw_type : device_name = voice-handset
07-19 14:02:09.242 313 524 D audio_hw_primary: enable_snd_device: snd_device(9: voice-handset)
07-19 14:02:09.254 0 0 E : [ 8143.220473,0] wcd-spmi-core msm8x16_wcd_codec-ebfc3600: Failed to get mbhc impedance -22
07-19 14:02:09.259 313 524 W audio_hw_utils: audio_extn_utils_update_stream_app_type_cfg: App type could not be selected. Falling back to default
07-19 14:02:09.259 313 524 I audio_hw_primary: select_devices Selected apptype: 69936
07-19 14:02:09.259 313 524 D ACDB-LOADER: ACDB -> send_audio_cal, acdb_id = 7, path = 0
07-19 14:02:09.259 313 524 D ACDB-LOADER: ACDB -> send_asm_topology
07-19 14:02:09.259 313 524 D ACDB-LOADER: ACDB -> ACDB_CMD_GET_AUDPROC_STREAM_TOPOLOGY_ID
07-19 14:02:09.259 313 524 D ACDB-LOADER: ACDB -> send_adm_topology
07-19 14:02:09.259 313 524 D ACDB-LOADER: ACDB -> ACDB_CMD_GET_AUDPROC_COMMON_TOPOLOGY_ID
07-19 14:02:09.259 313 524 D ACDB-LOADER: ACDB -> send_audtable
07-19 14:02:09.259 313 524 D ACDB-LOADER: ACDB -> ACDB_CMD_GET_AUDPROC_COMMON_TABLE
07-19 14:02:09.259 313 524 D ACDB-LOADER: ACDB -> AUDIO_SET_AUDPROC_CAL
07-19 14:02:09.259 313 524 D ACDB-LOADER: ACDB -> send_audvoltable
07-19 14:02:09.259 313 524 D ACDB-LOADER: ACDB -> ACDB_CMD_GET_AUDPROC_GAIN_DEP_STEP_TABLE
07-19 14:02:09.259 313 524 D ACDB-LOADER: ACDB -> AUDIO_SET_AUDPROC_VOL_CAL
07-19 14:02:09.259 313 524 D ACDB-LOADER: ACDB -> send_afe_cal
07-19 14:02:09.259 313 524 D ACDB-LOADER: ACDB -> ACDB_CMD_GET_AFE_COMMON_TABLE
07-19 14:02:09.259 313 524 D : Failed to fetch the lookup information of the device 00000007 
07-19 14:02:09.259 313 524 D ACDB-LOADER: ACDB -> AUDIO_SET_AFE_CAL
07-19 14:02:09.259 313 524 D ACDB-LOADER: ACDB -> send_hw_delay : acdb_id = 7 path = 0
07-19 14:02:09.259 313 524 D ACDB-LOADER: ACDB -> ACDB_AVSYNC_INFO: ACDB_CMD_GET_DEVICE_PROPERTY
07-19 14:02:09.260 313 524 I audio_hw_utils: audio_extn_utils_send_app_type_cfg: PLAYBACK app_type 69936, acdb_dev_id 7, sample_rate 48000
07-19 14:02:09.260 313 524 D audio_hw_primary: enable_audio_route: apply mixer and update path: deep-buffer-playback
07-19 14:02:09.268 313 524 D audio_hw_primary: select_devices: done
07-19 14:02:09.269 313 524 D voice_extn: update_calls: enter:
