07-19 10:43:57.535 313 313 D audio_hw_primary: adev_open_input_stream: enter: sample_rate(48000) channel_mask(0xc) devices(0x80000004) stream_handle(0xb6250440) io_handle(14)
07-19 10:43:57.536 313 530 I AudioFlinger: AudioFlinger's thread 0xb54836c0 ready to run
07-19 10:43:57.536 313 313 D audio_hw_primary: adev_close_input_stream: enter:stream_handle(0xb6250440)
07-19 10:43:57.536 313 313 D audio_hw_primary: in_standby: enter: stream (0xb6250440) usecase(7: audio-record)
07-19 10:43:57.538 313 313 I bt_a2dp_hw: adev_open: adev_open in A2dp_hw module
07-19 10:43:57.538 313 313 I AudioFlinger: loadHwModule() Loaded a2dp audio interface from A2DP Audio HW HAL (audio) handle 18
07-19 10:43:57.543 313 313 I AudioFlinger: loadHwModule() Loaded usb audio interface from USB audio HW HAL (audio) handle 26
07-19 10:43:57.544 288 288 I qdutils : PartialUpdate status: Disabled
07-19 10:43:57.544 288 288 I qdutils : Left Align: 0
07-19 10:43:57.545 288 288 I qdutils : Width Align: 0
07-19 10:43:57.545 288 288 I qdutils : Top Align: 0
07-19 10:43:57.545 288 288 I qdutils : Height Align: 0
07-19 10:43:57.545 288 288 I qdutils : Min ROI Width: 0
07-19 10:43:57.545 288 288 I qdutils : Min ROI Height: 0
07-19 10:43:57.545 288 288 I qdutils : Needs ROI Merge: 0
07-19 10:43:57.545 288 288 I qdutils : Dynamic Fps: Disabled
07-19 10:43:57.545 288 288 I qdutils : Min Panel fps: 0
07-19 10:43:57.545 288 288 I qdutils : Max Panel fps: 0
07-19 10:43:57.545 288 288 E qdutils : int qdutils::getHDMINode(): Failed to open fb node 2
07-19 10:43:57.545 288 288 E qdutils : int qdutils::getHDMINode(): Failed to open fb node 3
07-19 10:43:57.545 288 288 E qdutils : int qdutils::getHDMINode(): Failed to find HDMI node
07-19 10:43:57.547 288 288 E qdutils : int qdutils::getHDMINode(): Failed to open fb node 2
07-19 10:43:57.547 288 288 E qdutils : int qdutils::getHDMINode(): Failed to open fb node 3
07-19 10:43:57.547 288 288 E qdutils : int qdutils::getHDMINode(): Failed to find HDMI node
07-19 10:43:57.548 313 313 I r_submix: adev_open(name=audio_hw_if)
07-19 10:43:57.548 313 313 I r_submix: adev_init_check()
07-19 10:43:57.548 313 313 I AudioFlinger: loadHwModule() Loaded r_submix audio interface from Wifi Display audio HAL (audio) handle 34
07-19 10:43:57.548 313 313 D r_submix: adev_open_input_stream(addr=0)
07-19 10:43:57.548 313 313 D r_submix: submix_audio_device_create_pipe_l(addr=0, idx=9)
07-19 10:43:57.548 313 313 D r_submix: now using address 0 for route 9
07-19 10:43:57.555 288 534 E qdhwcomposer: timeout_handler: HWC proc not registered
07-19 10:43:57.558 288 288 W qdcopybit: open_copybit i = 0 surface_id=-1026555902
07-19 10:43:57.558 288 288 W qdcopybit: open_copybit i = 1 surface_id=-1026555901
07-19 10:43:57.558 288 288 W qdcopybit: open_copybit i = 2 surface_id=-1026555900
07-19 10:43:57.558 288 288 W qdcopybit: open_copybit i = 3 surface_id=-1026555899
07-19 10:43:57.558 288 288 W qdcopybit: open_copybit i = 4 surface_id=-1026555898
07-19 10:43:57.558 288 288 W qdcopybit: open_copybit i = 5 surface_id=-1026555897
07-19 10:43:57.558 288 288 W qdcopybit: open_copybit i = 6 surface_id=-1026555896
07-19 10:43:57.566 0 0 I [ 6.403209,2] synaptics_dsx_sensor_state: state change STANDBY -> ACTIVE
07-19 10:43:57.558 288 288 W qdcopybit: open_copybit i = 7 surface_id=-1026555895
07-19 10:43:57.558 288 288 W qdcopybit: open_copybit i = 8 surface_id=-1026555894
07-19 10:43:57.558 288 288 W qdcopybit: open_copybit i = 9 surface_id=-1026555893
07-19 10:43:57.558 288 288 W qdcopybit: open_copybit i = 10 surface_id=-1026555892
07-19 10:43:57.558 288 288 W qdcopybit: open_copybit i = 11 surface_id=-1026555891
07-19 10:43:57.558 288 288 W qdcopybit: open_copybit i = 12 surface_id=-1026555890
07-19 10:43:57.558 288 288 W qdcopybit: open_copybit i = 13 surface_id=-1026555889
07-19 10:43:57.558 288 288 W qdcopybit: open_copybit i = 14 surface_id=-1026555888
07-19 10:43:57.558 288 288 W qdcopybit: open_copybit i = 15 surface_id=-1026555887
07-19 10:43:57.558 288 288 W qdcopybit: open_copybit i = 16 surface_id=-1026555886
07-19 10:43:57.558 288 288 W qdcopybit: open_copybit i = 17 surface_id=-1026555885
07-19 10:43:57.558 288 288 W qdcopybit: open_copybit i = 18 surface_id=-1026555884
07-19 10:43:57.558 288 288 W qdcopybit: open_copybit i = 19 surface_id=-1026555883
07-19 10:43:57.558 288 288 W qdcopybit: open_copybit i = 20 surface_id=-1026555882
07-19 10:43:57.558 288 288 W qdcopybit: open_copybit i = 21 surface_id=-1026555881
07-19 10:43:57.558 288 288 W qdcopybit: open_copybit i = 22 surface_id=-1026555880
07-19 10:43:57.558 288 288 W qdcopybit: open_copybit i = 23 surface_id=-1026555879
07-19 10:43:57.558 288 288 W qdcopybit: open_copybit i = 24 surface_id=-1026555878
07-19 10:43:57.558 288 288 W qdcopybit: open_copybit i = 25 surface_id=-1026555877
07-19 10:43:57.558 288 288 W qdcopybit: open_copybit i = 26 surface_id=-1026555876
07-19 10:43:57.558 288 288 W qdcopybit: open_copybit i = 27 surface_id=-1026555875
07-19 10:43:57.558 288 288 W qdcopybit: open_copybit i = 28 surface_id=-1026555874
07-19 10:43:57.558 288 288 W qdcopybit: open_copybit i = 29 surface_id=-1026555873
07-19 10:43:57.558 288 288 W qdcopybit: open_copybit i = 30 surface_id=-1026555872
07-19 10:43:57.558 288 288 W qdcopybit: open_copybit i = 31 surface_id=-1026555871
07-19 10:43:57.558 288 288 W qdcopybit: open_copybit: 2 Plane YUV i=0 surface_id=-1026555869
07-19 10:43:57.558 288 288 W qdcopybit: open_copybit: 2 Plane YUV i=1 surface_id=-1026555868
07-19 10:43:57.559 288 288 W qdcopybit: open_copybit: 2 Plane YUV i=2 surface_id=-1026555867
07-19 10:43:57.559 288 288 W qdcopybit: open_copybit: 2 Plane YUV i=3 surface_id=-1026555866
07-19 10:43:57.559 288 288 W qdcopybit: open_copybit: 3 Plane YUV i=0 surface_id=-1026555864
07-19 10:43:57.559 288 288 E qdhwcomposer: getPartialUpdatePref: Failed to open sysfs node: sys/class/graphics/fb0/dyn_pu
07-19 10:43:57.559 313 533 I AudioFlinger: AudioFlinger's thread 0xb5403800 ready to run
07-19 10:43:57.560 313 313 D r_submix: adev_close_input_stream()
07-19 10:43:57.560 313 313 D r_submix: submix_audio_device_release_pipe_l(idx=9) addr=0
07-19 10:43:57.560 313 313 D r_submix: submix_audio_device_destroy_pipe_l(): pipe destroyed
07-19 10:43:57.560 313 313 W APM_AudioPolicyManager: Output device 00010000 unreachable
07-19 10:43:57.560 313 313 D AudioPolicyManagerCustom: USE_XML_AUDIO_POLICY_CONF is FALSE
07-19 10:43:57.561 313 313 I RadioService: RadioService
07-19 10:43:57.561 313 313 I RadioService: onFirstRef
07-19 10:43:57.561 313 313 E RadioService: couldn't load radio module radio.primary (No such file or directory)
07-19 10:43:57.562 288 288 I qdhwcomposer: Initializing Qualcomm Hardware Composer
07-19 10:43:57.562 288 288 I qdhwcomposer: MDP version: 500
07-19 10:43:57.562 288 288 I SurfaceFlinger: Using composer version 1.5
07-19 10:43:57.562 288 288 I qdhwcomposer: hwc_registerProcs
07-19 10:43:57.562 288 288 I qdhwcomposer: Initializing UEVENT Thread
07-19 10:43:57.562 288 288 I qdhwcomposer: Initializing VSYNC Thread
07-19 10:43:57.562 288 288 D qdhwcomposer: hwc_getDisplayAttributes disp = 0, width = 720
07-19 10:43:57.562 288 288 D qdhwcomposer: hwc_getDisplayAttributes disp = 0, height = 1280
07-19 10:43:57.562 288 288 E qdhwcomposer: Unknown display attribute 6
07-19 10:43:57.562 288 288 D qdhwcomposer: hwc_getDisplayAttributes disp = 0, width = 720
07-19 10:43:57.562 288 288 D qdhwcomposer: hwc_getDisplayAttributes disp = 0, height = 1280
07-19 10:43:57.563 313 313 E SoundTriggerHwService: couldn't load sound trigger module sound_trigger.primary (No such file or directory)
07-19 10:43:57.565 288 538 I qdhwcomposer: vsync_loop: Reading event 0 for dpy 0 from /sys/class/graphics/fb0/vsync_event
07-19 10:43:57.565 288 538 I qdhwcomposer: vsync_loop: Reading event 1 for dpy 0 from /sys/class/graphics/fb0/show_blank_event
07-19 10:43:57.565 288 538 I qdhwcomposer: vsync_loop: Reading event 2 for dpy 0 from /sys/class/graphics/fb0/msm_fb_thermal_level
07-19 10:43:57.565 288 538 I qdhwcomposer: vsync_loop: Reading event 0 for dpy 1 from /sys/class/graphics/fb-1/vsync_event
07-19 10:43:57.565 288 538 I qdhwcomposer: vsync_loop: Reading event 1 for dpy 1 from /sys/class/graphics/fb-1/show_blank_event
07-19 10:43:57.565 288 538 I qdhwcomposer: vsync_loop: Reading event 2 for dpy 1 from /sys/class/graphics/fb-1/msm_fb_thermal_level
07-19 10:43:57.565 288 538 I qdhwcomposer: vsync_loop: Reading event 0 for dpy 2 from /sys/class/graphics/fb-1/vsync_event
07-19 10:43:57.565 288 538 I qdhwcomposer: vsync_loop: Reading event 1 for dpy 2 from /sys/class/graphics/fb-1/show_blank_event
07-19 10:43:57.565 288 538 I qdhwcomposer: vsync_loop: Reading event 2 for dpy 2 from /sys/class/graphics/fb-1/msm_fb_thermal_level
07-19 10:43:57.578 288 288 I SurfaceFlinger: EGL information:
07-19 10:43:57.578 288 288 I SurfaceFlinger: vendor : Android
07-19 10:43:57.578 288 288 I SurfaceFlinger: version : 1.4 Android META-EGL
07-19 10:43:57.578 288 288 I SurfaceFlinger: extensions: EGL_KHR_get_all_proc_addresses EGL_ANDROID_presentation_time EGL_KHR_swap_buffers_with_damage EGL_ANDROID_create_native_client_buffer EGL_ANDROID_front_buffer_auto_refresh EGL_KHR_image EGL_KHR_image_base EGL_KHR_lock_surface EGL_KHR_gl_texture_2D_image EGL_KHR_gl_texture_3D_image EGL_KHR_gl_texture_cubemap_image EGL_KHR_gl_renderbuffer_image EGL_KHR_fence_sync EGL_KHR_create_context EGL_EXT_create_context_robustness EGL_ANDROID_image_native_buffer EGL_KHR_wait_sync EGL_ANDROID_recordable EGL_KHR_partial_update 
07-19 10:43:57.578 288 288 I SurfaceFlinger: Client API: OpenGL_ES
07-19 10:43:57.578 288 288 I SurfaceFlinger: EGLSurface: 8-8-8-8, config=0x5
07-19 10:43:57.580 288 288 I SurfaceFlinger: OpenGL ES informations:
07-19 10:43:57.580 288 288 I SurfaceFlinger: vendor : Qualcomm
07-19 10:43:57.580 288 288 I SurfaceFlinger: renderer : Adreno (TM) 306
07-19 10:43:57.580 288 288 I SurfaceFlinger: version : OpenGL ES 3.0 V@140.0 AU@ (GIT@Ifd751822f5)
07-19 10:43:57.580 288 288 I SurfaceFlinger: extensions: GL_AMD_compressed_ATC_texture GL_AMD_performance_monitor GL_AMD_program_binary_Z400 GL_EXT_debug_label GL_EXT_debug_marker GL_EXT_discard_framebuffer GL_EXT_robustness GL_EXT_texture_format_BGRA8888 GL_EXT_texture_type_2_10_10_10_REV GL_NV_fence GL_OES_compressed_ETC1_RGB8_texture GL_OES_depth_texture GL_OES_depth24 GL_OES_EGL_image GL_OES_EGL_sync GL_OES_EGL_image_external GL_OES_element_index_uint GL_OES_fbo_render_mipmap GL_OES_fragment_precision_high GL_OES_get_program_binary GL_OES_packed_depth_stencil GL_OES_depth_texture_cube_map GL_OES_rgb8_rgba8 GL_OES_standard_derivatives GL_OES_texture_3D GL_OES_texture_float GL_OES_texture_half_float GL_OES_texture_half_float_linear GL_OES_texture_npot GL_OES_vertex_half_float GL_OES_vertex_type_10_10_10_2 GL_OES_vertex_array_object GL_QCOM_alpha_test GL_QCOM_binning_control GL_QCOM_driver_control GL_QCOM_perfmon_global_mode GL_QCOM_extended_get GL_QCOM_extended_get2 GL_QCOM_tiled_rendering GL_QCOM_writeonly_rendering GL_EXT_sRGB GL_EXT_sRGB_write_con
07-19 10:43:57.580 288 288 I SurfaceFlinger: GL_MAX_TEXTURE_SIZE = 4096
07-19 10:43:57.580 288 288 I SurfaceFlinger: GL_MAX_VIEWPORT_DIMS = 4096
07-19 10:43:57.583 288 288 I SurfaceFlinger: EGL information:
07-19 10:43:57.583 288 288 I SurfaceFlinger: vendor : Android
07-19 10:43:57.583 288 288 I SurfaceFlinger: version : 1.4 Android META-EGL
07-19 10:43:57.583 288 288 I SurfaceFlinger: extensions: EGL_KHR_get_all_proc_addresses EGL_ANDROID_presentation_time EGL_KHR_swap_buffers_with_damage EGL_ANDROID_create_native_client_buffer EGL_ANDROID_front_buffer_auto_refresh EGL_KHR_image EGL_KHR_image_base EGL_KHR_lock_surface EGL_KHR_gl_texture_2D_image EGL_KHR_gl_texture_3D_image EGL_KHR_gl_texture_cubemap_image EGL_KHR_gl_renderbuffer_image EGL_KHR_fence_sync EGL_KHR_create_context EGL_EXT_create_context_robustness EGL_ANDROID_image_native_buffer EGL_KHR_wait_sync EGL_ANDROID_recordable EGL_KHR_partial_update 
07-19 10:43:57.583 288 288 I SurfaceFlinger: Client API: OpenGL_ES
07-19 10:43:57.583 288 288 I SurfaceFlinger: EGLSurface: 8-8-8-8, config=0x5
07-19 10:43:57.819 0 0 I [ 6.652331,2] init: Service 'hw_revs' (pid 327) exited with status 0
07-19 10:43:57.917 288 288 D SurfaceFlinger: SF. shader cache generated - 26 shaders in 319.017303 ms
07-19 10:43:57.926 0 0 I [ 6.762208,2] init: Starting service 'bootanim'...
07-19 10:43:57.926 288 288 D SurfaceFlinger: Set power mode=2, type=0 flinger=0xb6932000
07-19 10:43:57.926 288 288 D qdhwcomposer: hwc_setPowerMode: Setting mode 2 on display: 0
07-19 10:43:57.926 288 288 E qdutils : int qdutils::getHDMINode(): Failed to open fb node 2
07-19 10:43:57.926 288 288 E qdutils : int qdutils::getHDMINode(): Failed to open fb node 3
07-19 10:43:57.926 288 288 E qdutils : int qdutils::getHDMINode(): Failed to find HDMI node
07-19 10:43:57.926 288 288 D qdhwcomposer: hwc_setPowerMode: Done setting mode 2 on display 0
07-19 10:43:57.926 288 538 I qdhwcomposer: handle_blank_event: dpy:0 panel power state: 1
07-19 10:43:57.926 288 538 E qdutils : int qdutils::getHDMINode(): Failed to open fb node 2
07-19 10:43:57.926 288 538 E qdutils : int qdutils::getHDMINode(): Failed to open fb node 3
07-19 10:43:57.926 288 538 E qdutils : int qdutils::getHDMINode(): Failed to find HDMI node
07-19 10:43:57.951 288 288 D qdutils : DEBUG_CALC_FPS: 0
07-19 10:43:57.951 288 288 D qdutils : period: 10
07-19 10:43:57.951 288 288 D qdutils : ignorethresh_us: 500000
07-19 10:43:58.186 0 0 W [ 7.022840,3] init.mmi.touch.sh: Error: No matching firmware file found
07-19 10:43:58.186 0 0 I [ 7.024228,2] init: Service 'mmi-touch-sh' (pid 283) exited with status 3
07-19 10:43:58.819 406 406 I chatty : uid=1001(radio) /system/bin/rild expire 5 lines
07-19 10:43:58.897 309 309 I chatty : uid=1001(radio) /system/bin/rild expire 5 lines
07-19 10:43:58.909 309 309 D RILD : RIL_Init argc = 5 clientId = 0
07-19 10:43:58.910 406 406 D RILD : RIL_Init argc = 5 clientId = 2
07-19 10:43:58.916 406 406 E RILQ : log to /data/misc/radio/ril_log for QCRIL logging is not enabled
07-19 10:43:58.916 309 309 E RILQ : log to /data/misc/radio/ril_log for QCRIL logging is not enabled
07-19 10:43:58.917 312 312 D AndroidRuntime: >>>>>> START com.android.internal.os.ZygoteInit uid 0 <<<<<<
07-19 10:43:58.917 312 312 I boot_progress_start: 7734
07-19 10:43:58.926 406 406 E RILQ : (0/406): RIL[0][rild] qmi_ril_peripheral_mng_init: Failed to register for modem
07-19 10:43:58.926 309 309 E RILQ : (0/309): RIL[0][rild] qmi_ril_peripheral_mng_init: Failed to register for modem
07-19 10:43:58.933 406 627 I chatty : uid=1001(radio) /system/bin/rild expire 2 lines
07-19 10:43:58.936 309 628 I chatty : uid=1001(radio) /system/bin/rild expire 2 lines
07-19 10:43:58.943 323 323 I chatty : uid=1013(media) /system/bin/mediaserver expire 181 lines
07-19 10:43:58.948 323 650 I chatty : uid=1013(media) /system/bin/mediaserver expire 22 lines
07-19 10:43:58.958 312 312 D AndroidRuntime: CheckJNI is OFF
07-19 10:43:58.966 0 0 I [ 7.803687,2] msm_csid_init: CSID_VERSION = 0x30010000
07-19 10:43:58.969 323 666 I chatty : uid=1013(media) /system/bin/mediaserver expire 2 lines
07-19 10:43:58.969 312 312 I art : option[0]=-Xzygote
07-19 10:43:58.969 312 312 I art : option[1]=-Xstacktracefile:/data/anr/traces.txt
07-19 10:43:58.969 312 312 I art : option[2]=exit
07-19 10:43:58.969 312 312 I art : option[3]=vfprintf
07-19 10:43:58.969 312 312 I art : option[4]=sensitiveThread
07-19 10:43:58.969 312 312 I art : option[5]=-verbose:gc
07-19 10:43:58.969 312 312 I art : option[6]=-Xms8m
07-19 10:43:58.969 312 312 I art : option[7]=-Xmx512m
07-19 10:43:58.969 312 312 I art : option[8]=-XX:HeapGrowthLimit=192m
07-19 10:43:58.969 312 312 I art : option[9]=-XX:HeapMinFree=512k
07-19 10:43:58.969 312 312 I art : option[10]=-XX:HeapMaxFree=8m
07-19 10:43:58.969 312 312 I art : option[11]=-XX:HeapTargetUtilization=0.75
07-19 10:43:58.969 312 312 I art : option[12]=-Xusejit:true
07-19 10:43:58.969 312 312 I art : option[13]=-Xjitsaveprofilinginfo
07-19 10:43:58.969 312 312 I art : option[14]=-agentlib:jdwp=transport=dt_android_adb,suspend=n,server=y
07-19 10:43:58.969 312 312 I art : option[15]=-Xlockprofthreshold:500
07-19 10:43:58.970 312 312 I art : option[16]=-Ximage-compiler-option
07-19 10:43:58.970 312 312 I art : option[17]=--runtime-arg
07-19 10:43:58.970 312 312 I art : option[18]=-Ximage-compiler-option
07-19 10:43:58.970 312 312 I art : option[19]=-Xms64m
07-19 10:43:58.970 312 312 I art : option[20]=-Ximage-compiler-option
07-19 10:43:58.970 312 312 I art : option[21]=--runtime-arg
07-19 10:43:58.970 312 312 I art : option[22]=-Ximage-compiler-option
07-19 10:43:58.970 312 312 I art : option[23]=-Xmx64m
07-19 10:43:58.970 312 312 I art : option[24]=-Ximage-compiler-option
07-19 10:43:58.970 312 312 I art : option[25]=--image-classes=/system/etc/preloaded-classes
07-19 10:43:58.970 312 312 I art : option[26]=-Ximage-compiler-option
07-19 10:43:58.970 312 312 I art : option[27]=--compiled-classes=/system/etc/compiled-classes
07-19 10:43:58.970 312 312 I art : option[28]=-Xcompiler-option
07-19 10:43:59.003 0 0 I : [ 7.836742,3] MSM-CPP cpp_init_hardware:952 CPP HW Version: 0x40000000
07-19 10:43:59.003 0 0 E : [ 7.836764,3] MSM-CPP cpp_init_hardware:973 stream_cnt:0
07-19 10:43:59.023 0 0 I : [ 7.856663,0] MSM-CPP cpp_load_fw:1110 MC Bootloader Version: 0x312e3176
07-19 10:43:59.023 0 0 E [ 7.804601,2] msm_csid_init: Failed in getting TOP gdscr regulator handle
07-19 10:43:59.023 0 0 W : [ 7.859361,2] msm_cci_ioreg_enable failed to get regulator
07-19 10:43:59.023 0 0 E [ 7.859409,2] msm_cci_init: Failed in getting TOP gdscr regulator handle
07-19 10:43:59.023 0 0 I [ 7.859801,2] msm_cci_init: 848: hw_version = 0x10000008
07-19 10:43:59.023 0 0 E [ 7.860039,2] msm_sensor_config: 1352 sensor state 1
07-19 10:43:59.023 0 0 I : [ 7.861248,0] MSM-CPP cpp_load_fw:1123 CPP FW Version: 0x10040005
07-19 10:43:58.970 312 312 I art : option[29]=--runtime-arg
07-19 10:43:58.970 312 312 I art : option[30]=-Xcompiler-option
07-19 10:43:58.970 312 312 I art : option[31]=-Xms64m
07-19 10:43:58.970 312 312 I art : option[32]=-Xcompiler-option
07-19 10:43:58.970 312 312 I art : option[33]=--runtime-arg
07-19 10:43:58.970 312 312 I art : option[34]=-Xcompiler-option
07-19 10:43:58.970 312 312 I art : option[35]=-Xmx512m
07-19 10:43:58.970 312 312 I art : option[36]=-Ximage-compiler-option
07-19 10:43:58.970 312 312 I art : option[37]=--instruction-set-variant=cortex-a53
07-19 10:43:58.970 312 312 I art : option[38]=-Xcompiler-option
07-19 10:43:58.970 312 312 I art : option[39]=--instruction-set-variant=cortex-a53
07-19 10:43:58.970 312 312 I art : option[40]=-Ximage-compiler-option
07-19 10:43:58.970 312 312 I art : option[41]=--instruction-set-features=default
07-19 10:43:58.970 312 312 I art : option[42]=-Xcompiler-option
07-19 10:43:58.970 312 312 I art : option[43]=--instruction-set-features=default
07-19 10:43:58.970 312 312 I art : option[44]=-Duser.locale=en-US
07-19 10:43:58.970 312 312 I art : option[45]=--cpu-abilist=armeabi-v7a,armeabi
07-19 10:43:58.970 312 312 I art : option[46]=-Xfingerprint:motorola/harpia/harpia:6.0.1/MPI24.241-15.3/3:user/release-keys
07-19 10:43:58.976 328 679 E mm-camera: isp_tintless_get_version: lib returned version 3.61 err=0
07-19 10:43:58.978 328 671 E mm-camera-sensor: eeprom_load_library:738 e_ctrl->eeprom_lib.func_tbl =0xb6e7f014
07-19 10:43:58.978 328 671 E mm-camera-sensor: sunny_f8v03t_format_wbdata:349 AWB_FLAG = 0x40
07-19 10:43:58.978 328 671 E mm-camera-sensor: sunny_f8v03t_format_wbdata:358 group = 0x0
07-19 10:43:58.978 328 671 E mm-camera-sensor: sunny_f8v03t_format_wbdata:365 temp = 0xb8
07-19 10:43:58.978 328 671 E mm-camera-sensor: sunny_f8v03t_format_wbdata:366 e_ctrl->eeprom_params.buffer[33] = 0x45
07-19 10:43:58.978 328 671 E mm-camera-sensor: sunny_f8v03t_format_wbdata:367 e_ctrl->eeprom_params.buffer[34] = 0x50
07-19 10:43:58.978 328 671 E mm-camera-sensor: sunny_f8v03t_format_wbdata:392 R_G: 0.542969 B_G: 0.630859 GR_GB: 1.000000
07-19 10:43:58.978 328 671 E mm-camera-sensor: sunny_f8v03t_format_wbdata:392 R_G: 0.542969 B_G: 0.630859 GR_GB: 1.000000
07-19 10:43:58.978 328 671 E mm-camera-sensor: sunny_f8v03t_format_wbdata:392 R_G: 0.542969 B_G: 0.630859 GR_GB: 1.000000
07-19 10:43:58.978 328 671 E mm-camera-sensor: sunny_f8v03t_format_wbdata:392 R_G: 0.542969 B_G: 0.630859 GR_GB: 1.000000
07-19 10:43:58.978 328 671 E mm-camera-sensor: sunny_f8v03t_format_wbdata:392 R_G: 0.542969 B_G: 0.630859 GR_GB: 1.000000
07-19 10:43:58.978 328 671 E mm-camera-sensor: sunny_f8v03t_format_wbdata:392 R_G: 0.542969 B_G: 0.630859 GR_GB: 1.000000
07-19 10:43:58.979 328 671 E mm-camera-sensor: sunny_f8v03t_format_wbdata:392 R_G: 0.542969 B_G: 0.630859 GR_GB: 1.000000
07-19 10:43:58.979 328 671 E mm-camera-sensor: sunny_f8v03t_format_wbdata:392 R_G: 0.542969 B_G: 0.630859 GR_GB: 1.000000
07-19 10:43:58.979 328 671 E mm-camera-sensor: sunny_f8v03t_format_wbdata:392 R_G: 0.542969 B_G: 0.630859 GR_GB: 1.000000
07-19 10:43:58.979 328 671 E mm-camera-sensor: sunny_f8v03t_format_wbdata:392 R_G: 0.542969 B_G: 0.630859 GR_GB: 1.000000
07-19 10:43:58.979 328 671 E mm-camera-sensor: sunny_f8v03t_format_wbdata:392 R_G: 0.542969 B_G: 0.630859 GR_GB: 1.000000
07-19 10:43:58.979 328 671 E mm-camera-sensor: sunny_f8v03t_format_wbdata:392 R_G: 0.542969 B_G: 0.630859 GR_GB: 1.000000
07-19 10:43:58.979 328 671 E mm-camera-sensor: sunny_f8v03t_format_lensshading:418 LSC_FLAG = 0x40
07-19 10:43:58.979 328 671 E mm-camera-sensor: sunny_f8v03t_format_lensshading:428 group = 0x0
07-19 10:43:58.979 328 671 E mm-camera-sensor: sunny_f8v03t_format_lensshading:457 0x5800:0x15
07-19 10:43:58.979 328 671 E mm-camera-sensor: sunny_f8v03t_format_lensshading:457 0x5801:0xf
07-19 10:43:58.979 328 671 E mm-camera-sensor: sunny_f8v03t_format_lensshading:457 0x5802:0xc
07-19 10:43:58.979 328 671 E mm-camera-sensor: sunny_f8v03t_format_lensshading:457 0x5803:0xc
07-19 10:43:58.979 328 671 E mm-camera-sensor: sunny_f8v03t_format_lensshading:457 0x5804:0xf
07-19 10:43:58.979 328 671 E mm-camera-sensor: sunny_f8v03t_format_lensshading:457 0x5805:0x15
07-19 10:43:58.979 328 671 E mm-camera-sensor: sunny_f8v03t_format_lensshading:457 0x5806:0xb
07-19 10:43:58.979 328 671 E mm-camera-sensor: sunny_f8v03t_format_lensshading:457 0x5807:0x6
07-19 10:43:58.979 328 671 E mm-camera-sensor: sunny_f8v03t_format_lensshading:457 0x5808:0x4
07-19 10:43:58.979 328 671 E mm-camera-sensor: sunny_f8v03t_format_lensshading:457 0x5809:0x4
07-19 10:43:58.979 328 671 E mm-camera-sensor: sunny_f8v03t_format_lensshading:457 0x580a:0x6
07-19 10:43:58.979 328 671 E mm-camera-sensor: sunny_f8v03t_format_lensshading:457 0x580b:0xb
07-19 10:43:58.979 328 671 E mm-camera-sensor: sunny_f8v03t_format_lensshading:457 0x580c:0x6
07-19 10:43:58.979 328 671 E mm-camera-sensor: sunny_f8v03t_format_lensshading:457 0x580d:0x2
07-19 10:43:58.979 328 671 E mm-camera-sensor: sunny_f8v03t_format_lensshading:457 0x580e:0x1
07-19 10:43:58.979 328 671 E mm-camera-sensor: sunny_f8v03t_format_lensshading:457 0x580f:0x1
07-19 10:43:58.979 328 671 E mm-camera-sensor: sunny_f8v03t_format_lensshading:457 0x5810:0x2
07-19 10:43:58.979 328 671 E mm-camera-sensor: sunny_f8v03t_format_lensshading:457 0x5811:0x6
07-19 10:43:58.979 328 671 E mm-camera-sensor: sunny_f8v03t_format_lensshading:457 0x5812:0x6
07-19 10:43:58.979 328 671 E mm-camera-sensor: sunny_f8v03t_format_lensshading:457 0x5813:0x2
07-19 10:43:58.979 328 671 E mm-camera-sensor: sunny_f8v03t_format_lensshading:457 0x5814:0x1
07-19 10:43:58.979 328 671 E mm-camera-sensor: sunny_f8v03t_format_lensshading:457 0x5815:0x1
07-19 10:43:58.979 328 671 E mm-camera-sensor: sunny_f8v03t_format_lensshading:457 0x5816:0x2
07-19 10:43:58.979 328 671 E mm-camera-sensor: sunny_f8v03t_format_lensshading:457 0x5817:0x6
07-19 10:43:58.979 328 671 E mm-camera-sensor: sunny_f8v03t_format_lensshading:457 0x5818:0xa
07-19 10:43:58.979 328 671 E mm-camera-sensor: sunny_f8v03t_format_lensshading:457 0x5819:0x6
07-19 10:43:58.979 328 671 E mm-camera-sensor: sunny_f8v03t_format_lensshading:457 0x581a:0x3
07-19 10:43:58.979 328 671 E mm-camera-sensor: sunny_f8v03t_format_lensshading:457 0x581b:0x3
07-19 10:43:58.979 328 671 E mm-camera-sensor: sunny_f8v03t_format_lensshading:457 0x581c:0x5
07-19 10:43:58.979 328 671 E mm-camera-sensor: sunny_f8v03t_format_lensshading:457 0x581d:0xb
07-19 10:43:58.979 328 671 E mm-camera-sensor: sunny_f8v03t_format_lensshading:457 0x581e:0x15
07-19 10:43:58.979 328 671 E mm-camera-sensor: sunny_f8v03t_format_lensshading:457 0x581f:0xf
07-19 10:43:58.979 328 671 E mm-camera-sensor: sunny_f8v03t_format_lensshading:457 0x5820:0xc
07-19 10:43:58.979 328 671 E mm-camera-sensor: sunny_f8v03t_format_lensshading:457 0x5821:0xc
07-19 10:43:58.979 328 671 E mm-camera-sensor: sunny_f8v03t_format_lensshading:457 0x5822:0xf
07-19 10:43:58.979 328 671 E mm-camera-sensor: sunny_f8v03t_format_lensshading:457 0x5823:0x15
07-19 10:43:58.979 328 671 E mm-camera-sensor: sunny_f8v03t_format_lensshading:457 0x5824:0x12
07-19 10:43:58.979 328 671 E mm-camera-sensor: sunny_f8v03t_format_lensshading:457 0x5825:0x5
07-19 10:43:58.979 328 671 E mm-camera-sensor: sunny_f8v03t_format_lensshading:457 0x5826:0x7
07-19 10:43:58.979 328 671 E mm-camera-sensor: sunny_f8v03t_format_lensshading:457 0x5827:0x15
07-19 10:43:58.979 328 671 E mm-camera-sensor: sunny_f8v03t_format_lensshading:457 0x5828:0x2
07-19 10:43:58.979 328 671 E mm-camera-sensor: sunny_f8v03t_format_lensshading:457 0x5829:0x15
07-19 10:43:58.979 328 671 E mm-camera-sensor: sunny_f8v03t_format_lensshading:457 0x582a:0x4
07-19 10:43:58.979 328 671 E mm-camera-sensor: sunny_f8v03t_format_lensshading:457 0x582b:0x13
07-19 10:43:58.979 328 671 E mm-camera-sensor: sunny_f8v03t_format_lensshading:457 0x582c:0x4
07-19 10:43:58.979 328 671 E mm-camera-sensor: sunny_f8v03t_format_lensshading:457 0x582d:0x5
07-19 10:43:58.979 328 671 E mm-camera-sensor: sunny_f8v03t_format_lensshading:457 0x582e:0x6
07-19 10:43:58.979 328 671 E mm-camera-sensor: sunny_f8v03t_format_lensshading:457 0x582f:0x11
07-19 10:43:58.979 328 671 E mm-camera-sensor: sunny_f8v03t_format_lensshading:457 0x5830:0x10
07-19 10:43:58.979 328 671 E mm-camera-sensor: sunny_f8v03t_format_lensshading:457 0x5831:0x11
07-19 10:43:58.979 328 671 E mm-camera-sensor: sunny_f8v03t_format_lensshading:457 0x5832:0x5
07-19 10:43:58.979 328 671 E mm-camera-sensor: sunny_f8v03t_format_lensshading:457 0x5833:0x5
07-19 10:43:58.979 328 671 E mm-camera-sensor: sunny_f8v03t_format_lensshading:457 0x5834:0x4
07-19 10:43:58.979 328 671 E mm-camera-sensor: sunny_f8v03t_format_lensshading:457 0x5835:0x3
07-19 10:43:58.980 328 671 E mm-camera-sensor: sunny_f8v03t_format_lensshading:457 0x5836:0x4
07-19 10:43:58.980 328 671 E mm-camera-sensor: sunny_f8v03t_format_lensshading:457 0x5837:0x5
07-19 10:43:58.980 328 671 E mm-camera-sensor: sunny_f8v03t_format_lensshading:457 0x5838:0x13
07-19 10:43:58.980 328 671 E mm-camera-sensor: sunny_f8v03t_format_lensshading:457 0x5839:0x15
07-19 10:43:58.980 328 671 E mm-camera-sensor: sunny_f8v03t_format_lensshading:457 0x583a:0x7
07-19 10:43:58.980 328 671 E mm-camera-sensor: sunny_f8v03t_format_lensshading:457 0x583b:0x5
07-19 10:43:58.980 328 671 E mm-camera-sensor: sunny_f8v03t_format_lensshading:457 0x583c:0x12
07-19 10:43:58.980 328 671 E mm-camera-sensor: sunny_f8v03t_format_lensshading:457 0x583d:0xff
07-19 10:43:58.980 328 671 E mm-camera-sensor: sunny_f8v03t_format_afdata:482 AFC_FLAG = 0x40
07-19 10:43:58.980 328 671 E mm-camera-sensor: sunny_f8v03t_format_afdata:492 group = 0x0
07-19 10:43:58.980 328 671 E mm-camera-sensor: sunny_f8v03t_format_afdata:509 infinity, macro: 178, 562
07-19 10:43:58.980 328 671 E mm-camera-sensor: sunny_f8v03t_format_afdata:510 AFC dir: horizontal
07-19 10:43:58.980 328 671 E mm-camera-sensor: eeprom_get_module_info:689 Enter
07-19 10:43:58.980 328 671 E mm-camera-sensor: sunny_f8v03t_get_module_info:528 module info FLAG = 0x40
07-19 10:43:58.980 328 671 E mm-camera-sensor: sunny_f8v03t_get_module_info:537 group = 0x0
07-19 10:43:58.980 328 671 E mm-camera-sensor: sunny_f8v03t_get_module_info:546 module_info manufacturer id: 7
07-19 10:43:58.980 328 671 E mm-camera-sensor: eeprom_get_module_info:692 Exit
07-19 10:43:58.980 328 671 E mm-camera-sensor: module_sensor_init_session:578 manufacturer id: 7
07-19 10:43:58.980 328 671 E mm-camera-sensor: module_sensor_init_session:584 SENSOR_SET_MODULE_INFO success~
07-19 10:43:58.985 328 694 E mm-camera-img: module_imglib_start_session:1474 ###Img_Loglevel 0
07-19 10:43:58.986 328 699 E mm-camera: module_drsd_start_session:1203] E
07-19 10:43:58.986 328 699 E mm-camera: module_drsd_start_session:1224] X rc = 0
07-19 10:43:59.027 328 691 D mm-camera: c2d_module_start_session:345, info: starting session 1
07-19 10:43:59.029 328 716 D mm-camera: c2d_thread_func:45: c2d_thread entering the polling loop... thread_id is 716
07-19 10:43:59.031 328 691 D mm-camera: c2d_module_start_session:419, info: session 1 started.
07-19 10:43:59.104 328 671 E mm-camera: moto_led_calibration_read_eeprom:348 open /sys/devices/w1_bus_master1/w1_master_search failed (No such file or directory)
07-19 10:43:59.105 328 671 E mm-camera: moto_led_calibration_read_write_led_cal:493 open /pds/camera/ledcal/rear failed (No such file or directory)
07-19 10:43:59.126 328 671 E mm-camera-sensor: actuator_load_lib:872 name=l8865aa0_dw9718s, mode=camera
07-19 10:43:59.129 328 671 E mm-camera-sensor: actuator_load_lib:872 name=l8865aa0_dw9718s, mode=camcorder
07-19 10:43:59.130 328 671 E mm-camera-sensor: eeprom_do_af_calibration:650 turn on Cal af(1)
07-19 10:43:59.131 328 328 E hdr : ConfigHdrFramesTag: module_hdr_lib_query_mod: initial hdr frame count = 3
07-19 10:43:59.131 328 328 E mm-camera: Tuning lib open failed: dlopen failed: library "libmmcamera_tuning.so" not found
07-19 10:43:59.135 328 719 E hdr : ConfigHdrFramesTag: module_hdr_lib_query_mod: initial hdr frame count = 3
07-19 10:43:59.193 298 367 I ThermalEngine: Thermal-Server: Adding thermal event listener on fd 37
07-19 10:43:59.194 323 726 I chatty : uid=1013(media) /system/bin/mediaserver expire 4 lines
07-19 10:43:59.211 298 367 I ThermalEngine: Thermal-Server: removing client on fd 37
07-19 10:43:59.213 567 735 D libEGL : loaded /vendor/lib/egl/libEGL_adreno.so
07-19 10:43:59.216 0 0 E [ 8.052432,0] msm_post_event: timeout cannot be negative Line 736
07-19 10:43:59.222 323 741 I chatty : uid=1013(media) /system/bin/mediaserver expire 1 line
07-19 10:43:59.222 323 739 I chatty : uid=1013(media) /system/bin/mediaserver expire 1 line
07-19 10:43:59.226 328 744 D mm-camera: c2d_module_stop_session:435, info: stopping session 1 ...
07-19 10:43:59.226 328 716 D mm-camera: c2d_thread_process_pipe_message:737, C2D_THREAD_MSG_ABORT: c2d_thread exiting..
07-19 10:43:59.227 328 744 D mm-camera: c2d_module_stop_session:479, info: session 1 stopped.
07-19 10:43:59.229 328 328 E mm-camera: mct_pipeline_stop_session: left modules: 7
07-19 10:43:59.229 328 328 E mm-camera: mct_pipeline_stop_session: left modules: 6
07-19 10:43:59.229 328 328 E mm-camera: mct_pipeline_stop_session: left modules: 5
07-19 10:43:59.229 328 328 E mm-camera: mct_pipeline_stop_session: left modules: 4
07-19 10:43:59.229 328 328 E mm-camera: mct_pipeline_stop_session: left modules: 3
07-19 10:43:59.229 328 328 E mm-camera: mct_pipeline_stop_session: left modules: 2
07-19 10:43:59.229 328 328 E mm-camera: mct_pipeline_stop_session: left modules: 1
07-19 10:43:59.239 328 718 E mm-camera: Got some events
07-19 10:43:59.239 328 328 E mm-camera: mct_pipeline_stop_session: left modules: 0
07-19 10:43:59.243 0 0 E [ 8.076921,0] msm_sensor_config: 1379 sensor state 0
07-19 10:43:59.243 0 0 I [ 8.080424,0] msm_csid_init: CSID_VERSION = 0x30010000
07-19 10:43:59.240 567 735 D libEGL : loaded /vendor/lib/egl/libGLESv1_CM_adreno.so
07-19 10:43:59.245 328 750 E mm-camera: isp_tintless_get_version: lib returned version 3.61 err=0
07-19 10:43:59.254 328 755 E mm-camera-img: module_imglib_start_session:1474 ###Img_Loglevel 0
07-19 10:43:59.254 328 756 E mm-camera: module_drsd_start_session:1203] E
07-19 10:43:59.255 328 748 E mm-camera-sensor: eeprom_load_library:738 e_ctrl->eeprom_lib.func_tbl =0xb6e7c004
07-19 10:43:59.255 328 748 E mm-camera-sensor: sunny_d5v16b_format_wbdata:262 AWB_FLAG = 0x40
07-19 10:43:59.255 328 748 E mm-camera-sensor: sunny_d5v16b_format_wbdata:271 group = 0x0
07-19 10:43:59.255 328 748 E mm-camera-sensor: sunny_d5v16b_format_wbdata:278 offset = 0xd
07-19 10:43:59.255 328 748 E mm-camera-sensor: sunny_d5v16b_format_wbdata:280 temp = 0x20
07-19 10:43:59.255 328 748 E mm-camera-sensor: sunny_d5v16b_format_wbdata:281 e_ctrl->eeprom_params.buffer[15] = 0x5b
07-19 10:43:59.255 328 748 E mm-camera-sensor: sunny_d5v16b_format_wbdata:282 e_ctrl->eeprom_params.buffer[16] = 0x52
07-19 10:43:59.255 328 748 E mm-camera-sensor: sunny_d5v16b_format_wbdata:303 R_G: 0.710938 B_G: 0.644531 GR_GB: 1.000000
07-19 10:43:59.255 328 748 E mm-camera-sensor: sunny_d5v16b_format_wbdata:303 R_G: 0.710938 B_G: 0.644531 GR_GB: 1.000000
07-19 10:43:59.255 328 748 E mm-camera-sensor: sunny_d5v16b_format_wbdata:303 R_G: 0.710938 B_G: 0.644531 GR_GB: 1.000000
07-19 10:43:59.255 328 748 E mm-camera-sensor: sunny_d5v16b_format_wbdata:303 R_G: 0.710938 B_G: 0.644531 GR_GB: 1.000000
07-19 10:43:59.255 328 748 E mm-camera-sensor: sunny_d5v16b_format_wbdata:303 R_G: 0.710938 B_G: 0.644531 GR_GB: 1.000000
07-19 10:43:59.256 328 748 E mm-camera-sensor: sunny_d5v16b_format_wbdata:303 R_G: 0.710938 B_G: 0.644531 GR_GB: 1.000000
07-19 10:43:59.256 328 748 E mm-camera-sensor: sunny_d5v16b_format_wbdata:303 R_G: 0.710938 B_G: 0.644531 GR_GB: 1.000000
07-19 10:43:59.256 328 748 E mm-camera-sensor: sunny_d5v16b_format_wbdata:303 R_G: 0.710938 B_G: 0.644531 GR_GB: 1.000000
07-19 10:43:59.256 328 748 E mm-camera-sensor: sunny_d5v16b_format_wbdata:303 R_G: 0.710938 B_G: 0.644531 GR_GB: 1.000000
07-19 10:43:59.256 328 748 E mm-camera-sensor: sunny_d5v16b_format_wbdata:303 R_G: 0.710938 B_G: 0.644531 GR_GB: 1.000000
07-19 10:43:59.256 328 748 E mm-camera-sensor: sunny_d5v16b_format_wbdata:303 R_G: 0.710938 B_G: 0.644531 GR_GB: 1.000000
07-19 10:43:59.256 328 748 E mm-camera-sensor: sunny_d5v16b_format_wbdata:303 R_G: 0.710938 B_G: 0.644531 GR_GB: 1.000000
07-19 10:43:59.256 328 748 E mm-camera-sensor: sunny_d5v16b_get_sensor_serial:350 sensor serial[0]=95
07-19 10:43:59.256 328 748 E mm-camera-sensor: sunny_d5v16b_get_sensor_serial:350 sensor serial[1]=b4
07-19 10:43:59.256 328 748 E mm-camera-sensor: sunny_d5v16b_get_sensor_serial:350 sensor serial[2]=2b
07-19 10:43:59.256 328 748 E mm-camera-sensor: sunny_d5v16b_get_sensor_serial:350 sensor serial[3]=24
07-19 10:43:59.256 328 748 E mm-camera-sensor: sunny_d5v16b_get_sensor_serial:350 sensor serial[4]=84
07-19 10:43:59.256 328 748 E mm-camera-sensor: sunny_d5v16b_get_sensor_serial:350 sensor serial[5]=c2
07-19 10:43:59.256 328 748 E mm-camera-sensor: sunny_d5v16b_get_sensor_serial:350 sensor serial[6]=2e
07-19 10:43:59.256 328 748 E mm-camera-sensor: sunny_d5v16b_get_sensor_serial:350 sensor serial[7]=1c
07-19 10:43:59.256 328 748 E mm-camera-sensor: sunny_d5v16b_get_sensor_serial:350 sensor serial[8]=0
07-19 10:43:59.256 328 748 E mm-camera-sensor: eeprom_get_module_info:689 Enter
07-19 10:43:59.256 328 748 E mm-camera-sensor: sunny_d5v16b_get_module_info:321 MODULE_INFO FLAG = 0x40
07-19 10:43:59.256 328 748 E mm-camera-sensor: sunny_d5v16b_get_module_info:330 group = 0x0
07-19 10:43:59.256 328 748 E mm-camera-sensor: sunny_d5v16b_get_module_info:338 module_info manufacturer id: 7
07-19 10:43:59.256 328 748 E mm-camera-sensor: eeprom_get_module_info:692 Exit
07-19 10:43:59.256 328 748 E mm-camera-sensor: module_sensor_init_session:578 manufacturer id: 7
07-19 10:43:59.256 328 748 E mm-camera-sensor: module_sensor_init_session:584 SENSOR_SET_MODULE_INFO success~
07-19 10:43:59.257 328 756 E mm-camera: module_drsd_start_session:1224] X rc = 0
07-19 10:43:59.269 0 0 I : [ 8.103190,0] MSM-CPP cpp_init_hardware:952 CPP HW Version: 0x40000000
07-19 10:43:59.269 0 0 E : [ 8.103211,0] MSM-CPP cpp_init_hardware:973 stream_cnt:0
07-19 10:43:59.265 567 735 D libEGL : loaded /vendor/lib/egl/libGLESv2_adreno.so
07-19 10:43:59.269 312 312 D ICU : No timezone override file found: /data/misc/zoneinfo/current/icu/icu_tzdata.dat
07-19 10:43:59.286 567 735 I Adreno-EGL: : EGL 1.4 QUALCOMM build: (Ifd751822f5)
07-19 10:43:59.286 567 735 I Adreno-EGL: OpenGL ES Shader Compiler Version: XE031.06.00.05
07-19 10:43:59.286 567 735 I Adreno-EGL: Build Date: 01/26/16 Tue 07-19 10:43:59.286 567 735 I Adreno-EGL: Local Branch: AU12_SBA
07-19 10:43:59.286 567 735 I Adreno-EGL: Remote Branch: 
07-19 10:43:59.286 567 735 I Adreno-EGL: Local Patches: 
07-19 10:43:59.286 567 735 I Adreno-EGL: Reconstruct Branch: 
07-19 10:43:59.286 0 0 I : [ 8.123272,0] MSM-CPP cpp_load_fw:1110 MC Bootloader Version: 0x312e3176
07-19 10:43:59.290 0 0 E [ 8.080989,0] msm_csid_init: Failed in getting TOP gdscr regulator handle
07-19 10:43:59.290 0 0 W : [ 8.127823,0] msm_cci_ioreg_enable failed to get regulator
07-19 10:43:59.290 0 0 E [ 8.127932,0] msm_cci_init: Failed in getting TOP gdscr regulator handle
07-19 10:43:59.290 0 0 I [ 8.128308,0] msm_cci_init: 848: hw_version = 0x10000008
07-19 10:43:59.290 0 0 I : [ 8.128562,0] MSM-CPP cpp_load_fw:1123 CPP FW Version: 0x10040005
07-19 10:43:59.290 0 0 E [ 8.128787,0] msm_sensor_config: 1352 sensor state 1
07-19 10:43:59.293 328 754 D mm-camera: c2d_module_start_session:345, info: starting session 2
07-19 10:43:59.297 328 754 D mm-camera: c2d_module_start_session:419, info: session 2 started.
07-19 10:43:59.298 328 765 D mm-camera: c2d_thread_func:45: c2d_thread entering the polling loop... thread_id is 765
07-19 10:43:59.355 328 748 E mm-camera: moto_led_calibration_read_write_led_cal:493 open /pds/camera/ledcal/front failed (No such file or directory)
07-19 10:43:59.356 328 328 E mm-camera-sensor: module_sensor_query_mod:4641 led flash is not supported for this sensor.
07-19 10:43:59.356 328 328 E hdr : ConfigHdrFramesTag: module_hdr_lib_query_mod: initial hdr frame count = 3
07-19 10:43:59.357 328 328 E mm-camera: Tuning lib open failed: dlopen failed: library "libmmcamera_tuning.so" not found
07-19 10:43:59.362 328 768 E mm-camera-sensor: module_sensor_query_mod:4641 led flash is not supported for this sensor.
07-19 10:43:59.362 328 768 E hdr : ConfigHdrFramesTag: module_hdr_lib_query_mod: initial hdr frame count = 3
07-19 10:43:59.372 323 323 D QCameraParameters: int32_t qcamera::QCameraParameters::setNumOfSnapshot(): nBurstNum = 1, nExpnum = 1
07-19 10:43:59.373 323 323 I QCameraHalWatchdog: Stopped Watchdog Thread...
07-19 10:43:59.374 323 323 I Thermal-Lib: Thermal-Lib-Client: Registraion successful for camera with handle:1
07-19 10:43:59.374 323 323 E CameraBgProcService: setHalCallback: ERROR: Callback not set
07-19 10:43:59.374 323 323 E CameraBgProcService: setVfwCallback: ERROR: Callback not set
07-19 10:43:59.374 323 323 E CameraBgProcService: setSWFlashCallback: ERROR: Callback not set
07-19 10:43:59.374 323 323 E CameraBgProcService: setHalTouchCallback: ERROR: Callback not set
07-19 10:43:59.375 298 367 I ThermalEngine: Thermal-Server: Adding thermal event listener on fd 37
07-19 10:43:59.375 323 739 I QCamera2HWI: getParameters standard
07-19 10:43:59.376 323 775 I Thermal-Lib: Thermal-Lib-Client: Client received msg camera 0
07-19 10:43:59.376 323 775 D QCamera2HWI: virtual int qcamera::QCamera2HardwareInterface::thermalEvtHandle(qcamera::qcamera_thermal_level_enum_t, void*, void*): level = 0, userdata = 0x0, data = 0x0
07-19 10:43:59.376 323 739 E QCameraStateMachine: int32_t qcamera::QCameraStateMachine::procEvtPreviewStoppedState(qcamera::qcamera_sm_evt_enum_t, void*): cannot handle thermal evt(32) in state(0)
07-19 10:43:59.378 323 775 I Thermal-Lib: Thermal-Lib-Client: Client received msg camcorder 0
07-19 10:43:59.378 323 775 E Thermal-Lib: Thermal-Lib-Client: No Callback registered for camcorder
07-19 10:43:59.378 323 323 I QCameraHalWatchdog: Starting Watchdog Thread...
07-19 10:43:59.378 323 323 I QCameraHalWatchdog: Stopped Watchdog Thread...
07-19 10:43:59.378 323 323 I QCameraHalWatchdog: Starting Watchdog Thread...
07-19 10:43:59.379 323 323 D QCamera2HWI: [KPI Perf] static void qcamera::QCamera2HardwareInterface::stop_preview(camera_device*): E PROFILE_STOP_PREVIEW
07-19 10:43:59.379 323 739 D QCameraStateMachine: int32_t qcamera::QCameraStateMachine::procEvtPreviewStoppedState(qcamera::qcamera_sm_evt_enum_t, void*): already in preview stopped state, do nothing
07-19 10:43:59.379 323 323 D QCamera2HWI: [KPI Perf] static void qcamera::QCamera2HardwareInterface::stop_preview(camera_device*): X
07-19 10:43:59.379 323 323 I QCameraHalWatchdog: Stopped Watchdog Thread...
07-19 10:43:59.379 323 323 I QCameraHalWatchdog: Starting Watchdog Thread...
07-19 10:43:59.379 323 323 I QCameraHalWatchdog: Stopped Watchdog Thread...
07-19 10:43:59.380 323 323 I QCameraHalWatchdog: Starting Watchdog Thread...
07-19 10:43:59.380 323 323 I QCameraHalWatchdog: Stopped Watchdog Thread...
07-19 10:43:59.380 323 323 I CameraFlashlight: Destroying camera 1
07-19 10:43:59.380 323 323 I QCameraHalWatchdog: Starting Watchdog Thread...
07-19 10:43:59.380 323 323 D QCamera2HWI: [KPI Perf] static int qcamera::QCamera2HardwareInterface::close_camera_device(hw_device_t*): E
07-19 10:43:59.380 323 323 D QCamera2HWI: virtual qcamera::QCamera2HardwareInterface::~QCamera2HardwareInterface(): E
07-19 10:43:59.381 323 741 D QCamera2HWI: static void* qcamera::QCamera2HardwareInterface::defferedWorkRoutine(void*): stop data proc
07-19 10:43:59.382 323 323 D QCamera2HWI: int qcamera::QCamera2HardwareInterface::closeCamera(): E
07-19 10:43:59.384 323 323 D QCameraParameters: void qcamera::QCameraParameters::deinit(): line = 7363
07-19 10:43:59.386 323 323 E qomx_image_core: OMX_Deinit:119] Complete
07-19 10:43:59.386 323 323 E QCameraPostProc: int32_t qcamera::QCameraPostProcessor::deinit(): Jpeg closed, rc = 0, mJpegClientHandle = 200
07-19 10:43:59.386 298 367 I ThermalEngine: Thermal-Server: removing client on fd 37
07-19 10:43:59.386 323 323 I Thermal-Lib: Thermal-Lib-Client: Unregisteration is successfull for handle:1
07-19 10:43:59.388 323 323 D QCamera2HWI: int qcamera::QCamera2HardwareInterface::closeCamera(): X
07-19 10:43:59.389 0 0 E [ 8.226814,2] msm_post_event: timeout cannot be negative Line 736
07-19 10:43:59.389 323 323 D QCamera2HWI: virtual qcamera::QCamera2HardwareInterface::~QCamera2HardwareInterface(): X
07-19 10:43:59.389 323 739 D QCameraStateMachine: static void* qcamera::QCameraStateMachine::smEvtProcRoutine(void*): X
07-19 10:43:59.390 323 323 D QCamera2HWI: [KPI Perf] static int qcamera::QCamera2HardwareInterface::close_camera_device(hw_device_t*): X
07-19 10:43:59.390 323 323 I QCameraHalWatchdog: Stopped Watchdog Thread...
07-19 10:43:59.392 323 323 I ServiceManager: Waiting for service media.camera.proxy...
07-19 10:43:59.395 328 786 D mm-camera: c2d_module_stop_session:435, info: stopping session 2 ...
07-19 10:43:59.395 328 765 D mm-camera: c2d_thread_process_pipe_message:737, C2D_THREAD_MSG_ABORT: c2d_thread exiting..
07-19 10:43:59.401 328 786 D mm-camera: c2d_module_stop_session:479, info: session 2 stopped.
07-19 10:43:59.402 328 328 E mm-camera: mct_pipeline_stop_session: left modules: 7
07-19 10:43:59.402 328 328 E mm-camera: mct_pipeline_stop_session: left modules: 6
07-19 10:43:59.402 328 328 E mm-camera: mct_pipeline_stop_session: left modules: 5
07-19 10:43:59.402 328 328 E mm-camera: mct_pipeline_stop_session: left modules: 4
07-19 10:43:59.402 328 328 E mm-camera: mct_pipeline_stop_session: left modules: 3
07-19 10:43:59.402 328 328 E mm-camera: mct_pipeline_stop_session: left modules: 2
07-19 10:43:59.402 328 328 E mm-camera: mct_pipeline_stop_session: left modules: 1
07-19 10:43:59.409 328 328 E mm-camera: mct_pipeline_stop_session: left modules: 0
07-19 10:43:59.409 0 0 E [ 8.246880,0] msm_sensor_config: 1379 sensor state 0
07-19 10:43:59.409 328 767 E mm-camera: Got some events
07-19 10:43:59.449 288 288 D MDP_SCALE: Debug enabled = 0, Max mixer width= 2048
07-19 10:43:59.456 0 0 I [ 8.294430,2] mdss_dsi_on+: ctrl=eb501010 ndx=0
07-19 10:43:59.456 0 0 I [ 8.294446,2] mdss_dsi_on-: 
07-19 10:43:59.623 312 312 I Radio-JNI: register_android_hardware_Radio DONE
07-19 10:43:59.641 312 312 I SamplingProfilerIntegration: Profiling disabled.
07-19 10:43:59.646 312 312 I boot_progress_preload_start: 8460
07-19 10:43:59.646 312 312 D Zygote : begin preload
07-19 10:43:59.646 312 312 I Zygote : Installing ICU cache reference pinning...
07-19 10:43:59.646 312 312 I Zygote : Preloading ICU data...
07-19 10:43:59.759 312 312 I Zygote : Preloading classes...
07-19 10:43:59.763 312 312 W Zygote : Class not found for preloading: [Landroid.view.Display$ColorTransform;
07-19 10:44:00.078 621 621 I chatty : uid=1001(radio) /system/bin/qmi_motext_hook expire 4 lines
07-19 10:44:00.101 622 622 I chatty : uid=1001(radio) /system/bin/qmi_motext_hook expire 4 lines
07-19 10:44:00.107 406 406 I RILQ : (1/406):RIL[1][rild] qmi_ril_qmi_client_pre_initialization_acquire: entry
07-19 10:44:00.113 406 406 I RILQ : (1/406):RIL[1][rild] qmi_ril_qmi_client_pre_initialization_acquire: exit
07-19 10:44:00.145 406 406 D RILD : RIL_Init rilInit completed
07-19 10:44:00.145 406 406 I RILC : SIM_COUNT: 1
07-19 10:44:00.145 406 406 E RILC : RIL_register: RIL version 11
07-19 10:44:00.145 406 406 I RILC : s_registerCalled flag set, 1
07-19 10:44:00.145 406 406 I RILC : Start to listen RIL_SOCKET_1
07-19 10:44:00.145 406 406 D RILD : RIL_Init RIL_register completed
07-19 10:44:00.145 406 406 D RILD : RIL_register_socket started
07-19 10:44:00.145 406 406 D RIL_UIM_SOCKET: Adding socket with id: 0
07-19 10:44:00.145 406 406 E : Failed to listen on sap_uim_socket1 socket '-1': Bad file descriptor
07-19 10:44:00.145 406 406 D RILD : RIL_register_socket completed
07-19 10:44:00.146 406 406 D RILD : RIL_Init starting sleep loop
07-19 10:44:00.167 406 616 I RILQ : (1/406):RIL[1][main] qmi_ril_qmi_client_pre_initialization_release: entry
07-19 10:44:00.168 406 616 I RILQ : (1/406):RIL[1][main] qmi_ril_qmi_client_pre_initialization_release: exit
07-19 10:44:00.251 312 312 E Typeface: Error mapping font file /system/fonts/DroidSansFallback.ttf
07-19 10:44:00.314 406 616 E RILQ : (1/406): RIL[1][main] qcril_qmi_init_core_client_handles: qcril_qmi_presence_init returned failure(-3)
07-19 10:44:00.350 406 616 E RILQ : (1/406): RIL[1][main] qcril_qmi_nas_init: QCRIL_OPERATOR_NAME is persist.env.spec, property_name is persist.env.spec. Failed to get operator name
07-19 10:44:00.392 323 323 I ServiceManager: Waiting for service media.camera.proxy...
07-19 10:44:00.396 406 616 E RILQ : (1/406): RIL[1][main] qcril_uim_find_modem_port: Property value does not match, using default port
07-19 10:44:00.396 406 616 E RILQ : (1/406): RIL[1][main] qcril_uim_find_modem_port: Property value does not match, using default port
07-19 10:44:00.453 406 616 E RILQ : (1/406): RIL[1][main] qcril_gstk_find_primary_modem_port: Property value does not match, using default port
07-19 10:44:00.528 313 524 W BatteryNotifier: batterystats service unavailable!
07-19 10:44:00.544 313 528 W BatteryNotifier: batterystats service unavailable!
07-19 10:44:00.563 309 309 I RILQ : (0/309):RIL[0][rild] qmi_ril_qmi_client_pre_initialization_acquire: entry
07-19 10:44:00.564 309 309 I RILQ : (0/309):RIL[0][rild] qmi_ril_qmi_client_pre_initialization_acquire: exit
07-19 10:44:00.568 309 309 D RILD : RIL_Init rilInit completed
07-19 10:44:00.568 309 309 I RILC : SIM_COUNT: 1
07-19 10:44:00.568 309 309 E RILC : RIL_register: RIL version 11
07-19 10:44:00.568 309 309 I RILC : s_registerCalled flag set, 1
07-19 10:44:00.568 309 309 I RILC : Start to listen RIL_SOCKET_1
07-19 10:44:00.568 309 309 D RILD : RIL_Init RIL_register completed
07-19 10:44:00.568 309 309 D RILD : RIL_register_socket started
07-19 10:44:00.569 309 309 D RIL_UIM_SOCKET: Adding socket with id: 0
07-19 10:44:00.569 309 309 E : Failed to listen on sap_uim_socket1 socket '-1': Bad file descriptor
07-19 10:44:00.569 309 309 D RILD : RIL_register_socket completed
07-19 10:44:00.569 309 309 D RILD : RIL_Init starting sleep loop
07-19 10:44:00.583 309 615 I RILQ : (0/309):RIL[0][main] qmi_ril_qmi_client_pre_initialization_release: entry
07-19 10:44:00.584 309 615 I RILQ : (0/309):RIL[0][main] qmi_ril_qmi_client_pre_initialization_release: exit
07-19 10:44:00.592 312 312 I art : Thread[1,tid=312,Native,Thread*=0xb4285400,peer=0x12c070d0,"main"] recursive attempt to load library "/system/lib/libmedia_jni.so"
07-19 10:44:00.593 312 312 D MtpDeviceJNI: register_android_mtp_MtpDevice
07-19 10:44:00.594 312 312 I art : Thread[1,tid=312,Native,Thread*=0xb4285400,peer=0x12c070d0,"main"] recursive attempt to load library "/system/lib/libmedia_jni.so"
07-19 10:44:00.594 312 312 I art : Thread[1,tid=312,Native,Thread*=0xb4285400,peer=0x12c070d0,"main"] recursive attempt to load library "/system/lib/libmedia_jni.so"
07-19 10:44:00.642 312 312 E FFMPEGSoftCodec: Failed to load FFMPEG plugin: (null)
07-19 10:44:00.683 0 0 I [ 9.521004,0] wcnss: received WCNSS_CBC_COMPLETE_IND from FW
07-19 10:44:00.723 309 615 E RILQ : (0/309): RIL[0][main] qcril_qmi_init_core_client_handles: qcril_qmi_presence_init returned failure(-3)
07-19 10:44:00.761 0 0 E [ 9.597475,0] init: property_set("ro.ril.svlte1x", "false") failed
07-19 10:44:00.761 0 0 E [ 9.597810,1] init: property_set("ro.ril.svdo", "false") failed
07-19 10:44:00.762 309 615 E RILQ : (0/309): RIL[0][main] qcril_qmi_nas_init: QCRIL_OPERATOR_NAME is persist.env.spec, property_name is persist.env.spec. Failed to get operator name
07-19 10:44:00.782 309 615 I RILQ : (0/309):RIL[0][main] mot_qcril_qmi_pdc_init: MCFG feature is NOT enabled
