07-19 10:44:08.435 1827 1827 I SystemServiceManager: Starting com.android.server.twilight.TwilightService
07-19 10:44:08.436 1827 1827 I SystemServiceManager: Starting com.android.server.job.JobSchedulerService
07-19 10:44:08.441 1827 1827 D JobStore: Start tag: job-info
07-19 10:44:08.451 1827 1827 I SystemServiceManager: Starting com.android.server.soundtrigger.SoundTriggerService
07-19 10:44:08.452 1827 1827 I SystemServiceManager: Starting com.android.server.backup.BackupManagerService$Lifecycle
07-19 10:44:08.456 1827 1827 I SystemServiceManager: Starting com.android.server.appwidget.AppWidgetService
07-19 10:44:08.465 1827 1827 I SystemServiceManager: Starting com.android.server.voiceinteraction.VoiceInteractionManagerService
07-19 10:44:08.468 1827 1827 I SystemServer: Gesture Launcher Service
07-19 10:44:08.468 1827 1827 I SystemServiceManager: Starting com.android.server.GestureLauncherService
07-19 10:44:08.468 1827 1827 I SystemServiceManager: Starting com.android.server.SensorNotificationService
07-19 10:44:08.468 1827 1827 I SystemServiceManager: Starting com.android.server.ContextHubSystemService
07-19 10:44:08.470 1827 1827 I SystemServer: StartDiskStatsService
07-19 10:44:08.472 1827 1827 I SystemServer: StartSamplingProfilerService
07-19 10:44:08.477 1827 1827 I SystemServer: StartNetworkTimeUpdateService
07-19 10:44:08.478 1827 1827 I SystemServer: StartCommonTimeManagementService
07-19 10:44:08.480 1827 1827 I SystemServer: CertBlacklister
07-19 10:44:08.483 1827 1827 I SystemServiceManager: Starting com.android.server.emergency.EmergencyAffordanceService
07-19 10:44:08.484 1827 1827 I SystemServiceManager: Starting com.android.server.dreams.DreamManagerService
07-19 10:44:08.486 1827 1827 I SystemServer: StartAssetAtlasService
07-19 10:44:08.491 1827 2408 I chatty : uid=1000 system_server expire 3 lines
07-19 10:44:08.491 1827 1827 I SystemServiceManager: Starting com.android.server.print.PrintManagerService
07-19 10:44:08.497 1827 1827 I SystemServiceManager: Starting com.android.server.restrictions.RestrictionsManagerService
07-19 10:44:08.499 1827 1827 I SystemServiceManager: Starting com.android.server.media.MediaSessionService
07-19 10:44:08.504 1827 1827 I SystemServer: StartMediaRouterService
07-19 10:44:08.511 1827 1827 I SystemServiceManager: Starting com.android.server.trust.TrustManagerService
07-19 10:44:08.515 1827 1827 I SystemServer: StartBackgroundDexOptService
07-19 10:44:08.516 1827 1827 I SystemServiceManager: Starting com.android.server.pm.ShortcutService$Lifecycle
07-19 10:44:08.523 1827 1827 I SystemServiceManager: Starting com.android.server.pm.LauncherAppsService
07-19 10:44:08.525 1827 1827 I SystemServiceManager: Starting com.android.server.media.projection.MediaProjectionManagerService
07-19 10:44:08.581 1827 1827 I SystemServiceManager: Starting com.android.server.MmsServiceBroker
07-19 10:44:08.586 1827 1827 I CMSystemServer: Attempting to start service org.cyanogenmod.platform.internal.CMStatusBarManagerService
07-19 10:44:08.590 1827 1827 I CMSystemServer: Starting service org.cyanogenmod.platform.internal.CMStatusBarManagerService
07-19 10:44:08.591 1827 1827 I SystemServiceManager: Starting org.cyanogenmod.platform.internal.CMStatusBarManagerService
07-19 10:44:08.593 1827 1827 I CMSystemServer: Attempting to start service org.cyanogenmod.platform.internal.ProfileManagerService
07-19 10:44:08.601 1827 1827 I CMSystemServer: Starting service org.cyanogenmod.platform.internal.ProfileManagerService
07-19 10:44:08.601 1827 1827 I SystemServiceManager: Starting org.cyanogenmod.platform.internal.ProfileManagerService
07-19 10:44:08.602 287 287 E ServiceManager: add_service('profile',6e) uid=1000 - ALREADY REGISTERED, OVERRIDE
07-19 10:44:08.602 287 287 I ServiceManager: service 'profile' died
07-19 10:44:08.619 1827 1827 I CMSystemServer: Attempting to start service org.cyanogenmod.platform.internal.PartnerInterfaceService
07-19 10:44:08.622 1827 1827 I CMSystemServer: Starting service org.cyanogenmod.platform.internal.PartnerInterfaceService
07-19 10:44:08.622 1827 1827 I SystemServiceManager: Starting org.cyanogenmod.platform.internal.PartnerInterfaceService
07-19 10:44:08.622 287 287 E ServiceManager: add_service('cmpartnerinterface',6f) uid=1000 - ALREADY REGISTERED, OVERRIDE
07-19 10:44:08.622 287 287 I ServiceManager: service 'cmpartnerinterface' died
07-19 10:44:08.623 1827 1827 I CMSystemServer: Attempting to start service org.cyanogenmod.platform.internal.CMTelephonyManagerService
07-19 10:44:08.625 1827 1827 I CMSystemServer: Starting service org.cyanogenmod.platform.internal.CMTelephonyManagerService
07-19 10:44:08.625 1827 1827 I SystemServiceManager: Starting org.cyanogenmod.platform.internal.CMTelephonyManagerService
07-19 10:44:08.626 1827 1827 I CMSystemServer: Attempting to start service org.cyanogenmod.platform.internal.CMHardwareService
07-19 10:44:08.638 1827 1827 I CMSystemServer: Starting service org.cyanogenmod.platform.internal.CMHardwareService
07-19 10:44:08.638 1827 1827 I SystemServiceManager: Starting org.cyanogenmod.platform.internal.CMHardwareService
07-19 10:44:08.639 287 287 E ServiceManager: add_service('cmhardware',71) uid=1000 - ALREADY REGISTERED, OVERRIDE
07-19 10:44:08.639 287 287 I ServiceManager: service 'cmhardware' died
07-19 10:44:08.639 1827 1827 I CMSystemServer: Attempting to start service org.cyanogenmod.platform.internal.AppSuggestManagerService
07-19 10:44:08.640 1827 1827 I CMSystemServer: Starting service org.cyanogenmod.platform.internal.AppSuggestManagerService
07-19 10:44:08.640 1827 1827 I SystemServiceManager: Starting org.cyanogenmod.platform.internal.AppSuggestManagerService
07-19 10:44:08.641 1827 1827 E AppSgstMgrService: no app suggest provider found
07-19 10:44:08.642 1827 1827 I CMSystemServer: Attempting to start service org.cyanogenmod.platform.internal.PerformanceManagerService
07-19 10:44:08.648 1827 2411 I ServiceThread: Enabled StrictMode logging for PerformanceManager looper.
07-19 10:44:08.649 1827 1827 I CMSystemServer: Starting service org.cyanogenmod.platform.internal.PerformanceManagerService
07-19 10:44:08.649 1827 1827 I SystemServiceManager: Starting org.cyanogenmod.platform.internal.PerformanceManagerService
07-19 10:44:08.650 1827 2412 I ServiceThread: Enabled StrictMode logging for PerformanceManager looper.
07-19 10:44:08.651 1827 1827 I CMSystemServer: Attempting to start service org.cyanogenmod.platform.internal.ThemeManagerServiceBroker
07-19 10:44:08.654 1827 1827 E BrokerableCMSystemService: Setting brokered service connection org.cyanogenmod.platform.internal.ThemeManagerServiceBroker$2@582f12
07-19 10:44:08.654 1827 1827 I CMSystemServer: Starting service org.cyanogenmod.platform.internal.ThemeManagerServiceBroker
07-19 10:44:08.654 1827 1827 I SystemServiceManager: Starting org.cyanogenmod.platform.internal.ThemeManagerServiceBroker
07-19 10:44:08.655 1827 1827 E BrokerableCMSystemService: Setting brokered service connection org.cyanogenmod.platform.internal.ThemeManagerServiceBroker$2@dcfb6e3
07-19 10:44:08.655 1827 1827 I CMSystemServer: Attempting to start service org.cyanogenmod.platform.internal.IconCacheManagerServiceBroker
07-19 10:44:08.656 1827 1827 E BrokerableCMSystemService: Setting brokered service connection org.cyanogenmod.platform.internal.IconCacheManagerServiceBroker$2@1bc38e0
07-19 10:44:08.657 1827 1827 I CMSystemServer: Starting service org.cyanogenmod.platform.internal.IconCacheManagerServiceBroker
07-19 10:44:08.657 1827 1827 I SystemServiceManager: Starting org.cyanogenmod.platform.internal.IconCacheManagerServiceBroker
07-19 10:44:08.657 1827 1827 E BrokerableCMSystemService: Setting brokered service connection org.cyanogenmod.platform.internal.IconCacheManagerServiceBroker$2@3b8a799
07-19 10:44:08.657 1827 1827 I CMSystemServer: Attempting to start service org.cyanogenmod.platform.internal.LiveLockScreenServiceBroker
07-19 10:44:08.660 1827 1827 E BrokerableCMSystemService: Setting brokered service connection org.cyanogenmod.platform.internal.LiveLockScreenServiceBroker$2@2062a5e
07-19 10:44:08.660 1827 1827 I CMSystemServer: Starting service org.cyanogenmod.platform.internal.LiveLockScreenServiceBroker
07-19 10:44:08.660 1827 1827 I SystemServiceManager: Starting org.cyanogenmod.platform.internal.LiveLockScreenServiceBroker
07-19 10:44:08.660 1827 1827 E BrokerableCMSystemService: Setting brokered service connection org.cyanogenmod.platform.internal.LiveLockScreenServiceBroker$2@3cde3f
07-19 10:44:08.661 1827 1827 I CMSystemServer: Attempting to start service org.cyanogenmod.platform.internal.WeatherManagerServiceBroker
07-19 10:44:08.662 1827 1827 I CMSystemServer: Starting service org.cyanogenmod.platform.internal.WeatherManagerServiceBroker
07-19 10:44:08.662 1827 1827 I SystemServiceManager: Starting org.cyanogenmod.platform.internal.WeatherManagerServiceBroker
07-19 10:44:08.663 1827 1827 I CMSystemServer: Attempting to start service org.cyanogenmod.platform.internal.display.LiveDisplayService
07-19 10:44:08.670 1827 2413 I ServiceThread: Enabled StrictMode logging for LiveDisplay looper.
07-19 10:44:08.672 1827 1827 I CMSystemServer: Starting service org.cyanogenmod.platform.internal.display.LiveDisplayService
07-19 10:44:08.673 1827 1827 I SystemServiceManager: Starting org.cyanogenmod.platform.internal.display.LiveDisplayService
07-19 10:44:08.674 1827 2414 I ServiceThread: Enabled StrictMode logging for LiveDisplay looper.
07-19 10:44:08.675 1827 1827 I CMSystemServer: Attempting to start service org.cyanogenmod.platform.internal.CMAudioServiceBroker
07-19 10:44:08.677 1827 1827 I CMSystemServer: Starting service org.cyanogenmod.platform.internal.CMAudioServiceBroker
07-19 10:44:08.677 1827 1827 I SystemServiceManager: Starting org.cyanogenmod.platform.internal.CMAudioServiceBroker
07-19 10:44:08.710 1827 1827 E LockSettingsStorage: Cannot read file java.io.FileNotFoundException: /data/system/gatekeeper.password.key: open failed: ENOENT (No such file or directory)
07-19 10:44:08.711 1827 1827 E LockSettingsStorage: Cannot read file java.io.FileNotFoundException: /data/system/password.key: open failed: ENOENT (No such file or directory)
07-19 10:44:08.712 1827 1827 E LockSettingsStorage: Cannot read file java.io.FileNotFoundException: /data/system/gatekeeper.pattern.key: open failed: ENOENT (No such file or directory)
07-19 10:44:08.713 1827 1827 E LockSettingsStorage: Cannot read file java.io.FileNotFoundException: /data/system/gatekeeper.gesture.key: open failed: ENOENT (No such file or directory)
07-19 10:44:08.714 1827 1827 E LockSettingsStorage: Cannot read file java.io.FileNotFoundException: /data/system/gesture.key: open failed: ENOENT (No such file or directory)
07-19 10:44:08.714 1827 1827 I SystemServiceManager: Starting phase 480
07-19 10:44:08.718 1827 1827 I DevicePolicyManagerService: Set ro.device_owner property to false
07-19 10:44:08.721 1827 1827 W ShortcutService: Clock rewound
07-19 10:44:08.721 1827 1827 I SystemServiceManager: Starting phase 500
07-19 10:44:08.737 1827 1827 I WifiService: WifiService starting up with Wi-Fi enabled
07-19 10:44:08.740 1827 1827 D WifiService: setWifiEnabled: true pid=1827, uid=1000
07-19 10:44:08.741 1827 2341 I chatty : uid=1000(system) WifiService expire 2 lines
07-19 10:44:08.769 1827 2385 D ConnectivityService: Got NetworkFactory Messenger for Ethernet
07-19 10:44:08.769 1827 2416 I chatty : uid=1000(system) EthernetService expire 1 line
07-19 10:44:08.779 1827 1827 D ZenLog : config: cleanUpZenRules,ZenModeConfig[user=0,allowCalls=true,allowRepeatCallers=false,allowMessages=false,allowCallsFrom=contacts,allowMessagesFrom=contacts,allowReminders=true,allowEvents=true,allowWhenScreenOff=true,allowWhenScreenOn=true,automaticRules={406c05fe4f3e42059102bc0f0a603d67=ZenRule[enabled=false,snoozing=false,name=Event,zenMode=ZEN_MODE_ALARMS,conditionId=condition://android/event?userId=-10000&calendar=&reply=1,condition=Condition[id=condition://android/event?userId=-10000&calendar=&reply=1,summary=...,line1=...,line2=...,icon=0,state=STATE_FALSE,flags=2],component=ComponentInfo{android/com.android.server.notification.EventConditionProvider},id=406c05fe4f3e42059102bc0f0a603d67,creationTime=1499987078118,enabler=null], 36f6661d1344457b9de018a9510a6257=ZenRule[enabled=false,snoozing=false,name=Weekend,zenMode=ZEN_MODE_ALARMS,conditionId=condition://android/schedule?days=6.7&start=23.30&end=10.0&exitAtAlarm=false,condition=Condition[id=condition://android/schedule?days=6.7&start=23.30&end=10.0&exitAtAlarm=false,summary=...,line1=...,line2=...,icon=0,state=STATE_FALSE,flags=2],component=ComponentInfo{android/com.android.server.notification.ScheduleConditionProvider},id=36f6661d1344457b9de018a9510a6257,creationTime=1499987078117,enabler=null], 471641bdc5dc4367b12b247c50c3e8ca=ZenRule[enabled=false,snoozing=false,name=Weeknight,zenMode=ZEN_MODE_ALARMS,conditionId=condition://android/schedule?days=1.2.3.4.5&start=22.0&end=7.0&exitAtAlarm=false,condition=Condition[id=condition://android/schedule?days=1.2.3.4.5&start=22.0&end=7.0&exitAtAlarm=false,summary=...,line1=...,line2=...,icon=0,state=STATE_FALSE,flags=2],component=ComponentInfo{android/com.android.server.notification.ScheduleConditionProvider},id=471641bdc5dc4367b12b247c50c3e8ca,creationTime=1499987078117,enabler=null]},manualRule=null],Diff[]
07-19 10:44:08.780 1827 1827 D ZenLog : set_zen_mode: off,onSystemReady
07-19 10:44:08.783 313 540 D PermissionCache: checking android.permission.CAPTURE_AUDIO_HOTWORD for uid=1000 => granted (147 us)
07-19 10:44:08.784 1827 1827 W SoundTriggerHelper: listModules status=0, # of modules=0
07-19 10:44:08.790 1827 1827 E PerformanceManager: System is not ready, dropping profile request
07-19 10:44:08.790 1827 2412 I chatty : uid=1000(system) PerformanceMana expire 1 line
07-19 10:44:08.850 1827 1827 I configuration_changed: 32
07-19 10:44:08.850 1827 1827 I ActivityManager: Config changes=20 {1.0 ?mcc?mnc [en_US] ldltr sw360dp w360dp h568dp 320dpi nrml port finger -keyb/v/h -nav/h s.6}
07-19 10:44:08.911 1827 1827 V UserManagerService: Found /data/user_de/0 with serial number 0
07-19 10:44:08.911 1827 1827 V UserManagerService: Found /data/user/0 with serial number 0
07-19 10:44:08.911 1827 1827 V UserManagerService: Found /data/system_de/0 with serial number 0
07-19 10:44:08.911 1827 1827 V UserManagerService: Found /data/system_ce/0 with serial number 0
07-19 10:44:08.914 1827 1985 W KeyguardServiceDelegate: onScreenTurningOn(): no keyguard service!
07-19 10:44:08.917 1827 1827 I ActivityManager: System now ready
07-19 10:44:08.917 1827 1827 I boot_progress_ams_ready: 17734
07-19 10:44:08.922 1827 1827 I SystemServer: Making services ready
07-19 10:44:08.922 1827 1827 I SystemServiceManager: Starting phase 550
07-19 10:44:08.926 1827 1827 D BluetoothManagerService: Bluetooth boot completed
07-19 10:44:08.937 1827 1827 E InputMethodManagerService: Ignoring updateSystemUiLocked due to an invalid token. uid:1000 token:null
07-19 10:44:09.000 1827 1827 I am_proc_start: [0,2455,10062,com.android.inputmethod.latin,service,com.android.inputmethod.latin/.LatinIME]
07-19 10:44:09.000 1827 1827 I ActivityManager: Start proc 2455:com.android.inputmethod.latin/u0a62 for service com.android.inputmethod.latin/.LatinIME
07-19 10:44:09.001 1827 1827 V InputMethodManagerService: Adding window token: android.os.Binder@7b67d8
07-19 10:44:09.001 1827 2333 D MountService: Thinking about init, mSystemReady=true, mDaemonConnected=true
07-19 10:44:09.001 1827 2333 D MountService: Setting up emulation state, initlocked=false
07-19 10:44:09.001 1827 2333 D CryptdConnector: SND -> {2 cryptfs unlock_user_key 0 0 ! !}
07-19 10:44:09.002 225 230 D vold : e4crypt_unlock_user_key 0 serial=0 token_present=0
07-19 10:44:09.002 1827 2335 D CryptdConnector: RCV <- {200 2 Command succeeded}
07-19 10:44:09.003 1827 2333 D MountService: Thinking about reset, mSystemReady=true, mDaemonConnected=true
07-19 10:44:09.003 1827 1827 E WallpaperManagerService: Invalid wallpaper data
07-19 10:44:09.003 1827 1827 E WallpaperManagerService: Unable to apply new wallpaper
07-19 10:44:09.003 1827 2333 D VoldConnector: SND -> {3 volume reset}
07-19 10:44:09.003 1827 1937 I ActivityManager: Force stopping com.android.providers.media appid=10010 user=-1: vold reset
07-19 10:44:09.004 1827 2334 D VoldConnector: RCV <- {651 emulated 7}
07-19 10:44:09.004 1827 2334 D VoldConnector: RCV <- {659 emulated}
07-19 10:44:09.004 1827 2334 D VoldConnector: RCV <- {650 emulated 2 "" ""}
07-19 10:44:09.005 1827 2334 D VoldConnector: RCV <- {654 emulated emulated}
07-19 10:44:09.005 1827 2334 D VoldConnector: RCV <- {651 emulated 0}
07-19 10:44:09.006 1827 2334 D VoldConnector: RCV <- {200 3 Command succeeded}
07-19 10:44:09.006 1827 2333 D VoldConnector: SND -> {4 volume user_added 0 0}
07-19 10:44:09.007 1827 1981 V MountService: Found primary storage at VolumeInfo{emulated}:
07-19 10:44:09.007 1827 1981 V MountService: type=EMULATED diskId=null partGuid=null mountFlags=0 mountUserId=-1 
07-19 10:44:09.007 1827 1981 V MountService: state=UNMOUNTED 
07-19 10:44:09.007 1827 1981 V MountService: fsType=null fsUuid=null fsLabel=null 
07-19 10:44:09.007 1827 1981 V MountService: path=null internalPath=null 
07-19 10:44:09.007 1827 2334 D VoldConnector: RCV <- {200 4 Command succeeded}
07-19 10:44:09.022 1827 1827 I am_proc_start: [0,2463,10033,com.android.systemui,service,com.android.systemui/.ImageWallpaper]
07-19 10:44:09.022 1827 1827 I ActivityManager: Start proc 2463:com.android.systemui/u0a33 for service com.android.systemui/.ImageWallpaper
07-19 10:44:09.022 1827 2333 D VoldConnector: SND -> {5 volume mount emulated 3 -1}
07-19 10:44:09.023 1827 2334 D VoldConnector: RCV <- {651 emulated 1}
07-19 10:44:09.023 1827 2334 D VoldConnector: RCV <- {656 emulated /data/media}
07-19 10:44:09.024 1827 2334 D VoldConnector: RCV <- {655 emulated /storage/emulated}
07-19 10:44:09.024 225 229 V vold : Waiting for FUSE to spin up...
07-19 10:44:09.025 313 313 D audio_hw_primary: adev_set_parameters: enter: A2dpSuspended=false
07-19 10:44:09.027 1827 1827 D UsbAlsaManager: Adding ALSA device AlsaDevice: [card: 0, device: 0, type: 2]
07-19 10:44:09.028 1827 1827 D UsbAlsaManager: Adding ALSA device AlsaDevice: [card: 0, device: 0, type: 1]
07-19 10:44:09.028 1827 1827 D UsbAlsaManager: Adding ALSA device AlsaDevice: [card: 0, device: 1, type: 2]
07-19 10:44:09.028 1827 1827 D UsbAlsaManager: Adding ALSA device AlsaDevice: [card: 0, device: 1, type: 1]
07-19 10:44:09.029 1827 1827 D UsbAlsaManager: Adding ALSA device AlsaDevice: [card: 0, device: 2, type: 2]
07-19 10:44:09.029 1827 1827 D UsbAlsaManager: Adding ALSA device AlsaDevice: [card: 0, device: 2, type: 1]
07-19 10:44:09.029 1827 1827 D UsbAlsaManager: Adding ALSA device AlsaDevice: [card: 0, device: 3, type: 2]
07-19 10:44:09.029 1827 1827 D UsbAlsaManager: Adding ALSA device AlsaDevice: [card: 0, device: 3, type: 1]
07-19 10:44:09.029 1827 1827 D UsbAlsaManager: Adding ALSA device AlsaDevice: [card: 0, device: 4, type: 1]
07-19 10:44:09.030 1827 1827 D UsbAlsaManager: Adding ALSA device AlsaDevice: [card: 0, device: 5, type: 1]
07-19 10:44:09.030 1827 1827 D UsbAlsaManager: Adding ALSA device AlsaDevice: [card: 0, device: 6, type: 2]
07-19 10:44:09.030 1827 1827 D UsbAlsaManager: Adding ALSA device AlsaDevice: [card: 0, device: 6, type: 1]
07-19 10:44:09.030 1827 1827 D UsbAlsaManager: Adding ALSA device AlsaDevice: [card: 0, device: 7, type: 1]
07-19 10:44:09.030 1827 1827 D UsbAlsaManager: Adding ALSA device AlsaDevice: [card: 0, device: 8, type: 2]
07-19 10:44:09.030 1827 1827 D UsbAlsaManager: Adding ALSA device AlsaDevice: [card: 0, device: 10, type: 2]
07-19 10:44:09.030 1827 1827 D UsbAlsaManager: Adding ALSA device AlsaDevice: [card: 0, device: 10, type: 1]
07-19 10:44:09.030 1827 1827 D UsbAlsaManager: Adding ALSA device AlsaDevice: [card: 0, device: 11, type: 2]
07-19 10:44:09.030 1827 1827 D UsbAlsaManager: Adding ALSA device AlsaDevice: [card: 0, device: 12, type: 2]
07-19 10:44:09.030 1827 1827 D UsbAlsaManager: Adding ALSA device AlsaDevice: [card: 0, device: 12, type: 1]
07-19 10:44:09.030 1827 1827 D UsbAlsaManager: Adding ALSA device AlsaDevice: [card: 0, device: 13, type: 2]
07-19 10:44:09.030 1827 1827 D UsbAlsaManager: Adding ALSA device AlsaDevice: [card: 0, device: 13, type: 1]
07-19 10:44:09.030 1827 1827 D UsbAlsaManager: Adding ALSA device AlsaDevice: [card: 0, device: 14, type: 2]
07-19 10:44:09.030 1827 1827 D UsbAlsaManager: Adding ALSA device AlsaDevice: [card: 0, device: 14, type: 1]
07-19 10:44:09.031 1827 1827 D UsbAlsaManager: Adding ALSA device AlsaDevice: [card: 0, device: 15, type: 2]
07-19 10:44:09.031 1827 1827 D UsbAlsaManager: Adding ALSA device AlsaDevice: [card: 0, device: 15, type: 1]
07-19 10:44:09.032 1827 1827 D UsbAlsaManager: Adding ALSA device AlsaDevice: [card: 0, device: 16, type: 2]
07-19 10:44:09.032 1827 1827 D UsbAlsaManager: Adding ALSA device AlsaDevice: [card: 0, device: 16, type: 1]
07-19 10:44:09.032 1827 1827 D UsbAlsaManager: Adding ALSA device AlsaDevice: [card: 0, device: 17, type: 2]
07-19 10:44:09.032 1827 1827 D UsbAlsaManager: Adding ALSA device AlsaDevice: [card: 0, device: 17, type: 1]
07-19 10:44:09.032 1827 1827 D UsbAlsaManager: Adding ALSA device AlsaDevice: [card: 0, device: 18, type: 2]
07-19 10:44:09.032 1827 2405 D BluetoothManagerService: Trying to bind to profile: 1, while Bluetooth was disabled
07-19 10:44:09.032 1827 1827 D UsbAlsaManager: Adding ALSA device AlsaDevice: [card: 0, device: 18, type: 1]
07-19 10:44:09.032 1827 1827 D UsbAlsaManager: Adding ALSA device AlsaDevice: [card: 0, device: 19, type: 2]
07-19 10:44:09.032 1827 1827 D UsbAlsaManager: Adding ALSA device AlsaDevice: [card: 0, device: 20, type: 2]
07-19 10:44:09.032 1827 1827 D UsbAlsaManager: Adding ALSA device AlsaDevice: [card: 0, device: 21, type: 2]
07-19 10:44:09.032 1827 1827 D UsbAlsaManager: Adding ALSA device AlsaDevice: [card: 0, device: 22, type: 2]
07-19 10:44:09.032 1827 1827 D UsbAlsaManager: Adding ALSA device AlsaDevice: [card: 0, device: 23, type: 2]
07-19 10:44:09.033 1827 1827 D UsbAlsaManager: Adding ALSA device AlsaDevice: [card: 0, device: 25, type: 1]
07-19 10:44:09.037 1827 1827 I BrokerableCMSystemService: Connecting to implementation
07-19 10:44:09.037 1827 1827 E BrokerableCMSystemService: Target component lacks cyanogenmod.permission.ACCESS_THEME_MANAGER service permission, failing ComponentInfo{org.cyanogenmod.themeservice/org.cyanogenmod.themeservice.ThemeManagerService}
07-19 10:44:09.037 313 540 I AudioFlinger: systemReady
07-19 10:44:09.040 1827 1827 I SystemServer: WebViewFactory preparation
07-19 10:44:09.052 2469 2469 W sdcard : Device explicitly enabled sdcardfs
07-19 10:44:09.053 1827 1927 I am_proc_bound: [0,2455,com.android.inputmethod.latin]
07-19 10:44:09.056 0 0 I : [ 17.891331,2] sdcardfs version 2.0
07-19 10:44:09.056 0 0 I [ 17.891353,2] sdcardfs: dev_name -> /data/media
07-19 10:44:09.056 0 0 I [ 17.891362,2] sdcardfs: options -> fsuid=1023,fsgid=1023,multiuser,mask=6,userid=0,gid=1015
07-19 10:44:09.056 0 0 I [ 17.891369,2] sdcardfs: mnt -> c399c610
07-19 10:44:09.056 0 0 I [ 17.891434,2] sdcardfs: mounted on top of /data/media type f2fs
07-19 10:44:09.056 0 0 D [ 17.891563,2] SELinux: initialized (dev sdcardfs, type sdcardfs), uses genfs_contexts
07-19 10:44:09.056 0 0 I : [ 17.891895,2] sdcardfs version 2.0
07-19 10:44:09.056 0 0 I [ 17.891910,2] sdcardfs: dev_name -> /data/media
07-19 10:44:09.056 0 0 I [ 17.891921,2] sdcardfs: options -> fsuid=1023,fsgid=1023,multiuser,mask=23,userid=0,gid=9997
07-19 10:44:09.056 0 0 I [ 17.891932,2] sdcardfs: mnt -> c3816550
07-19 10:44:09.056 0 0 I [ 17.891975,2] sdcardfs: mounted on top of /data/media type f2fs
07-19 10:44:09.056 0 0 D [ 17.891996,2] SELinux: initialized (dev sdcardfs, type sdcardfs), uses genfs_contexts
07-19 10:44:09.056 0 0 I : [ 17.892298,2] sdcardfs version 2.0
07-19 10:44:09.057 0 0 I [ 17.892309,2] sdcardfs: dev_name -> /data/media
07-19 10:44:09.057 0 0 I [ 17.892316,2] sdcardfs: options -> fsuid=1023,fsgid=1023,multiuser,mask=7,userid=0,gid=9997
07-19 10:44:09.057 0 0 I [ 17.892323,2] sdcardfs: mnt -> c399f790
07-19 10:44:09.057 0 0 I [ 17.892358,2] sdcardfs: mounted on top of /data/media type f2fs
07-19 10:44:09.057 0 0 D [ 17.892376,2] SELinux: initialized (dev sdcardfs, type sdcardfs), uses genfs_contexts
07-19 10:44:09.065 1827 2485 I chatty : uid=1000(system) SoundPoolThread expire 1 line
07-19 10:44:09.069 1827 1827 I am_proc_start: [0,2488,1037,WebViewLoader-armeabi-v7a,,]
07-19 10:44:09.070 1827 1827 I ActivityManager: Start proc 2488:WebViewLoader-armeabi-v7a/1037 [android.webkit.WebViewFactory$RelroFileCreator] for 
07-19 10:44:09.071 1827 1926 I am_proc_bound: [0,2463,com.android.systemui]
07-19 10:44:09.071 1827 1827 D NetworkManagement: enabling bandwidth control
07-19 10:44:09.075 1827 2334 D VoldConnector: RCV <- {651 emulated 2}
07-19 10:44:09.075 1827 2334 D VoldConnector: RCV <- {200 5 Command succeeded}
07-19 10:44:09.103 323 323 I MediaPlayerService: MediaPlayerService::getOMX
07-19 10:44:09.109 2488 2488 V WebViewFactory: RelroFileCreator (64bit = false), 32-bit lib: /system/app/webview/webview.apk!/lib/armeabi-v7a/libwebviewchromium.so, 64-bit lib: 
07-19 10:44:09.112 2463 2463 W System : ClassLoader referenced unknown path: /system/priv-app/SystemUI/lib/arm
07-19 10:44:09.247 323 323 I OMXClient: MuxOMX ctor
07-19 10:44:09.252 323 323 I MediaPlayerService: MediaPlayerService::getOMX
07-19 10:44:09.252 323 323 I OMXClient: MuxOMX ctor
07-19 10:44:09.253 318 318 I OMXMaster: makeComponentInstance(OMX.google.mp3.decoder) in mediacodec process
07-19 10:44:09.264 323 323 I MediaPlayerService: MediaPlayerService::getOMX
07-19 10:44:09.265 323 323 I OMXClient: MuxOMX ctor
07-19 10:44:09.265 318 318 I OMXMaster: makeComponentInstance(OMX.google.amrnb.decoder) in mediacodec process
07-19 10:44:09.277 2488 2488 I art : System.exit called, status: 0
07-19 10:44:09.277 2488 2488 I AndroidRuntime: VM exiting with result code 0, cleanup skipped.
07-19 10:44:09.280 323 323 I MediaPlayerService: MediaPlayerService::getOMX
07-19 10:44:09.280 323 323 I OMXClient: MuxOMX ctor
07-19 10:44:09.281 318 318 I OMXMaster: makeComponentInstance(OMX.google.amrwb.decoder) in mediacodec process
07-19 10:44:09.286 323 323 I MediaPlayerService: MediaPlayerService::getOMX
07-19 10:44:09.287 323 323 I OMXClient: MuxOMX ctor
07-19 10:44:09.287 318 2525 I OMXMaster: makeComponentInstance(OMX.google.aac.decoder) in mediacodec process
07-19 10:44:09.302 323 323 I MediaPlayerService: MediaPlayerService::getOMX
07-19 10:44:09.302 323 323 I OMXClient: MuxOMX ctor
07-19 10:44:09.303 318 318 I OMXMaster: makeComponentInstance(OMX.google.g711.alaw.decoder) in mediacodec process
07-19 10:44:09.307 323 323 I MediaPlayerService: MediaPlayerService::getOMX
07-19 10:44:09.307 323 323 I OMXClient: MuxOMX ctor
07-19 10:44:09.308 318 469 I OMXMaster: makeComponentInstance(OMX.google.g711.mlaw.decoder) in mediacodec process
07-19 10:44:09.309 2463 2463 V SystemUIService: Starting SystemUI services for user 0.
07-19 10:44:09.312 323 323 I MediaPlayerService: MediaPlayerService::getOMX
07-19 10:44:09.312 323 323 I OMXClient: MuxOMX ctor
07-19 10:44:09.313 318 2525 I OMXMaster: makeComponentInstance(OMX.google.vorbis.decoder) in mediacodec process
07-19 10:44:09.317 2455 2455 I LatinIME: Hardware accelerated drawing: true
07-19 10:44:09.320 323 323 I MediaPlayerService: MediaPlayerService::getOMX
07-19 10:44:09.321 323 323 I OMXClient: MuxOMX ctor
07-19 10:44:09.322 318 318 I OMXMaster: makeComponentInstance(OMX.google.opus.decoder) in mediacodec process
07-19 10:44:09.328 323 323 I MediaPlayerService: MediaPlayerService::getOMX
07-19 10:44:09.329 323 323 I OMXClient: MuxOMX ctor
07-19 10:44:09.329 318 469 I OMXMaster: makeComponentInstance(OMX.google.raw.decoder) in mediacodec process
07-19 10:44:09.340 323 323 I MediaPlayerService: MediaPlayerService::getOMX
07-19 10:44:09.341 323 323 I OMXClient: MuxOMX ctor
07-19 10:44:09.341 318 2525 I OMXMaster: makeComponentInstance(OMX.google.aac.encoder) in mediacodec process
07-19 10:44:09.355 2463 2463 V MediaRouter: Adding route: RouteInfo{ name=Phone, description=null, status=null, category=RouteCategory{ name=null types=ROUTE_TYPE_LIVE_AUDIO ROUTE_TYPE_LIVE_VIDEO groupable=false }, supportedTypes=ROUTE_TYPE_LIVE_AUDIO ROUTE_TYPE_LIVE_VIDEO , presentationDisplay=null }
07-19 10:44:09.356 323 323 I MediaPlayerService: MediaPlayerService::getOMX
07-19 10:44:09.357 323 323 I OMXClient: MuxOMX ctor
07-19 10:44:09.358 318 469 I OMXMaster: makeComponentInstance(OMX.google.amrnb.encoder) in mediacodec process
07-19 10:44:09.364 2463 2463 V MediaRouter: Updating audio routes: AudioRoutesInfo{ type=SPEAKER }
07-19 10:44:09.367 2463 2463 V MediaRouter: Selecting route: RouteInfo{ name=Phone, description=null, status=null, category=RouteCategory{ name=null types=ROUTE_TYPE_LIVE_AUDIO ROUTE_TYPE_LIVE_VIDEO groupable=false }, supportedTypes=ROUTE_TYPE_LIVE_AUDIO ROUTE_TYPE_LIVE_VIDEO , presentationDisplay=null }
07-19 10:44:09.372 323 323 I MediaPlayerService: MediaPlayerService::getOMX
07-19 10:44:09.373 323 323 I OMXClient: MuxOMX ctor
07-19 10:44:09.373 318 318 I OMXMaster: makeComponentInstance(OMX.google.amrwb.encoder) in mediacodec process
07-19 10:44:09.382 1827 2554 D TelephonyRegistry: listen oscl: hasNotifySubscriptionInfoChangedOccurred==false no callback
07-19 10:44:09.388 323 323 I MediaPlayerService: MediaPlayerService::getOMX
07-19 10:44:09.389 323 323 I OMXClient: MuxOMX ctor
07-19 10:44:09.389 318 2525 I OMXMaster: makeComponentInstance(OMX.google.flac.encoder) in mediacodec process
07-19 10:44:09.394 2463 2463 V FingerprintManager: FingerprintManagerService was null
07-19 10:44:09.399 2463 2463 W FingerprintManager: isFingerprintHardwareDetected(): Service not connected!
07-19 10:44:09.399 2463 2463 W FingerprintManager: addLockoutResetCallback(): Service not connected!
07-19 10:44:09.400 323 323 I MediaPlayerService: MediaPlayerService::getOMX
07-19 10:44:09.403 323 323 I OMXClient: MuxOMX ctor
07-19 10:44:09.404 318 469 I OMXMaster: makeComponentInstance(OMX.google.gsm.decoder) in mediacodec process
07-19 10:44:09.406 0 0 W [ 18.243696,3] wlan: module is from the staging directory, the quality is unknown, you have been warned.
07-19 10:44:09.410 323 323 I MediaPlayerService: MediaPlayerService::getOMX
07-19 10:44:09.411 323 323 I OMXClient: MuxOMX ctor
07-19 10:44:09.411 323 323 I OMXMaster: makeComponentInstance(OMX.qcom.video.encoder.avc) in mediaserver process
07-19 10:44:09.426 0 0 I [ 18.261896,0] msm_vidc: info: Opening video instance: 00000000, 0
07-19 10:44:09.440 0 0 I [ 18.276714,3] wlan: loading driver v3.0.11.66
07-19 10:44:09.440 0 0 I : [ 18.278066,0] subsys-pil-tz 1de0000.qcom,venus: venus: loading from 0x8ed00000 to 0x8f200000
07-19 10:44:09.447 2463 2584 E WVMExtractor: Failed to open libwvm.so: dlopen failed: library "libwvm.so" not found
07-19 10:44:09.460 0 0 E [ 18.297658,3] wlan: [E :VOS] Invalid Parameter from NV Client macCount 4, pMacAddress (null)
07-19 10:44:09.460 0 0 E [ 18.297988,3] wlan: [E :VOS] vos_nv_readMultiMacAddress: MAC1 from bootparams=80:58:F8:1D:A4:00
07-19 10:44:09.460 0 0 E : [ 18.297988,3]
07-19 10:44:09.460 0 0 E [ 18.298009,3] wlan: [E :VOS] vos_nv_readMultiMacAddress: MAC2 from boot params=80:58:F8:1D:A4:01
07-19 10:44:09.460 0 0 E : [ 18.298009,3]
07-19 10:44:09.460 0 0 E [ 18.298048,3] wlan: [E :VOS] vos_nv_readMultiMacAddress MAC address in global V280:58:f8:1d:a4:0080:58:f8:1d:a4:0182:58:f8:1d:a4:0082:58:f8:1d:a4:01
07-19 10:44:09.485 2455 2455 W InputAttributes: No editor info for this field. Bug?
07-19 10:44:09.500 1827 1827 D NetworkPolicy: setRestrictBackgroundUL(): false
07-19 10:44:09.517 2455 2599 I LatinIME:LogUtils: Dictionary info: dictionary = userunigram.en_US ; version = 1500453849 ; date = ?
07-19 10:44:09.519 2455 2599 E ActivityThread: Failed to find provider info for user_dictionary
07-19 10:44:09.523 0 0 I : [ 18.360222,3] subsys-pil-tz 1de0000.qcom,venus: venus: Brought out of reset
07-19 10:44:09.523 2455 2599 I LatinIME:LogUtils: Dictionary info: dictionary = UserHistoryDictionary.en_US ; version = 1500453849 ; date = ?
07-19 10:44:09.548 323 323 I OMX-VENC: Component_init : OMX.qcom.video.encoder.avc : return = 0x0
07-19 10:44:09.549 323 323 W ACodec : do not know color format 0x7fa30c04 = 2141391876
07-19 10:44:09.549 323 323 W ACodec : do not know color format 0x7f000789 = 2130708361
07-19 10:44:09.549 323 323 E OMX-VENC: ERROR: unsupported index 1868562442
07-19 10:44:09.549 323 323 E OMXNodeInstance: getConfig(1430001:qcom.encoder.avc, ConfigAndroidIntraRefresh(0x6f60000a)) ERROR: UnsupportedIndex(0x8000101a)
07-19 10:44:09.550 323 323 I OMX-VENC: Component Deinit
07-19 10:44:09.554 0 0 I [ 18.388218,2] msm_vidc: info: Closed video instance: 00000000
07-19 10:44:09.551 323 323 I MediaPlayerService: MediaPlayerService::getOMX
07-19 10:44:09.553 323 323 I OMXClient: MuxOMX ctor
07-19 10:44:09.553 323 323 I OMXMaster: makeComponentInstance(OMX.qcom.video.encoder.mpeg4) in mediaserver process
07-19 10:44:09.557 0 0 I [ 18.392945,0] msm_vidc: info: Opening video instance: 00000000, 0
07-19 10:44:09.563 0 0 I [ 18.399327,1] msm_vidc: info: Closed video instance: 00000000
07-19 10:44:09.560 323 323 I OMX-VENC: Component_init : OMX.qcom.video.encoder.mpeg4 : return = 0x0
07-19 10:44:09.560 323 323 E OMX-VENC: get_parameter: OMX_IndexParamVideoProfileLevelQuerySupported nProfileIndex ret NoMore 2
07-19 10:44:09.560 323 323 W ACodec : do not know color format 0x7fa30c04 = 2141391876
07-19 10:44:09.560 323 323 W ACodec : do not know color format 0x7f000789 = 2130708361
07-19 10:44:09.560 323 323 E OMX-VENC: ERROR: unsupported index 1868562442
07-19 10:44:09.560 323 323 E OMXNodeInstance: getConfig(1430002:qcom.encoder.mpeg4, ConfigAndroidIntraRefresh(0x6f60000a)) ERROR: UnsupportedIndex(0x8000101a)
07-19 10:44:09.561 323 323 I OMX-VENC: Component Deinit
07-19 10:44:09.562 323 323 I MediaPlayerService: MediaPlayerService::getOMX
07-19 10:44:09.563 323 323 I OMXClient: MuxOMX ctor
07-19 10:44:09.563 323 323 I OMXMaster: makeComponentInstance(OMX.qcom.video.encoder.h263) in mediaserver process
07-19 10:44:09.567 2455 2599 I LatinIME:LogUtils: Dictionary info: dictionary = main:en ; version = 54 ; date = 1414726273
07-19 10:44:09.567 0 0 I [ 18.401867,1] msm_vidc: info: Opening video instance: 00000000, 0
07-19 10:44:09.567 323 323 I OMX-VENC: Component_init : OMX.qcom.video.encoder.h263 : return = 0x0
07-19 10:44:09.568 323 323 E OMX-VENC: get_parameter: OMX_IndexParamVideoProfileLevelQuerySupported nProfileIndex ret NoMore 1
07-19 10:44:09.568 323 323 W ACodec : do not know color format 0x7fa30c04 = 2141391876
07-19 10:44:09.568 323 323 W ACodec : do not know color format 0x7f000789 = 2130708361
07-19 10:44:09.568 323 323 E OMX-VENC: ERROR: unsupported index 1868562442
07-19 10:44:09.568 323 323 E OMXNodeInstance: getConfig(1430003:qcom.encoder.h263, ConfigAndroidIntraRefresh(0x6f60000a)) ERROR: UnsupportedIndex(0x8000101a)
07-19 10:44:09.569 323 323 I OMX-VENC: Component Deinit
07-19 10:44:09.570 0 0 I [ 18.407102,2] msm_vidc: info: Closed video instance: 00000000
07-19 10:44:09.570 323 323 I MediaPlayerService: MediaPlayerService::getOMX
07-19 10:44:09.571 323 323 I OMXClient: MuxOMX ctor
07-19 10:44:09.571 318 318 I OMXMaster: makeComponentInstance(OMX.qcom.video.decoder.avc) in mediacodec process
07-19 10:44:09.578 318 318 I OMX-VDEC-1080P: component_init: OMX.qcom.video.decoder.avc : fd=5
07-19 10:44:09.578 318 318 I OMX-VDEC-1080P: Capabilities: driver_name = msm_vidc_driver, card = msm_vdec_8974, bus_info = , version = 1, capabilities = 4003000
07-19 10:44:09.580 0 0 I [ 18.415990,2] msm_vidc: info: Opening video instance: 00000000, 1
07-19 10:44:09.583 0 0 I [ 18.418704,3] wlan: WCNSS WLAN version 1.5.1.2
07-19 10:44:09.583 0 0 I [ 18.418722,3] wlan: WCNSS software version CNSS-PR-2-0-1-1-c1-00155
07-19 10:44:09.583 0 0 I [ 18.418731,3] wlan: WCNSS hardware version WCN v2.0 RadioPhy vRhea_GF_1.12 with 19.2MHz XO
07-19 10:44:09.583 0 0 I : [ 18.418764,3] DefaultCountry is 00
07-19 10:44:09.586 318 318 I OMX-VDEC-1080P: omx_vdec::component_init() success : fd=5
07-19 10:44:09.589 318 469 E OMX-VDEC-1080P: Extension: OMX.google.android.index.storeANWBufferInMetadata not implemented
07-19 10:44:09.589 318 469 E OMX-VDEC-1080P: Extension: OMX.google.android.index.configureVideoTunnelMode not implemented
07-19 10:44:09.589 318 469 E OMX-VDEC-1080P: Extension: OMX.google.android.index.useAndroidNativeBuffer is supported
07-19 10:44:09.589 318 469 E OMX-VDEC-1080P: Extension: OMX.google.android.index.allocateNativeHandle not implemented
07-19 10:44:09.590 318 469 E OMXNodeInstance: getParameter(13e000f:qcom.decoder.avc, ??(0x7f000044)) ERROR: UnsupportedSetting(0x80001019)
07-19 10:44:09.591 318 469 E OMXNodeInstance: getParameter(13e000f:qcom.decoder.avc, ??(0x7f000044)) ERROR: UnsupportedSetting(0x80001019)
07-19 10:44:09.592 1827 1981 I chatty : uid=1000(system) android.fg expire 1 line
07-19 10:44:09.594 318 2525 E OMX-VDEC-1080P: Extension: OMX.google.android.index.configureVideoTunnelMode not implemented
07-19 10:44:09.594 318 2525 E OMXNodeInstance: getExtensionIndex(13e000f:qcom.decoder.avc, OMX.google.android.index.configureVideoTunnelMode) ERROR: NotImplemented(0x80001006)
07-19 10:44:09.594 318 469 E OMX-VDEC-1080P: Extension: OMX.google.android.index.storeANWBufferInMetadata not implemented
07-19 10:44:09.594 318 318 I OMX-VDEC-1080P: omx_vdec::component_deinit() complete
07-19 10:44:09.596 318 318 I OMX-VDEC-1080P: Exit OMX vdec Destructor: fd=5
07-19 10:44:09.596 0 0 I [ 18.434301,0] msm_vidc: info: Closed video instance: 00000000
07-19 10:44:09.597 323 323 I MediaPlayerService: MediaPlayerService::getOMX
07-19 10:44:09.598 323 323 I OMXClient: MuxOMX ctor
07-19 10:44:09.598 323 323 I OMXMaster: makeComponentInstance(OMX.qcom.video.decoder.avc.secure) in mediaserver process
07-19 10:44:09.601 323 323 I OMX-VDEC-1080P: component_init: OMX.qcom.video.decoder.avc : fd=7
07-19 10:44:09.602 323 323 I OMX-VDEC-1080P: Capabilities: driver_name = msm_vidc_driver, card = msm_vdec_8974, bus_info = , version = 1, capabilities = 4003000
07-19 10:44:09.604 0 0 I [ 18.439622,3] msm_vidc: info: Opening video instance: 00000000, 1
07-19 10:44:09.604 0 0 I [ 18.441588,1] wlan_logging_sock_activate_svc: Initalizing FEConsoleLog = 1 NumBuff = 32
07-19 10:44:09.604 0 0 I [ 18.441720,1] wlan_logging_sock_activate_svc: Initalizing Pkt stats pkt_stats_buff = 16
07-19 10:44:09.607 0 0 I [ 18.443110,1] send_filled_buffers_to_user: Send Failed -3 drop_count = 0
07-19 10:44:09.607 0 0 I [ 18.443445,1] wlan: driver loaded
07-19 10:44:09.644 323 323 I OMX-VDEC-1080P: omx_vdec::component_init() success : fd=7
07-19 10:44:09.645 323 323 E OMX-VDEC-1080P: Extension: OMX.google.android.index.storeANWBufferInMetadata not implemented
07-19 10:44:09.645 323 323 E OMX-VDEC-1080P: Extension: OMX.google.android.index.configureVideoTunnelMode not implemented
07-19 10:44:09.645 323 323 E OMX-VDEC-1080P: Extension: OMX.google.android.index.useAndroidNativeBuffer is supported
07-19 10:44:09.645 323 323 E OMX-VDEC-1080P: Extension: OMX.google.android.index.allocateNativeHandle not implemented
07-19 10:44:09.645 323 323 E OMXNodeInstance: getParameter(1430004:qcom.decoder.avc.secure, ??(0x7f000044)) ERROR: UnsupportedSetting(0x80001019)
07-19 10:44:09.645 323 323 E OMXNodeInstance: getParameter(1430004:qcom.decoder.avc.secure, ??(0x7f000044)) ERROR: UnsupportedSetting(0x80001019)
07-19 10:44:09.645 323 323 E OMX-VDEC-1080P: Extension: OMX.google.android.index.configureVideoTunnelMode not implemented
07-19 10:44:09.645 323 323 E OMXNodeInstance: getExtensionIndex(1430004:qcom.decoder.avc.secure, OMX.google.android.index.configureVideoTunnelMode) ERROR: NotImplemented(0x80001006)
07-19 10:44:09.645 323 323 E OMX-VDEC-1080P: Extension: OMX.google.android.index.storeANWBufferInMetadata not implemented
07-19 10:44:09.645 323 323 I OMX-VDEC-1080P: omx_vdec::component_deinit() complete
07-19 10:44:09.651 323 323 I OMX-VDEC-1080P: Exit OMX vdec Destructor: fd=7
07-19 10:44:09.652 323 323 I MediaPlayerService: MediaPlayerService::getOMX
07-19 10:44:09.652 323 323 I OMXClient: MuxOMX ctor
07-19 10:44:09.653 318 318 I OMXMaster: makeComponentInstance(OMX.qcom.video.decoder.mpeg2) in mediacodec process
07-19 10:44:09.653 318 318 I OMX-VDEC-1080P: component_init: OMX.qcom.video.decoder.mpeg2 : fd=5
07-19 10:44:09.653 318 318 I OMX-VDEC-1080P: Capabilities: driver_name = msm_vidc_driver, card = msm_vdec_8974, bus_info = , version = 1, capabilities = 4003000
07-19 10:44:09.655 0 0 I [ 18.489293,0] msm_vidc: info: Closed video instance: 00000000
07-19 10:44:09.655 0 0 I [ 18.491580,3] msm_vidc: info: Opening video instance: 00000000, 1
07-19 10:44:09.657 318 318 I OMX-VDEC-1080P: omx_vdec::component_init() success : fd=5
07-19 10:44:09.657 2463 2463 I vol.Events: writeEvent collection_started
07-19 10:44:09.658 318 2525 E OMX-VDEC-1080P: Extension: OMX.google.android.index.storeANWBufferInMetadata not implemented
07-19 10:44:09.658 318 2525 E OMX-VDEC-1080P: Extension: OMX.google.android.index.configureVideoTunnelMode not implemented
07-19 10:44:09.658 318 2525 E OMX-VDEC-1080P: Extension: OMX.google.android.index.useAndroidNativeBuffer is supported
07-19 10:44:09.658 318 2525 E OMX-VDEC-1080P: Extension: OMX.google.android.index.allocateNativeHandle not implemented
07-19 10:44:09.659 318 2525 E OMXNodeInstance: getParameter(13e0010:qcom.decoder.mpeg2, ??(0x7f000044)) ERROR: UnsupportedSetting(0x80001019)
07-19 10:44:09.659 318 2525 E OMXNodeInstance: getParameter(13e0010:qcom.decoder.mpeg2, ??(0x7f000044)) ERROR: UnsupportedSetting(0x80001019)
07-19 10:44:09.661 318 318 E OMX-VDEC-1080P: Extension: OMX.google.android.index.configureVideoTunnelMode not implemented
07-19 10:44:09.661 318 318 E OMXNodeInstance: getExtensionIndex(13e0010:qcom.decoder.mpeg2, OMX.google.android.index.configureVideoTunnelMode) ERROR: NotImplemented(0x80001006)
07-19 10:44:09.661 318 2525 E OMX-VDEC-1080P: Extension: OMX.google.android.index.storeANWBufferInMetadata not implemented
07-19 10:44:09.662 318 469 I OMX-VDEC-1080P: omx_vdec::component_deinit() complete
07-19 10:44:09.663 318 469 I OMX-VDEC-1080P: Exit OMX vdec Destructor: fd=5
07-19 10:44:09.665 323 323 I MediaPlayerService: MediaPlayerService::getOMX
07-19 10:44:09.666 323 323 I OMXClient: MuxOMX ctor
07-19 10:44:09.666 318 2525 I OMXMaster: makeComponentInstance(OMX.qcom.video.decoder.mpeg4) in mediacodec process
07-19 10:44:09.667 318 2525 I OMX-VDEC-1080P: component_init: OMX.qcom.video.decoder.mpeg4 : fd=5
07-19 10:44:09.667 318 2525 I OMX-VDEC-1080P: Capabilities: driver_name = msm_vidc_driver, card = msm_vdec_8974, bus_info = , version = 1, capabilities = 4003000
07-19 10:44:09.667 0 0 I [ 18.501697,3] msm_vidc: info: Closed video instance: 00000000
07-19 10:44:09.667 0 0 I [ 18.505065,1] msm_vidc: info: Opening video instance: 00000000, 1
07-19 10:44:09.668 2463 2626 I sysui_action: [213,2]
07-19 10:44:09.668 2463 2626 I vol.Events: writeEvent external_ringer_mode_changed normal
07-19 10:44:09.668 2463 2626 I vol.Events: writeEvent internal_ringer_mode_changed normal
07-19 10:44:09.671 318 2525 I OMX-VDEC-1080P: omx_vdec::component_init() success : fd=5
07-19 10:44:09.672 318 469 E OMX-VDEC-1080P: Extension: OMX.google.android.index.storeANWBufferInMetadata not implemented
07-19 10:44:09.672 318 469 E OMX-VDEC-1080P: Extension: OMX.google.android.index.configureVideoTunnelMode not implemented
07-19 10:44:09.672 318 469 E OMX-VDEC-1080P: Extension: OMX.google.android.index.useAndroidNativeBuffer is supported
07-19 10:44:09.672 318 469 E OMX-VDEC-1080P: Extension: OMX.google.android.index.allocateNativeHandle not implemented
07-19 10:44:09.673 318 469 E OMXNodeInstance: getParameter(13e0011:qcom.decoder.mpeg4, ??(0x7f000044)) ERROR: UnsupportedSetting(0x80001019)
07-19 10:44:09.673 318 469 E OMXNodeInstance: getParameter(13e0011:qcom.decoder.mpeg4, ??(0x7f000044)) ERROR: UnsupportedSetting(0x80001019)
07-19 10:44:09.674 318 2525 E OMX-VDEC-1080P: Extension: OMX.google.android.index.configureVideoTunnelMode not implemented
07-19 10:44:09.674 318 2525 E OMXNodeInstance: getExtensionIndex(13e0011:qcom.decoder.mpeg4, OMX.google.android.index.configureVideoTunnelMode) ERROR: NotImplemented(0x80001006)
07-19 10:44:09.674 318 469 E OMX-VDEC-1080P: Extension: OMX.google.android.index.storeANWBufferInMetadata not implemented
07-19 10:44:09.674 318 318 I OMX-VDEC-1080P: omx_vdec::component_deinit() complete
07-19 10:44:09.675 318 318 I OMX-VDEC-1080P: Exit OMX vdec Destructor: fd=5
07-19 10:44:09.676 0 0 I [ 18.513825,3] msm_vidc: info: Closed video instance: 00000000
07-19 10:44:09.677 323 323 I MediaPlayerService: MediaPlayerService::getOMX
07-19 10:44:09.677 323 323 I OMXClient: MuxOMX ctor
07-19 10:44:09.677 318 469 I OMXMaster: makeComponentInstance(OMX.qcom.video.decoder.h263) in mediacodec process
07-19 10:44:09.678 318 469 I OMX-VDEC-1080P: component_init: OMX.qcom.video.decoder.h263 : fd=5
07-19 10:44:09.678 318 469 I OMX-VDEC-1080P: Capabilities: driver_name = msm_vidc_driver, card = msm_vdec_8974, bus_info = , version = 1, capabilities = 4003000
07-19 10:44:09.679 0 0 I [ 18.516312,2] msm_vidc: info: Opening video instance: 00000000, 1
07-19 10:44:09.682 318 469 I OMX-VDEC-1080P: omx_vdec::component_init() success : fd=5
07-19 10:44:09.684 318 469 E OMX-VDEC-1080P: Extension: OMX.google.android.index.storeANWBufferInMetadata not implemented
07-19 10:44:09.684 318 469 E OMX-VDEC-1080P: Extension: OMX.google.android.index.configureVideoTunnelMode not implemented
07-19 10:44:09.684 318 469 E OMX-VDEC-1080P: Extension: OMX.google.android.index.useAndroidNativeBuffer is supported
07-19 10:44:09.684 318 469 E OMX-VDEC-1080P: Extension: OMX.google.android.index.allocateNativeHandle not implemented
07-19 10:44:09.684 318 469 E OMXNodeInstance: getParameter(13e0012:qcom.decoder.h263, ??(0x7f000044)) ERROR: UnsupportedSetting(0x80001019)
07-19 10:44:09.685 318 469 E OMXNodeInstance: getParameter(13e0012:qcom.decoder.h263, ??(0x7f000044)) ERROR: UnsupportedSetting(0x80001019)
07-19 10:44:09.685 318 2525 E OMX-VDEC-1080P: Extension: OMX.google.android.index.configureVideoTunnelMode not implemented
07-19 10:44:09.685 318 2525 E OMXNodeInstance: getExtensionIndex(13e0012:qcom.decoder.h263, OMX.google.android.index.configureVideoTunnelMode) ERROR: NotImplemented(0x80001006)
07-19 10:44:09.686 318 469 E OMX-VDEC-1080P: Extension: OMX.google.android.index.storeANWBufferInMetadata not implemented
07-19 10:44:09.686 318 318 I OMX-VDEC-1080P: omx_vdec::component_deinit() complete
07-19 10:44:09.687 318 318 I OMX-VDEC-1080P: Exit OMX vdec Destructor: fd=5
07-19 10:44:09.689 323 323 I MediaPlayerService: MediaPlayerService::getOMX
07-19 10:44:09.689 323 323 I OMXClient: MuxOMX ctor
07-19 10:44:09.690 318 469 I OMXMaster: makeComponentInstance(OMX.google.mpeg4.decoder) in mediacodec process
07-19 10:44:09.690 0 0 I [ 18.525412,2] msm_vidc: info: Closed video instance: 00000000
07-19 10:44:09.695 318 469 E OMXNodeInstance: getExtensionIndex(13e0013:google.mpeg4.decoder, OMX.google.android.index.configureVideoTunnelMode) ERROR: UnsupportedIndex(0x8000101a)
07-19 10:44:09.695 318 318 W OMXNodeInstance: [13e0013:google.mpeg4.decoder] component does not support metadata mode; using fallback
07-19 10:44:09.700 323 323 I MediaPlayerService: MediaPlayerService::getOMX
07-19 10:44:09.700 323 323 I OMXClient: MuxOMX ctor
07-19 10:44:09.701 318 2525 I OMXMaster: makeComponentInstance(OMX.google.h263.decoder) in mediacodec process
07-19 10:44:09.704 318 2525 E OMXNodeInstance: getExtensionIndex(13e0014:google.h263.decoder, OMX.google.android.index.configureVideoTunnelMode) ERROR: UnsupportedIndex(0x8000101a)
07-19 10:44:09.704 318 469 W OMXNodeInstance: [13e0014:google.h263.decoder] component does not support metadata mode; using fallback
07-19 10:44:09.707 323 323 I MediaPlayerService: MediaPlayerService::getOMX
07-19 10:44:09.708 323 323 I OMXClient: MuxOMX ctor
07-19 10:44:09.708 318 318 I OMXMaster: makeComponentInstance(OMX.google.h264.decoder) in mediacodec process
07-19 10:44:09.719 324 2071 E SoftapController: Softap fwReload - NULL path for STA
07-19 10:44:09.720 323 323 W ACodec : [OMX.google.h264.decoder] stopping checking profiles after 32: 2/8000
07-19 10:44:09.721 318 318 E OMXNodeInstance: getExtensionIndex(13e0015:google.h264.decoder, OMX.google.android.index.configureVideoTunnelMode) ERROR: UnsupportedIndex(0x8000101a)
07-19 10:44:09.721 318 2525 W OMXNodeInstance: [13e0015:google.h264.decoder] component does not support metadata mode; using fallback
07-19 10:44:09.724 323 323 I MediaPlayerService: MediaPlayerService::getOMX
07-19 10:44:09.725 323 323 I OMXClient: MuxOMX ctor
07-19 10:44:09.725 324 2071 D CommandListener: Setting iface cfg
07-19 10:44:09.725 324 2071 D CommandListener: Trying to bring down wlan0
07-19 10:44:09.726 318 469 I OMXMaster: makeComponentInstance(OMX.google.hevc.decoder) in mediacodec process
07-19 10:44:09.727 324 2071 D CommandListener: Clearing all IP addresses on wlan0
07-19 10:44:09.727 1827 2337 I chatty : uid=1000(system) NetworkStats expire 2 lines
07-19 10:44:09.728 1827 2337 I netstats_mobile_sample: [0,0,0,0,0,0,0,0,0,0,0,0,-1]
07-19 10:44:09.728 1827 2337 I netstats_wifi_sample: [0,0,0,0,0,0,0,0,0,0,0,0,-1]
07-19 10:44:09.736 0 0 E [ 18.572975,0] [10: 44:09.734924] [000000001D3D13FE] [WifiS] wlan: [E :HDD] Ptt Socket error sending message to the app!!
07-19 10:44:09.736 0 0 I [ 18.573067,0] IPv6: ADDRCONF(NETDEV_UP): wlan0: link is not ready
07-19 10:44:09.742 1827 2644 I chatty : uid=1000(system) Thread-5 expire 2 lines
