07-19 10:44:11.524 2720 2720 D TelephonyNetworkFactory[1]: not acting - isApp=false, isAct=false NetworkRequest [ REQUEST id=1, [ Capabilities: INTERNET&NOT_RESTRICTED&TRUSTED&NOT_VPN] ]
07-19 10:44:11.524 2720 2720 D GsmCdmaPhone: [GsmCdmaPhone] New Uicc application found. type = APPTYPE_USIM
07-19 10:44:11.524 2720 2720 D SIMRecords: [SIMRecords] getOperatorNumeric: IMSI == null
07-19 10:44:11.524 323 323 E mm-camera-intf: mm_camera_open: opened, break out while loop
07-19 10:44:11.524 2720 2720 D GsmCdmaPhone: [GsmCdmaPhone] mIccRecords = SimRecords: mDestroyed=false mContext=com.android.phone.PhoneGlobals@7c35e93 mCi=com.android.internal.telephony.RIL@b7280c8 mFh=Handler (com.android.internal.telephony.uicc.UsimFileHandler) {db23ed0} mParentApp=com.android.internal.telephony.uicc.UiccCardApplication@8e84ec9 recordsLoadedRegistrants=android.os.RegistrantList@b60f9ce mImsiReadyRegistrants=android.os.RegistrantList@7bb50ef mRecordsEventsRegistrants=android.os.RegistrantList@54477fc mNewSmsRegistrants=android.os.RegistrantList@39e0e85 mNetworkSelectionModeAutomaticRegistrants=android.os.RegistrantList@296e4da recordsToLoad=0 adnCache=Handler (com.android.internal.telephony.uicc.AdnRecordCache) {e960d0b} recordsRequested=false iccid=null msisdnTag=null voiceMailNum=null voiceMailTag=null voiceMailNum=null newVoiceMailTag=null isVoiceMailFixed=false mImsi=null mncLength=-1 mailboxIndex=0 spn=null mVmConfigcom.android.internal.telephony.uicc.VoiceMailConstants@f5f17e8 mSpnOverride=mSpnOverride callForwardingEnabled=0 spnState=null mCphsInfo=null mCspPlmnEnabled=true efMWIS=null efCPHS_MWI=null mEfCff=null mEfCfis=null getOperatorNumeric=null
07-19 10:44:11.524 2720 2720 D GsmSMSDispatcher: GsmSMSDispatcher: subId = -2 slotId = 0
07-19 10:44:11.524 2720 2720 D GsmSMSDispatcher: New Uicc application found
07-19 10:44:11.525 2720 2720 D IccCardProxy: Icc changed. Reregestering.
07-19 10:44:11.525 2720 2720 D UiccCardApplication: Notifying 1 registrant: READY
07-19 10:44:11.525 2720 2720 E IccCardProxy: setExternalState: set mPhoneId=0 mExternalState=READY
07-19 10:44:11.525 2720 2720 D TelephonyManager: setTelephonyProperty: success phoneId=0 property=gsm.sim.state value: READY propVal=READY,NOT_READY
07-19 10:44:11.526 323 323 D QCamera2HWI: int qcamera::QCamera2HardwareInterface::openCamera(): enable_4k2k is 0
07-19 10:44:11.527 323 323 D mm-jpeg-intf: jpeg_open gMmCameraJpegLogLevel=1
07-19 10:44:11.527 2720 2720 D IccCardProxy: broadcastIccStateChangedIntent intent ACTION_SIM_STATE_CHANGED value=READY reason=null for mPhoneId=0
07-19 10:44:11.530 2720 2720 D SST : New card found
07-19 10:44:11.530 2720 2720 D UiccCardApplication: Notifying 1 registrant: READY
07-19 10:44:11.530 323 323 E qomx_image_core: OMX_Init:95] Complete 2
07-19 10:44:11.531 2720 2720 D GsmSMSDispatcher: GsmSMSDispatcher: subId = -3 slotId = 1
07-19 10:44:11.531 2720 2720 D IccCardProxy: Icc changed. Reregestering.
07-19 10:44:11.531 2720 2720 E IccCardProxy: setExternalState: set mPhoneId=1 mExternalState=ABSENT
07-19 10:44:11.531 2720 2720 D TelephonyManager: setTelephonyProperty: success phoneId=1 property=gsm.sim.state value: ABSENT propVal=READY,ABSENT
07-19 10:44:11.531 323 323 D QCameraHWI_Mem: void qcamera::QCameraMemory::traceLogAllocStart(size_t, int, const char*) : alloc E count=1 size=1048576
07-19 10:44:11.531 323 323 E QCameraHWI_Mem: void qcamera::QCameraMemory::traceLogAllocStart(size_t, int, const char*):HeapMemsize 1048576
07-19 10:44:11.531 323 323 D QCameraHWI_Mem: void qcamera::QCameraMemory::traceLogAllocStart(size_t, int, const char*) : alloc E count=1 size=1048576
07-19 10:44:11.532 2720 2720 D IccCardProxy: broadcastIccStateChangedIntent intent ACTION_SIM_STATE_CHANGED value=ABSENT reason=null for mPhoneId=1
07-19 10:44:11.532 323 323 E QCameraHWI_Mem: void qcamera::QCameraMemory::traceLogAllocStart(size_t, int, const char*):Memsize 1048576
07-19 10:44:11.532 323 323 D QCameraHWI_Mem: int qcamera::QCameraMemory::alloc(int, size_t, unsigned int) : No memory pool available and So allocate new buffer
07-19 10:44:11.532 323 323 D QCameraHWI_Mem: static int qcamera::QCameraMemory::allocOneBuffer(qcamera::QCameraMemory::QCameraMemInfo&, unsigned int, size_t, bool) : ION buffer 1 with size 1048576 allocated
07-19 10:44:11.532 323 323 D QCameraHWI_Mem: void qcamera::QCameraMemory::traceLogAllocEnd(size_t) : X
07-19 10:44:11.532 323 323 E QCameraHWI_Mem: void qcamera::QCameraMemory::traceLogAllocEnd(size_t) 1048576
07-19 10:44:11.532 323 323 D QCameraHWI_Mem: void qcamera::QCameraMemory::traceLogAllocEnd(size_t) : X
07-19 10:44:11.532 323 323 E QCameraHWI_Mem: void qcamera::QCameraMemory::traceLogAllocEnd(size_t) 1048576
07-19 10:44:11.534 2720 2720 D SIMRecords: [SIMRecords] fetchSimRecords 0
07-19 10:44:11.534 2720 2720 D RILJ : [3712]> getIMSI: GET_IMSI aid: a0000000871002ffffffff89050600ff [SUB0]
07-19 10:44:11.534 2720 2720 D RILJ : [3713]> iccIO: SIM_IO 0xc0 0x2fe2 path: 3F00,0,0,0 aid: a0000000871002ffffffff89050600ff [SUB0]
07-19 10:44:11.535 2720 2749 D SubscriptionController: [getActiveSubInfoList] Sub Controller not ready
07-19 10:44:11.536 2720 2720 D RILJ : [3714]> iccIO: SIM_IO 0xc0 0x6f40 path: 3F007FFF,0,0,15 aid: a0000000871002ffffffff89050600ff [SUB0]
07-19 10:44:11.537 2720 2720 D RILJ : [3715]> iccIO: SIM_IO 0xc0 0x6fc9 path: 3F007FFF,0,0,15 aid: a0000000871002ffffffff89050600ff [SUB0]
07-19 10:44:11.538 2720 2720 D RILJ : [3716]> iccIO: SIM_IO 0xc0 0x6fad path: 3F007FFF,0,0,0 aid: a0000000871002ffffffff89050600ff [SUB0]
07-19 10:44:11.538 323 323 D QCameraHWI_Mem: void qcamera::QCameraMemory::traceLogAllocStart(size_t, int, const char*) : alloc E count=1 size=65544
07-19 10:44:11.538 323 323 D QCameraHWI_Mem: void qcamera::QCameraMemory::traceLogAllocStart(size_t, int, const char*) : alloc E count=1 size=65544
07-19 10:44:11.538 323 323 D QCameraHWI_Mem: int qcamera::QCameraMemory::alloc(int, size_t, unsigned int) : No memory pool available and So allocate new buffer
07-19 10:44:11.538 2720 2749 D SubscriptionController: [getActiveSubInfoList] Sub Controller not ready
07-19 10:44:11.538 2720 2720 D RILJ : [3717]> iccIO: SIM_IO 0xc0 0x6fca path: 3F007FFF,0,0,15 aid: a0000000871002ffffffff89050600ff [SUB0]
07-19 10:44:11.539 323 323 D QCameraHWI_Mem: static int qcamera::QCameraMemory::allocOneBuffer(qcamera::QCameraMemory::QCameraMemInfo&, unsigned int, size_t, bool) : ION buffer 1 with size 69632 allocated
07-19 10:44:11.540 323 323 D QCameraHWI_Mem: void qcamera::QCameraMemory::traceLogAllocEnd(size_t) : X
07-19 10:44:11.540 323 323 D QCameraHWI_Mem: void qcamera::QCameraMemory::traceLogAllocEnd(size_t) : X
07-19 10:44:11.540 2720 2720 D RILJ : [3718]> iccIO: SIM_IO 0xc0 0x6f11 path: 3F007FFF,0,0,0 aid: a0000000871002ffffffff89050600ff [SUB0]
07-19 10:44:11.541 2720 2720 D RILJ : [3719]> iccIO: SIM_IO 0xc0 0x6fcb path: 3F007FFF,0,0,15 aid: a0000000871002ffffffff89050600ff [SUB0]
07-19 10:44:11.543 2720 2720 D RILJ : [3720]> iccIO: SIM_IO 0xc0 0x6f13 path: 3F007FFF,0,0,0 aid: a0000000871002ffffffff89050600ff [SUB0]
07-19 10:44:11.544 2720 2720 D RILJ : [3721]> iccIO: SIM_IO 0xc0 0x6f46 path: 3F007FFF,0,0,0 aid: a0000000871002ffffffff89050600ff [SUB0]
07-19 10:44:11.545 323 323 D QCameraParameters: setBurstStatus: set Mot Burst Status=off (0)
07-19 10:44:11.545 2720 2720 D RILJ : [3722]> iccIO: SIM_IO 0xc0 0x6fcd path: 3F007FFF,0,0,0 aid: a0000000871002ffffffff89050600ff [SUB0]
07-19 10:44:11.545 323 323 D QCameraParameters: int32_t qcamera::QCameraParameters::initDefaultParameters(): supported preview sizes: 1280x960,1280x720,960x720,960x540,864x480,768x432,720x480,640x480,320x240,176x144
07-19 10:44:11.545 323 323 D QCameraParameters: int32_t qcamera::QCameraParameters::initDefaultParameters(): supported video sizes: 1920x1080,1280x720,960x540,864x480,720x480,640x480,352x288,320x240,176x144
07-19 10:44:11.546 2720 2720 D RILJ : [3723]> iccIO: SIM_IO 0xc0 0x6fc5 path: 3F007FFF,0,0,15 aid: a0000000871002ffffffff89050600ff [SUB0]
07-19 10:44:11.546 1827 2337 I netstats_mobile_sample: [0,0,0,0,0,0,0,0,0,0,0,0,-1]
07-19 10:44:11.546 1827 2337 I netstats_wifi_sample: [0,0,0,0,0,0,0,0,0,0,0,0,-1]
07-19 10:44:11.546 323 323 D QCameraParameters: int32_t qcamera::QCameraParameters::initDefaultParameters(): supported video sizes: 1920x1080,1280x720,960x540,864x480,720x480,640x480,352x288,320x240,176x144
07-19 10:44:11.547 2720 2720 D RILJ : [3724]> iccIO: SIM_IO 0xc0 0x6f38 path: 3F007FFF,0,0,0 aid: a0000000871002ffffffff89050600ff [SUB0]
07-19 10:44:11.547 2720 2858 D RILJ : [3712]< GET_IMSI [SUB0]
07-19 10:44:11.547 323 323 D QCameraParameters: int32_t qcamera::QCameraParameters::initDefaultParameters(): supported pic sizes: 2592x1944,2592x1458,1920x1080,1440x1080,1280x960,1280x720,640x480,352x288,320x240
07-19 10:44:11.548 323 323 D QCameraParameters: int32_t qcamera::QCameraParameters::initDefaultParameters(): supported fps ranges: (15000,15000),(15000,30000),(24000,30000),(30000,30000)
07-19 10:44:11.548 323 323 D QCameraParameters: int32_t qcamera::QCameraParameters::setPreviewFpsRange(int, int, int, int): Updated: minFps = 15000, maxFps = 30000 , vid minFps = 15000, vid maxFps = 30000
07-19 10:44:11.548 323 323 D QCamera2HWI: int qcamera::QCamera2HardwareInterface::calcThermalLevel(qcamera::qcamera_thermal_level_enum_t, int, int, cam_fps_range_t&, msm_vfe_frame_skip_pattern&): level: 0, preview minfps 15000.000000, preview maxfpS 30000.000000, video minfps 15000.000000, video maxfpS 30000.000000
07-19 10:44:11.548 323 323 D QCamera2HWI: int qcamera::QCamera2HardwareInterface::calcThermalLevel(qcamera::qcamera_thermal_level_enum_t, int, int, cam_fps_range_t&, msm_vfe_frame_skip_pattern&): Thermal level 0, FPS [15.00,30.00, 15.00,30.00], frameskip 0
07-19 10:44:11.548 323 323 D QCameraParameters: int32_t qcamera::QCameraParameters::setPreviewFpsRange(int, int, int, int): Thermal adjusted Preview fps range 15.00,30.00, 15.00, 30.00
07-19 10:44:11.548 323 323 D QCameraParameters: int32_t qcamera::QCameraParameters::initDefaultParameters(): supported fps rates: 15,16,17,18,19,20,21,22,23,24,25,26,27,28,29,30
07-19 10:44:11.549 2720 2720 D RILJ : [3725]> iccIO: SIM_IO 0xc0 0x6f16 path: 3F007FFF,0,0,0 aid: a0000000871002ffffffff89050600ff [SUB0]
07-19 10:44:11.550 323 323 D QCameraParameters: int32_t qcamera::QCameraParameters::setFocusMode(const char*): Setting focus mode fixed
07-19 10:44:11.551 323 323 D QCameraParameters: int32_t qcamera::QCameraParameters::setWhiteBalance(const char*): Setting WhiteBalance value auto
07-19 10:44:11.551 323 323 E QCameraParameters: int32_t qcamera::QCameraParameters::initDefaultParameters(): supported flash modes cnt is 0!!!
07-19 10:44:11.551 323 323 D QCameraParameters: ConfigHdrFramesTag:int32_t qcamera::QCameraParameters::setHdrFrameCount(int): hdr frames = 3
07-19 10:44:11.551 323 323 D QCameraParameters: int32_t qcamera::QCameraParameters::setSceneMode(const char*): Setting SceneMode auto
07-19 10:44:11.551 323 323 D QCameraParameters: int32_t qcamera::QCameraParameters::setISOValue(const char*): Setting ISO value auto
07-19 10:44:11.551 323 323 D QCameraParameters: int32_t qcamera::QCameraParameters::initDefaultParameters(), Exposure time min 0.000000 ms, max 0.000000 ms
07-19 10:44:11.551 323 323 D QCameraParameters: int32_t qcamera::QCameraParameters::initDefaultParameters(), ISO min 0, max 0
07-19 10:44:11.551 323 323 D QCameraParameters: int32_t qcamera::QCameraParameters::setAEBracket(const char*), EXP_BRACKETING_OFF
07-19 10:44:11.552 323 323 D QCameraParameters: int32_t qcamera::QCameraParameters::initDefaultParameters(): Supported WNR:ON/OFF default:ON
07-19 10:44:11.552 323 323 D QCameraParameters: int32_t qcamera::QCameraParameters::initDefaultParameters(): Supported TINTLESS:ON/OFF default:ON
07-19 10:44:11.552 2958 2958 D CellBroadcastReceiver: onReceive Intent { act=android.intent.action.SIM_STATE_CHANGED flg=0x4000010 cmp=com.android.cellbroadcastreceiver/.CellBroadcastReceiver (has extras) }
07-19 10:44:11.552 2720 2720 D RILJ : [3726]> iccIO: SIM_IO 0xc0 0x6f15 path: 3F007FFF,0,0,0 aid: a0000000871002ffffffff89050600ff [SUB0]
07-19 10:44:11.553 323 323 E QCameraParameters: int32_t qcamera::QCameraParameters::setResetRoi(const char*): Setting reset-roi value to off (0)
07-19 10:44:11.553 323 323 D QCameraParameters: int32_t qcamera::QCameraParameters::setDISValue(const char*): Setting DIS value disable
07-19 10:44:11.553 2720 2720 D RILJ : [3727]> iccIO: SIM_IO 0xc0 0x6f3e path: 3F007FFF,0,0,0 aid: a0000000871002ffffffff89050600ff [SUB0]
07-19 10:44:11.554 2720 2720 D RILJ : [3728]> iccIO: SIM_IO 0xc0 0x6f3f path: 3F007FFF,0,0,0 aid: a0000000871002ffffffff89050600ff [SUB0]
07-19 10:44:11.554 323 323 D QCameraParameters: int32_t qcamera::QCameraParameters::setSeeMore(const char*): seeMoreStr =off
07-19 10:44:11.554 2720 2720 D RILJ : [3729]> iccIO: SIM_IO 0xc0 0x6f60 path: 3F007FFF,0,0,0 aid: a0000000871002ffffffff89050600ff [SUB0]
07-19 10:44:11.555 323 323 D QCameraParameters: int32_t qcamera::QCameraParameters::initDefaultParameters(): totalram = 2007523328, freeram = 1194000384 
07-19 10:44:11.555 2720 2720 D RILJ : [3730]> iccIO: SIM_IO 0xc0 0x6f61 path: 3F007FFF,0,0,0 aid: a0000000871002ffffffff89050600ff [SUB0]
07-19 10:44:11.556 323 323 D QCameraParameters: int32_t qcamera::QCameraParameters::setNumOfSnapshot(): nBurstNum = 1, nExpnum = 1
07-19 10:44:11.556 2720 2720 D RILJ : [3731]> iccIO: SIM_IO 0xc0 0x6f62 path: 3F007FFF,0,0,0 aid: a0000000871002ffffffff89050600ff [SUB0]
07-19 10:44:11.557 2720 2720 D RILJ : [3732]> iccIO: SIM_IO 0xc0 0x6fd9 path: 3F007FFF,0,0,0 aid: a0000000871002ffffffff89050600ff [SUB0]
07-19 10:44:11.557 323 323 I QCameraHalWatchdog: Stopped Watchdog Thread...
07-19 10:44:11.558 2720 2720 D RILJ : [3733]> iccIO: SIM_IO 0xc0 0x6f7b path: 3F007FFF,0,0,0 aid: a0000000871002ffffffff89050600ff [SUB0]
07-19 10:44:11.560 2720 2720 D RILJ : [3734]> iccIO: SIM_IO 0xc0 0x6f05 path: 3F007FFF,0,0,0 aid: a0000000871002ffffffff89050600ff [SUB0]
07-19 10:44:11.560 323 323 I Thermal-Lib: Thermal-Lib-Client: Registraion successful for camera with handle:1
07-19 10:44:11.560 323 323 E CameraBgProcService: setHalCallback: ERROR: Callback not set
07-19 10:44:11.560 323 323 E CameraBgProcService: setVfwCallback: ERROR: Callback not set
07-19 10:44:11.560 323 323 E CameraBgProcService: setSWFlashCallback: ERROR: Callback not set
07-19 10:44:11.560 323 323 E CameraBgProcService: setHalTouchCallback: ERROR: Callback not set
07-19 10:44:11.560 2720 2720 D RILJ : [3735]> iccIO: SIM_IO 0xc0 0x2f05 path: 3F00,0,0,0 aid: a0000000871002ffffffff89050600ff [SUB0]
07-19 10:44:11.561 323 3167 I QCamera2HWI: getParameters standard
07-19 10:44:11.561 298 367 I ThermalEngine: Thermal-Server: Adding thermal event listener on fd 37
07-19 10:44:11.561 323 3280 I Thermal-Lib: Thermal-Lib-Client: Client received msg camera 0
07-19 10:44:11.561 323 3280 D QCamera2HWI: virtual int qcamera::QCamera2HardwareInterface::thermalEvtHandle(qcamera::qcamera_thermal_level_enum_t, void*, void*): level = 0, userdata = 0x0, data = 0x0
07-19 10:44:11.561 2720 2720 D RILJ : [3736]> iccIO: SIM_IO 0xc0 0x6f3c path: 3F007FFF,0,0,15 aid: a0000000871002ffffffff89050600ff [SUB0]
07-19 10:44:11.562 2720 2720 D SIMRecords: [SIMRecords] fetchSimRecords 20 requested: true
07-19 10:44:11.562 2720 2720 D UiccCardApplication: Query facility lock : 0
07-19 10:44:11.562 2720 2720 D UiccCardApplication: Query facility FDN : FDN service available: true enabled: false
07-19 10:44:11.562 2720 2720 D CAT : CatService: handleMessage[8]
07-19 10:44:11.562 2720 2720 D CAT : CatService: MSG_ID_ICC_CHANGED
07-19 10:44:11.562 2720 2720 D CAT : CatService: New Card State = CARDSTATE_PRESENT Old Card State = CARDSTATE_ABSENT
07-19 10:44:11.562 323 3167 E QCameraStateMachine: int32_t qcamera::QCameraStateMachine::procEvtPreviewStoppedState(qcamera::qcamera_sm_evt_enum_t, void*): cannot handle thermal evt(32) in state(0)
07-19 10:44:11.562 2720 2720 D RILJ : [3737]> RIL_REQUEST_REPORT_STK_SERVICE_IS_RUNNING [SUB0]
07-19 10:44:11.563 323 3280 I Thermal-Lib: Thermal-Lib-Client: Client received msg camcorder 0
07-19 10:44:11.563 323 3280 E Thermal-Lib: Thermal-Lib-Client: No Callback registered for camcorder
07-19 10:44:11.563 2720 2720 D GsmSMSDispatcher: GsmSMSDispatcher: subId = -2 slotId = 0
07-19 10:44:11.563 2720 2720 E IccCardProxy: setExternalState: !override and newstate unchanged from READY
07-19 10:44:11.563 323 323 I QCameraHalWatchdog: Starting Watchdog Thread...
07-19 10:44:11.563 2720 2720 D GsmSMSDispatcher: GsmSMSDispatcher: subId = -3 slotId = 1
07-19 10:44:11.563 2720 2720 E IccCardProxy: setExternalState: !override and newstate unchanged from ABSENT
07-19 10:44:11.564 2720 2720 D CAT : CatService: handleMessage[8]
07-19 10:44:11.564 323 323 D QCamera2HWI: [KPI Perf] static void qcamera::QCamera2HardwareInterface::stop_preview(camera_device*): E PROFILE_STOP_PREVIEW
07-19 10:44:11.564 2720 2720 D CAT : CatService: MSG_ID_ICC_CHANGED
07-19 10:44:11.564 2720 2720 D CAT : CatService: New Card State = CARDSTATE_PRESENT Old Card State = CARDSTATE_PRESENT
07-19 10:44:11.564 323 3167 D QCameraStateMachine: int32_t qcamera::QCameraStateMachine::procEvtPreviewStoppedState(qcamera::qcamera_sm_evt_enum_t, void*): already in preview stopped state, do nothing
07-19 10:44:11.564 2720 2720 D SST : SubscriptionListener.onSubscriptionInfoChanged
07-19 10:44:11.564 323 323 D QCamera2HWI: [KPI Perf] static void qcamera::QCamera2HardwareInterface::stop_preview(camera_device*): X
07-19 10:44:11.564 2720 2720 E Phone : getStoredVoiceMessageCount: invalid subId -2
07-19 10:44:11.564 2720 2720 D GsmCdmaPhone: [GsmCdmaPhone] updateVoiceMail countVoiceMessages = 0 subId -2
07-19 10:44:11.564 2720 2720 E Phone : setVoiceMessageCount in sharedPreference: invalid subId -2
07-19 10:44:11.564 323 323 I QCameraHalWatchdog: Stopped Watchdog Thread...
07-19 10:44:11.564 2720 2720 D DCT : [0]SubscriptionListener.onSubscriptionInfoChanged
07-19 10:44:11.566 323 323 I QCameraHalWatchdog: Starting Watchdog Thread...
07-19 10:44:11.566 323 323 D QCamera2HWI: [KPI Perf] static int qcamera::QCamera2HardwareInterface::cancel_picture(camera_device*): E PROFILE_CANCEL_PICTURE
07-19 10:44:11.566 323 3167 D QCameraStateMachine: int32_t qcamera::QCameraStateMachine::procEvtPreviewStoppedState(qcamera::qcamera_sm_evt_enum_t, void*): No ops for evt(20) in state(0)
07-19 10:44:11.566 323 323 D QCamera2HWI: [KPI Perf] static int qcamera::QCamera2HardwareInterface::cancel_picture(camera_device*): X
07-19 10:44:11.566 2720 2720 D SST : SubscriptionListener.onSubscriptionInfoChanged
07-19 10:44:11.567 2720 2720 D GsmCdmaPhone: [GsmCdmaPhone] updateVoiceMail countVoiceMessages = 0 subId -3
07-19 10:44:11.567 2720 2720 E Phone : setVoiceMessageCount in sharedPreference: invalid subId -3
07-19 10:44:11.567 2720 2720 D DCT : [1]SubscriptionListener.onSubscriptionInfoChanged
07-19 10:44:11.569 323 323 I QCameraHalWatchdog: Stopped Watchdog Thread...
07-19 10:44:11.569 323 323 I QCameraHalWatchdog: Starting Watchdog Thread...
07-19 10:44:11.570 323 323 I QCameraHalWatchdog: Stopped Watchdog Thread...
07-19 10:44:11.570 323 323 I CameraFlashlight: Destroying camera 1
07-19 10:44:11.570 323 323 I QCameraHalWatchdog: Starting Watchdog Thread...
07-19 10:44:11.570 2720 2720 D SubscriptionController: [getActiveSubInfoList] Sub Controller not ready
07-19 10:44:11.571 323 323 D QCamera2HWI: [KPI Perf] static int qcamera::QCamera2HardwareInterface::close_camera_device(hw_device_t*): E
07-19 10:44:11.571 323 323 D QCamera2HWI: virtual qcamera::QCamera2HardwareInterface::~QCamera2HardwareInterface(): E
07-19 10:44:11.571 323 3170 D QCamera2HWI: static void* qcamera::QCamera2HardwareInterface::defferedWorkRoutine(void*): stop data proc
07-19 10:44:11.571 2720 2720 D SubscriptionController: [getActiveSubInfoList] Sub Controller not ready
07-19 10:44:11.573 2720 2858 D RILJ : [3713]< SIM_IO IccIoResult sw1:0x90 sw2:0x0 [SUB0]
07-19 10:44:11.577 323 323 D QCamera2HWI: int qcamera::QCamera2HardwareInterface::closeCamera(): E
07-19 10:44:11.579 323 323 D QCameraParameters: void qcamera::QCameraParameters::deinit(): line = 7363
07-19 10:44:11.579 2720 2858 D RILJ : [3737]< RIL_REQUEST_REPORT_STK_SERVICE_IS_RUNNING [SUB0]
07-19 10:44:11.580 323 323 E qomx_image_core: OMX_Deinit:119] Complete
07-19 10:44:11.580 2720 2858 D RILJ : [3714]< SIM_IO IccIoResult sw1:0x90 sw2:0x0 [SUB0]
07-19 10:44:11.580 323 323 E QCameraPostProc: int32_t qcamera::QCameraPostProcessor::deinit(): Jpeg closed, rc = 0, mJpegClientHandle = 400
07-19 10:44:11.581 298 367 I ThermalEngine: Thermal-Server: removing client on fd 37
07-19 10:44:11.582 323 323 I Thermal-Lib: Thermal-Lib-Client: Unregisteration is successfull for handle:1
07-19 10:44:11.584 323 323 D QCamera2HWI: int qcamera::QCamera2HardwareInterface::closeCamera(): X
07-19 10:44:11.584 323 323 D QCamera2HWI: virtual qcamera::QCamera2HardwareInterface::~QCamera2HardwareInterface(): X
07-19 10:44:11.584 309 1182 E RILQ : (0/309): RIL[0][event] qcril_gstk_qmi_get_recovery_proactive_cache: Error GET_CACHED_PROACTIVE_CMD_REQ, qmi_err_code: 0x0, result: 0x1, error: 0x4a
07-19 10:44:11.584 323 3167 D QCameraStateMachine: static void* qcamera::QCameraStateMachine::smEvtProcRoutine(void*): X
07-19 10:44:11.584 323 323 D QCamera2HWI: [KPI Perf] static int qcamera::QCamera2HardwareInterface::close_camera_device(hw_device_t*): X
07-19 10:44:11.585 323 323 I QCameraHalWatchdog: Stopped Watchdog Thread...
07-19 10:44:11.585 309 1182 E RILQ : (0/309): RIL[0][event] qcril_gstk_qmi_get_recovery_proactive_cache: Error GET_CACHED_PROACTIVE_CMD_REQ, qmi_err_code: 0x0, result: 0x1, error: 0x4a
07-19 10:44:11.586 0 0 E [ 20.421952,0] msm_post_event: timeout cannot be negative Line 736
07-19 10:44:11.586 323 323 I CameraService: onTorchStatusChangedLocked: Torch status changed for cameraId=0, newStatus=1
07-19 10:44:11.586 323 323 I CameraService: disconnect: Disconnected client for camera 1 for PID 323
07-19 10:44:11.586 323 323 D NuPlayerDriver: reset(0xb5daaea0) at state 4
07-19 10:44:11.586 323 323 D NuPlayerDriver: notifyListener_l(0xb5daaea0), (8, 0, 0), loop setting(0, 0)
07-19 10:44:11.586 323 3156 W AMessage: failed to post message as target looper for handler 0 is gone.
07-19 10:44:11.587 323 3156 D NuPlayerDriver: notifyResetComplete(0xb5daaea0)
07-19 10:44:11.587 323 323 D NuPlayerDriver: reset(0xb5daafc0) at state 4
07-19 10:44:11.588 323 323 D NuPlayerDriver: notifyListener_l(0xb5daafc0), (8, 0, 0), loop setting(0, 0)
07-19 10:44:11.588 323 3160 W AMessage: failed to post message as target looper for handler 0 is gone.
07-19 10:44:11.588 323 3160 D NuPlayerDriver: notifyResetComplete(0xb5daafc0)
07-19 10:44:11.588 323 323 D NuPlayerDriver: reset(0xb5dab020) at state 4
07-19 10:44:11.588 323 323 D NuPlayerDriver: notifyListener_l(0xb5dab020), (8, 0, 0), loop setting(0, 0)
07-19 10:44:11.589 1827 2811 I Telecom : PhoneAccountRegistrar: [ComponentInfo{com.android.phone/com.android.services.telephony.TelephonyConnectionService}, [e0184adedf913b076626646d3f52c3b49c39ad6d], UserHandle{0}(icon: Icon(typ=BITMAP size=38x48) -> Icon(typ=BITMAP size=38x48))]: TSI.rPA@AAQ
07-19 10:44:11.589 323 3162 W AMessage: failed to post message as target looper for handler 0 is gone.
07-19 10:44:11.590 328 328 E mm-camera: mct_pipeline_stop_session: left modules: 7
07-19 10:44:11.590 328 328 E mm-camera: mct_pipeline_stop_session: left modules: 6
07-19 10:44:11.590 328 328 E mm-camera: mct_pipeline_stop_session: left modules: 5
07-19 10:44:11.590 328 328 E mm-camera: mct_pipeline_stop_session: left modules: 4
07-19 10:44:11.590 328 328 E mm-camera: mct_pipeline_stop_session: left modules: 3
07-19 10:44:11.592 328 3298 D mm-camera: c2d_module_stop_session:435, info: stopping session 2 ...
07-19 10:44:11.592 328 3214 D mm-camera: c2d_thread_process_pipe_message:737, C2D_THREAD_MSG_ABORT: c2d_thread exiting..
07-19 10:44:11.593 1827 2811 I Telecom : : Sending phone-account registered intent as user: TSI.rPA@AAQ
07-19 10:44:11.593 328 328 E mm-camera: mct_pipeline_stop_session: left modules: 2
07-19 10:44:11.593 323 3162 D NuPlayerDriver: notifyResetComplete(0xb5dab020)
07-19 10:44:11.593 2720 2858 D RilRequest: [3715]< SIM_IO error: com.android.internal.telephony.CommandException: GENERIC_FAILURE ret=IccIoResult sw1:0x6a sw2:0x82 Error: File not found
07-19 10:44:11.595 328 3298 D mm-camera: c2d_module_stop_session:479, info: session 2 stopped.
07-19 10:44:11.595 328 328 E mm-camera: mct_pipeline_stop_session: left modules: 1
07-19 10:44:11.603 328 328 E mm-camera: mct_pipeline_stop_session: left modules: 0
07-19 10:44:11.603 328 3260 E mm-camera: Got some events
07-19 10:44:11.606 0 0 E [ 20.441279,1] msm_sensor_config: 1379 sensor state 0
07-19 10:44:11.608 1827 2554 I Telecom : PhoneAccountRegistrar: getUserSelVoicePhoneAccount, voice subId = -1: TSI.gUSOPA@AAY
07-19 10:44:11.608 1827 2554 I Telecom : PhoneAccountRegistrar: getUserSelVoicePhoneAccount, emergency account : TSI.gUSOPA@AAY
07-19 10:44:11.609 2720 2858 D RILJ : [3716]< SIM_IO IccIoResult sw1:0x90 sw2:0x0 [SUB0]
07-19 10:44:11.611 2720 2720 D UiccCard: Error in SIM access with exceptioncom.android.internal.telephony.CommandException: NO_SUCH_ELEMENT
07-19 10:44:11.611 2720 2858 D RilRequest: [3717]< SIM_IO error: com.android.internal.telephony.CommandException: GENERIC_FAILURE ret=IccIoResult sw1:0x94 sw2:0x4 Error: file ID not found/pattern not found
07-19 10:44:11.611 2720 2720 D DCT : [0]setupDataOnConnectableApns: nwTypeChanged hipri:[state=IDLE,enabled=false] mms:[state=IDLE,enabled=false] supl:[state=IDLE,enabled=false] ia:[state=IDLE,enabled=false] fota:[state=IDLE,enabled=false] ims:[state=IDLE,enabled=false] cbs:[state=IDLE,enabled=false] default:[state=IDLE,enabled=false] emergency:[state=IDLE,enabled=false] 
07-19 10:44:11.611 2720 2720 D SST : handlPollStateResultMessage: GsmSST setDataRegState=1 regState=2 dataRadioTechnology=0
07-19 10:44:11.612 2720 2720 D SST : handlPollStateResultMessage: GsmSST setDataRegState=1 regState=2 dataRadioTechnology=0
07-19 10:44:11.612 2720 2720 D SST : EVENT_POLL_STATE_NETWORK_SELECTION_MODE
07-19 10:44:11.613 2720 2720 D SST : Poll ServiceState done: oldSS=[1 1 voice home data home null null null null null null Unknown Unknown CSS not supported 0 0 RoamInd=0 DefRoamInd=0 EmergOnly=false IsDataRoamingFromRegistration=false IsUsingCarrierAggregation=false] newSS=[1 1 voice home data home null null null null null null Unknown Unknown CSS not supported 0 0 RoamInd=0 DefRoamInd=0 EmergOnly=false IsDataRoamingFromRegistration=false IsUsingCarrierAggregation=false] oldMaxDataCalls=1 mNewMaxDataCalls=20 oldReasonDataDenied=-1 mNewReasonDataDenied=-1
07-19 10:44:11.613 2720 2720 D SST : EVENT_POLL_STATE_NETWORK_SELECTION_MODE
07-19 10:44:11.613 2720 2720 D GsmCdmaCallTracker: Event EVENT_POLL_CALLS_RESULT Received
07-19 10:44:11.613 2720 2720 D GsmCdmaCallTracker: [GsmCdmaCallTracker] update phone state, old=IDLE new=IDLE
07-19 10:44:11.613 2720 2720 D GsmCdmaPhone: [GsmCdmaPhone] EVENT_REQUEST_VOICE_RADIO_TECH_DONE: newVoiceTech=16
07-19 10:44:11.613 2720 2720 D GsmCdmaPhone: [GsmCdmaPhone] phoneObjectUpdater: newVoiceRadioTech=16
07-19 10:44:11.613 2720 2720 D GsmCdmaPhone: [GsmCdmaPhone] phoneObjectUpdater: No change ignore, newVoiceRadioTech=16 mActivePhone=GSM
07-19 10:44:11.614 2720 2720 D SST : set service state as POWER_OFF
07-19 10:44:11.615 2720 2720 D SST : Poll ServiceState done: oldSS=[3 3 voice home data home null null null null null null Unknown Unknown CSS not supported -1 -1 RoamInd=-1 DefRoamInd=-1 EmergOnly=false IsDataRoamingFromRegistration=false IsUsingCarrierAggregation=false] newSS=[3 3 voice home data home null null null null null null Unknown Unknown CSS not supported -1 -1 RoamInd=-1 DefRoamInd=-1 EmergOnly=false IsDataRoamingFromRegistration=false IsUsingCarrierAggregation=false] oldMaxDataCalls=20 mNewMaxDataCalls=20 oldReasonDataDenied=-1 mNewReasonDataDenied=-1
07-19 10:44:11.616 2720 2720 E RIL_ImsSms: IMS State query failed with exp com.android.internal.telephony.CommandException: GENERIC_FAILURE
07-19 10:44:11.616 2720 2720 D Phone : Get video call forwarding info from preferences
07-19 10:44:11.616 2720 2720 E IccCardProxy: setExternalState: !override and newstate unchanged from READY
07-19 10:44:11.617 2720 2720 D SST : set service state as POWER_OFF
07-19 10:44:11.617 2720 2720 D SST : Poll ServiceState done: oldSS=[3 3 voice home data home null null null null null null Unknown Unknown CSS not supported -1 -1 RoamInd=-1 DefRoamInd=-1 EmergOnly=false IsDataRoamingFromRegistration=false IsUsingCarrierAggregation=false] newSS=[3 3 voice home data home null null null null null null Unknown Unknown CSS not supported -1 -1 RoamInd=-1 DefRoamInd=-1 EmergOnly=false IsDataRoamingFromRegistration=false IsUsingCarrierAggregation=false] oldMaxDataCalls=20 mNewMaxDataCalls=20 oldReasonDataDenied=-1 mNewReasonDataDenied=-1
07-19 10:44:11.617 2720 2720 D SubscriptionInfoUpdater: [Receiver]+
07-19 10:44:11.617 2720 2720 D SubscriptionInfoUpdater: Action: android.intent.action.SIM_STATE_CHANGED
07-19 10:44:11.617 2720 2720 D SubscriptionInfoUpdater: slotId: 0
07-19 10:44:11.617 2720 2720 D SubscriptionInfoUpdater: simStatus: READY
07-19 10:44:11.617 2720 2720 D SubscriptionInfoUpdater: Ignoring simStatus: READY
07-19 10:44:11.617 2720 2720 D SubscriptionInfoUpdater: [Receiver]-
07-19 10:44:11.617 2720 2720 E IccCardProxy: setExternalState: !override and newstate unchanged from ABSENT
07-19 10:44:11.617 2720 2720 D SubscriptionInfoUpdater: [Receiver]+
07-19 10:44:11.617 2720 2720 D SubscriptionInfoUpdater: Action: android.intent.action.SIM_STATE_CHANGED
07-19 10:44:11.617 2720 2720 D SubscriptionInfoUpdater: slotId: 1
07-19 10:44:11.617 2720 2720 D SubscriptionInfoUpdater: simStatus: ABSENT
07-19 10:44:11.617 2720 2720 D SubscriptionInfoUpdater: [Receiver]-
07-19 10:44:11.625 2720 2858 D RilRequest: [3718]< SIM_IO error: com.android.internal.telephony.CommandException: GENERIC_FAILURE ret=IccIoResult sw1:0x6a sw2:0x82 Error: File not found
07-19 10:44:11.625 2720 2858 D RilRequest: [3719]< SIM_IO error: com.android.internal.telephony.CommandException: GENERIC_FAILURE ret=IccIoResult sw1:0x94 sw2:0x4 Error: file ID not found/pattern not found
07-19 10:44:11.629 2720 2990 D SubscriptionController: [getPhoneId] asked for default subId=-1
07-19 10:44:11.638 2720 2858 D RilRequest: [3720]< SIM_IO error: com.android.internal.telephony.CommandException: GENERIC_FAILURE ret=IccIoResult sw1:0x6a sw2:0x82 Error: File not found
07-19 10:44:11.647 2720 3318 I chatty : uid=1001(radio) IFMsg_Rxr expire 46 lines
07-19 10:44:11.654 1827 1927 I am_proc_start: [0,3320,10031,org.cyanogenmod.weather.provider,content provider,org.cyanogenmod.weather.provider/.WeatherContentProvider]
07-19 10:44:11.654 1827 1927 I ActivityManager: Start proc 3320:org.cyanogenmod.weather.provider/u0a31 for content provider org.cyanogenmod.weather.provider/.WeatherContentProvider
07-19 10:44:11.655 2720 2858 D RILJ : [3721]< SIM_IO IccIoResult sw1:0x90 sw2:0x0 [SUB0]
07-19 10:44:11.661 2720 2858 D RilRequest: [3722]< SIM_IO error: com.android.internal.telephony.CommandException: GENERIC_FAILURE ret=IccIoResult sw1:0x94 sw2:0x4 Error: file ID not found/pattern not found
07-19 10:44:11.664 2720 2858 D RilRequest: [3723]< SIM_IO error: com.android.internal.telephony.CommandException: GENERIC_FAILURE ret=IccIoResult sw1:0x94 sw2:0x4 Error: file ID not found/pattern not found
07-19 10:44:11.672 2720 2858 D RILJ : [3724]< SIM_IO IccIoResult sw1:0x90 sw2:0x0 [SUB0]
07-19 10:44:11.677 1827 1827 I Telecom : ViceNotificationImpl: mImsIntentReceiver: action com.android.ims.IMS_SERVICE_UP
07-19 10:44:11.680 1827 2813 I am_proc_bound: [0,3320,org.cyanogenmod.weather.provider]
07-19 10:44:11.686 2720 2858 D RilRequest: [3725]< SIM_IO error: com.android.internal.telephony.CommandException: GENERIC_FAILURE ret=IccIoResult sw1:0x6a sw2:0x82 Error: File not found
07-19 10:44:11.701 2720 2858 D RilRequest: [3726]< SIM_IO error: com.android.internal.telephony.CommandException: GENERIC_FAILURE ret=IccIoResult sw1:0x6a sw2:0x82 Error: File not found
07-19 10:44:11.701 3320 3320 I art : Starting a blocking GC AddRemoveAppImageSpace
07-19 10:44:11.702 3320 3320 W System : ClassLoader referenced unknown path: /system/priv-app/WeatherProvider/lib/arm
07-19 10:44:11.715 2720 2858 D RILJ : [3727]< SIM_IO IccIoResult sw1:0x90 sw2:0x0 [SUB0]
07-19 10:44:11.718 2720 2858 D RilRequest: [3728]< SIM_IO error: com.android.internal.telephony.CommandException: GENERIC_FAILURE ret=IccIoResult sw1:0x94 sw2:0x4 Error: file ID not found/pattern not found
07-19 10:44:11.730 2720 2720 D SIMRecords: [SIMRecords] IMSI: mMncLength=-1
07-19 10:44:11.730 2720 2720 D SIMRecords: [SIMRecords] IMSI: 262021[2Tjt4_xqW9bG3XYSIRwSo62FWuc]
07-19 10:44:11.730 2720 2720 D SIMRecords: [SIMRecords] onRecordLoaded 19 requested: true
07-19 10:44:11.731 2720 2720 D RILJ : [3738]> iccIO: SIM_IO 0xb0 0x2fe2 path: 3F00,0,0,10 aid: a0000000871002ffffffff89050600ff [SUB0]
07-19 10:44:11.732 2720 2720 D RILJ : [3739]> iccIO: SIM_IO 0xb2 0x6f40 path: 3F007FFF,1,4,32 aid: a0000000871002ffffffff89050600ff [SUB0]
07-19 10:44:11.732 2751 2751 D SimSelectNotification: no of slots 2 provision = true
07-19 10:44:11.738 2958 2958 D CellBroadcastReceiver: onReceive Intent { act=android.intent.action.SERVICE_STATE flg=0x10 cmp=com.android.cellbroadcastreceiver/.CellBroadcastReceiver (has extras) }
07-19 10:44:11.738 2958 2958 D CellBroadcastReceiver: Intent: android.intent.action.SERVICE_STATE
07-19 10:44:11.740 2958 2958 D CellBroadcastReceiver: Service state changed! 3 Full: 3 3 voice home data home null null null null null null Unknown Unknown CSS not supported -1 -1 RoamInd=-1 DefRoamInd=-1 EmergOnly=false IsDataRoamingFromRegistration=false IsUsingCarrierAggregation=false Current state=-1
07-19 10:44:11.742 1827 2811 I Telecom : PhoneAccountRegistrar: [ComponentInfo{com.android.phone/com.android.services.telephony.TelephonyConnectionService}, [e0184adedf913b076626646d3f52c3b49c39ad6d], UserHandle{0}(icon: Icon(typ=BITMAP size=38x48) -> Icon(typ=BITMAP size=38x48))]: TSI.rPA@AAk
07-19 10:44:11.743 2958 2958 D CellBroadcastReceiver: onReceive Intent { act=android.intent.action.SIM_STATE_CHANGED flg=0x4000010 cmp=com.android.cellbroadcastreceiver/.CellBroadcastReceiver (has extras) }
07-19 10:44:11.744 2720 2858 D RILJ : [3729]< SIM_IO IccIoResult sw1:0x90 sw2:0x0 [SUB0]
07-19 10:44:11.744 1827 2811 I Telecom : : Sending phone-account registered intent as user: TSI.rPA@AAk
07-19 10:44:11.745 2720 2858 D RILJ : [3738]< SIM_IO IccIoResult sw1:0x90 sw2:0x0 [SUB0]
07-19 10:44:11.747 2720 2858 D RILJ : [3730]< SIM_IO IccIoResult sw1:0x90 sw2:0x0 [SUB0]
07-19 10:44:11.747 2720 2720 D RILJ : [3740]> iccIO: SIM_IO 0xb0 0x6fad path: 3F007FFF,0,0,4 aid: a0000000871002ffffffff89050600ff [SUB0]
07-19 10:44:11.749 2720 2720 D UiccPkcs15: Creating UiccPkcs15
07-19 10:44:11.750 2720 2720 D RILJ : [3741]> RIL_REQUEST_SIM_OPEN_CHANNEL [SUB0]
07-19 10:44:11.750 2720 2720 D SubscriptionInfoUpdater: Wait for SIM1 IccId
07-19 10:44:11.752 2720 2720 D RILJ : [3742]> iccIO: SIM_IO 0xb0 0x6f46 path: 3F007FFF,0,0,17 aid: a0000000871002ffffffff89050600ff [SUB0]
07-19 10:44:11.753 2720 2720 D RILJ : [3743]> iccIO: SIM_IO 0xb0 0x6f38 path: 3F007FFF,0,0,12 aid: a0000000871002ffffffff89050600ff [SUB0]
07-19 10:44:11.754 2720 2858 D RILJ : [3731]< SIM_IO IccIoResult sw1:0x90 sw2:0x0 [SUB0]
07-19 10:44:11.754 2720 2720 D Phone : mImsIntentReceiver: action com.android.ims.IMS_SERVICE_DOWN
07-19 10:44:11.754 2720 2720 D Phone : mImsIntentReceiver: extraPhoneId = 1
07-19 10:44:11.754 2720 2720 D Phone : mImsIntentReceiver: action com.android.ims.IMS_SERVICE_DOWN
07-19 10:44:11.754 2720 2720 D Phone : mImsIntentReceiver: extraPhoneId = 1
07-19 10:44:11.755 2720 2720 D Phone : updateImsPhone mImsServiceReady=false
07-19 10:44:11.755 2720 2720 D Phone : mImsIntentReceiver: action com.android.ims.IMS_SERVICE_UP
07-19 10:44:11.755 2720 2720 D Phone : mImsIntentReceiver: extraPhoneId = 0
07-19 10:44:11.755 2720 2720 D Phone : updateImsPhone mImsServiceReady=true
07-19 10:44:11.756 2720 2858 D RILJ : [3740]< SIM_IO IccIoResult sw1:0x90 sw2:0x0 [SUB0]
07-19 10:44:11.760 2720 2720 D TelephonyTester: register for intent action=com.android.internal.telephony.imsphone.action_detached
07-19 10:44:11.760 2720 2720 D TelephonyTester: register for intent action=com.android.internal.telephony.imsphone.action_attached
07-19 10:44:11.762 2720 2720 D TelephonyTester: register for intent action=com.android.internal.telephony.TestConferenceEventPackage
07-19 10:44:11.763 2720 2720 D Phone : mDoesRilSendMultipleCallRing=false
07-19 10:44:11.763 2720 2720 D Phone : mCallRingDelay=3000
07-19 10:44:11.764 2720 2858 D RILJ : [3742]< SIM_IO IccIoResult sw1:0x90 sw2:0x0 [SUB0]
07-19 10:44:11.765 2720 2720 D TelephonyComponentFactory: makeImsPhoneCallTracker
07-19 10:44:11.766 2720 2858 D RILJ : [3743]< SIM_IO IccIoResult sw1:0x90 sw2:0x0 [SUB0]
07-19 10:44:11.768 2720 2858 D RilRequest: [3732]< SIM_IO error: com.android.internal.telephony.CommandException: GENERIC_FAILURE ret=IccIoResult sw1:0x6a sw2:0x82 Error: File not found
07-19 10:44:11.770 2720 2720 D ImsPhoneCallTracker: [ImsPhoneCallTracker] No carrier ImsReasonInfo mappings defined.
07-19 10:44:11.770 2720 2720 D SST : notifyDataRegStateRilRadioTechnologyChanged: drs=3 rat=0
07-19 10:44:11.770 2720 2720 D TelephonyManager: setTelephonyProperty: success phoneId=0 property=gsm.network.type value: Unknown propVal=Unknown,Unknown
07-19 10:44:11.771 2720 2720 D ImsPhone: updateDataServiceState: defSs = 3 3 voice home data home null null null null null null Unknown Unknown CSS not supported -1 -1 RoamInd=-1 DefRoamInd=-1 EmergOnly=false IsDataRoamingFromRegistration=false IsUsingCarrierAggregation=false imsSs = 3 3 voice home data home null null null null null null Unknown Unknown CSS not supported -1 -1 RoamInd=-1 DefRoamInd=-1 EmergOnly=false IsDataRoamingFromRegistration=false IsUsingCarrierAggregation=false
07-19 10:44:11.771 2720 2720 D CallManager: registerPhone(ImsPhone Handler (com.android.internal.telephony.imsphone.ImsPhone) {4294ee2})
07-19 10:44:11.772 2720 2990 D SubscriptionController: [getSlotId]- subId invalid
07-19 10:44:11.772 2720 2720 D SubscriptionController: [getSlotId]- subId invalid
07-19 10:44:11.773 2720 2720 D TelephonyManager: getSimState: default sim:-1, sim state for slotIdx=0 is 5, return state as unknown
07-19 10:44:11.773 2720 2720 D ImsManager: updateImsServiceConfig: SIM not ready
07-19 10:44:11.773 2720 2720 D Phone : mImsIntentReceiver: action com.android.ims.IMS_SERVICE_UP
07-19 10:44:11.773 2463 3351 D TelephonyManager: getSimState: default sim:-1, sim state for slotIdx=0 is 5, return state as unknown
07-19 10:44:11.773 2720 2720 D Phone : mImsIntentReceiver: extraPhoneId = 0
07-19 10:44:11.773 2720 2720 D RILJ : [3744]> iccIO: SIM_IO 0xb0 0x6f3e path: 3F007FFF,0,0,1 aid: a0000000871002ffffffff89050600ff [SUB0]
07-19 10:44:11.779 2720 2858 D RILJ : [3733]< SIM_IO IccIoResult sw1:0x90 sw2:0x0 [SUB0]
07-19 10:44:11.781 2720 2720 D IccCardProxy: broadcastIccStateChangedIntent intent ACTION_SIM_STATE_CHANGED value=IMSI reason=null for mPhoneId=0
07-19 10:44:11.783 2720 2720 D RILJ : [3745]> iccIO: SIM_IO 0xc0 0x6f17 path: 3F007FFF,0,0,15 aid: a0000000871002ffffffff89050600ff [SUB0]
07-19 10:44:11.783 2720 2720 D SIMRecords: [SIMRecords] onRecordLoaded 19 requested: true
07-19 10:44:11.783 2720 2858 D RILJ : [3744]< SIM_IO IccIoResult sw1:0x90 sw2:0x0 [SUB0]
07-19 10:44:11.784 2720 2720 D RILJ : [3746]> iccIO: SIM_IO 0xb0 0x6f60 path: 3F007FFF,0,0,500 aid: a0000000871002ffffffff89050600ff [SUB0]
07-19 10:44:11.785 2720 2720 D RILJ : [3747]> iccIO: SIM_IO 0xb0 0x6f61 path: 3F007FFF,0,0,500 aid: a0000000871002ffffffff89050600ff [SUB0]
07-19 10:44:11.786 2751 2751 D SimSelectNotification: no of slots 2 provision = true
07-19 10:44:11.786 2720 2720 D SIMRecords: [SIMRecords] EF_MWIS : null
07-19 10:44:11.786 2720 2720 D SIMRecords: [SIMRecords] EVENT_GET_MWIS_DONE exception = com.android.internal.telephony.CommandException: GENERIC_FAILURE
07-19 10:44:11.786 2720 2720 D SIMRecords: [SIMRecords] onRecordLoaded 18 requested: true
07-19 10:44:11.787 2720 2720 D SIMRecords: [SIMRecords] EF_CPHS_MWI: null
07-19 10:44:11.787 2720 2720 D SIMRecords: [SIMRecords] EVENT_GET_VOICE_MAIL_INDICATOR_CPHS_DONE exception = com.android.internal.telephony.CommandException: GENERIC_FAILURE
07-19 10:44:11.787 2720 2720 D SIMRecords: [SIMRecords] onRecordLoaded 17 requested: true
07-19 10:44:11.787 2720 2720 D SIMRecords: [SIMRecords] onRecordLoaded 16 requested: true
07-19 10:44:11.787 2720 2720 D SIMRecords: [SIMRecords] onRecordLoaded 15 requested: true
07-19 10:44:11.787 2720 2720 D SIMRecords: [SIMRecords] onRecordLoaded 14 requested: true
07-19 10:44:11.787 2720 2720 D SIMRecords: [SIMRecords] onRecordLoaded 13 requested: true
07-19 10:44:11.787 2720 2990 D SubscriptionController: [getActiveSubInfoList] Sub Controller not ready
07-19 10:44:11.787 2720 2720 D RILJ : [3748]> iccIO: SIM_IO 0xb0 0x6f62 path: 3F007FFF,0,0,10 aid: a0000000871002ffffffff89050600ff [SUB0]
07-19 10:44:11.791 2720 2858 D RILJ : [3746]< SIM_IO IccIoResult sw1:0x90 sw2:0x0 [SUB0]
07-19 10:44:11.793 2720 2858 D RILJ : [3747]< SIM_IO IccIoResult sw1:0x90 sw2:0x0 [SUB0]
07-19 10:44:11.797 2958 2958 D CellBroadcastReceiver: onReceive Intent { act=android.intent.action.SIM_STATE_CHANGED flg=0x4000010 cmp=com.android.cellbroadcastreceiver/.CellBroadcastReceiver (has extras) }
07-19 10:44:11.799 2720 2858 D RILJ : [3748]< SIM_IO IccIoResult sw1:0x90 sw2:0x0 [SUB0]
07-19 10:44:11.801 2720 2858 D RILJ : [3734]< SIM_IO IccIoResult sw1:0x90 sw2:0x0 [SUB0]
07-19 10:44:11.803 1827 2811 I Telecom : PhoneAccountRegistrar: [ComponentInfo{com.android.phone/com.android.services.telephony.TelephonyConnectionService}, [e0184adedf913b076626646d3f52c3b49c39ad6d], UserHandle{0}(icon: Icon(typ=BITMAP size=38x48) -> Icon(typ=BITMAP size=38x48))]: TSI.rPA@AAo
07-19 10:44:11.805 1827 2811 I Telecom : : Sending phone-account registered intent as user: TSI.rPA@AAo
07-19 10:44:11.807 2720 2720 D ImsPhoneCallTracker: [ImsPhoneCallTracker] handleMessage what=23
07-19 10:44:11.807 2720 2720 D ImsPhoneCallTracker: [ImsPhoneCallTracker] onDataEnabledChanged: enabled=true, reason=0
07-19 10:44:11.807 2720 2720 D ImsManager: setDataEnabled: true
07-19 10:44:11.809 0 0 E [ 20.645868,2] init: avc: granted { set } for property=net.lte.ims.data.enabled pid=2720 uid=1001 gid=1001 scontext=u:r:radio:s0 tcontext=u:object_r:net_radio_prop:s0 tclass=property_service
07-19 10:44:11.813 2720 2858 D RILJ : [3735]< SIM_IO IccIoResult sw1:0x90 sw2:0x0 [SUB0]
07-19 10:44:11.814 2720 2720 D ImsManager: updateVolteFeatureValue: available = false, enabled = true, nonTTY = true
07-19 10:44:11.816 2720 2720 D ImsConfig: ImsConfig creates
07-19 10:44:11.816 2720 2720 D ImsManager: getConfigInterface(), mConfig= com.android.ims.ImsConfig@1456530
07-19 10:44:11.816 2720 2720 D ImsConfig: setFeatureValue: feature = 0, network =13, value =0, listener =null
07-19 10:44:11.820 2720 2749 D SubscriptionController: [getSlotId]- subId invalid
07-19 10:44:11.820 2720 2720 D SubscriptionController: [getActiveSubInfoList] Sub Controller not ready
07-19 10:44:11.821 2720 2720 E ImsManager: displayWfcMode: Invalid SubscriptionInfo
07-19 10:44:11.821 2463 3351 D TelephonyManager: getSimState: default sim:-1, sim state for slotIdx=0 is 5, return state as unknown
07-19 10:44:11.822 2720 2720 D ImsManager: getWfcMode - setting=2
07-19 10:44:11.823 2720 2720 D ImsManager: updateWfcFeatureAndProvisionedValues: available = false, enabled = false, mode = 2, roaming = false
07-19 10:44:11.823 2720 2720 D ImsManager: getConfigInterface(), mConfig= com.android.ims.ImsConfig@1456530
07-19 10:44:11.823 2720 2720 D ImsConfig: setFeatureValue: feature = 2, network =18, value =0, listener =null
07-19 10:44:11.824 2720 2858 D RILJ : [3736]< SIM_IO IccIoResult sw1:0x90 sw2:0x0 [SUB0]
07-19 10:44:11.826 2720 3328 I chatty : uid=1001(radio) ImsConfigImplHa expire 13 lines
07-19 10:44:11.830 2720 3380 D ImsConfig: ImsConfig creates
07-19 10:44:11.831 2720 3380 D ImsManager: getConfigInterface(), mConfig= com.android.ims.ImsConfig@280e5a9
07-19 10:44:11.831 2720 3380 D ImsConfig: setProvisionedValue(): item = 27value = 1
07-19 10:44:11.831 2720 3380 I chatty : uid=1001(radio) com.android.phone expire 2 lines
07-19 10:44:11.832 2720 3381 D ImsManager: getConfigInterface(), mConfig= com.android.ims.ImsConfig@280e5a9
07-19 10:44:11.832 2720 3381 D ImsConfig: setProvisionedValue(): item = 26value = 0
07-19 10:44:11.833 2720 2720 D ImsManager: updateVideoCallFeatureValue: available = false, enabled = true, nonTTY = true, data enabled = true
07-19 10:44:11.833 2720 2720 D ImsManager: getConfigInterface(), mConfig= com.android.ims.ImsConfig@1456530
07-19 10:44:11.833 2720 2720 D ImsConfig: setFeatureValue: feature = 1, network =13, value =0, listener =null
07-19 10:44:11.833 2720 3381 I chatty : uid=1001(radio) com.android.phone expire 1 line
07-19 10:44:11.834 2720 3381 D ImsConfig: setProvisionedValue(): item = 26 value = 0 ret = 1
07-19 10:44:11.834 2720 2749 D SubscriptionController: [getSlotId]- subId invalid
07-19 10:44:11.835 2463 3351 D TelephonyManager: getSimState: default sim:-1, sim state for slotIdx=0 is 5, return state as unknown
07-19 10:44:11.836 2720 2720 D ImsManager: updateImsServiceConfig: turnOffIms
07-19 10:44:11.836 309 1182 E RILQ : (0/309): RIL[0][event] qcril_qmi_imss_request_set_ims_config: radio config error: 1..sending empty response
07-19 10:44:11.837 2720 3380 D ImsConfig: setProvisionedValue(): item = 27 value = 1 ret = 1
07-19 10:44:11.838 2720 2720 D ImsPhoneCallTracker: [ImsPhoneCallTracker] handleMessage what=24
07-19 10:44:11.838 2720 2720 D ImsPhoneCallTracker: [ImsPhoneCallTracker] getImsService
07-19 10:44:11.840 2463 3379 E ActivityThread: Failed to find provider info for com.android.contacts
07-19 10:44:11.840 2720 2858 D RILJ : [3739]< SIM_IO IccIoResult sw1:0x90 sw2:0x0 [SUB0]
07-19 10:44:11.842 2720 3319 D ImsManager: registrationFeatureCapabilityChanged :: serviceClass=1
07-19 10:44:11.842 2720 3319 D ImsPhoneCallTracker: [ImsPhoneCallTracker] onFeatureCapabilityChanged: VoLTE:false ViLTE:false VoWiFi:false ViWiFi:false UTLTE:false UTWiFi:false 
07-19 10:44:11.842 2720 3319 D ImsPhoneCallTracker: [ImsPhoneCallTracker] onFeatureCapabilityChanged: isVolteEnabled=false, isVideoCallEnabled=false, isVowifiEnabled=false, isUtEnabled=false
07-19 10:44:11.845 2720 2720 D ImsEcbm : ImsEcbm created
07-19 10:44:11.849 2720 2720 D DCT : [0]setupDataOnConnectableApns: nwTypeChanged hipri:[state=IDLE,enabled=false] mms:[state=IDLE,enabled=false] supl:[state=IDLE,enabled=false] ia:[state=IDLE,enabled=false] fota:[state=IDLE,enabled=false] ims:[state=IDLE,enabled=false] cbs:[state=IDLE,enabled=false] default:[state=IDLE,enabled=false] emergency:[state=IDLE,enabled=false] 
07-19 10:44:11.849 309 1491 E RILQ : (0/309): RIL[0][qmi_cb] qcril_uim_qmi_conv_open_logical_channel_resp: response error: 0x50
07-19 10:44:11.850 2720 2720 D ImsPhone: handleMessage what=51
07-19 10:44:11.850 2720 2720 D ImsPhone: EVENT_DEFAULT_PHONE_DATA_STATE_CHANGED
07-19 10:44:11.850 2720 2720 D ImsPhone: updateDataServiceState: defSs = 3 3 voice home data home null null null null null null Unknown Unknown CSS not supported -1 -1 RoamInd=-1 DefRoamInd=-1 EmergOnly=false IsDataRoamingFromRegistration=false IsUsingCarrierAggregation=false imsSs = 3 3 voice home data home null null null null null null Unknown Unknown CSS not supported -1 -1 RoamInd=-1 DefRoamInd=-1 EmergOnly=false IsDataRoamingFromRegistration=false IsUsingCarrierAggregation=false
07-19 10:44:11.850 2720 2720 D SIMRecords: [SIMRecords] onRecordLoaded 12 requested: true
07-19 10:44:11.850 2720 2720 E SIMRecords: [SIMRecords] Exception in fetching EF_CSP data com.android.internal.telephony.CommandException: GENERIC_FAILURE
07-19 10:44:11.850 2720 2720 D SIMRecords: [SIMRecords] onRecordLoaded 11 requested: true
07-19 10:44:11.850 2720 2720 E SIMRecords: [SIMRecords] Exception in get GID2 com.android.internal.telephony.CommandException: GENERIC_FAILURE
07-19 10:44:11.850 2720 2720 D SIMRecords: [SIMRecords] onRecordLoaded 10 requested: true
07-19 10:44:11.850 2720 2720 D RILJ : [3749]> iccIO: SIM_IO 0xb0 0x6f7b path: 3F007FFF,0,0,12 aid: a0000000871002ffffffff89050600ff [SUB0]
07-19 10:44:11.851 2720 2720 D SubscriptionInfoUpdater: [Receiver]+
07-19 10:44:11.851 2720 2720 D SubscriptionInfoUpdater: Action: android.intent.action.SIM_STATE_CHANGED
07-19 10:44:11.851 2720 2720 D SubscriptionInfoUpdater: slotId: 0
07-19 10:44:11.851 2720 2720 D SubscriptionInfoUpdater: simStatus: IMSI
07-19 10:44:11.851 2720 2720 D SubscriptionInfoUpdater: Ignoring simStatus: IMSI
07-19 10:44:11.851 2720 2720 D SubscriptionInfoUpdater: [Receiver]-
07-19 10:44:11.852 2720 2720 D SIMRecords: [SIMRecords] iccid: 89492019156020009546
07-19 10:44:11.852 2720 2720 D SIMRecords: [SIMRecords] onRecordLoaded 9 requested: true
07-19 10:44:11.852 2720 2720 D SIMRecords: [SIMRecords] EF_AD: 00000002
07-19 10:44:11.852 2720 2720 D SIMRecords: [SIMRecords] setting4 mMncLength=2
07-19 10:44:11.852 2720 2720 D SIMRecords: [SIMRecords] mccmncCode=262021
07-19 10:44:11.852 2720 2720 D SIMRecords: [SIMRecords] update mccmnc=26202
07-19 10:44:11.854 2720 2720 D MccTable: updateMccMncConfiguration mccmnc='26202' fromServiceState=false
07-19 10:44:11.855 2720 2858 D RilRequest: [3741]< RIL_REQUEST_SIM_OPEN_CHANNEL error: com.android.internal.telephony.CommandException: NO_SUCH_ELEMENT ret=
07-19 10:44:11.855 2720 2720 D MccTable: updateMccMncConfiguration defaultMccMnc=
07-19 10:44:11.856 2720 2720 D MccTable: updateMccMncConfiguration: mcc=262, mnc=2
