07-19 14:05:16.442 1827 2600 I Telecom : InCallController: Sending updateCall [TC@1, DISCONNECTED, com.android.phone/com.android.services.telephony.TelephonyConnectionService, tel:**************, A, childs(0), has_parent(false), [Capabilities: CAPABILITY_HOLD CAPABILITY_SUPPORT_HOLD CAPABILITY_MUTE CAPABILITY_CANNOT_DOWNGRADE_VIDEO_TO_AUDIO CAPABILITY_SPEED_UP_MT_AUDIO], [Properties:]]: CSW.sDc@AOE
07-19 14:05:16.443 1827 2600 I Telecom : InCallController: Components updated: [ComponentInfo{com.android.dialer/com.android.incallui.InCallServiceImpl}]: CSW.sDc@AOE
07-19 14:05:16.444 1827 2600 I Telecom : CallLogManager: Country cache is null. Detecting Country and Setting Cache...: CSW.sDc@AOE
07-19 14:05:16.447 2720 6249 D AudioTrack: Client defaulted notificationFrames to 240 for frameCount 960
07-19 14:05:16.448 2720 6249 D CallNotifier: CallNotifier: mSignalInfoToneGenerator created when toneplay
07-19 14:05:16.451 1827 6250 D AudioTrack: Client defaulted notificationFrames to 240 for frameCount 960
07-19 14:05:16.454 313 528 D audio_hw_primary: start_output_stream: enter: stream(0xb623d380)usecase(1: low-latency-playback) devices(0x1)
07-19 14:05:16.454 313 528 D audio_hw_primary: select_devices: out_snd_device(9: voice-handset) in_snd_device(0: )
07-19 14:05:16.454 313 528 W msm8916_platform: Codec backend bitwidth 16, samplerate 48000
07-19 14:05:16.454 313 528 W msm8916_platform: platform_check_codec_backend_cfg:Use default bw and sr for voice/voip calls 
07-19 14:05:16.454 313 528 D hardware_info: hw_info_append_hw_type : device_name = voice-handset
07-19 14:05:16.454 313 528 D audio_hw_primary: enable_snd_device: snd_device(9: voice-handset)
07-19 14:05:16.456 313 528 W audio_hw_utils: audio_extn_utils_update_stream_app_type_cfg: App type could not be selected. Falling back to default
07-19 14:05:16.456 313 528 I audio_hw_primary: select_devices Selected apptype: 69936
07-19 14:05:16.456 313 528 D ACDB-LOADER: ACDB -> send_audio_cal, acdb_id = 7, path = 0
07-19 14:05:16.456 313 528 D ACDB-LOADER: ACDB -> send_asm_topology
07-19 14:05:16.456 313 528 D ACDB-LOADER: ACDB -> ACDB_CMD_GET_AUDPROC_STREAM_TOPOLOGY_ID
07-19 14:05:16.456 313 528 D ACDB-LOADER: ACDB -> send_adm_topology
07-19 14:05:16.456 313 528 D ACDB-LOADER: ACDB -> ACDB_CMD_GET_AUDPROC_COMMON_TOPOLOGY_ID
07-19 14:05:16.456 313 528 D ACDB-LOADER: ACDB -> send_audtable
07-19 14:05:16.456 313 528 D ACDB-LOADER: ACDB -> ACDB_CMD_GET_AUDPROC_COMMON_TABLE
07-19 14:05:16.456 313 528 D ACDB-LOADER: ACDB -> AUDIO_SET_AUDPROC_CAL
07-19 14:05:16.456 313 528 D ACDB-LOADER: ACDB -> send_audvoltable
07-19 14:05:16.456 313 528 D ACDB-LOADER: ACDB -> ACDB_CMD_GET_AUDPROC_GAIN_DEP_STEP_TABLE
07-19 14:05:16.456 313 528 D ACDB-LOADER: ACDB -> AUDIO_SET_AUDPROC_VOL_CAL
07-19 14:05:16.456 313 528 D ACDB-LOADER: ACDB -> send_afe_cal
07-19 14:05:16.456 313 528 D ACDB-LOADER: ACDB -> ACDB_CMD_GET_AFE_COMMON_TABLE
07-19 14:05:16.456 313 528 D : Failed to fetch the lookup information of the device 00000007 
07-19 14:05:16.456 313 528 D ACDB-LOADER: ACDB -> AUDIO_SET_AFE_CAL
07-19 14:05:16.456 313 528 D ACDB-LOADER: ACDB -> send_hw_delay : acdb_id = 7 path = 0
07-19 14:05:16.456 313 528 D ACDB-LOADER: ACDB -> ACDB_AVSYNC_INFO: ACDB_CMD_GET_DEVICE_PROPERTY
07-19 14:05:16.457 313 528 I audio_hw_utils: audio_extn_utils_send_app_type_cfg: PLAYBACK app_type 69936, acdb_dev_id 7, sample_rate 48000
07-19 14:05:16.457 313 528 D audio_hw_primary: enable_audio_route: apply mixer and update path: low-latency-playback
07-19 14:05:16.457 313 528 D audio_hw_primary: select_devices: done
07-19 14:05:16.464 6120 6120 I InCall : CallList - onDisconnect: [Call_0, DISCONNECTED, [Capabilities: CAPABILITY_HOLD CAPABILITY_SUPPORT_HOLD CAPABILITY_MUTE CAPABILITY_CANNOT_DOWNGRADE_VIDEO_TO_AUDIO], [Properties:], children:[], parent:null, conferenceable:[], videoState:Audio Only, mSessionModificationState:0, VideoSettings:(CameraDir:-1), mIsActivSub:false]
07-19 14:05:16.464 6120 6120 I InCall : InCallCsRedialHandler - onDisconnect
07-19 14:05:16.464 6120 6120 I InCall : InCallCsRedialHandler - checkForCsRetry failCause: -1
07-19 14:05:16.467 0 0 E : [ 8330.434844,0] wcd-spmi-core msm8x16_wcd_codec-ebfc3600: Failed to get mbhc impedance -22
07-19 14:05:16.467 1827 2600 W SensitivePhoneNumbers: Error parsing subId
07-19 14:05:16.468 1827 2600 W ContextImpl: Calling a method in the system process without a qualified user: android.app.ContextImpl.sendBroadcast:892 android.content.ContextWrapper.sendBroadcast:426 com.android.server.telecom.CallLogManager.sendAddCallBroadcast:432 com.android.server.telecom.CallLogManager.logCall:279 com.android.server.telecom.CallLogManager.logCall:223 
07-19 14:05:16.471 1827 1827 D GpsNetInitiatedHandler: onCallStateChanged(): state is 0
07-19 14:05:16.471 1827 1937 W BroadcastQueue: Permission Denial: receiving Intent { act=android.intent.action.PHONE_STATE flg=0x10 (has extras) } to com.android.deskclock/.alarms.PhoneStateReceiver requires android.permission.READ_PRIVILEGED_PHONE_STATE due to sender android (uid 1000)
07-19 14:05:16.473 1827 2600 I Telecom : PhoneStateBroadcaster: Broadcasted state change: 0: CSW.sDc@AOE
07-19 14:05:16.473 1827 2600 I Telecom : ViceNotificationImpl: onCallStateChanged newState = 7: CSW.sDc@AOE
07-19 14:05:16.474 1827 1827 I Telecom : MyHandler: MESSAGE_CALL_ENDED
07-19 14:05:16.474 1827 1827 I Telecom : ViceNotificationImpl: processNotification DEP null
07-19 14:05:16.474 1827 2833 I Telecom : CallAudioRouteStateMachine: setSystemAudioState: changing from [AudioState isMuted: false, route: EARPIECE, supportedRouteMask: EARPIECE, SPEAKER] to [AudioState isMuted: false, route: EARPIECE, supportedRouteMask: EARPIECE, SPEAKER]: CSW.sDc->CARSM.pM_UPDATE_SYSTEM_AUDIO_ROUTE@AOE_0
07-19 14:05:16.474 1827 2833 I Telecom : InCallController: Calling onAudioStateChanged, audioState: [AudioState isMuted: false, route: EARPIECE, supportedRouteMask: EARPIECE, SPEAKER] -> [AudioState isMuted: false, route: EARPIECE, supportedRouteMask: EARPIECE, SPEAKER]: CSW.sDc->CARSM.pM_UPDATE_SYSTEM_AUDIO_ROUTE@AOE_0
07-19 14:05:16.476 1827 2600 I Telecom : ConnectionServiceWrapper: Service unbound ComponentInfo{com.android.phone/com.android.services.telephony.TelephonyConnectionService}, from unbind.: CSW.rC@AOI
07-19 14:05:16.476 1827 1937 W BroadcastQueue: Permission Denial: receiving Intent { act=android.intent.action.PHONE_STATE flg=0x10 (has extras) } to ProcessRecord{832b545 2463:com.android.systemui/u0a33} (pid=2463, uid=10033) requires android.permission.READ_PHONE_STATE due to sender android (uid 1000)
07-19 14:05:16.477 1827 1937 W BroadcastQueue: Permission Denial: receiving Intent { act=android.intent.action.PHONE_STATE flg=0x10 (has extras) } to com.android.deskclock/.alarms.PhoneStateReceiver requires android.permission.READ_PHONE_STATE due to sender android (uid 1000)
07-19 14:05:16.481 1827 2600 I Telecom : Event: Call TC@1: DESTROYED, null: CSW.rC@AOI
07-19 14:05:16.481 1827 2600 I Telecom : TelecomWakeLock: WakeLock already released with id: 26: CSW.rC@AOI
07-19 14:05:16.481 6120 6120 I InCall : InCallPresenter - Phone switching state: INCALL -> INCALL
07-19 14:05:16.481 1827 2600 I Telecom : InCallWakeLockController: Releasing full wake lock: CSW.rC@AOI
07-19 14:05:16.482 1827 2600 I Telecom : InCallController: onCallRemoved: [TC@1, DISCONNECTED, null, tel:**************, A, childs(0), has_parent(false), [Capabilities: CAPABILITY_HOLD CAPABILITY_SUPPORT_HOLD CAPABILITY_MUTE CAPABILITY_CANNOT_DOWNGRADE_VIDEO_TO_AUDIO CAPABILITY_SPEED_UP_MT_AUDIO], [Properties:]]: CSW.rC@AOI
07-19 14:05:16.483 1827 2600 I Telecom : ProximitySensorManager: All calls removed, resetting proximity sensor to default state: CSW.rC@AOI
07-19 14:05:16.484 1827 2600 I Telecom : TelecomWakeLock: WakeLock already released with id: 32: CSW.rC@AOI
07-19 14:05:16.485 313 528 D msm8916_platform: platform_set_channel_map mixer_ctl_name:Playback Channel Map12
07-19 14:05:16.486 313 528 D msm8916_platform: platform_set_channel_map: set mapping(1 2 3 0 0 0 0 0) for channel:2
07-19 14:05:16.486 313 528 D audio_hw_primary: start_output_stream: exit
07-19 14:05:16.497 1827 2833 I Telecom : CallAudioRouteStateMachine: Message received: SWITCH_FOCUS=4001, arg1=2: CSW.sDc->CAMSM.pM_1001->CARSM.pM_SWITCH_FOCUS@AOE_3_2
07-19 14:05:16.497 1827 2833 I Telecom : CallAudioRouteStateMachine: setNotificationsSuppressed: on=yes; suppressed=yes: CSW.sDc->CAMSM.pM_1001->CARSM.pM_SWITCH_FOCUS@AOE_3_2
07-19 14:05:16.498 4318 4656 E ContentValues: Cannot parse Integer value for 89492019156020009546 at key subscription_id
07-19 14:05:16.526 6120 6120 I InCall : CallList - onUpdate - [Call_0, DISCONNECTED, [Capabilities: CAPABILITY_HOLD CAPABILITY_SUPPORT_HOLD CAPABILITY_MUTE CAPABILITY_CANNOT_DOWNGRADE_VIDEO_TO_AUDIO], [Properties:], children:[], parent:null, conferenceable:[], videoState:Audio Only, mSessionModificationState:0, VideoSettings:(CameraDir:-1), mIsActivSub:false]
07-19 14:05:16.526 6120 6120 I InCall : InCallPresenter - Phone switching state: INCALL -> INCALL
07-19 14:05:16.548 6120 6120 I InCall : InCallLowBatteryListener - onDetailsChanged call = [Call_0, DISCONNECTED, [Capabilities: CAPABILITY_HOLD CAPABILITY_SUPPORT_HOLD CAPABILITY_MUTE CAPABILITY_CANNOT_DOWNGRADE_VIDEO_TO_AUDIO], [Properties:], children:[], parent:null, conferenceable:[], videoState:Audio Only, mSessionModificationState:0, VideoSettings:(CameraDir:-1), mIsActivSub:false] details = [pa: ComponentInfo{com.android.phone/com.android.services.telephony.TelephonyConnectionService}, [c07291f3b3eb4f5251ea45deb91ef815249a00bb], UserHandle{0}, hdl: tel:**************, caps: [Capabilities: CAPABILITY_HOLD CAPABILITY_SUPPORT_HOLD CAPABILITY_MUTE CAPABILITY_CANNOT_DOWNGRADE_VIDEO_TO_AUDIO], props: [Properties:]]
07-19 14:05:16.548 6120 6120 I InCall : InCallLowBatteryListener - onDetailsChanged: no primary call.Clear the map/dismiss low battery alert
07-19 14:05:16.572 6120 6120 I InCall : CallList - onUpdate - [Call_0, DISCONNECTED, [Capabilities: CAPABILITY_HOLD CAPABILITY_SUPPORT_HOLD CAPABILITY_MUTE CAPABILITY_CANNOT_DOWNGRADE_VIDEO_TO_AUDIO], [Properties:], children:[], parent:null, conferenceable:[], videoState:Audio Only, mSessionModificationState:0, VideoSettings:(CameraDir:-1), mIsActivSub:false]
07-19 14:05:16.573 6120 6120 I InCall : InCallPresenter - Phone switching state: INCALL -> INCALL
07-19 14:05:16.579 1827 1937 I am_proc_start: [0,6255,10001,com.android.calllogbackup,broadcast,com.android.calllogbackup/.CallLogChangeReceiver]
07-19 14:05:16.579 1827 1937 I ActivityManager: Start proc 6255:com.android.calllogbackup/u0a1 for broadcast com.android.calllogbackup/.CallLogChangeReceiver
07-19 14:05:16.610 6120 6120 W InCall : CallList - Removing call not previously disconnected Call_0
07-19 14:05:16.613 6120 6156 W OpenGLRenderer: Incorrectly called buildLayer on View: TextView, destroying layer...
07-19 14:05:16.614 1827 4014 I am_proc_bound: [0,6255,com.android.calllogbackup]
07-19 14:05:16.636 6255 6255 I art : Starting a blocking GC AddRemoveAppImageSpace
07-19 14:05:16.638 6255 6255 W System : ClassLoader referenced unknown path: /system/priv-app/CallLogBackup/lib/arm
07-19 14:05:16.679 6120 6120 I InCall : InCallPresenter - Hide in call UI: true
07-19 14:05:16.683 6120 6120 I InCall : InCallActivity - finish(). Dialog showing: false
07-19 14:05:16.684 1827 4014 I am_finish_activity: [0,31931573,13,com.android.dialer/com.android.incallui.InCallActivity,app-request]
07-19 14:05:16.684 1827 4014 I am_focused_stack: [0,0,1,finishActivity adjustFocus setFocusedActivity]
07-19 14:05:16.685 1827 4014 I wm_task_moved: [11,1,0]
07-19 14:05:16.690 1827 4014 I am_focused_activity: [0,com.cyanogenmod.trebuchet/com.android.launcher3.Launcher,finishActivity adjustFocus]
07-19 14:05:16.691 1827 4014 I am_pause_activity: [0,31931573,com.android.dialer/com.android.incallui.InCallActivity]
07-19 14:05:16.692 6120 6120 I InCall : InCallPresenter - attemptCleanup? false
07-19 14:05:16.692 6120 6120 I InCall : InCallPresenter - Phone switching state: INCALL -> NO_CALLS
07-19 14:05:16.695 1827 2836 I Telecom : CallAudioModeStateMachine: Message received: TONE_STOPPED_PLAYING.: CSW.sDc->ICTP.r->ICTP.cUTP->CAMSM.pM_3002@AOE_2_0_0
07-19 14:05:16.695 1827 2836 I Telecom : CallAudioModeStateMachine: Abandoning audio focus: now UNFOCUSED: CSW.sDc->ICTP.r->ICTP.cUTP->CAMSM.pM_3002@AOE_2_0_0
07-19 14:05:16.696 1827 2836 I MediaFocusControl: AudioFocus abandonAudioFocus() from uid/pid 1000/1827 clientId=AudioFocus_For_Phone_Ring_And_Calls
07-19 14:05:16.696 313 540 D audio_hw_primary: adev_set_mode: mode 0
07-19 14:05:16.696 313 540 D voice_extn: voice_extn_stop_call: end all calls
07-19 14:05:16.696 313 540 D voice_extn: update_calls: enter:
07-19 14:05:16.696 313 540 D voice_extn: update_calls: cur_state=1 new_state=1 vsid=10c01000
07-19 14:05:16.696 313 540 D voice_extn: update_calls: cur_state=1 new_state=1 vsid=10dc1000
07-19 14:05:16.696 313 540 D voice_extn: update_calls: cur_state=1 new_state=1 vsid=10c02000
07-19 14:05:16.696 313 540 D voice_extn: update_calls: cur_state=1 new_state=1 vsid=10803000
07-19 14:05:16.696 313 540 D voice_extn: update_calls: cur_state=1 new_state=1 vsid=10002000
07-19 14:05:16.696 313 540 D voice_extn: update_calls: cur_state=1 new_state=1 vsid=11c05000
07-19 14:05:16.696 313 540 D voice_extn: update_calls: cur_state=1 new_state=1 vsid=11dc5000
07-19 14:05:16.696 313 540 D AudioPolicyManagerCustom: setPhoneState() state 0
07-19 14:05:16.697 313 524 D audio_hw_primary: out_set_parameters: enter: usecase(0: deep-buffer-playback) kvpairs: routing=1
07-19 14:05:16.698 313 6168 D audio_hw_extn: audio_extn_get_parameters: returns 
07-19 14:05:16.698 313 6168 I hash_map_utils: key: 'volume_boost' value: ''
07-19 14:05:16.701 1827 2813 W InputMethodManagerService: Starting input on non-focused client com.android.internal.view.IInputMethodClient$Stub$Proxy@bcd4757 (uid=10020 pid=6120)
07-19 14:05:16.704 6120 6156 W OpenGLRenderer: Incorrectly called buildLayer on View: TextView, destroying layer...
07-19 14:05:16.707 6120 6120 I InCall : ProximitySensor - ProximitySensor{keybrd=0, dpad=0, offhook=0, hor=0, ui=0, aud=EARPIECE}
07-19 14:05:16.707 6120 6120 I InCall : ProximitySensor - Proximity wake lock already released
07-19 14:05:16.712 2720 4901 D SubscriptionController: [getSubId]- numSubIds == 0, return DummySubIds slotIdx=1
07-19 14:05:16.714 2720 2750 D SubscriptionController: [getSubId]- numSubIds == 0, return DummySubIds slotIdx=1
07-19 14:05:16.715 6120 6120 I InCall : InCallPresenter - UI Destroyed
07-19 14:05:16.715 6120 6120 I InCall : InCallPresenter - Phone switching state: NO_CALLS -> NO_CALLS
07-19 14:05:16.719 313 528 D audio_hw_primary: out_set_parameters: enter: usecase(1: low-latency-playback) kvpairs: routing=1
07-19 14:05:16.720 313 528 D audio_hw_primary: select_devices: out_snd_device(1: handset) in_snd_device(0: )
07-19 14:05:16.720 313 528 D audio_hw_primary: disable_audio_route: reset and update mixer path: low-latency-playback
07-19 14:05:16.725 313 528 D hardware_info: hw_info_append_hw_type : device_name = voice-handset
07-19 14:05:16.725 313 528 D audio_hw_primary: disable_snd_device: snd_device(9: voice-handset)
07-19 14:05:16.840 0 0 E : [ 8330.807200,2] wcd_imped_config, invalid imped, greater than 48 Ohm
07-19 14:05:16.840 0 0 E : [ 8330.807200,2] = 48
07-19 14:05:16.866 313 528 W msm8916_platform: Codec backend bitwidth 16, samplerate 48000
07-19 14:05:16.866 313 528 D hardware_info: hw_info_append_hw_type : device_name = handset
07-19 14:05:16.866 313 528 D audio_hw_primary: enable_snd_device: snd_device(1: handset)
07-19 14:05:16.873 0 0 E : [ 8330.841763,0] wcd-spmi-core msm8x16_wcd_codec-ebfc3600: Failed to get mbhc impedance -22
07-19 14:05:16.881 313 528 W audio_hw_utils: audio_extn_utils_update_stream_app_type_cfg: App type could not be selected. Falling back to default
07-19 14:05:16.881 313 528 I audio_hw_primary: select_devices Selected apptype: 69936
07-19 14:05:16.881 313 528 D ACDB-LOADER: ACDB -> send_audio_cal, acdb_id = 7, path = 0
07-19 14:05:16.881 313 528 D ACDB-LOADER: ACDB -> send_asm_topology
07-19 14:05:16.881 313 528 D ACDB-LOADER: ACDB -> ACDB_CMD_GET_AUDPROC_STREAM_TOPOLOGY_ID
07-19 14:05:16.881 313 528 D ACDB-LOADER: ACDB -> send_adm_topology
07-19 14:05:16.881 313 528 D ACDB-LOADER: ACDB -> ACDB_CMD_GET_AUDPROC_COMMON_TOPOLOGY_ID
07-19 14:05:16.881 313 528 D ACDB-LOADER: ACDB -> send_audtable
07-19 14:05:16.881 313 528 D ACDB-LOADER: ACDB -> ACDB_CMD_GET_AUDPROC_COMMON_TABLE
07-19 14:05:16.881 313 528 D ACDB-LOADER: ACDB -> AUDIO_SET_AUDPROC_CAL
07-19 14:05:16.881 313 528 D ACDB-LOADER: ACDB -> send_audvoltable
07-19 14:05:16.881 313 528 D ACDB-LOADER: ACDB -> ACDB_CMD_GET_AUDPROC_GAIN_DEP_STEP_TABLE
07-19 14:05:16.881 313 528 D ACDB-LOADER: ACDB -> AUDIO_SET_AUDPROC_VOL_CAL
07-19 14:05:16.881 313 528 D ACDB-LOADER: ACDB -> send_afe_cal
07-19 14:05:16.881 313 528 D ACDB-LOADER: ACDB -> ACDB_CMD_GET_AFE_COMMON_TABLE
07-19 14:05:16.881 313 528 D : Failed to fetch the lookup information of the device 00000007 
07-19 14:05:16.881 313 528 D ACDB-LOADER: ACDB -> AUDIO_SET_AFE_CAL
07-19 14:05:16.881 313 528 D ACDB-LOADER: ACDB -> send_hw_delay : acdb_id = 7 path = 0
07-19 14:05:16.882 313 528 D ACDB-LOADER: ACDB -> ACDB_AVSYNC_INFO: ACDB_CMD_GET_DEVICE_PROPERTY
07-19 14:05:16.882 313 528 I audio_hw_utils: audio_extn_utils_send_app_type_cfg: PLAYBACK app_type 69936, acdb_dev_id 7, sample_rate 48000
07-19 14:05:16.882 313 528 D audio_hw_primary: enable_audio_route: apply mixer and update path: low-latency-playback
07-19 14:05:16.891 313 528 D audio_hw_primary: select_devices: done
07-19 14:05:16.895 313 313 D audio_hw_extn: audio_extn_get_parameters: returns 
07-19 14:05:16.895 313 313 I hash_map_utils: key: 'volume_boost' value: ''
07-19 14:05:16.897 6120 6120 I InCall : InCallPresenter - attemptCleanup? false
07-19 14:05:16.898 6120 6120 I am_on_paused_called: [0,com.android.incallui.InCallActivity,handlePauseActivity]
07-19 14:05:16.898 1827 4014 I am_destroy_activity: [0,31931573,13,com.android.dialer/com.android.incallui.InCallActivity,finish-imm]
07-19 14:05:16.949 1827 4014 I am_resume_activity: [0,79325766,11,com.cyanogenmod.trebuchet/com.android.launcher3.Launcher]
07-19 14:05:16.958 1827 2836 I stream_devices_changed: [3,1,2]
07-19 14:05:16.960 6120 6156 W OpenGLRenderer: Incorrectly called buildLayer on View: TextView, destroying layer...
07-19 14:05:16.963 6120 6120 I InCall : InCallPresenter - Phone switching state: NO_CALLS -> NO_CALLS
07-19 14:05:16.965 4064 4064 I am_on_resume_called: [0,com.android.launcher3.Launcher,RESUME_ACTIVITY]
07-19 14:05:16.967 1827 1983 I sysui_action: [320,2]
07-19 14:05:16.967 1827 1983 I sysui_action: [319,188010]
07-19 14:05:16.970 1827 2836 I stream_devices_changed: [4,1,2]
07-19 14:05:16.975 1827 2836 I stream_devices_changed: [2,1,2]
07-19 14:05:16.986 1827 2833 I Telecom : CallAudioRouteStateMachine: Message received: SWITCH_FOCUS=4001, arg1=1: CSW.sDc->ICTP.r->ICTP.cUTP->CAMSM.pM_3002->CARSM.pM_SWITCH_FOCUS@AOE_2_0_0_2
07-19 14:05:16.987 1827 2833 I Telecom : Telecom: Non-call EVENT: UNMUTE, null: CSW.sDc->ICTP.r->ICTP.cUTP->CAMSM.pM_3002->CARSM.pM_SWITCH_FOCUS@AOE_2_0_0_2
07-19 14:05:16.989 1827 2833 I Telecom : Telecom: Non-call EVENT: AUDIO_ROUTE, Leaving state ActiveEarpieceRoute: CSW.sDc->ICTP.r->ICTP.cUTP->CAMSM.pM_3002->CARSM.pM_SWITCH_FOCUS@AOE_2_0_0_2
07-19 14:05:16.989 1827 2833 I Telecom : CallAudioRouteStateMachine: setNotificationsSuppressed: on=no; suppressed=yes: CSW.sDc->ICTP.r->ICTP.cUTP->CAMSM.pM_3002->CARSM.pM_SWITCH_FOCUS@AOE_2_0_0_2
07-19 14:05:16.990 313 6273 D audio_hw_extn: audio_extn_get_parameters: returns 
07-19 14:05:16.990 313 6273 I hash_map_utils: key: 'volume_boost' value: ''
07-19 14:05:16.991 1827 2833 D ZenLog : config: setInterruptionFilter,ZenModeConfig[user=0,allowCalls=true,allowRepeatCallers=false,allowMessages=false,allowCallsFrom=contacts,allowMessagesFrom=contacts,allowReminders=true,allowEvents=true,allowWhenScreenOff=true,allowWhenScreenOn=true,automaticRules={406c05fe4f3e42059102bc0f0a603d67=ZenRule[enabled=false,snoozing=false,name=Event,zenMode=ZEN_MODE_ALARMS,conditionId=condition://android/event?userId=-10000&calendar=&reply=1,condition=Condition[id=condition://android/event?userId=-10000&calendar=&reply=1,summary=...,line1=...,line2=...,icon=0,state=STATE_FALSE,flags=2],component=ComponentInfo{android/com.android.server.notification.EventConditionProvider},id=406c05fe4f3e42059102bc0f0a603d67,creationTime=1499987078118,enabler=null], 36f6661d1344457b9de018a9510a6257=ZenRule[enabled=false,snoozing=false,name=Weekend,zenMode=ZEN_MODE_ALARMS,conditionId=condition://android/schedule?days=6.7&start=23.30&end=10.0&exitAtAlarm=false,condition=Condition[id=condition://android/schedule?days=6.7&start=23.30&end=10.0&exitAtAlarm=false,summary=...,line1=...,line2=...,icon=0,state=STATE_FALSE,flags=2],component=ComponentInfo{android/com.android.server.notification.ScheduleConditionProvider},id=36f6661d1344457b9de018a9510a6257,creationTime=1499987078117,enabler=null], 471641bdc5dc4367b12b247c50c3e8ca=ZenRule[enabled=false,snoozing=false,name=Weeknight,zenMode=ZEN_MODE_ALARMS,conditionId=condition://android/schedule?days=1.2.3.4.5&start=22.0&end=7.0&exitAtAlarm=false,condition=Condition[id=condition://android/schedule?days=1.2.3.4.5&start=22.0&end=7.0&exitAtAlarm=false,summary=...,line1=...,line2=...,icon=0,state=STATE_FALSE,flags=2],component=ComponentInfo{android/com.android.server.notification.ScheduleConditionProvider},id=471641bdc5dc4367b12b247c50c3e8ca,creationTime=1499987078117,enabler=null]},manualRule=null],Diff[manualRule:delete]
07-19 14:05:16.997 6120 6120 I InCall : InCallPresenter - Phone switching state: NO_CALLS -> NO_CALLS
07-19 14:05:16.995 1827 2833 I Telecom : Telecom: Non-call EVENT: AUDIO_ROUTE, Entering state QuiescentEarpieceRoute: CSW.sDc->ICTP.r->ICTP.cUTP->CAMSM.pM_3002->CARSM.pM_SWITCH_FOCUS@AOE_2_0_0_2
07-19 14:05:17.003 313 5022 D audio_hw_extn: audio_extn_get_parameters: returns 
07-19 14:05:17.003 313 5022 I hash_map_utils: key: 'volume_boost' value: ''
07-19 14:05:17.004 6120 6120 I InCall : InCallPresenter - Phone switching state: NO_CALLS -> NO_CALLS
07-19 14:05:17.009 313 313 D audio_hw_extn: audio_extn_get_parameters: returns 
07-19 14:05:17.009 313 313 I hash_map_utils: key: 'volume_boost' value: ''
07-19 14:05:17.011 6120 6156 W OpenGLRenderer: Incorrectly called buildLayer on View: TextView, destroying layer...
07-19 14:05:17.016 6120 6120 W InCall : VideoCallPresenter - onUiShowing, received for non-active video call
07-19 14:05:17.017 1827 1827 D ZenLog : set_zen_mode: off,setInterruptionFilter
07-19 14:05:17.017 6120 6120 I am_on_stop_called: [0,com.android.incallui.InCallActivity,destroy]
07-19 14:05:17.021 6120 6120 I InCall : InCallPresenter - No InCallActivity currently set, no need to unset.
07-19 14:05:17.025 6120 6156 D OpenGLRenderer: endAllActiveAnimators on 0xacfb1b80 (RippleDrawable) with handle 0x99eb8720
07-19 14:05:17.025 2463 2626 I vol.Events: writeEvent mute_changed STREAM_RING false
07-19 14:05:17.032 1827 1827 D ZenLog : set_ringer_mode_internal: ZenModeHelper,i:silent->normal,e:silent->normal
07-19 14:05:17.034 2463 2626 I vol.Events: writeEvent mute_changed STREAM_SYSTEM false
07-19 14:05:17.034 2463 2626 I vol.Events: writeEvent internal_ringer_mode_changed normal
07-19 14:05:17.037 1827 1927 I wm_task_removed: [13,removeAppToken: last token]
07-19 14:05:17.037 1827 1927 I wm_task_removed: [13,removeTask]
07-19 14:05:17.040 2463 2626 I sysui_action: [213,2]
07-19 14:05:17.040 2463 2626 I vol.Events: writeEvent external_ringer_mode_changed normal
07-19 14:05:17.043 288 288 I sf_frame_dur: [com.android.dialer/com.android.incallui.InCallActivity,229,10,2,2,1,2,2]
07-19 14:05:17.054 1827 1849 I art : Background partial concurrent mark sweep GC freed 46455(2MB) AllocSpace objects, 3(156KB) LOS objects, 33% free, 9MB/14MB, paused 3.440ms total 118.345ms
07-19 14:05:17.056 2463 2626 I vol.Events: writeEvent zen_mode_changed off
07-19 14:05:17.059 1827 1827 I sysui_count: [dnd_mode_3,187580]
07-19 14:05:17.463 0 0 I : [ 8331.431128,0] Report pwrkey press event at: 2017-07-19 12:05:17 UTC
07-19 14:05:17.466 1827 2331 I sysui_histogram: [power_double_tap_interval,7572075]
07-19 14:05:17.647 1827 2331 I PowerManagerService: Going to sleep due to power button (uid 1000)...
07-19 14:05:17.648 1827 2331 I power_sleep_requested: 0
07-19 14:05:17.651 0 0 I : [ 8331.616219,0] Report pwrkey release event at: 2017-07-19 12:05:17 UTC
07-19 14:05:17.664 1827 1985 W Adreno-EGL: : EGL_BAD_ATTRIBUTE
07-19 14:05:17.700 2720 2720 D RILJ : [4354]> SIGNAL_STRENGTH [SUB1]
07-19 14:05:17.704 2720 2885 D RILJ : [4354]< SIGNAL_STRENGTH SignalStrength: 0 0 0 0 0 0 0 0 0 0 0 0 0 gsm|lte [SUB1]
07-19 14:05:17.706 2720 2720 D SubscriptionController: [getSubId]- numSubIds == 0, return DummySubIds slotIdx=1
07-19 14:05:17.760 313 528 D audio_hw_primary: out_set_parameters: enter: usecase(1: low-latency-playback) kvpairs: routing=2
07-19 14:05:17.765 313 528 D audio_hw_primary: select_devices: out_snd_device(2: speaker) in_snd_device(0: )
07-19 14:05:17.765 313 528 D audio_hw_primary: disable_audio_route: reset and update mixer path: low-latency-playback
07-19 14:05:17.771 313 528 D hardware_info: hw_info_append_hw_type : device_name = handset
07-19 14:05:17.771 313 528 D audio_hw_primary: disable_snd_device: snd_device(1: handset)
07-19 14:05:17.887 0 0 E : [ 8331.853599,2] wcd_imped_config, invalid imped, greater than 48 Ohm
07-19 14:05:17.887 0 0 E : [ 8331.853599,2] = 48
07-19 14:05:17.915 313 528 W msm8916_platform: Codec backend bitwidth 16, samplerate 48000
07-19 14:05:17.916 313 528 D hardware_info: hw_info_append_hw_type : device_name = speaker
07-19 14:05:17.916 313 528 D audio_hw_primary: enable_snd_device: snd_device(2: speaker)
07-19 14:05:17.924 313 528 W audio_hw_utils: audio_extn_utils_update_stream_app_type_cfg: App type could not be selected. Falling back to default
07-19 14:05:17.924 313 528 I audio_hw_primary: select_devices Selected apptype: 69936
07-19 14:05:17.924 313 528 D ACDB-LOADER: ACDB -> send_audio_cal, acdb_id = 15, path = 0
07-19 14:05:17.924 313 528 D ACDB-LOADER: ACDB -> send_asm_topology
07-19 14:05:17.924 313 528 D ACDB-LOADER: ACDB -> ACDB_CMD_GET_AUDPROC_STREAM_TOPOLOGY_ID
07-19 14:05:17.925 313 528 D ACDB-LOADER: ACDB -> send_adm_topology
07-19 14:05:17.925 313 528 D ACDB-LOADER: ACDB -> ACDB_CMD_GET_AUDPROC_COMMON_TOPOLOGY_ID
07-19 14:05:17.925 313 528 D ACDB-LOADER: ACDB -> send_audtable
07-19 14:05:17.925 313 528 D ACDB-LOADER: ACDB -> ACDB_CMD_GET_AUDPROC_COMMON_TABLE
07-19 14:05:17.925 313 528 D ACDB-LOADER: ACDB -> AUDIO_SET_AUDPROC_CAL
07-19 14:05:17.925 313 528 D ACDB-LOADER: ACDB -> send_audvoltable
07-19 14:05:17.925 313 528 D ACDB-LOADER: ACDB -> ACDB_CMD_GET_AUDPROC_GAIN_DEP_STEP_TABLE
07-19 14:05:17.925 313 528 D ACDB-LOADER: ACDB -> AUDIO_SET_AUDPROC_VOL_CAL
07-19 14:05:17.925 313 528 D ACDB-LOADER: ACDB -> send_afe_cal
07-19 14:05:17.925 313 528 D ACDB-LOADER: ACDB -> ACDB_CMD_GET_AFE_COMMON_TABLE
07-19 14:05:17.925 313 528 D : Failed to fetch the lookup information of the device 0000000F 
07-19 14:05:17.925 313 528 D ACDB-LOADER: ACDB -> AUDIO_SET_AFE_CAL
07-19 14:05:17.925 313 528 D ACDB-LOADER: ACDB -> send_hw_delay : acdb_id = 15 path = 0
07-19 14:05:17.925 313 528 D ACDB-LOADER: ACDB -> ACDB_AVSYNC_INFO: ACDB_CMD_GET_DEVICE_PROPERTY
07-19 14:05:17.925 313 528 I audio_hw_utils: audio_extn_utils_send_app_type_cfg: PLAYBACK app_type 69936, acdb_dev_id 15, sample_rate 48000
07-19 14:05:17.926 313 528 D audio_hw_primary: enable_audio_route: apply mixer and update path: low-latency-playback
07-19 14:05:17.940 313 528 D audio_hw_primary: select_devices: done
07-19 14:05:17.945 2463 2463 W FingerprintManager: isFingerprintHardwareDetected(): Service not connected!
07-19 14:05:18.147 1827 1985 I am_pause_activity: [0,79325766,com.cyanogenmod.trebuchet/com.android.launcher3.Launcher]
07-19 14:05:18.147 1827 1937 I VrManagerService: VR mode is disallowed
07-19 14:05:18.147 4064 4064 I am_on_paused_called: [0,com.android.launcher3.Launcher,handlePauseActivity]
07-19 14:05:18.169 1827 1937 I am_stop_activity: [0,79325766,com.cyanogenmod.trebuchet/com.android.launcher3.Launcher]
07-19 14:05:18.170 1827 1985 E Sensors : AccSensor::setEnable handle:1 enable:0
07-19 14:05:18.170 1827 1985 E Sensors : AccSensor::setEnable handle:1 oldStatus=1 newStatus=0
07-19 14:05:18.174 0 0 I : [ 8332.140282,2] bma25x-accel 4-0019: bma25x_set_enable entry ebable:0 pre_enable:1!!!
07-19 14:05:18.174 0 0 I : [ 8332.140609,2] bma25x-accel 4-0019: bma25x_set_enable finished!!!
07-19 14:05:18.171 1827 1985 E Sensors : AccSensor::setEnable finished!!!
07-19 14:05:18.171 1827 1985 V KeyguardServiceDelegate: onScreenTurnedOff()
07-19 14:05:18.173 4064 4064 I am_on_stop_called: [0,com.android.launcher3.Launcher,sleeping]
07-19 14:05:18.178 1827 1985 E Sensors : als setDelay
07-19 14:05:18.178 1827 1985 E Sensors : als poll interval: 250
07-19 14:05:18.178 1827 1983 I DisplayManagerService: Display device changed state: "Built-in Screen", OFF
07-19 14:05:18.181 1827 2414 E Sensors : als enable
07-19 14:05:18.181 288 288 D SurfaceFlinger: Set power mode=0, type=0 flinger=0xb6932000
07-19 14:05:18.182 1827 2414 E Sensors : als opening als_enable 0
07-19 14:05:18.183 0 0 I [ 8332.150349,3] alsps_epl8802[epl_sensor_enable_als]: enable=0
07-19 14:05:18.183 6120 6120 I InCall : ProximitySensor - isDisplayOn: false
07-19 14:05:18.183 6120 6120 D AccelerometerListener: enable(false)
07-19 14:05:18.183 288 288 D qdhwcomposer: hwc_setPowerMode: Setting mode 0 on display: 0
07-19 14:05:18.184 288 288 E qdutils : int qdutils::getHDMINode(): Failed to open fb node 2
07-19 14:05:18.184 288 288 E qdutils : int qdutils::getHDMINode(): Failed to open fb node 3
07-19 14:05:18.184 288 288 E qdutils : int qdutils::getHDMINode(): Failed to find HDMI node
07-19 14:05:18.376 288 538 I qdhwcomposer: handle_blank_event: dpy:0 panel power state: 0
07-19 14:05:18.377 288 538 E qdutils : int qdutils::getHDMINode(): Failed to open fb node 2
07-19 14:05:18.377 288 538 E qdutils : int qdutils::getHDMINode(): Failed to open fb node 3
07-19 14:05:18.377 288 538 E qdutils : int qdutils::getHDMINode(): Failed to find HDMI node
07-19 14:05:18.378 288 288 D qdhwcomposer: hwc_setPowerMode: Done setting mode 0 on display 0
07-19 14:05:18.380 0 0 I [ 8332.153905,0] synaptics_dsx_sensor_state: state change ACTIVE -> SUSPEND
07-19 14:05:18.380 1827 2417 D SurfaceControl: Excessive delay in setPowerMode(): 201ms
07-19 14:05:18.381 0 0 I [ 8332.153919,0] synaptics_rmi4_suspend: screen: 0)21
07-19 14:05:18.386 0 0 I [ 8332.183287,0] mdss_dsi_panel_off+: ctrl=00000000 ndx=0
07-19 14:05:18.389 0 0 I [ 8332.324574,0] mdss_dsi_panel_off-: 
07-19 14:05:18.389 0 0 I [ 8332.324580,0] mdss_dsi_off+: ctrl=eb501010 ndx=0
07-19 14:05:18.389 0 0 I [ 8332.344082,0] mdss_dsi_off-: 
07-19 14:05:18.388 1827 1985 I DreamManagerService: Entering dreamland.
07-19 14:05:18.390 1827 1985 I PowerManagerService: Dozing...
07-19 14:05:18.391 1827 1981 I DreamController: Starting dream: name=ComponentInfo{com.android.systemui/com.android.systemui.doze.DozeService}, isTest=false, canDoze=true, userId=0
07-19 14:05:18.391 1827 1981 I sysui_view_visibility: [223,100]
07-19 14:05:18.421 1827 1827 I power_screen_state: [0,2,0,0]
07-19 14:05:18.421 1827 1827 I screen_toggled: 0
07-19 14:05:18.421 1827 1827 I sysui_histogram: [screen_timeout,60]
07-19 14:05:18.421 1827 1827 I power_screen_broadcast_send: 1
07-19 14:05:18.426 313 313 D audio_hw_primary: adev_set_parameters: enter: screen_state=off
07-19 14:05:18.437 2463 2463 I sysui_status_bar_state: [0,1,1,0,0,1]
07-19 14:05:18.442 2463 2463 W FingerprintManager: isFingerprintHardwareDetected(): Service not connected!
07-19 14:05:18.450 1827 1927 V KeyguardServiceDelegate: setOccluded(false) animate=true
07-19 14:05:18.458 2720 2720 D DCT : [0]screen off
07-19 14:05:18.459 2720 2720 D DCT : [0]stopNetStatPoll
07-19 14:05:18.462 2463 2463 W FingerprintManager: isFingerprintHardwareDetected(): Service not connected!
07-19 14:05:18.462 2463 2463 D PhoneStatusBar: disable: < expand icons alerts system_info back home RECENT* clock SEARCH* quick_settings
> 07-19 14:05:18.463 2720 2720 D DCT : [1]screen off
07-19 14:05:18.463 2720 2720 D DCT : [1]stopNetStatPoll
07-19 14:05:18.463 2720 2720 D SubscriptionController: [getSubId]- numSubIds == 0, return DummySubIds slotIdx=1
07-19 14:05:18.464 2720 2720 D SubscriptionController: [getSubId]- numSubIds == 0, return DummySubIds slotIdx=1
07-19 14:05:18.469 1827 1926 I ActivityManager: Setting hasTopUi=true for pid=2463
07-19 14:05:18.477 2646 2646 D wpa_supplicant: wlan0: Control interface command 'DRIVER SETSUSPENDMODE 1'
07-19 14:05:18.483 2463 2463 I sysui_view_visibility: [111,100]
07-19 14:05:18.483 2463 2463 I sysui_view_visibility: [126,100]
07-19 14:05:18.483 2463 2463 I sysui_view_visibility: [115,100]
07-19 14:05:18.483 2463 2463 I sysui_view_visibility: [261,100]
07-19 14:05:18.483 2463 2463 I sysui_view_visibility: [118,100]
07-19 14:05:18.483 2463 2463 I sysui_view_visibility: [119,100]
07-19 14:05:18.483 2463 2463 I sysui_view_visibility: [123,100]
07-19 14:05:18.483 1827 1827 I Telecom : EmergencyInCallServiceConnection: Disconnect forced!: CSW.rC->ICC.oCR@AOI_0
07-19 14:05:18.485 6120 6120 I InCall : InCallPresenter - setBoundAndWaitingForOutgoingCall: false
07-19 14:05:18.486 6120 6120 I InCall : InCallPresenter - Phone switching state: NO_CALLS -> NO_CALLS
07-19 14:05:18.488 6120 6120 I InCall : InCallPresenter - attemptCleanup? true
07-19 14:05:18.488 6120 6120 D AccelerometerListener: enable(false)
07-19 14:05:18.488 6120 6120 I InCall : ProximitySensor - Proximity wake lock already released
07-19 14:05:18.494 1827 1926 I ActivityManager: Killing 4620:org.lineageos.updater/u0a7 (adj 906): empty for 8301s
07-19 14:05:18.494 1827 1926 I am_kill : [0,4620,org.lineageos.updater,906,empty for 8301s]
07-19 14:05:18.500 1827 4061 I notification_expansion: [-1|android|17040536|null|1000,0,0,12069448,12069448,8287736]
07-19 14:05:18.504 2463 2463 D PhoneStatusBar: disable: < expand ICONS* alerts SYSTEM_INFO* back home RECENT clock SEARCH quick_settings
> 07-19 14:05:18.506 2646 2646 D wpa_supplicant: wpa_driver_nl80211_driver_cmd SETSUSPENDMODE 1 len = 0, 4096
07-19 14:05:18.512 2463 2463 W FingerprintManager: isFingerprintHardwareDetected(): Service not connected!
07-19 14:05:18.519 2463 2463 W FingerprintManager: isFingerprintHardwareDetected(): Service not connected!
07-19 14:05:18.520 2463 2463 I sysui_status_bar_state: [1,1,0,0,0,1]
07-19 14:05:18.528 1827 4062 I am_proc_died: [0,4620,org.lineageos.updater]
07-19 14:05:18.528 1827 4062 D ActivityManager: cleanUpApplicationRecord -- 4620
07-19 14:05:18.551 288 288 I sf_frame_dur: [NavigationBar,0,0,0,0,0,0,5]
07-19 14:05:18.570 2463 2463 W FingerprintManager: isFingerprintHardwareDetected(): Service not connected!
07-19 14:05:18.570 2463 2463 D PhoneStatusBar: disable: < expand ICONS alerts SYSTEM_INFO back HOME* RECENT clock SEARCH quick_settings
> 07-19 14:05:18.580 1827 1827 I power_screen_broadcast_done: [0,159,1]
07-19 14:05:18.621 1827 1938 I WindowManager: OverscanTimeout run
07-19 14:05:21.215 313 528 D audio_hw_primary: out_standby: enter: stream (0xb623d380) usecase(1: low-latency-playback)
07-19 14:05:21.329 313 528 D audio_hw_primary: disable_audio_route: reset and update mixer path: low-latency-playback
07-19 14:05:21.332 313 528 D hardware_info: hw_info_append_hw_type : device_name = speaker
07-19 14:05:21.332 313 528 D audio_hw_primary: disable_snd_device: snd_device(2: speaker)
07-19 14:05:37.713 2720 2720 D RILJ : [4355]> SIGNAL_STRENGTH [SUB1]
07-19 14:05:37.728 2720 2885 D RILJ : [4355]< SIGNAL_STRENGTH SignalStrength: 0 0 0 0 0 0 0 0 0 0 0 0 0 gsm|lte [SUB1]
07-19 14:05:37.731 2720 2720 D SubscriptionController: [getSubId]- numSubIds == 0, return DummySubIds slotIdx=1
07-19 14:05:53.464 0 0 I [ 8367.431902,0] bq24296_dump_register: REG0 - 0x00 = 0x42
07-19 14:05:53.464 0 0 I [ 8367.432546,0] bq24296_dump_register: REG1 - 0x01 = 0x0b
07-19 14:05:53.464 0 0 I [ 8367.433221,0] bq24296_dump_register: REG2 - 0x02 = 0x5c
07-19 14:05:53.464 0 0 I [ 8367.433937,0] bq24296_dump_register: REG3 - 0x03 = 0x21
07-19 14:05:53.467 0 0 I [ 8367.434724,0] bq24296_dump_register: REG4 - 0x04 = 0xe2
07-19 14:05:53.467 0 0 I [ 8367.435580,0] bq24296_dump_register: REG5 - 0x05 = 0x0e
07-19 14:05:53.467 0 0 I [ 8367.436422,0] bq24296_dump_register: REG6 - 0x06 = 0x73
07-19 14:05:53.468 0 0 I [ 8367.437248,0] bq24296_dump_register: REG7 - 0x07 = 0x4b
07-19 14:05:53.470 0 0 I [ 8367.438034,0] bq24296_dump_register: REG8 - 0x08 = 0x44
07-19 14:05:53.471 0 0 I [ 8367.438884,0] bq24296_dump_register: REG9 - 0x09 = 0x00
07-19 14:05:53.471 0 0 I [ 8367.439515,0] bq24296_dump_register: REGA - 0x0a = 0x20
07-19 14:05:53.495 1827 1971 I cache_file_deleted: power_supply_info.csv
07-19 14:05:53.500 3862 3862 E NEW_BHD : Open /sys/class/power_supply/gb_battery
07-19 14:05:53.531 2720 2720 D VideoCall_LowBattery: BatteryIntent received: android.intent.action.BATTERY_CHANGED
07-19 14:05:53.554 2720 2720 D SubscriptionController: [getActiveSubscriptionInfoForSimSlotIndex]+ slotIdx=0 subId={id=1, iccId=89492019156020009546 simSlotIndex=0 displayName=LIDL Connect carrierName=LIDL Connect nameSource=0 iconTint=-16746133 dataRoaming=0 iconBitmap=android.graphics.Bitmap@917f1af mcc 262 mnc 2 userNwMode=10}
07-19 14:05:53.557 2720 2720 D VideoCall_LowBattery: allowVideoCallsInLowBattery: false isCarrierOneSupported: false mIsLowbattery: true
07-19 14:05:53.557 2720 2720 D VideoCall_LowBattery: disconnectVideoCalls on low battery
07-19 14:05:53.557 2720 2720 D VideoCall_LowBattery: disconnectVideoCalls 
07-19 14:05:57.739 2720 2720 D RILJ : [4356]> SIGNAL_STRENGTH [SUB1]
07-19 14:05:57.750 2720 2885 D RILJ : [4356]< SIGNAL_STRENGTH SignalStrength: 0 0 0 0 0 0 0 0 0 0 0 0 0 gsm|lte [SUB1]
07-19 14:05:57.750 2720 2720 D SubscriptionController: [getSubId]- numSubIds == 0, return DummySubIds slotIdx=1
07-19 14:06:17.764 2720 2720 D RILJ : [4357]> SIGNAL_STRENGTH [SUB1]
07-19 14:06:17.775 2720 2885 D RILJ : [4357]< SIGNAL_STRENGTH SignalStrength: 0 0 0 0 0 0 0 0 0 0 0 0 0 gsm|lte [SUB1]
07-19 14:06:17.776 2720 2720 D SubscriptionController: [getSubId]- numSubIds == 0, return DummySubIds slotIdx=1
07-19 14:06:31.966 2720 2720 D VideoCall_LowBattery: BatteryIntent received: android.intent.action.BATTERY_CHANGED
07-19 14:06:31.983 2720 2720 D SubscriptionController: [getActiveSubscriptionInfoForSimSlotIndex]+ slotIdx=0 subId={id=1, iccId=89492019156020009546 simSlotIndex=0 displayName=LIDL Connect carrierName=LIDL Connect nameSource=0 iconTint=-16746133 dataRoaming=0 iconBitmap=android.graphics.Bitmap@ce18c9a mcc 262 mnc 2 userNwMode=10}
07-19 14:06:31.986 2720 2720 D VideoCall_LowBattery: allowVideoCallsInLowBattery: false isCarrierOneSupported: false mIsLowbattery: true
07-19 14:06:31.986 2720 2720 D VideoCall_LowBattery: disconnectVideoCalls on low battery
07-19 14:06:31.986 2720 2720 D VideoCall_LowBattery: disconnectVideoCalls 
07-19 14:06:37.784 2720 2720 D RILJ : [4358]> SIGNAL_STRENGTH [SUB1]
07-19 14:06:37.794 2720 2885 D RILJ : [4358]< SIGNAL_STRENGTH SignalStrength: 0 0 0 0 0 0 0 0 0 0 0 0 0 gsm|lte [SUB1]
07-19 14:06:37.795 2720 2720 D SubscriptionController: [getSubId]- numSubIds == 0, return DummySubIds slotIdx=1
07-19 14:06:53.624 0 0 I [ 8427.592669,0] bq24296_dump_register: REG0 - 0x00 = 0x42
07-19 14:06:53.627 0 0 I [ 8427.593610,0] bq24296_dump_register: REG1 - 0x01 = 0x0b
07-19 14:06:53.628 0 0 I [ 8427.594464,0] bq24296_dump_register: REG2 - 0x02 = 0x5c
07-19 14:06:53.628 0 0 I [ 8427.595318,0] bq24296_dump_register: REG3 - 0x03 = 0x21
07-19 14:06:53.628 0 0 I [ 8427.596409,0] bq24296_dump_register: REG4 - 0x04 = 0xe2
07-19 14:06:53.628 0 0 I [ 8427.597056,0] bq24296_dump_register: REG5 - 0x05 = 0x0e
07-19 14:06:53.629 0 0 I [ 8427.597688,0] bq24296_dump_register: REG6 - 0x06 = 0x73
07-19 14:06:53.629 0 0 I [ 8427.598322,0] bq24296_dump_register: REG7 - 0x07 = 0x4b
07-19 14:06:53.630 0 0 I [ 8427.598953,0] bq24296_dump_register: REG8 - 0x08 = 0x44
07-19 14:06:53.632 0 0 I [ 8427.599746,0] bq24296_dump_register: REG9 - 0x09 = 0x00
07-19 14:06:53.633 0 0 I [ 8427.601769,0] bq24296_dump_register: REGA - 0x0a = 0x20
07-19 14:06:53.657 1827 1971 I cache_file_deleted: power_supply_info.csv
07-19 14:06:53.661 3862 3862 E NEW_BHD : Open /sys/class/power_supply/gb_battery
07-19 14:06:53.690 2720 2720 D VideoCall_LowBattery: BatteryIntent received: android.intent.action.BATTERY_CHANGED
07-19 14:06:53.706 2720 2720 D SubscriptionController: [getActiveSubscriptionInfoForSimSlotIndex]+ slotIdx=0 subId={id=1, iccId=89492019156020009546 simSlotIndex=0 displayName=LIDL Connect carrierName=LIDL Connect nameSource=0 iconTint=-16746133 dataRoaming=0 iconBitmap=android.graphics.Bitmap@cefa8c1 mcc 262 mnc 2 userNwMode=10}
07-19 14:06:53.709 2720 2720 D VideoCall_LowBattery: allowVideoCallsInLowBattery: false isCarrierOneSupported: false mIsLowbattery: true
07-19 14:06:53.709 2720 2720 D VideoCall_LowBattery: disconnectVideoCalls on low battery
07-19 14:06:53.709 2720 2720 D VideoCall_LowBattery: disconnectVideoCalls 
07-19 14:06:57.801 2720 2720 D RILJ : [4359]> SIGNAL_STRENGTH [SUB1]
07-19 14:06:57.814 2720 2885 D RILJ : [4359]< SIGNAL_STRENGTH SignalStrength: 0 0 0 0 0 0 0 0 0 0 0 0 0 gsm|lte [SUB1]
07-19 14:06:57.815 2720 2720 D SubscriptionController: [getSubId]- numSubIds == 0, return DummySubIds slotIdx=1
07-19 14:07:17.830 2720 2720 D RILJ : [4360]> SIGNAL_STRENGTH [SUB1]
07-19 14:07:17.836 2720 2885 D RILJ : [4360]< SIGNAL_STRENGTH SignalStrength: 0 0 0 0 0 0 0 0 0 0 0 0 0 gsm|lte [SUB1]
07-19 14:07:17.837 2720 2720 D SubscriptionController: [getSubId]- numSubIds == 0, return DummySubIds slotIdx=1
07-19 14:07:33.350 2646 2646 D wpa_supplicant: wlan0: BSS: Remove id 29 BSSID c8:0e:14:69:c9:86 SSID 'FRITZ!Box 6490 Cable' due to wpa_bss_flush_by_age
07-19 14:07:33.351 2646 2646 D wpa_supplicant: wlan0: BSS: Remove id 30 BSSID 38:10:d5:f7:b9:17 SSID 'FRITZ!Box 7412' due to wpa_bss_flush_by_age
07-19 14:07:33.351 2646 2646 D wpa_supplicant: wlan0: BSS: Remove id 31 BSSID e8:37:7a:b7:59:1b SSID 'o2-WLAN91' due to wpa_bss_flush_by_age
07-19 14:07:33.355 2646 2646 D wpa_supplicant: wlan0: BSS: Remove id 32 BSSID 00:fc:8d:10:34:c8 SSID 'HITRON-34C0' due to wpa_bss_flush_by_age
07-19 14:07:33.356 2646 2646 D wpa_supplicant: wlan0: BSS: Remove id 34 BSSID 90:5c:44:47:96:a7 SSID 'KabelBox-292C' due to wpa_bss_flush_by_age
07-19 14:07:33.356 2646 2646 D wpa_supplicant: wlan0: BSS: Remove id 33 BSSID d4:21:22:5d:ed:ab SSID 'Kurbelmodem' due to wpa_bss_flush_by_age
07-19 14:07:33.357 2646 2646 D wpa_supplicant: wlan0: BSS: Remove id 35 BSSID 34:81:c4:de:aa:cf SSID 'FRITZ!Box 6490 Cable' due to wpa_bss_flush_by_age
07-19 14:07:33.358 2646 2646 D wpa_supplicant: wlan0: BSS: Remove id 43 BSSID e0:60:66:fc:b2:42 SSID 'EasyBox-805100' due to wpa_bss_flush_by_age
07-19 14:07:33.358 2646 2646 D wpa_supplicant: wlan0: BSS: Remove id 36 BSSID 4c:09:d4:28:a8:b6 SSID 'Paul' due to wpa_bss_flush_by_age
07-19 14:07:33.359 2646 2646 D wpa_supplicant: wlan0: BSS: Remove id 37 BSSID 34:81:c4:0e:44:01 SSID 'BKA-Messbus 314' due to wpa_bss_flush_by_age
07-19 14:07:33.359 2646 2646 D wpa_supplicant: wlan0: BSS: Remove id 38 BSSID 3a:0e:14:69:c9:86 SSID 'Vodafone Hotspot' due to wpa_bss_flush_by_age
07-19 14:07:33.359 2646 2646 D wpa_supplicant: wlan0: BSS: Remove id 39 BSSID 4a:0e:14:69:c9:86 SSID 'Vodafone Homespot' due to wpa_bss_flush_by_age
07-19 14:07:33.360 2646 2646 D wpa_supplicant: wlan0: BSS: Remove id 40 BSSID 00:fc:8d:10:34:ca SSID 'Vodafone Hotspot' due to wpa_bss_flush_by_age
07-19 14:07:33.360 2646 2646 D wpa_supplicant: wlan0: BSS: Remove id 41 BSSID 00:fc:8d:10:34:cb SSID 'Vodafone Homespot' due to wpa_bss_flush_by_age
07-19 14:07:33.360 2646 2646 D wpa_supplicant: wlan0: BSS: Remove id 42 BSSID b6:81:c4:de:aa:cf SSID 'Vodafone Homespot' due to wpa_bss_flush_by_age
07-19 14:07:37.859 2720 2720 D RILJ : [4361]> SIGNAL_STRENGTH [SUB1]
07-19 14:07:37.872 2720 2885 D RILJ : [4361]< SIGNAL_STRENGTH SignalStrength: 0 0 0 0 0 0 0 0 0 0 0 0 0 gsm|lte [SUB1]
07-19 14:07:37.874 2720 2720 D SubscriptionController: [getSubId]- numSubIds == 0, return DummySubIds slotIdx=1