07-19 13:48:50.747 0 0 I [ 7344.714219,0] bq24296_dump_register: REG1 - 0x01 = 0x0b
07-19 13:48:50.747 0 0 I [ 7344.715235,0] bq24296_dump_register: REG2 - 0x02 = 0x5c
07-19 13:48:50.747 0 0 I [ 7344.716288,0] bq24296_dump_register: REG3 - 0x03 = 0x21
07-19 13:48:50.751 0 0 I [ 7344.718302,0] bq24296_dump_register: REG4 - 0x04 = 0xe2
07-19 13:48:50.751 0 0 I [ 7344.719318,0] bq24296_dump_register: REG5 - 0x05 = 0x0e
07-19 13:48:50.751 0 0 I [ 7344.720048,0] bq24296_dump_register: REG6 - 0x06 = 0x73
07-19 13:48:50.752 0 0 I [ 7344.720686,0] bq24296_dump_register: REG7 - 0x07 = 0x4b
07-19 13:48:50.752 0 0 I [ 7344.721320,0] bq24296_dump_register: REG8 - 0x08 = 0x44
07-19 13:48:50.752 0 0 I [ 7344.721946,0] bq24296_dump_register: REG9 - 0x09 = 0x00
07-19 13:48:50.754 0 0 I [ 7344.722583,0] bq24296_dump_register: REGA - 0x0a = 0x20
07-19 13:48:50.775 1827 1971 I cache_file_deleted: power_supply_info.csv
07-19 13:48:50.778 3862 3862 E NEW_BHD : Open /sys/class/power_supply/gb_battery
07-19 13:48:50.808 2720 2720 D VideoCall_LowBattery: BatteryIntent received: android.intent.action.BATTERY_CHANGED
07-19 13:48:50.828 2720 2720 D SubscriptionController: [getActiveSubscriptionInfoForSimSlotIndex]+ slotIdx=0 subId={id=1, iccId=89492019156020009546 simSlotIndex=0 displayName=LIDL Connect carrierName=LIDL Connect nameSource=0 iconTint=-16746133 dataRoaming=0 iconBitmap=android.graphics.Bitmap@ef61d1f mcc 262 mnc 2 userNwMode=10}
07-19 13:48:50.833 2720 2720 D VideoCall_LowBattery: allowVideoCallsInLowBattery: false isCarrierOneSupported: false mIsLowbattery: true
07-19 13:48:50.833 2720 2720 D VideoCall_LowBattery: disconnectVideoCalls on low battery
07-19 13:48:50.833 2720 2720 D VideoCall_LowBattery: disconnectVideoCalls 
07-19 13:48:56.385 2720 2720 D RILJ : [4287]> SIGNAL_STRENGTH [SUB1]
07-19 13:48:56.395 2720 2885 D RILJ : [4287]< SIGNAL_STRENGTH SignalStrength: 0 0 0 0 0 0 0 0 0 0 0 0 0 gsm|lte [SUB1]
07-19 13:48:56.397 2720 2720 D SubscriptionController: [getSubId]- numSubIds == 0, return DummySubIds slotIdx=1
07-19 13:49:16.422 2720 2720 D RILJ : [4288]> SIGNAL_STRENGTH [SUB1]
07-19 13:49:16.434 2720 2885 D RILJ : [4288]< SIGNAL_STRENGTH SignalStrength: 0 0 0 0 0 0 0 0 0 0 0 0 0 gsm|lte [SUB1]
07-19 13:49:16.438 2720 2720 D SubscriptionController: [getSubId]- numSubIds == 0, return DummySubIds slotIdx=1
07-19 13:49:36.464 2720 2720 D RILJ : [4289]> SIGNAL_STRENGTH [SUB1]
07-19 13:49:36.476 2720 2885 D RILJ : [4289]< SIGNAL_STRENGTH SignalStrength: 0 0 0 0 0 0 0 0 0 0 0 0 0 gsm|lte [SUB1]
07-19 13:49:36.476 2720 2720 D SubscriptionController: [getSubId]- numSubIds == 0, return DummySubIds slotIdx=1
07-19 13:49:50.907 0 0 I [ 7404.873474,0] bq24296_dump_register: REG0 - 0x00 = 0x42
07-19 13:49:50.907 0 0 I [ 7404.874498,0] bq24296_dump_register: REG1 - 0x01 = 0x0b
07-19 13:49:50.907 0 0 I [ 7404.875517,0] bq24296_dump_register: REG2 - 0x02 = 0x5c
07-19 13:49:50.911 0 0 I [ 7404.877081,0] bq24296_dump_register: REG3 - 0x03 = 0x21
07-19 13:49:50.911 0 0 I [ 7404.878097,0] bq24296_dump_register: REG4 - 0x04 = 0xe2
07-19 13:49:50.911 0 0 I [ 7404.879147,0] bq24296_dump_register: REG5 - 0x05 = 0x0e
07-19 13:49:50.912 0 0 I [ 7404.879939,0] bq24296_dump_register: REG6 - 0x06 = 0x73
07-19 13:49:50.912 0 0 I [ 7404.880674,0] bq24296_dump_register: REG7 - 0x07 = 0x4b
07-19 13:49:50.912 0 0 I [ 7404.881306,0] bq24296_dump_register: REG8 - 0x08 = 0x44
07-19 13:49:50.913 0 0 I [ 7404.881944,0] bq24296_dump_register: REG9 - 0x09 = 0x00
07-19 13:49:50.914 0 0 I [ 7404.882578,0] bq24296_dump_register: REGA - 0x0a = 0x20
07-19 13:49:50.935 1827 1971 I cache_file_deleted: power_supply_info.csv
07-19 13:49:50.938 3862 3862 E NEW_BHD : Open /sys/class/power_supply/gb_battery
07-19 13:49:50.964 2720 2720 D VideoCall_LowBattery: BatteryIntent received: android.intent.action.BATTERY_CHANGED
07-19 13:49:50.986 2720 2720 D SubscriptionController: [getActiveSubscriptionInfoForSimSlotIndex]+ slotIdx=0 subId={id=1, iccId=89492019156020009546 simSlotIndex=0 displayName=LIDL Connect carrierName=LIDL Connect nameSource=0 iconTint=-16746133 dataRoaming=0 iconBitmap=android.graphics.Bitmap@8c82ca mcc 262 mnc 2 userNwMode=10}
07-19 13:49:50.989 2720 2720 D VideoCall_LowBattery: allowVideoCallsInLowBattery: false isCarrierOneSupported: false mIsLowbattery: true
07-19 13:49:50.989 2720 2720 D VideoCall_LowBattery: disconnectVideoCalls on low battery
07-19 13:49:50.989 2720 2720 D VideoCall_LowBattery: disconnectVideoCalls 
07-19 13:49:56.485 2720 2720 D RILJ : [4290]> SIGNAL_STRENGTH [SUB1]
07-19 13:49:56.495 2720 2885 D RILJ : [4290]< SIGNAL_STRENGTH SignalStrength: 0 0 0 0 0 0 0 0 0 0 0 0 0 gsm|lte [SUB1]
07-19 13:49:56.497 2720 2720 D SubscriptionController: [getSubId]- numSubIds == 0, return DummySubIds slotIdx=1
07-19 13:50:16.521 2720 2720 D RILJ : [4291]> SIGNAL_STRENGTH [SUB1]
07-19 13:50:16.536 2720 2885 D RILJ : [4291]< SIGNAL_STRENGTH SignalStrength: 0 0 0 0 0 0 0 0 0 0 0 0 0 gsm|lte [SUB1]
07-19 13:50:16.538 2720 2720 D SubscriptionController: [getSubId]- numSubIds == 0, return DummySubIds slotIdx=1
07-19 13:50:36.562 2720 2720 D RILJ : [4292]> SIGNAL_STRENGTH [SUB1]
07-19 13:50:36.573 2720 2885 D RILJ : [4292]< SIGNAL_STRENGTH SignalStrength: 0 0 0 0 0 0 0 0 0 0 0 0 0 gsm|lte [SUB1]
07-19 13:50:36.576 2720 2720 D SubscriptionController: [getSubId]- numSubIds == 0, return DummySubIds slotIdx=1
07-19 13:50:51.067 0 0 I [ 7465.033700,0] bq24296_dump_register: REG0 - 0x00 = 0x42
07-19 13:50:51.067 0 0 I [ 7465.034722,0] bq24296_dump_register: REG1 - 0x01 = 0x0b
07-19 13:50:51.067 0 0 I [ 7465.035739,0] bq24296_dump_register: REG2 - 0x02 = 0x5c
07-19 13:50:51.071 0 0 I [ 7465.037360,0] bq24296_dump_register: REG3 - 0x03 = 0x21
07-19 13:50:51.071 0 0 I [ 7465.038378,0] bq24296_dump_register: REG4 - 0x04 = 0xe2
07-19 13:50:51.071 0 0 I [ 7465.039430,0] bq24296_dump_register: REG5 - 0x05 = 0x0e
07-19 13:50:51.072 0 0 I [ 7465.040243,0] bq24296_dump_register: REG6 - 0x06 = 0x73
07-19 13:50:51.072 0 0 I [ 7465.040976,0] bq24296_dump_register: REG7 - 0x07 = 0x4b
07-19 13:50:51.072 0 0 I [ 7465.041604,0] bq24296_dump_register: REG8 - 0x08 = 0x44
07-19 13:50:51.073 0 0 I [ 7465.042239,0] bq24296_dump_register: REG9 - 0x09 = 0x00
07-19 13:50:51.074 0 0 I [ 7465.042866,0] bq24296_dump_register: REGA - 0x0a = 0x20
07-19 13:50:51.095 1827 1971 I cache_file_deleted: power_supply_info.csv
07-19 13:50:51.096 3862 3862 E NEW_BHD : Open /sys/class/power_supply/gb_battery
07-19 13:50:51.127 2720 2720 D VideoCall_LowBattery: BatteryIntent received: android.intent.action.BATTERY_CHANGED
07-19 13:50:51.143 2720 2720 D SubscriptionController: [getActiveSubscriptionInfoForSimSlotIndex]+ slotIdx=0 subId={id=1, iccId=89492019156020009546 simSlotIndex=0 displayName=LIDL Connect carrierName=LIDL Connect nameSource=0 iconTint=-16746133 dataRoaming=0 iconBitmap=android.graphics.Bitmap@70af8b1 mcc 262 mnc 2 userNwMode=10}
07-19 13:50:51.146 2720 2720 D VideoCall_LowBattery: allowVideoCallsInLowBattery: false isCarrierOneSupported: false mIsLowbattery: true
07-19 13:50:51.146 2720 2720 D VideoCall_LowBattery: disconnectVideoCalls on low battery
07-19 13:50:51.146 2720 2720 D VideoCall_LowBattery: disconnectVideoCalls 
07-19 13:50:56.584 2720 2720 D RILJ : [4293]> SIGNAL_STRENGTH [SUB1]
07-19 13:50:56.596 2720 2885 D RILJ : [4293]< SIGNAL_STRENGTH SignalStrength: 0 0 0 0 0 0 0 0 0 0 0 0 0 gsm|lte [SUB1]
07-19 13:50:56.597 2720 2720 D SubscriptionController: [getSubId]- numSubIds == 0, return DummySubIds slotIdx=1
07-19 13:51:16.621 2720 2720 D RILJ : [4294]> SIGNAL_STRENGTH [SUB1]
07-19 13:51:16.635 2720 2885 D RILJ : [4294]< SIGNAL_STRENGTH SignalStrength: 0 0 0 0 0 0 0 0 0 0 0 0 0 gsm|lte [SUB1]
07-19 13:51:16.638 2720 2720 D SubscriptionController: [getSubId]- numSubIds == 0, return DummySubIds slotIdx=1
07-19 13:51:36.645 2720 2720 D RILJ : [4295]> SIGNAL_STRENGTH [SUB1]
07-19 13:51:36.656 2720 2885 D RILJ : [4295]< SIGNAL_STRENGTH SignalStrength: 0 0 0 0 0 0 0 0 0 0 0 0 0 gsm|lte [SUB1]
07-19 13:51:36.657 2720 2720 D SubscriptionController: [getSubId]- numSubIds == 0, return DummySubIds slotIdx=1
07-19 13:51:51.227 0 0 I [ 7525.193673,0] bq24296_dump_register: REG0 - 0x00 = 0x42
07-19 13:51:51.227 0 0 I [ 7525.194708,0] bq24296_dump_register: REG1 - 0x01 = 0x0b
07-19 13:51:51.227 0 0 I [ 7525.195727,0] bq24296_dump_register: REG2 - 0x02 = 0x5c
07-19 13:51:51.230 0 0 I [ 7525.197625,0] bq24296_dump_register: REG3 - 0x03 = 0x21
07-19 13:51:51.230 0 0 I [ 7525.198647,0] bq24296_dump_register: REG4 - 0x04 = 0xe2
07-19 13:51:51.231 0 0 I [ 7525.199700,0] bq24296_dump_register: REG5 - 0x05 = 0x0e
07-19 13:51:51.231 0 0 I [ 7525.200598,0] bq24296_dump_register: REG6 - 0x06 = 0x73
07-19 13:51:51.232 0 0 I [ 7525.201235,0] bq24296_dump_register: REG7 - 0x07 = 0x4b
07-19 13:51:51.232 0 0 I [ 7525.201871,0] bq24296_dump_register: REG8 - 0x08 = 0x44
07-19 13:51:51.234 0 0 I [ 7525.202508,0] bq24296_dump_register: REG9 - 0x09 = 0x00
07-19 13:51:51.234 0 0 I [ 7525.203626,0] bq24296_dump_register: REGA - 0x0a = 0x20
07-19 13:51:51.255 1827 1971 I cache_file_deleted: power_supply_info.csv
07-19 13:51:51.258 3862 3862 E NEW_BHD : Open /sys/class/power_supply/gb_battery
07-19 13:51:51.286 2720 2720 D VideoCall_LowBattery: BatteryIntent received: android.intent.action.BATTERY_CHANGED
07-19 13:51:51.304 2720 2720 D SubscriptionController: [getActiveSubscriptionInfoForSimSlotIndex]+ slotIdx=0 subId={id=1, iccId=89492019156020009546 simSlotIndex=0 displayName=LIDL Connect carrierName=LIDL Connect nameSource=0 iconTint=-16746133 dataRoaming=0 iconBitmap=android.graphics.Bitmap@ed4f904 mcc 262 mnc 2 userNwMode=10}
07-19 13:51:51.310 2720 2720 D VideoCall_LowBattery: allowVideoCallsInLowBattery: false isCarrierOneSupported: false mIsLowbattery: true
07-19 13:51:51.310 2720 2720 D VideoCall_LowBattery: disconnectVideoCalls on low battery
07-19 13:51:51.310 2720 2720 D VideoCall_LowBattery: disconnectVideoCalls 
07-19 13:51:56.661 2720 2720 D RILJ : [4296]> SIGNAL_STRENGTH [SUB1]
07-19 13:51:56.675 2720 2885 D RILJ : [4296]< SIGNAL_STRENGTH SignalStrength: 0 0 0 0 0 0 0 0 0 0 0 0 0 gsm|lte [SUB1]
07-19 13:51:56.675 2720 2720 D SubscriptionController: [getSubId]- numSubIds == 0, return DummySubIds slotIdx=1
07-19 13:52:16.694 2720 2720 D RILJ : [4297]> SIGNAL_STRENGTH [SUB1]
07-19 13:52:16.698 2720 2885 D RILJ : [4297]< SIGNAL_STRENGTH SignalStrength: 0 0 0 0 0 0 0 0 0 0 0 0 0 gsm|lte [SUB1]
07-19 13:52:16.698 2720 2720 D SubscriptionController: [getSubId]- numSubIds == 0, return DummySubIds slotIdx=1
07-19 13:52:36.715 2720 2720 D RILJ : [4298]> SIGNAL_STRENGTH [SUB1]
07-19 13:52:36.729 2720 2885 D RILJ : [4298]< SIGNAL_STRENGTH SignalStrength: 0 0 0 0 0 0 0 0 0 0 0 0 0 gsm|lte [SUB1]
07-19 13:52:36.731 2720 2720 D SubscriptionController: [getSubId]- numSubIds == 0, return DummySubIds slotIdx=1
07-19 13:52:51.387 0 0 I [ 7585.353086,0] bq24296_dump_register: REG0 - 0x00 = 0x42
07-19 13:52:51.387 0 0 I [ 7585.353947,0] bq24296_dump_register: REG1 - 0x01 = 0x0b
07-19 13:52:51.387 0 0 I [ 7585.354872,0] bq24296_dump_register: REG2 - 0x02 = 0x5c
07-19 13:52:51.388 0 0 I [ 7585.355894,0] bq24296_dump_register: REG3 - 0x03 = 0x21
07-19 13:52:51.391 0 0 I [ 7585.357552,0] bq24296_dump_register: REG4 - 0x04 = 0xe2
07-19 13:52:51.391 0 0 I [ 7585.358568,0] bq24296_dump_register: REG5 - 0x05 = 0x0e
07-19 13:52:51.391 0 0 I [ 7585.359777,0] bq24296_dump_register: REG6 - 0x06 = 0x73
07-19 13:52:51.392 0 0 I [ 7585.360527,0] bq24296_dump_register: REG7 - 0x07 = 0x4b
07-19 13:52:51.392 0 0 I [ 7585.361160,0] bq24296_dump_register: REG8 - 0x08 = 0x44
07-19 13:52:51.394 0 0 I [ 7585.361793,0] bq24296_dump_register: REG9 - 0x09 = 0x00
07-19 13:52:51.394 0 0 I [ 7585.362450,0] bq24296_dump_register: REGA - 0x0a = 0x20
07-19 13:52:51.415 1827 1971 I cache_file_deleted: power_supply_info.csv
07-19 13:52:51.415 3862 3862 E NEW_BHD : Open /sys/class/power_supply/gb_battery
07-19 13:52:51.449 2720 2720 D VideoCall_LowBattery: BatteryIntent received: android.intent.action.BATTERY_CHANGED
07-19 13:52:51.468 2720 2720 D SubscriptionController: [getActiveSubscriptionInfoForSimSlotIndex]+ slotIdx=0 subId={id=1, iccId=89492019156020009546 simSlotIndex=0 displayName=LIDL Connect carrierName=LIDL Connect nameSource=0 iconTint=-16746133 dataRoaming=0 iconBitmap=android.graphics.Bitmap@16b27b3 mcc 262 mnc 2 userNwMode=10}
07-19 13:52:51.470 2720 2720 D VideoCall_LowBattery: allowVideoCallsInLowBattery: false isCarrierOneSupported: false mIsLowbattery: true
07-19 13:52:51.470 2720 2720 D VideoCall_LowBattery: disconnectVideoCalls on low battery
07-19 13:52:51.471 2720 2720 D VideoCall_LowBattery: disconnectVideoCalls 
07-19 13:52:56.740 2720 2720 D RILJ : [4299]> SIGNAL_STRENGTH [SUB1]
07-19 13:52:56.755 2720 2885 D RILJ : [4299]< SIGNAL_STRENGTH SignalStrength: 0 0 0 0 0 0 0 0 0 0 0 0 0 gsm|lte [SUB1]
07-19 13:52:56.757 2720 2720 D SubscriptionController: [getSubId]- numSubIds == 0, return DummySubIds slotIdx=1
07-19 13:53:16.781 2720 2720 D RILJ : [4300]> SIGNAL_STRENGTH [SUB1]
07-19 13:53:16.795 2720 2885 D RILJ : [4300]< SIGNAL_STRENGTH SignalStrength: 0 0 0 0 0 0 0 0 0 0 0 0 0 gsm|lte [SUB1]
07-19 13:53:16.795 2720 2720 D SubscriptionController: [getSubId]- numSubIds == 0, return DummySubIds slotIdx=1
07-19 13:53:36.820 2720 2720 D RILJ : [4301]> SIGNAL_STRENGTH [SUB1]
07-19 13:53:36.832 2720 2885 D RILJ : [4301]< SIGNAL_STRENGTH SignalStrength: 0 0 0 0 0 0 0 0 0 0 0 0 0 gsm|lte [SUB1]
07-19 13:53:36.833 2720 2720 D SubscriptionController: [getSubId]- numSubIds == 0, return DummySubIds slotIdx=1
07-19 13:53:51.547 0 0 I [ 7645.513573,0] bq24296_dump_register: REG0 - 0x00 = 0x42
07-19 13:53:51.547 0 0 I [ 7645.514602,0] bq24296_dump_register: REG1 - 0x01 = 0x0b
07-19 13:53:51.547 0 0 I [ 7645.515621,0] bq24296_dump_register: REG2 - 0x02 = 0x5c
07-19 13:53:51.551 0 0 I [ 7645.517194,0] bq24296_dump_register: REG3 - 0x03 = 0x21
07-19 13:53:51.551 0 0 I [ 7645.518209,0] bq24296_dump_register: REG4 - 0x04 = 0xe2
07-19 13:53:51.551 0 0 I [ 7645.519256,0] bq24296_dump_register: REG5 - 0x05 = 0x0e
07-19 13:53:51.552 0 0 I [ 7645.520055,0] bq24296_dump_register: REG6 - 0x06 = 0x73
07-19 13:53:51.552 0 0 I [ 7645.520785,0] bq24296_dump_register: REG7 - 0x07 = 0x4b
07-19 13:53:51.552 0 0 I [ 7645.521423,0] bq24296_dump_register: REG8 - 0x08 = 0x44
07-19 13:53:51.554 0 0 I [ 7645.522076,0] bq24296_dump_register: REG9 - 0x09 = 0x00
07-19 13:53:51.554 0 0 I [ 7645.523197,0] bq24296_dump_register: REGA - 0x0a = 0x20
07-19 13:53:51.575 1827 1971 I cache_file_deleted: power_supply_info.csv
07-19 13:53:51.578 3862 3862 E NEW_BHD : Open /sys/class/power_supply/gb_battery
07-19 13:53:51.607 2720 2720 D VideoCall_LowBattery: BatteryIntent received: android.intent.action.BATTERY_CHANGED
07-19 13:53:51.625 2720 2720 D SubscriptionController: [getActiveSubscriptionInfoForSimSlotIndex]+ slotIdx=0 subId={id=1, iccId=89492019156020009546 simSlotIndex=0 displayName=LIDL Connect carrierName=LIDL Connect nameSource=0 iconTint=-16746133 dataRoaming=0 iconBitmap=android.graphics.Bitmap@b55ad6e mcc 262 mnc 2 userNwMode=10}
07-19 13:53:51.626 2720 2720 D VideoCall_LowBattery: allowVideoCallsInLowBattery: false isCarrierOneSupported: false mIsLowbattery: true
07-19 13:53:51.626 2720 2720 D VideoCall_LowBattery: disconnectVideoCalls on low battery
07-19 13:53:51.626 2720 2720 D VideoCall_LowBattery: disconnectVideoCalls 
07-19 13:53:56.841 2720 2720 D RILJ : [4302]> SIGNAL_STRENGTH [SUB1]
07-19 13:53:56.852 2720 2885 D RILJ : [4302]< SIGNAL_STRENGTH SignalStrength: 0 0 0 0 0 0 0 0 0 0 0 0 0 gsm|lte [SUB1]
07-19 13:53:56.856 2720 2720 D SubscriptionController: [getSubId]- numSubIds == 0, return DummySubIds slotIdx=1
07-19 13:54:16.880 2720 2720 D RILJ : [4303]> SIGNAL_STRENGTH [SUB1]
07-19 13:54:16.892 2720 2885 D RILJ : [4303]< SIGNAL_STRENGTH SignalStrength: 0 0 0 0 0 0 0 0 0 0 0 0 0 gsm|lte [SUB1]
07-19 13:54:16.893 2720 2720 D SubscriptionController: [getSubId]- numSubIds == 0, return DummySubIds slotIdx=1
07-19 13:54:36.918 2720 2720 D RILJ : [4304]> SIGNAL_STRENGTH [SUB1]
07-19 13:54:36.929 2720 2885 D RILJ : [4304]< SIGNAL_STRENGTH SignalStrength: 0 0 0 0 0 0 0 0 0 0 0 0 0 gsm|lte [SUB1]
07-19 13:54:36.931 2720 2720 D SubscriptionController: [getSubId]- numSubIds == 0, return DummySubIds slotIdx=1
07-19 13:54:51.707 0 0 I [ 7705.673315,0] bq24296_dump_register: REG0 - 0x00 = 0x42
07-19 13:54:51.707 0 0 I [ 7705.674340,0] bq24296_dump_register: REG1 - 0x01 = 0x0b
07-19 13:54:51.707 0 0 I [ 7705.675358,0] bq24296_dump_register: REG2 - 0x02 = 0x5c
07-19 13:54:51.708 0 0 I [ 7705.676598,0] bq24296_dump_register: REG3 - 0x03 = 0x21
07-19 13:54:51.711 0 0 I [ 7705.678404,0] bq24296_dump_register: REG4 - 0x04 = 0xe2
07-19 13:54:51.711 0 0 I [ 7705.679461,0] bq24296_dump_register: REG5 - 0x05 = 0x0e
07-19 13:54:51.711 0 0 I [ 7705.680190,0] bq24296_dump_register: REG6 - 0x06 = 0x73
07-19 13:54:51.711 0 0 I [ 7705.680824,0] bq24296_dump_register: REG7 - 0x07 = 0x4b
07-19 13:54:51.712 0 0 I [ 7705.681455,0] bq24296_dump_register: REG8 - 0x08 = 0x44
07-19 13:54:51.714 0 0 I [ 7705.682078,0] bq24296_dump_register: REG9 - 0x09 = 0x00
07-19 13:54:51.714 0 0 I [ 7705.682990,0] bq24296_dump_register: REGA - 0x0a = 0x20
07-19 13:54:51.735 1827 1971 I cache_file_deleted: power_supply_info.csv
07-19 13:54:51.736 3862 3862 E NEW_BHD : Open /sys/class/power_supply/gb_battery
07-19 13:54:51.770 2720 2720 D VideoCall_LowBattery: BatteryIntent received: android.intent.action.BATTERY_CHANGED
07-19 13:54:51.787 2720 2720 D SubscriptionController: [getActiveSubscriptionInfoForSimSlotIndex]+ slotIdx=0 subId={id=1, iccId=89492019156020009546 simSlotIndex=0 displayName=LIDL Connect carrierName=LIDL Connect nameSource=0 iconTint=-16746133 dataRoaming=0 iconBitmap=android.graphics.Bitmap@4aa8ea5 mcc 262 mnc 2 userNwMode=10}
07-19 13:54:51.790 2720 2720 D VideoCall_LowBattery: allowVideoCallsInLowBattery: false isCarrierOneSupported: false mIsLowbattery: true
07-19 13:54:51.790 2720 2720 D VideoCall_LowBattery: disconnectVideoCalls on low battery
07-19 13:54:51.790 2720 2720 D VideoCall_LowBattery: disconnectVideoCalls 
07-19 13:54:56.942 2720 2720 D RILJ : [4305]> SIGNAL_STRENGTH [SUB1]
07-19 13:54:56.953 2720 2885 D RILJ : [4305]< SIGNAL_STRENGTH SignalStrength: 0 0 0 0 0 0 0 0 0 0 0 0 0 gsm|lte [SUB1]
07-19 13:54:56.954 2720 2720 D SubscriptionController: [getSubId]- numSubIds == 0, return DummySubIds slotIdx=1
07-19 13:55:16.968 2720 2720 D RILJ : [4306]> SIGNAL_STRENGTH [SUB1]
07-19 13:55:16.977 2720 2885 D RILJ : [4306]< SIGNAL_STRENGTH SignalStrength: 0 0 0 0 0 0 0 0 0 0 0 0 0 gsm|lte [SUB1]
07-19 13:55:16.977 2720 2720 D SubscriptionController: [getSubId]- numSubIds == 0, return DummySubIds slotIdx=1
07-19 13:55:36.985 2720 2720 D RILJ : [4307]> SIGNAL_STRENGTH [SUB1]
07-19 13:55:36.996 2720 2885 D RILJ : [4307]< SIGNAL_STRENGTH SignalStrength: 0 0 0 0 0 0 0 0 0 0 0 0 0 gsm|lte [SUB1]
07-19 13:55:36.997 2720 2720 D SubscriptionController: [getSubId]- numSubIds == 0, return DummySubIds slotIdx=1
07-19 13:55:51.867 0 0 I [ 7765.833268,0] bq24296_dump_register: REG0 - 0x00 = 0x42
07-19 13:55:51.867 0 0 I [ 7765.834297,0] bq24296_dump_register: REG1 - 0x01 = 0x0b
07-19 13:55:51.867 0 0 I [ 7765.835318,0] bq24296_dump_register: REG2 - 0x02 = 0x5c
07-19 13:55:51.871 0 0 I [ 7765.837219,0] bq24296_dump_register: REG3 - 0x03 = 0x21
07-19 13:55:51.871 0 0 I [ 7765.838246,0] bq24296_dump_register: REG4 - 0x04 = 0xe2
07-19 13:55:51.871 0 0 I [ 7765.839302,0] bq24296_dump_register: REG5 - 0x05 = 0x0e
07-19 13:55:51.872 0 0 I [ 7765.840096,0] bq24296_dump_register: REG6 - 0x06 = 0x73
07-19 13:55:51.872 0 0 I [ 7765.840827,0] bq24296_dump_register: REG7 - 0x07 = 0x4b
07-19 13:55:51.872 0 0 I [ 7765.841463,0] bq24296_dump_register: REG8 - 0x08 = 0x44
07-19 13:55:51.874 0 0 I [ 7765.842134,0] bq24296_dump_register: REG9 - 0x09 = 0x00
07-19 13:55:51.874 0 0 I [ 7765.843249,0] bq24296_dump_register: REGA - 0x0a = 0x20
07-19 13:55:51.895 1827 1971 I cache_file_deleted: power_supply_info.csv
07-19 13:55:51.897 3862 3862 E NEW_BHD : Open /sys/class/power_supply/gb_battery
07-19 13:55:51.926 2720 2720 D VideoCall_LowBattery: BatteryIntent received: android.intent.action.BATTERY_CHANGED
07-19 13:55:51.943 2720 2720 D SubscriptionController: [getActiveSubscriptionInfoForSimSlotIndex]+ slotIdx=0 subId={id=1, iccId=89492019156020009546 simSlotIndex=0 displayName=LIDL Connect carrierName=LIDL Connect nameSource=0 iconTint=-16746133 dataRoaming=0 iconBitmap=android.graphics.Bitmap@aed2e88 mcc 262 mnc 2 userNwMode=10}
07-19 13:55:51.945 2720 2720 D VideoCall_LowBattery: allowVideoCallsInLowBattery: false isCarrierOneSupported: false mIsLowbattery: true
07-19 13:55:51.945 2720 2720 D VideoCall_LowBattery: disconnectVideoCalls on low battery
07-19 13:55:51.945 2720 2720 D VideoCall_LowBattery: disconnectVideoCalls 
07-19 13:55:57.005 2720 2720 D RILJ : [4308]> SIGNAL_STRENGTH [SUB1]
07-19 13:55:57.015 2720 2885 D RILJ : [4308]< SIGNAL_STRENGTH SignalStrength: 0 0 0 0 0 0 0 0 0 0 0 0 0 gsm|lte [SUB1]
07-19 13:55:57.018 2720 2720 D SubscriptionController: [getSubId]- numSubIds == 0, return DummySubIds slotIdx=1
07-19 13:56:17.041 2720 2720 D RILJ : [4309]> SIGNAL_STRENGTH [SUB1]
07-19 13:56:17.052 2720 2885 D RILJ : [4309]< SIGNAL_STRENGTH SignalStrength: 0 0 0 0 0 0 0 0 0 0 0 0 0 gsm|lte [SUB1]
07-19 13:56:17.054 2720 2720 D SubscriptionController: [getSubId]- numSubIds == 0, return DummySubIds slotIdx=1
07-19 13:56:31.962 2720 2720 D VideoCall_LowBattery: BatteryIntent received: android.intent.action.BATTERY_CHANGED
07-19 13:56:31.983 2720 2720 D SubscriptionController: [getActiveSubscriptionInfoForSimSlotIndex]+ slotIdx=0 subId={id=1, iccId=89492019156020009546 simSlotIndex=0 displayName=LIDL Connect carrierName=LIDL Connect nameSource=0 iconTint=-16746133 dataRoaming=0 iconBitmap=android.graphics.Bitmap@749ee07 mcc 262 mnc 2 userNwMode=10}
07-19 13:56:31.986 2720 2720 D VideoCall_LowBattery: allowVideoCallsInLowBattery: false isCarrierOneSupported: false mIsLowbattery: true
07-19 13:56:31.986 2720 2720 D VideoCall_LowBattery: disconnectVideoCalls on low battery
07-19 13:56:31.986 2720 2720 D VideoCall_LowBattery: disconnectVideoCalls 
07-19 13:56:37.062 2720 2720 D RILJ : [4310]> SIGNAL_STRENGTH [SUB1]
07-19 13:56:37.073 2720 2885 D RILJ : [4310]< SIGNAL_STRENGTH SignalStrength: 0 0 0 0 0 0 0 0 0 0 0 0 0 gsm|lte [SUB1]
07-19 13:56:37.076 2720 2720 D SubscriptionController: [getSubId]- numSubIds == 0, return DummySubIds slotIdx=1
07-19 13:56:52.027 0 0 I [ 7825.995165,0] bq24296_dump_register: REG0 - 0x00 = 0x42
07-19 13:56:52.027 0 0 I [ 7825.996233,0] bq24296_dump_register: REG1 - 0x01 = 0x0b
07-19 13:56:52.030 0 0 I [ 7825.998017,0] bq24296_dump_register: REG2 - 0x02 = 0x5c
07-19 13:56:52.030 0 0 I [ 7825.999056,0] bq24296_dump_register: REG3 - 0x03 = 0x21
07-19 13:56:52.034 0 0 I [ 7826.000475,0] bq24296_dump_register: REG4 - 0x04 = 0xe2
07-19 13:56:52.034 0 0 I [ 7826.001483,0] bq24296_dump_register: REG5 - 0x05 = 0x0e
07-19 13:56:52.035 0 0 I [ 7826.002502,0] bq24296_dump_register: REG6 - 0x06 = 0x73
07-19 13:56:52.035 0 0 I [ 7826.003356,0] bq24296_dump_register: REG7 - 0x07 = 0x4b
07-19 13:56:52.035 0 0 I [ 7826.004093,0] bq24296_dump_register: REG8 - 0x08 = 0x44
07-19 13:56:52.035 0 0 I [ 7826.004725,0] bq24296_dump_register: REG9 - 0x09 = 0x00
07-19 13:56:52.036 0 0 I [ 7826.005360,0] bq24296_dump_register: REGA - 0x0a = 0x20
07-19 13:56:52.059 1827 1971 I cache_file_deleted: power_supply_info.csv
07-19 13:56:52.061 3862 3862 E NEW_BHD : Open /sys/class/power_supply/gb_battery
07-19 13:56:57.098 2720 2720 D RILJ : [4311]> SIGNAL_STRENGTH [SUB1]
07-19 13:56:57.111 2720 2885 D RILJ : [4311]< SIGNAL_STRENGTH SignalStrength: 0 0 0 0 0 0 0 0 0 0 0 0 0 gsm|lte [SUB1]
07-19 13:56:57.112 2720 2720 D SubscriptionController: [getSubId]- numSubIds == 0, return DummySubIds slotIdx=1
07-19 13:57:17.138 2720 2720 D RILJ : [4312]> SIGNAL_STRENGTH [SUB1]
07-19 13:57:17.153 2720 2885 D RILJ : [4312]< SIGNAL_STRENGTH SignalStrength: 0 0 0 0 0 0 0 0 0 0 0 0 0 gsm|lte [SUB1]
07-19 13:57:17.154 2720 2720 D SubscriptionController: [getSubId]- numSubIds == 0, return DummySubIds slotIdx=1
07-19 13:57:37.171 2720 2720 D RILJ : [4313]> SIGNAL_STRENGTH [SUB1]
07-19 13:57:37.186 2720 2885 D RILJ : [4313]< SIGNAL_STRENGTH SignalStrength: 0 0 0 0 0 0 0 0 0 0 0 0 0 gsm|lte [SUB1]
07-19 13:57:37.187 2720 2720 D SubscriptionController: [getSubId]- numSubIds == 0, return DummySubIds slotIdx=1
07-19 13:57:52.187 0 0 I [ 7886.153243,0] bq24296_dump_register: REG0 - 0x00 = 0x42
07-19 13:57:52.187 0 0 I [ 7886.154263,0] bq24296_dump_register: REG1 - 0x01 = 0x0b
07-19 13:57:52.187 0 0 I [ 7886.155273,0] bq24296_dump_register: REG2 - 0x02 = 0x5c
07-19 13:57:52.188 0 0 I [ 7886.156321,0] bq24296_dump_register: REG3 - 0x03 = 0x21
07-19 13:57:52.191 0 0 I [ 7886.158424,0] bq24296_dump_register: REG4 - 0x04 = 0xe2
07-19 13:57:52.191 0 0 I [ 7886.159472,0] bq24296_dump_register: REG5 - 0x05 = 0x0e
07-19 13:57:52.191 0 0 I [ 7886.160201,0] bq24296_dump_register: REG6 - 0x06 = 0x73
07-19 13:57:52.191 0 0 I [ 7886.160836,0] bq24296_dump_register: REG7 - 0x07 = 0x4b
07-19 13:57:52.192 0 0 I [ 7886.161469,0] bq24296_dump_register: REG8 - 0x08 = 0x44
07-19 13:57:52.194 0 0 I [ 7886.162123,0] bq24296_dump_register: REG9 - 0x09 = 0x00
07-19 13:57:52.194 0 0 I [ 7886.163031,0] bq24296_dump_register: REGA - 0x0a = 0x20
07-19 13:57:52.215 1827 1971 I cache_file_deleted: power_supply_info.csv
07-19 13:57:52.217 3862 3862 E NEW_BHD : Open /sys/class/power_supply/gb_battery
07-19 13:57:52.247 2720 2720 D VideoCall_LowBattery: BatteryIntent received: android.intent.action.BATTERY_CHANGED
07-19 13:57:52.264 2720 2720 D SubscriptionController: [getActiveSubscriptionInfoForSimSlotIndex]+ slotIdx=0 subId={id=1, iccId=89492019156020009546 simSlotIndex=0 displayName=LIDL Connect carrierName=LIDL Connect nameSource=0 iconTint=-16746133 dataRoaming=0 iconBitmap=android.graphics.Bitmap@28196d2 mcc 262 mnc 2 userNwMode=10}
07-19 13:57:52.266 2720 2720 D VideoCall_LowBattery: allowVideoCallsInLowBattery: false isCarrierOneSupported: false mIsLowbattery: true
07-19 13:57:52.266 2720 2720 D VideoCall_LowBattery: disconnectVideoCalls on low battery
07-19 13:57:52.266 2720 2720 D VideoCall_LowBattery: disconnectVideoCalls 
07-19 13:57:57.198 2720 2720 D RILJ : [4314]> SIGNAL_STRENGTH [SUB1]
07-19 13:57:57.211 2720 2885 D RILJ : [4314]< SIGNAL_STRENGTH SignalStrength: 0 0 0 0 0 0 0 0 0 0 0 0 0 gsm|lte [SUB1]
07-19 13:57:57.213 2720 2720 D SubscriptionController: [getSubId]- numSubIds == 0, return DummySubIds slotIdx=1
07-19 13:58:17.242 2720 2720 D RILJ : [4315]> SIGNAL_STRENGTH [SUB1]
07-19 13:58:17.256 2720 2885 D RILJ : [4315]< SIGNAL_STRENGTH SignalStrength: 0 0 0 0 0 0 0 0 0 0 0 0 0 gsm|lte [SUB1]
07-19 13:58:17.256 2720 2720 D SubscriptionController: [getSubId]- numSubIds == 0, return DummySubIds slotIdx=1
07-19 13:58:37.263 2720 2720 D RILJ : [4316]> SIGNAL_STRENGTH [SUB1]
07-19 13:58:37.276 2720 2885 D RILJ : [4316]< SIGNAL_STRENGTH SignalStrength: 0 0 0 0 0 0 0 0 0 0 0 0 0 gsm|lte [SUB1]
07-19 13:58:37.276 2720 2720 D SubscriptionController: [getSubId]- numSubIds == 0, return DummySubIds slotIdx=1
07-19 13:58:52.347 0 0 I [ 7946.313629,0] bq24296_dump_register: REG0 - 0x00 = 0x42
07-19 13:58:52.347 0 0 I [ 7946.314659,0] bq24296_dump_register: REG1 - 0x01 = 0x0b
07-19 13:58:52.347 0 0 I [ 7946.315680,0] bq24296_dump_register: REG2 - 0x02 = 0x5c
07-19 13:58:52.351 0 0 I [ 7946.317318,0] bq24296_dump_register: REG3 - 0x03 = 0x21
07-19 13:58:52.351 0 0 I [ 7946.318331,0] bq24296_dump_register: REG4 - 0x04 = 0xe2
07-19 13:58:52.351 0 0 I [ 7946.319380,0] bq24296_dump_register: REG5 - 0x05 = 0x0e
07-19 13:58:52.351 0 0 I [ 7946.320189,0] bq24296_dump_register: REG6 - 0x06 = 0x73
07-19 13:58:52.352 0 0 I [ 7946.320915,0] bq24296_dump_register: REG7 - 0x07 = 0x4b
07-19 13:58:52.352 0 0 I [ 7946.321543,0] bq24296_dump_register: REG8 - 0x08 = 0x44
07-19 13:58:52.353 0 0 I [ 7946.322183,0] bq24296_dump_register: REG9 - 0x09 = 0x00
07-19 13:58:52.357 0 0 I [ 7946.323218,0] bq24296_dump_register: REGA - 0x0a = 0x20
07-19 13:58:52.375 1827 1971 I cache_file_deleted: power_supply_info.csv
07-19 13:58:52.377 3862 3862 E NEW_BHD : Open /sys/class/power_supply/gb_battery
07-19 13:58:52.403 2720 2720 D VideoCall_LowBattery: BatteryIntent received: android.intent.action.BATTERY_CHANGED
07-19 13:58:52.420 2720 2720 D SubscriptionController: [getActiveSubscriptionInfoForSimSlotIndex]+ slotIdx=0 subId={id=1, iccId=89492019156020009546 simSlotIndex=0 displayName=LIDL Connect carrierName=LIDL Connect nameSource=0 iconTint=-16746133 dataRoaming=0 iconBitmap=android.graphics.Bitmap@bf00259 mcc 262 mnc 2 userNwMode=10}
07-19 13:58:52.423 2720 2720 D VideoCall_LowBattery: allowVideoCallsInLowBattery: false isCarrierOneSupported: false mIsLowbattery: true
07-19 13:58:52.423 2720 2720 D VideoCall_LowBattery: disconnectVideoCalls on low battery
07-19 13:58:52.423 2720 2720 D VideoCall_LowBattery: disconnectVideoCalls 
07-19 13:58:57.283 2720 2720 D RILJ : [4317]> SIGNAL_STRENGTH [SUB1]
07-19 13:58:57.294 2720 2885 D RILJ : [4317]< SIGNAL_STRENGTH SignalStrength: 0 0 0 0 0 0 0 0 0 0 0 0 0 gsm|lte [SUB1]
07-19 13:58:57.295 2720 2720 D SubscriptionController: [getSubId]- numSubIds == 0, return DummySubIds slotIdx=1
07-19 13:59:17.315 2720 2720 D RILJ : [4318]> SIGNAL_STRENGTH [SUB1]
07-19 13:59:17.329 2720 2885 D RILJ : [4318]< SIGNAL_STRENGTH SignalStrength: 0 0 0 0 0 0 0 0 0 0 0 0 0 gsm|lte [SUB1]
07-19 13:59:17.331 2720 2720 D SubscriptionController: [getSubId]- numSubIds == 0, return DummySubIds slotIdx=1
07-19 13:59:37.358 2720 2720 D RILJ : [4319]> SIGNAL_STRENGTH [SUB1]
07-19 13:59:37.371 2720 2885 D RILJ : [4319]< SIGNAL_STRENGTH SignalStrength: 0 0 0 0 0 0 0 0 0 0 0 0 0 gsm|lte [SUB1]
07-19 13:59:37.372 2720 2720 D SubscriptionController: [getSubId]- numSubIds == 0, return DummySubIds slotIdx=1
07-19 13:59:52.507 0 0 I [ 8006.473419,0] bq24296_dump_register: REG0 - 0x00 = 0x42
07-19 13:59:52.507 0 0 I [ 8006.474440,0] bq24296_dump_register: REG1 - 0x01 = 0x0b
07-19 13:59:52.507 0 0 I [ 8006.475458,0] bq24296_dump_register: REG2 - 0x02 = 0x5c
07-19 13:59:52.511 0 0 I [ 8006.477359,0] bq24296_dump_register: REG3 - 0x03 = 0x21
07-19 13:59:52.511 0 0 I [ 8006.478264,0] bq24296_dump_register: REG4 - 0x04 = 0xe2
07-19 13:59:52.511 0 0 I [ 8006.479311,0] bq24296_dump_register: REG5 - 0x05 = 0x0e
07-19 13:59:52.511 0 0 I [ 8006.480105,0] bq24296_dump_register: REG6 - 0x06 = 0x73
07-19 13:59:52.512 0 0 I [ 8006.480830,0] bq24296_dump_register: REG7 - 0x07 = 0x4b
07-19 13:59:52.512 0 0 I [ 8006.481460,0] bq24296_dump_register: REG8 - 0x08 = 0x44
07-19 13:59:52.513 0 0 I [ 8006.482091,0] bq24296_dump_register: REG9 - 0x09 = 0x00
07-19 13:59:52.514 0 0 I [ 8006.482736,0] bq24296_dump_register: REGA - 0x0a = 0x20
07-19 13:59:52.537 3862 3862 E NEW_BHD : Open /sys/class/power_supply/gb_battery
07-19 13:59:52.538 1827 1971 I cache_file_deleted: power_supply_info.csv
07-19 13:59:52.571 2720 2720 D VideoCall_LowBattery: BatteryIntent received: android.intent.action.BATTERY_CHANGED
07-19 13:59:52.605 2720 2720 D SubscriptionController: [getActiveSubscriptionInfoForSimSlotIndex]+ slotIdx=0 subId={id=1, iccId=89492019156020009546 simSlotIndex=0 displayName=LIDL Connect carrierName=LIDL Connect nameSource=0 iconTint=-16746133 dataRoaming=0 iconBitmap=android.graphics.Bitmap@ee42ccc mcc 262 mnc 2 userNwMode=10}
07-19 13:59:52.607 2720 2720 D VideoCall_LowBattery: allowVideoCallsInLowBattery: false isCarrierOneSupported: false mIsLowbattery: true
07-19 13:59:52.607 2720 2720 D VideoCall_LowBattery: disconnectVideoCalls on low battery
07-19 13:59:52.608 2720 2720 D VideoCall_LowBattery: disconnectVideoCalls 
07-19 13:59:57.381 2720 2720 D RILJ : [4320]> SIGNAL_STRENGTH [SUB1]
07-19 13:59:57.392 2720 2885 D RILJ : [4320]< SIGNAL_STRENGTH SignalStrength: 0 0 0 0 0 0 0 0 0 0 0 0 0 gsm|lte [SUB1]
07-19 13:59:57.395 2720 2720 D SubscriptionController: [getSubId]- numSubIds == 0, return DummySubIds slotIdx=1
07-19 14:00:17.419 2720 2720 D RILJ : [4321]> SIGNAL_STRENGTH [SUB1]
07-19 14:00:17.433 2720 2885 D RILJ : [4321]< SIGNAL_STRENGTH SignalStrength: 0 0 0 0 0 0 0 0 0 0 0 0 0 gsm|lte [SUB1]
07-19 14:00:17.434 2720 2720 D SubscriptionController: [getSubId]- numSubIds == 0, return DummySubIds slotIdx=1
07-19 14:00:37.445 2720 2720 D RILJ : [4322]> SIGNAL_STRENGTH [SUB1]
07-19 14:00:37.459 2720 2885 D RILJ : [4322]< SIGNAL_STRENGTH SignalStrength: 0 0 0 0 0 0 0 0 0 0 0 0 0 gsm|lte [SUB1]
07-19 14:00:37.460 2720 2720 D SubscriptionController: [getSubId]- numSubIds == 0, return DummySubIds slotIdx=1
07-19 14:00:52.667 0 0 I [ 8066.633298,0] bq24296_dump_register: REG0 - 0x00 = 0x42
07-19 14:00:52.667 0 0 I [ 8066.634325,0] bq24296_dump_register: REG1 - 0x01 = 0x0b
07-19 14:00:52.667 0 0 I [ 8066.635341,0] bq24296_dump_register: REG2 - 0x02 = 0x5c
07-19 14:00:52.671 0 0 I [ 8066.637438,0] bq24296_dump_register: REG3 - 0x03 = 0x21
07-19 14:00:52.671 0 0 I [ 8066.638304,0] bq24296_dump_register: REG4 - 0x04 = 0xe2
07-19 14:00:52.671 0 0 I [ 8066.639355,0] bq24296_dump_register: REG5 - 0x05 = 0x0e
07-19 14:00:52.671 0 0 I [ 8066.640094,0] bq24296_dump_register: REG6 - 0x06 = 0x73
07-19 14:00:52.672 0 0 I [ 8066.640741,0] bq24296_dump_register: REG7 - 0x07 = 0x4b
07-19 14:00:52.672 0 0 I [ 8066.641373,0] bq24296_dump_register: REG8 - 0x08 = 0x44
07-19 14:00:52.673 0 0 I [ 8066.642007,0] bq24296_dump_register: REG9 - 0x09 = 0x00
07-19 14:00:52.674 0 0 I [ 8066.642657,0] bq24296_dump_register: REGA - 0x0a = 0x20
07-19 14:00:52.695 1827 1971 I cache_file_deleted: power_supply_info.csv
07-19 14:00:52.696 3862 3862 E NEW_BHD : Open /sys/class/power_supply/gb_battery
07-19 14:00:57.487 2720 2720 D RILJ : [4323]> SIGNAL_STRENGTH [SUB1]
07-19 14:00:57.498 2720 2885 D RILJ : [4323]< SIGNAL_STRENGTH SignalStrength: 0 0 0 0 0 0 0 0 0 0 0 0 0 gsm|lte [SUB1]
07-19 14:00:57.499 2720 2720 D SubscriptionController: [getSubId]- numSubIds == 0, return DummySubIds slotIdx=1
07-19 14:01:17.527 2720 2720 D RILJ : [4324]> SIGNAL_STRENGTH [SUB1]
07-19 14:01:17.536 2720 2885 D RILJ : [4324]< SIGNAL_STRENGTH SignalStrength: 0 0 0 0 0 0 0 0 0 0 0 0 0 gsm|lte [SUB1]
07-19 14:01:17.537 2720 2720 D SubscriptionController: [getSubId]- numSubIds == 0, return DummySubIds slotIdx=1
07-19 14:01:37.561 2720 2720 D RILJ : [4325]> SIGNAL_STRENGTH [SUB1]
07-19 14:01:37.574 2720 2885 D RILJ : [4325]< SIGNAL_STRENGTH SignalStrength: 0 0 0 0 0 0 0 0 0 0 0 0 0 gsm|lte [SUB1]
07-19 14:01:37.575 2720 2720 D SubscriptionController: [getSubId]- numSubIds == 0, return DummySubIds slotIdx=1
07-19 14:01:52.827 0 0 I [ 8126.793567,0] bq24296_dump_register: REG0 - 0x00 = 0x42
07-19 14:01:52.827 0 0 I [ 8126.794591,0] bq24296_dump_register: REG1 - 0x01 = 0x0b
07-19 14:01:52.827 0 0 I [ 8126.795604,0] bq24296_dump_register: REG2 - 0x02 = 0x5c
07-19 14:01:52.831 0 0 I [ 8126.797489,0] bq24296_dump_register: REG3 - 0x03 = 0x21
07-19 14:01:52.831 0 0 I [ 8126.798512,0] bq24296_dump_register: REG4 - 0x04 = 0xe2
07-19 14:01:52.831 0 0 I [ 8126.799566,0] bq24296_dump_register: REG5 - 0x05 = 0x0e
07-19 14:01:52.831 0 0 I [ 8126.800363,0] bq24296_dump_register: REG6 - 0x06 = 0x73
07-19 14:01:52.832 0 0 I [ 8126.801087,0] bq24296_dump_register: REG7 - 0x07 = 0x4b
07-19 14:01:52.832 0 0 I [ 8126.801722,0] bq24296_dump_register: REG8 - 0x08 = 0x44
07-19 14:01:52.834 0 0 I [ 8126.802384,0] bq24296_dump_register: REG9 - 0x09 = 0x00
07-19 14:01:52.834 0 0 I [ 8126.803509,0] bq24296_dump_register: REGA - 0x0a = 0x20
07-19 14:01:52.855 1827 1971 I cache_file_deleted: power_supply_info.csv
07-19 14:01:52.857 3862 3862 E NEW_BHD : Open /sys/class/power_supply/gb_battery
07-19 14:01:52.887 2720 2720 D VideoCall_LowBattery: BatteryIntent received: android.intent.action.BATTERY_CHANGED
07-19 14:01:52.903 2720 2720 D SubscriptionController: [getActiveSubscriptionInfoForSimSlotIndex]+ slotIdx=0 subId={id=1, iccId=89492019156020009546 simSlotIndex=0 displayName=LIDL Connect carrierName=LIDL Connect nameSource=0 iconTint=-16746133 dataRoaming=0 iconBitmap=android.graphics.Bitmap@ed9a41b mcc 262 mnc 2 userNwMode=10}
07-19 14:01:52.905 2720 2720 D VideoCall_LowBattery: allowVideoCallsInLowBattery: false isCarrierOneSupported: false mIsLowbattery: true
07-19 14:01:52.907 2720 2720 D VideoCall_LowBattery: disconnectVideoCalls on low battery
07-19 14:01:52.907 2720 2720 D VideoCall_LowBattery: disconnectVideoCalls 
07-19 14:01:57.583 2720 2720 D RILJ : [4326]> SIGNAL_STRENGTH [SUB1]
07-19 14:01:57.595 2720 2885 D RILJ : [4326]< SIGNAL_STRENGTH SignalStrength: 0 0 0 0 0 0 0 0 0 0 0 0 0 gsm|lte [SUB1]
07-19 14:01:57.596 2720 2720 D SubscriptionController: [getSubId]- numSubIds == 0, return DummySubIds slotIdx=1
07-19 14:02:03.460 2720 2858 V RILJ : [UNSL]< UNSOL_OEM_HOOK_RAW 514f454d484f4f4bef0308000100000002 [SUB0]
07-19 14:02:03.465 2720 2858 D RILJ : [UNSL]< UNSOL_RESPONSE_VOICE_NETWORK_STATE_CHANGED [SUB0]
07-19 14:02:03.465 2720 2720 D RILJ : [4327]> OPERATOR [SUB0]
07-19 14:02:03.467 2720 2720 D RILJ : [4328]> DATA_REGISTRATION_STATE [SUB0]
07-19 14:02:03.468 2720 2720 D RILJ : [4329]> VOICE_REGISTRATION_STATE [SUB0]
07-19 14:02:03.469 2720 2720 D RILJ : [4330]> QUERY_NETWORK_SELECTION_MODE [SUB0]
07-19 14:02:03.481 309 6102 E use-Rlog/RLOG-RIL-MOTEXT: mothook_oem_ex: header type 0, requestCode 0x0
07-19 14:02:03.490 2720 2858 D RILJ : [4327]< OPERATOR {LIDL Connect, LIDL Connect, 26202, , , } [SUB0]
07-19 14:02:03.492 2720 2858 D RILJ : [4328]< DATA_REGISTRATION_STATE {1, 0546, 04ba794d, 11, null, 20, null, null, null, null, null} [SUB0]
07-19 14:02:03.492 2720 2720 D SST : handlPollStateResultMessage: GsmSST setDataRegState=0 regState=1 dataRadioTechnology=11
07-19 14:02:03.495 2720 2858 D RILJ : [4330]< QUERY_NETWORK_SELECTION_MODE {0} [SUB0]
07-19 14:02:03.497 2720 2720 D SST : EVENT_POLL_STATE_NETWORK_SELECTION_MODE
07-19 14:02:03.498 2720 2858 D RILJ : [4329]< VOICE_REGISTRATION_STATE {1, 0546, 04ba794d, 3, null, null, null, 0, null, null, 1, null, null, 0, b2} [SUB0]
07-19 14:02:03.502 2720 2720 D SST : Poll ServiceState done: oldSS=[0 0 voice home data home LIDL Connect LIDL Connect 26202 LIDL Connect LIDL Connect 26202 UMTS HSPA CSS not supported -1 -1 RoamInd=-1 DefRoamInd=-1 EmergOnly=false IsDataRoamingFromRegistration=false IsUsingCarrierAggregation=false] newSS=[0 0 voice home data home LIDL Connect LIDL Connect 26202 LIDL Connect LIDL Connect 26202 UMTS HSPA CSS not supported -1 -1 RoamInd=-1 DefRoamInd=-1 EmergOnly=false IsDataRoamingFromRegistration=false IsUsingCarrierAggregation=false] oldMaxDataCalls=20 mNewMaxDataCalls=20 oldReasonDataDenied=-1 mNewReasonDataDenied=-1
07-19 14:02:03.621 309 1182 I RILQ : (0/309):RIL[0][event] qcril_qmi_voice_all_call_status_ind_hdlr: call state SETUP for conn id 1
07-19 14:02:03.621 309 1182 I RILQ : (0/309):RIL[0][event] qcril_qmi_voice_voip_create_call_info_entry: Created call info entry 0xb2d74000 with call android id 1, qmi id 1, media id -1
07-19 14:02:03.637 313 313 D audio_hw_extn: audio_extn_get_parameters: returns 
07-19 14:02:03.637 313 313 I hash_map_utils: key: 'all_call_states' value: ''
07-19 14:02:03.638 313 5022 D audio_hw_extn: audio_extn_get_parameters: returns 
07-19 14:02:03.639 313 5022 I hash_map_utils: key: 'all_call_states' value: ''
07-19 14:02:03.640 313 540 D audio_hw_extn: audio_extn_get_parameters: returns 
07-19 14:02:03.640 313 540 I hash_map_utils: key: 'all_call_states' value: ''
07-19 14:02:03.641 309 1182 I RILQ : (0/309):RIL[0][event] qcril_qmi_voice_all_call_status_ind_hdlr: RILVIMS: update 1 calls[uncached qmi call id 1, call state 10]
07-19 14:02:03.642 2720 2858 D RILJ : [UNSL]< UNSOL_CALL_RING [C@a8d49b8 [SUB0]
07-19 14:02:03.643 2720 2720 D Phone : Event EVENT_CALL_RING Received state=IDLE
07-19 14:02:03.643 2720 2720 D Phone : Sending notifyIncomingRing
07-19 14:02:04.502 2720 2858 D RILJ : [UNSL]< UNSOL_RESPONSE_CALL_STATE_CHANGED [SUB0]
07-19 14:02:04.503 2720 2720 D RILJ : [4331]> GET_CURRENT_CALLS [SUB0]
07-19 14:02:04.506 2720 2858 V RILJ : [UNSL]< UNSOL_OEM_HOOK_RAW 514f454d484f4f4b0d0004000c0000000100000006000000401f0000 [SUB0]
07-19 14:02:04.512 309 615 E use-Rlog/RLOG-RIL-MOTEXT: qcrilUpdVoiceCallCount, called , VcCount =0
07-19 14:02:04.513 309 615 I RILQ : (0/309):RIL[0][main] qcril_qmi_get_call_list_to_send: RILVI: calls rep: reported/skipped 0/1 calls
07-19 14:02:04.516 2720 2858 D RILJ : [4331]< GET_CURRENT_CALLS {} [SUB0]
07-19 14:02:04.518 2720 2720 D GsmCdmaCallTracker: Event EVENT_POLL_CALLS_RESULT Received
07-19 14:02:04.518 2720 2720 D GsmCdmaCallTracker: [GsmCdmaCallTracker] update phone state, old=IDLE new=IDLE
07-19 14:02:04.531 309 1182 I RILQ : (0/309):RIL[0][event] qcril_qmi_voice_all_call_status_ind_hdlr: call state INCOMING for conn id 1
07-19 14:02:04.541 313 313 D audio_hw_extn: audio_extn_get_parameters: returns 
07-19 14:02:04.542 313 313 I hash_map_utils: key: 'all_call_states' value: ''
07-19 14:02:04.546 313 5022 D audio_hw_extn: audio_extn_get_parameters: returns 
07-19 14:02:04.547 313 5022 I hash_map_utils: key: 'all_call_states' value: ''
07-19 14:02:04.550 313 540 D audio_hw_extn: audio_extn_get_parameters: returns 
07-19 14:02:04.551 313 540 I hash_map_utils: key: 'all_call_states' value: ''
07-19 14:02:04.553 2720 2858 D RILJ : [UNSL]< UNSOL_RESPONSE_CALL_STATE_CHANGED [SUB0]
07-19 14:02:04.554 2720 2720 D RILJ : [4332]> GET_CURRENT_CALLS [SUB0]
07-19 14:02:04.554 309 1182 I RILQ : (0/309):RIL[0][event] qcril_qmi_voice_all_call_status_ind_hdlr: RILVIMS: update 1 calls[a-c-id: 1, q-c-id 1, c-s 10 -> 2]
07-19 14:02:04.557 309 615 E use-Rlog/RLOG-RIL-MOTEXT: qcrilUpdVoiceCallCount, called , VcCount =1
07-19 14:02:04.561 309 615 I RILQ : (0/309):RIL[0][main] qcril_qmi_get_call_list_to_send: RILVI: calls rep:[qmi call id 1, android call id 1, qmi call state 2] reported/skipped 1/0 calls
07-19 14:02:04.563 2720 2858 V RILJ : Incoming UUS : NOT present! [SUB0]
07-19 14:02:04.563 2720 2858 D RILJ : InCall VoicePrivacy is disabled [SUB0]
07-19 14:02:04.563 2720 2858 D RILJ : [4332]< GET_CURRENT_CALLS {[id=1,INCOMING,toa=145,norm,mt,0,voc,noevp,,cli=1,,3] } [SUB0]
07-19 14:02:04.563 2720 2720 D GsmCdmaCallTracker: Event EVENT_POLL_CALLS_RESULT Received
07-19 14:02:04.563 2720 2720 D GsmCdmaCallTracker: [GsmCdmaCallTracker] pendingMo=null, dc=id=1,INCOMING,toa=145,norm,mt,0,voc,noevp,,cli=1,,3
07-19 14:02:04.565 2720 2720 D GsmCdmaConnection: [GsmCdmaConn] acquireWakeLock
07-19 14:02:04.568 2720 2720 W PhoneNumberUtils: getCountryIso null
07-19 14:02:04.575 2720 2720 W PhoneNumberUtils: isLocalEmergencyNumberInternalDE
07-19 14:02:04.575 2720 2720 D PhoneNumberUtils: slotId:0 subId:1 country:DE emergencyNumbers: 911,*911,#911,112
07-19 14:02:04.576 2720 2720 D GsmCdmaCallTracker: [GsmCdmaCallTracker] Notify new ring id=1,INCOMING,toa=145,norm,mt,0,voc,noevp,,cli=1,,3
07-19 14:02:04.577 2720 2720 D GsmCdmaCallTracker: [GsmCdmaCallTracker] update phone state, old=IDLE new=RINGING
07-19 14:02:04.581 2720 2720 D SubscriptionController: [getSubId]- numSubIds == 0, return DummySubIds slotIdx=1
07-19 14:02:04.587 1827 2554 I Telecom : : Adding new incoming call with phoneAccountHandle ComponentInfo{com.android.phone/com.android.services.telephony.TelephonyConnectionService}, [c07291f3b3eb4f5251ea45deb91ef815249a00bb], UserHandle{0}: TSI.aNIC@AFg
07-19 14:02:04.594 1827 2554 I Telecom : PhoneAccountRegistrar: SimCallManager queried, returning: null: TSI.aNIC@AFg
07-19 14:02:04.597 1827 2554 W PhoneNumberUtils: getCountryIso null
07-19 14:02:04.602 1827 2554 W PhoneNumberUtils: isLocalEmergencyNumberInternalDE
07-19 14:02:04.602 1827 2554 D PhoneNumberUtils: slotId:0 subId:1 country:DE emergencyNumbers: 911,*911,#911,112
07-19 14:02:04.604 1827 2554 I Telecom : Event: Call TC@1: CREATED, null: TSI.aNIC@AFg
07-19 14:02:04.609 1827 2554 I Telecom : PhoneAccountRegistrar: SimCallManager queried, returning: null: TSI.aNIC@AFg
07-19 14:02:04.610 1827 2554 I Telecom : CreateConnectionProcessor: Trying attempt CallAttemptRecord(ComponentInfo{com.android.phone/com.android.services.telephony.TelephonyConnectionService}, [c07291f3b3eb4f5251ea45deb91ef815249a00bb], UserHandle{0},ComponentInfo{com.android.phone/com.android.services.telephony.TelephonyConnectionService}, [c07291f3b3eb4f5251ea45deb91ef815249a00bb], UserHandle{0}): TSI.aNIC@AFg
07-19 14:02:04.613 1827 2554 I Telecom : Event: Call TC@1: BIND_CS, ComponentInfo{com.android.phone/com.android.services.telephony.TelephonyConnectionService}: TSI.aNIC@AFg
07-19 14:02:04.618 1827 1827 I Telecom : TelecomSystem: CallerInfoAsyncQuery.startQuery number=[9bad5c947778a2b599258eb897d7ca0e05775856] cookie=TSI.aNIC->CILH.sL@AFg_1_0: TSI.aNIC->CILH.sL@AFg_1
07-19 14:02:04.621 2720 2720 D DCT : [0]onVoiceCallStarted
07-19 14:02:04.621 1827 1827 W PhoneNumberUtils: getCountryIso Country {ISO=DE, source=0, time=8138550}
07-19 14:02:04.621 1827 1827 W PhoneNumberUtils: isLocalEmergencyNumberInternalDE
07-19 14:02:04.621 1827 1827 D PhoneNumberUtils: slotId:0 subId:1 country:DE emergencyNumbers: 911,*911,#911,112
07-19 14:02:04.634 1827 2837 D CallerInfoAsyncQuery: Processing event: 1 token (arg1): 1 command: 0 query URI: content://com.android.contacts/phone_lookup_enterprise/xxxxxxx
07-19 14:02:04.638 1827 1827 I Telecom : ServiceBinderConnection: Service bound ComponentInfo{com.android.phone/com.android.services.telephony.TelephonyConnectionService}: SBC.oSC@AFk
07-19 14:02:04.638 1827 1827 I Telecom : Event: Call TC@1: CS_BOUND, ComponentInfo{com.android.phone/com.android.services.telephony.TelephonyConnectionService}: SBC.oSC@AFk
07-19 14:02:04.639 1827 1827 I Telecom : Event: Call TC@1: START_CONNECTION, tel:**************: SBC.oSC@AFk
07-19 14:02:04.648 1827 2600 I Telecom : PhoneAccountRegistrar: SimCallManager queried, returning: null: CSW.qRCS@AFo
07-19 14:02:04.650 2720 2720 I Telephony: TelephonyConnectionService: onCreateIncomingConnection, request: ConnectionRequest xxxxxxxxxxxxxxxxxxxx Bundle[mParcelledData.dataSize=516]
07-19 14:02:04.653 2720 2720 D PhoneNumberUtils: slotId:0 subId:1 country:null emergencyNumbers: 911,*911,#911,112
07-19 14:02:04.655 2720 2720 D PhoneNumberUtils: slotId:0 subId:1 country:null emergencyNumbers: 911,*911,#911,112
07-19 14:02:04.659 1827 1827 D CallerInfoAsyncQuery: ##### onQueryComplete() ##### query complete for token: 0
07-19 14:02:04.662 2720 2720 D PhoneNumberUtils: slotId:0 subId:1 country:null emergencyNumbers: 911,*911,#911,112
07-19 14:02:04.662 2720 2720 W PhoneNumberUtils: getCountryIso Country {ISO=DE, source=0, time=8138523}
07-19 14:02:04.663 2720 2720 W PhoneNumberUtils: isLocalEmergencyNumberInternalDE
07-19 14:02:04.663 2720 2720 D PhoneNumberUtils: slotId:0 subId:1 country:DE emergencyNumbers: 911,*911,#911,112
07-19 14:02:04.665 2720 2720 D PhoneNumberUtils: slotId:0 subId:1 country:null emergencyNumbers: 911,*911,#911,112
07-19 14:02:04.670 1827 2813 I Telecom : Event: Call TC@1: CAPABILITY_CHANGE, Current: [[ sup_hld mut !v2a spd_aud]], Removed [[]], Added [[ sup_hld mut !v2a spd_aud]]: CSW.hCCC@AFs
07-19 14:02:04.672 1827 2813 I Telecom : Event: Call TC@1: FILTERING_INITIATED, null: CSW.hCCC@AFs
07-19 14:02:04.672 1827 2813 I Telecom : Event: Call TC@1: DIRECT_TO_VM_INITIATED, null: CSW.hCCC@AFs
07-19 14:02:04.672 1827 1936 I am_pss : [4064,10030,com.cyanogenmod.trebuchet,31343616,25350144,0]
07-19 14:02:04.672 1827 2813 I Telecom : CallerInfoLookupHelper: There is a previously incomplete query for handle tel:**************. Adding to listeners for this query.: CSW.hCCC@AFs
07-19 14:02:04.673 1827 2813 I Telecom : Event: Call TC@1: SCREENING_SENT, null: CSW.hCCC@AFs
07-19 14:02:04.675 1827 2813 I Telecom : CallScreeningServiceFilter: There are no call screening services installed on this device.: CSW.hCCC@AFs
07-19 14:02:04.675 1827 2813 I Telecom : CallScreeningServiceFilter: Could not bind to call screening service: CSW.hCCC@AFs
07-19 14:02:04.676 1827 2813 I Telecom : Event: Call TC@1: SCREENING_COMPLETED, [Allow, logged, notified]: CSW.hCCC@AFs
07-19 14:02:04.676 1827 2837 D CallerInfoAsyncQuery: Processing event: 6 token (arg1): 1 command: 0 query URI: 
07-19 14:02:04.679 1827 6111 I Telecom : Event: Call TC@1: BLOCK_CHECK_INITIATED, null: CSW.hCCC->ABCF.dIB@AFs_0
07-19 14:02:04.691 4318 4656 D PhoneNumberUtils: slotId:0 subId:1 country:null emergencyNumbers: 911,*911,#911,112
07-19 14:02:04.692 4318 4656 D PhoneNumberUtils: slotId:0 subId:1 country:null emergencyNumbers: 911,*911,#911,112
07-19 14:02:04.704 1827 1936 I am_pss : [2455,10062,com.android.inputmethod.latin,9305088,7098368,0]
07-19 14:02:04.722 1827 1827 D CallerInfoAsyncQuery: ##### onQueryComplete() ##### query complete for token: 0
07-19 14:02:04.723 1827 2837 D CallerInfoAsyncQuery: Processing event: 3 token (arg1): 1 command: 0 query URI: 
07-19 14:02:04.723 1827 1827 D CallerInfoAsyncQuery: ##### onQueryComplete() ##### query complete for token: 0
07-19 14:02:04.723 1827 1827 I Telecom : CallerInfoLookupHelper: CI query for handle tel:************** has completed; notifying all listeners.: TSI.aNIC->CILH.sL->CILH.oQC@AFg_1_0
07-19 14:02:04.724 1827 1827 I Telecom : Call: CallerInfo received for tel:**************: com.android.internal.telephony.CallerInfo@78ab0bc { name null, phoneNumber non-null }: TSI.aNIC->CILH.sL->CILH.oQC@AFg_1_0
07-19 14:02:04.724 1827 1827 I Telecom : Event: Call TC@1: DIRECT_TO_VM_FINISHED, [Allow, logged, notified]: TSI.aNIC->CILH.sL->CILH.oQC@AFg_1_0
07-19 14:02:04.724 1827 1827 I Telecom : CallerInfoLookupHelper: There is no photo for this contact, skipping photo query: TSI.aNIC->CILH.sL->CILH.oQC@AFg_1_0
07-19 14:02:04.727 1827 1827 I Telecom : Event: Call TC@1: BLOCK_CHECK_FINISHED, [Allow, logged, notified]: CSW.hCCC->ABCF.oPE@AFs_1
07-19 14:02:04.728 1827 1827 I Telecom : Event: Call TC@1: FILTERING_COMPLETED, [Allow, logged, notified]: CSW.hCCC->ABCF.oPE->ICF.oCFC@AFs_1_0
