07-19 14:02:39.627 0 0 I : [ 8173.594894,0] alsps_epl8802------------------- epl_sensor.ps.data.data=153, value=100
07-19 14:02:39.627 0 0 I : [ 8173.594894,0]
07-19 14:02:39.627 0 0 I [ 8173.595517,0] alsps_epl8802set_psensor_intr_threshold: low_thd = 65526, high_thd = 412
07-19 14:02:39.737 0 0 I : [ 8173.704442,0] alsps_epl8802------------------- epl_sensor.ps.data.data=218, value=100
07-19 14:02:39.737 0 0 I : [ 8173.704442,0]
07-19 14:02:39.737 0 0 I [ 8173.704829,0] alsps_epl8802set_psensor_intr_threshold: low_thd = 65526, high_thd = 412
07-19 14:02:39.784 0 0 I : [ 8173.750118,0] alsps_epl8802------------------- epl_sensor.ps.data.data=286, value=100
07-19 14:02:39.784 0 0 I : [ 8173.750118,0]
07-19 14:02:39.784 0 0 I [ 8173.750740,0] alsps_epl8802set_psensor_intr_threshold: low_thd = 65526, high_thd = 412
07-19 14:02:39.904 0 0 I : [ 8173.872169,0] alsps_epl8802------------------- epl_sensor.ps.data.data=718, value=3
07-19 14:02:39.904 0 0 I : [ 8173.872169,0]
07-19 14:02:39.904 1827 1985 E Sensors : als setDelay
07-19 14:02:39.904 1827 1985 E Sensors : als poll interval: 250
07-19 14:02:39.907 0 0 I [ 8173.874740,0] alsps_epl8802set_psensor_intr_threshold: low_thd = 320, high_thd = 3388
07-19 14:02:39.919 2646 2646 D wpa_supplicant: wlan0: Control interface command 'SIGNAL_POLL'
07-19 14:02:39.923 1827 1983 I DisplayManagerService: Display device changed state: "Built-in Screen", OFF
07-19 14:02:39.924 288 288 D SurfaceFlinger: Set power mode=0, type=0 flinger=0xb6932000
07-19 14:02:39.928 1827 2414 E Sensors : als enable
07-19 14:02:39.930 0 0 I [ 8173.897911,2] alsps_epl8802[epl_sensor_enable_als]: enable=0
07-19 14:02:39.932 288 288 D qdhwcomposer: hwc_setPowerMode: Setting mode 0 on display: 0
07-19 14:02:39.933 1827 2342 D WifiStateMachine: updateCapabilities for config:BaeumchenInSpitzenhoeschenfalse,false
07-19 14:02:39.933 6120 6120 I InCall : ProximitySensor - isDisplayOn: false
07-19 14:02:39.933 6120 6120 D AccelerometerListener: enable(false)
07-19 14:02:39.936 1827 2414 E Sensors : als opening als_enable 0
07-19 14:02:39.937 1827 2554 E Sensors : AccSensor::setDelay handle:1 delay:66
07-19 14:02:39.937 1827 2554 E Sensors : AccSensor::setDelay finished!!!
07-19 14:02:39.937 288 288 E qdutils : int qdutils::getHDMINode(): Failed to open fb node 2
07-19 14:02:39.937 288 288 E qdutils : int qdutils::getHDMINode(): Failed to open fb node 3
07-19 14:02:39.937 288 288 E qdutils : int qdutils::getHDMINode(): Failed to find HDMI node
07-19 14:02:39.939 6120 6120 W InCall : VideoCallPresenter - onUiShowing, received for non-active video call
07-19 14:02:40.134 288 538 I qdhwcomposer: handle_blank_event: dpy:0 panel power state: 0
07-19 14:02:40.135 288 538 E qdutils : int qdutils::getHDMINode(): Failed to open fb node 2
07-19 14:02:40.135 288 538 E qdutils : int qdutils::getHDMINode(): Failed to open fb node 3
07-19 14:02:40.135 288 538 E qdutils : int qdutils::getHDMINode(): Failed to find HDMI node
07-19 14:02:40.137 0 0 I [ 8173.907215,3] synaptics_dsx_sensor_state: state change ACTIVE -> SUSPEND
07-19 14:02:40.137 0 0 I [ 8173.907238,3] synaptics_rmi4_suspend: screen: 0)18
07-19 14:02:40.137 0 0 I [ 8173.937073,0] mdss_dsi_panel_off+: ctrl=00000000 ndx=0
07-19 14:02:40.137 0 0 I [ 8174.079682,0] mdss_dsi_panel_off-: 
07-19 14:02:40.137 0 0 I [ 8174.079688,0] mdss_dsi_off+: ctrl=eb501010 ndx=0
07-19 14:02:40.138 0 0 I : [ 8174.096295,0] alsps_epl8802------------------- epl_sensor.ps.data.data=6549, value=1
07-19 14:02:40.138 0 0 I : [ 8174.096295,0]
07-19 14:02:40.138 0 0 I [ 8174.097054,0] alsps_epl8802set_psensor_intr_threshold: low_thd = 320, high_thd = 412
07-19 14:02:40.138 0 0 I [ 8174.100056,0] mdss_dsi_off-: 
07-19 14:02:40.136 288 288 D qdhwcomposer: hwc_setPowerMode: Done setting mode 0 on display 0
07-19 14:02:40.137 1827 2417 D SurfaceControl: Excessive delay in setPowerMode(): 213ms
07-19 14:02:42.992 2646 2646 D wpa_supplicant: wlan0: Control interface command 'SIGNAL_POLL'
07-19 14:02:46.054 2646 2646 D wpa_supplicant: wlan0: Control interface command 'SIGNAL_POLL'
07-19 14:02:49.115 2646 2646 D wpa_supplicant: wlan0: Control interface command 'SIGNAL_POLL'
07-19 14:02:49.125 1827 2342 D WifiStateMachine: updateCapabilities for config:BaeumchenInSpitzenhoeschenfalse,false
07-19 14:02:52.182 2646 2646 D wpa_supplicant: wlan0: Control interface command 'SIGNAL_POLL'
07-19 14:02:52.983 0 0 I [ 8186.951625,0] bq24296_dump_register: REG0 - 0x00 = 0x42
07-19 14:02:52.983 0 0 I [ 8186.952273,0] bq24296_dump_register: REG1 - 0x01 = 0x0b
07-19 14:02:52.983 0 0 I [ 8186.952883,0] bq24296_dump_register: REG2 - 0x02 = 0x5c
07-19 14:02:52.987 0 0 I [ 8186.953430,0] bq24296_dump_register: REG3 - 0x03 = 0x21
07-19 14:02:52.987 0 0 I [ 8186.954069,0] bq24296_dump_register: REG4 - 0x04 = 0xe2
07-19 14:02:52.987 0 0 I [ 8186.954713,0] bq24296_dump_register: REG5 - 0x05 = 0x0e
07-19 14:02:52.987 0 0 I [ 8186.955351,0] bq24296_dump_register: REG6 - 0x06 = 0x73
07-19 14:02:52.987 0 0 I [ 8186.955959,0] bq24296_dump_register: REG7 - 0x07 = 0x4b
07-19 14:02:52.990 0 0 I [ 8186.956566,0] bq24296_dump_register: REG8 - 0x08 = 0x44
07-19 14:02:52.990 0 0 I [ 8186.957208,0] bq24296_dump_register: REG9 - 0x09 = 0x00
07-19 14:02:52.990 0 0 I [ 8186.957848,0] bq24296_dump_register: REGA - 0x0a = 0x20
07-19 14:02:53.003 3862 3862 E NEW_BHD : Open /sys/class/power_supply/gb_battery
07-19 14:02:53.005 1827 1971 I cache_file_deleted: power_supply_info.csv
07-19 14:02:53.027 2720 2720 D VideoCall_LowBattery: BatteryIntent received: android.intent.action.BATTERY_CHANGED
07-19 14:02:53.043 2720 2720 D SubscriptionController: [getActiveSubscriptionInfoForSimSlotIndex]+ slotIdx=0 subId={id=1, iccId=89492019156020009546 simSlotIndex=0 displayName=LIDL Connect carrierName=LIDL Connect nameSource=0 iconTint=-16746133 dataRoaming=0 iconBitmap=android.graphics.Bitmap@73ac951 mcc 262 mnc 2 userNwMode=10}
07-19 14:02:53.045 2720 2720 D VideoCall_LowBattery: allowVideoCallsInLowBattery: false isCarrierOneSupported: false mIsLowbattery: true
07-19 14:02:53.045 2720 2720 D VideoCall_LowBattery: disconnectVideoCalls on low battery
07-19 14:02:53.045 2720 2720 D VideoCall_LowBattery: disconnectVideoCalls 
07-19 14:02:55.242 2646 2646 D wpa_supplicant: wlan0: Control interface command 'SIGNAL_POLL'
07-19 14:02:57.623 2720 2720 D RILJ : [4339]> SIGNAL_STRENGTH [SUB1]
07-19 14:02:57.628 2720 2885 D RILJ : [4339]< SIGNAL_STRENGTH SignalStrength: 0 0 0 0 0 0 0 0 0 0 0 0 0 gsm|lte [SUB1]
07-19 14:02:57.628 2720 2720 D SubscriptionController: [getSubId]- numSubIds == 0, return DummySubIds slotIdx=1
07-19 14:02:58.303 2646 2646 D wpa_supplicant: wlan0: Control interface command 'SIGNAL_POLL'
07-19 14:02:58.313 1827 2342 D WifiStateMachine: updateCapabilities for config:BaeumchenInSpitzenhoeschenfalse,false
07-19 14:03:00.070 1827 1936 I am_pss : [6120,10020,com.android.dialer,48482304,40124416,0]
07-19 14:03:00.115 1827 1936 I am_pss : [4064,10030,com.cyanogenmod.trebuchet,38403072,32776192,0]
07-19 14:03:00.153 1827 1936 I am_pss : [2751,1000,com.android.settings,25969664,19910656,0]
07-19 14:03:00.184 1827 1936 I am_pss : [4185,10054,com.cyanogenmod.lockclock,4281344,2740224,0]
07-19 14:03:00.215 1827 1936 I am_pss : [3888,10046,com.android.deskclock,6368256,4968448,0]
07-19 14:03:00.245 1827 1936 I am_pss : [5668,10008,com.android.defcontainer,3183616,1953792,0]
07-19 14:03:00.275 1827 1936 I am_pss : [5627,10010,android.process.media,4950016,3526656,0]
07-19 14:03:00.306 1827 1936 I am_pss : [4397,10005,com.android.providers.calendar,4608000,3170304,0]
07-19 14:03:00.336 1827 1936 I am_pss : [2958,10009,com.android.cellbroadcastreceiver,4307968,2826240,0]
07-19 14:03:00.367 1827 1936 I am_pss : [4293,10041,com.android.calendar,5453824,3989504,0]
07-19 14:03:00.397 1827 1936 I am_pss : [3988,10056,com.android.printspooler,3729408,2449408,0]
07-19 14:03:00.427 1827 1936 I am_pss : [4209,1000,org.cyanogenmod.cmparts,6077440,4435968,0]
07-19 14:03:00.459 1827 1936 I am_pss : [4620,10007,org.lineageos.updater,5917696,3710976,0]
07-19 14:03:00.490 1827 1936 I am_pss : [4387,10059,com.android.email,8307712,6688768,0]
07-19 14:03:00.520 1827 1936 I am_pss : [4597,1001,com.qualcomm.qcrilmsgtunnel,3869696,2678784,0]
07-19 14:03:00.551 1827 1936 I am_pss : [2455,10062,com.android.inputmethod.latin,9171968,7086080,0]
07-19 14:03:00.581 1827 1936 I am_pss : [4011,10058,com.android.smspush,3235840,2052096,0]
07-19 14:03:00.611 1827 1936 I am_pss : [3939,10032,org.cyanogenmod.weatherservice,3787776,2539520,0]
07-19 14:03:00.641 1827 1936 I am_pss : [3856,10013,android.ext.services,4414464,3117056,0]
07-19 14:03:00.671 1827 1936 I am_pss : [2658,10002,org.cyanogenmod.cmaudio.service,3568640,2355200,0]
07-19 14:03:01.369 2646 2646 D wpa_supplicant: wlan0: Control interface command 'SIGNAL_POLL'
07-19 14:03:04.431 2646 2646 D wpa_supplicant: wlan0: Control interface command 'SIGNAL_POLL'
07-19 14:03:06.241 2646 2646 D wpa_supplicant: wlan0: Control interface command 'SCAN TYPE=ONLY freq=2462'
07-19 14:03:06.242 2646 2646 D wpa_supplicant: wlan0: Setting scan request: 0.000000 sec
07-19 14:03:06.242 2646 2646 D wpa_supplicant: wlan0: Starting AP scan for wildcard SSID
07-19 14:03:06.242 2646 2646 D wpa_supplicant: wlan0: Limit manual scan to specified channels
07-19 14:03:06.242 2646 2646 D wpa_supplicant: wlan0: Add radio work 'scan'@0xb67a8060
07-19 14:03:06.242 2646 2646 D wpa_supplicant: wlan0: First radio work item in the queue - schedule start immediately
07-19 14:03:06.242 2646 2646 D wpa_supplicant: wlan0: Starting radio work 'scan'@0xb67a8060 after 0.000091 second wait
07-19 14:03:06.242 2646 2646 D wpa_supplicant: wlan0: nl80211: scan request
07-19 14:03:06.243 2646 2646 D wpa_supplicant: Scan requested (ret=0) - scan timeout 30 seconds
07-19 14:03:06.243 2646 2646 D wpa_supplicant: nl80211: Drv Event 33 (NL80211_CMD_TRIGGER_SCAN) received for wlan0
07-19 14:03:06.243 2646 2646 D wpa_supplicant: wlan0: nl80211: Scan trigger
07-19 14:03:06.243 2646 2646 D wpa_supplicant: wlan0: Event SCAN_STARTED (47) received
07-19 14:03:06.243 2646 2646 D wpa_supplicant: wlan0: Own scan request started a scan in 0.000165 seconds
07-19 14:03:06.338 2646 2646 D wpa_supplicant: nl80211: Drv Event 34 (NL80211_CMD_NEW_SCAN_RESULTS) received for wlan0
07-19 14:03:06.338 2646 2646 D wpa_supplicant: wlan0: nl80211: New scan results available
07-19 14:03:06.338 2646 2646 D wpa_supplicant: nl80211: Scan included frequencies: 2462
07-19 14:03:06.338 2646 2646 D wpa_supplicant: wlan0: Event SCAN_RESULTS (3) received
07-19 14:03:06.338 2646 2646 D wpa_supplicant: wlan0: Scan completed in 0.095267 seconds
07-19 14:03:06.338 2646 2646 D wpa_supplicant: nl80211: Associated on 2462 MHz
07-19 14:03:06.338 2646 2646 D wpa_supplicant: nl80211: Associated with 18:a6:f7:7a:57:e4
07-19 14:03:06.339 2646 2646 D wpa_supplicant: nl80211: Received scan results (16 BSSes)
07-19 14:03:06.339 2646 2646 D wpa_supplicant: nl80211: Scan results indicate BSS status with 18:a6:f7:7a:57:e4 as associated
07-19 14:03:06.339 2646 2646 D wpa_supplicant: wlan0: BSS: Start scan result update 9
07-19 14:03:06.339 2646 2646 D wpa_supplicant: BSS: last_scan_res_used=16/32
07-19 14:03:06.339 2646 2646 D wpa_supplicant: wlan0: Scan-only results received
07-19 14:03:06.339 2646 2646 D wpa_supplicant: wlan0: Radio work 'scan'@0xb67a8060 done in 0.097212 seconds
07-19 14:03:06.339 2646 2646 D wpa_supplicant: wlan0: radio_work_free('scan'@0xb67a8060: num_active_works --> 0
07-19 14:03:07.493 2646 2646 D wpa_supplicant: wlan0: Control interface command 'SIGNAL_POLL'
07-19 14:03:07.503 1827 2342 D WifiStateMachine: updateCapabilities for config:BaeumchenInSpitzenhoeschenfalse,false
07-19 14:03:10.563 2646 2646 D wpa_supplicant: wlan0: Control interface command 'SIGNAL_POLL'
07-19 14:03:10.566 1827 2342 D WifiStateMachine: updateCapabilities for config:BaeumchenInSpitzenhoeschenfalse,false
07-19 14:03:13.620 2646 2646 D wpa_supplicant: wlan0: Control interface command 'SIGNAL_POLL'
07-19 14:03:16.682 2646 2646 D wpa_supplicant: wlan0: Control interface command 'SIGNAL_POLL'
07-19 14:03:16.692 1827 2342 D WifiStateMachine: updateCapabilities for config:BaeumchenInSpitzenhoeschenfalse,false
07-19 14:03:17.632 2720 2720 D RILJ : [4340]> SIGNAL_STRENGTH [SUB1]
07-19 14:03:17.637 2720 2885 D RILJ : [4340]< SIGNAL_STRENGTH SignalStrength: 0 0 0 0 0 0 0 0 0 0 0 0 0 gsm|lte [SUB1]
07-19 14:03:17.638 2720 2720 D SubscriptionController: [getSubId]- numSubIds == 0, return DummySubIds slotIdx=1
07-19 14:03:19.748 2646 2646 D wpa_supplicant: wlan0: Control interface command 'SIGNAL_POLL'
07-19 14:03:22.811 2646 2646 D wpa_supplicant: wlan0: Control interface command 'SIGNAL_POLL'
07-19 14:03:22.821 1827 2342 D WifiStateMachine: updateCapabilities for config:BaeumchenInSpitzenhoeschenfalse,false
07-19 14:03:25.877 2646 2646 D wpa_supplicant: wlan0: Control interface command 'SIGNAL_POLL'
07-19 14:03:28.939 2646 2646 D wpa_supplicant: wlan0: Control interface command 'SIGNAL_POLL'
07-19 14:03:31.991 2646 2646 D wpa_supplicant: wlan0: Control interface command 'SIGNAL_POLL'
07-19 14:03:32.000 1827 2342 D WifiStateMachine: updateCapabilities for config:BaeumchenInSpitzenhoeschenfalse,false
07-19 14:03:35.056 2646 2646 D wpa_supplicant: wlan0: Control interface command 'SIGNAL_POLL'
07-19 14:03:35.066 1827 2342 D WifiStateMachine: updateCapabilities for config:BaeumchenInSpitzenhoeschenfalse,false
07-19 14:03:37.644 2720 2720 D RILJ : [4341]> SIGNAL_STRENGTH [SUB1]
07-19 14:03:37.649 2720 2885 D RILJ : [4341]< SIGNAL_STRENGTH SignalStrength: 0 0 0 0 0 0 0 0 0 0 0 0 0 gsm|lte [SUB1]
07-19 14:03:37.649 2720 2720 D SubscriptionController: [getSubId]- numSubIds == 0, return DummySubIds slotIdx=1
07-19 14:03:38.119 2646 2646 D wpa_supplicant: wlan0: Control interface command 'SIGNAL_POLL'
07-19 14:03:38.129 1827 2342 D WifiStateMachine: updateCapabilities for config:BaeumchenInSpitzenhoeschenfalse,false
07-19 14:03:41.186 2646 2646 D wpa_supplicant: wlan0: Control interface command 'SIGNAL_POLL'
07-19 14:03:41.196 1827 2342 D WifiStateMachine: updateCapabilities for config:BaeumchenInSpitzenhoeschenfalse,false
07-19 14:03:44.252 2646 2646 D wpa_supplicant: wlan0: Control interface command 'SIGNAL_POLL'
07-19 14:03:44.262 1827 2342 D WifiStateMachine: updateCapabilities for config:BaeumchenInSpitzenhoeschenfalse,false
07-19 14:03:47.315 2646 2646 D wpa_supplicant: wlan0: Control interface command 'SIGNAL_POLL'
07-19 14:03:47.325 1827 2342 D WifiStateMachine: updateCapabilities for config:BaeumchenInSpitzenhoeschenfalse,false
07-19 14:03:50.380 2646 2646 D wpa_supplicant: wlan0: Control interface command 'SIGNAL_POLL'
07-19 14:03:50.390 1827 2342 D WifiStateMachine: updateCapabilities for config:BaeumchenInSpitzenhoeschenfalse,false
07-19 14:03:53.143 0 0 I [ 8247.111547,0] bq24296_dump_register: REG0 - 0x00 = 0x42
07-19 14:03:53.143 0 0 I [ 8247.112195,0] bq24296_dump_register: REG1 - 0x01 = 0x0b
07-19 14:03:53.143 0 0 I [ 8247.112806,0] bq24296_dump_register: REG2 - 0x02 = 0x5c
07-19 14:03:53.147 0 0 I [ 8247.113536,0] bq24296_dump_register: REG3 - 0x03 = 0x21
07-19 14:03:53.147 0 0 I [ 8247.114145,0] bq24296_dump_register: REG4 - 0x04 = 0xe2
07-19 14:03:53.147 0 0 I [ 8247.114724,0] bq24296_dump_register: REG5 - 0x05 = 0x0e
07-19 14:03:53.147 0 0 I [ 8247.115306,0] bq24296_dump_register: REG6 - 0x06 = 0x73
07-19 14:03:53.147 0 0 I [ 8247.115823,0] bq24296_dump_register: REG7 - 0x07 = 0x4b
07-19 14:03:53.147 0 0 I [ 8247.116312,0] bq24296_dump_register: REG8 - 0x08 = 0x44
07-19 14:03:53.150 0 0 I [ 8247.116784,0] bq24296_dump_register: REG9 - 0x09 = 0x00
07-19 14:03:53.150 0 0 I [ 8247.117253,0] bq24296_dump_register: REGA - 0x0a = 0x20
07-19 14:03:53.163 3862 3862 E NEW_BHD : Open /sys/class/power_supply/gb_battery
07-19 14:03:53.164 1827 1971 I cache_file_deleted: power_supply_info.csv
07-19 14:03:53.181 2720 2720 D VideoCall_LowBattery: BatteryIntent received: android.intent.action.BATTERY_CHANGED
07-19 14:03:53.200 2720 2720 D SubscriptionController: [getActiveSubscriptionInfoForSimSlotIndex]+ slotIdx=0 subId={id=1, iccId=89492019156020009546 simSlotIndex=0 displayName=LIDL Connect carrierName=LIDL Connect nameSource=0 iconTint=-16746133 dataRoaming=0 iconBitmap=android.graphics.Bitmap@bf8fa24 mcc 262 mnc 2 userNwMode=10}
07-19 14:03:53.202 2720 2720 D VideoCall_LowBattery: allowVideoCallsInLowBattery: false isCarrierOneSupported: false mIsLowbattery: true
07-19 14:03:53.202 2720 2720 D VideoCall_LowBattery: disconnectVideoCalls on low battery
07-19 14:03:53.202 2720 2720 D VideoCall_LowBattery: disconnectVideoCalls 
07-19 14:03:53.447 2646 2646 D wpa_supplicant: wlan0: Control interface command 'SIGNAL_POLL'
07-19 14:03:53.451 1827 2342 D WifiStateMachine: updateCapabilities for config:BaeumchenInSpitzenhoeschenfalse,false
07-19 14:03:56.507 2646 2646 D wpa_supplicant: wlan0: Control interface command 'SIGNAL_POLL'
07-19 14:03:56.516 1827 2342 D WifiStateMachine: updateCapabilities for config:BaeumchenInSpitzenhoeschenfalse,false
07-19 14:03:57.657 2720 2720 D RILJ : [4342]> SIGNAL_STRENGTH [SUB1]
07-19 14:03:57.662 2720 2885 D RILJ : [4342]< SIGNAL_STRENGTH SignalStrength: 0 0 0 0 0 0 0 0 0 0 0 0 0 gsm|lte [SUB1]
07-19 14:03:57.662 2720 2720 D SubscriptionController: [getSubId]- numSubIds == 0, return DummySubIds slotIdx=1
07-19 14:03:59.563 2646 2646 D wpa_supplicant: wlan0: Control interface command 'SIGNAL_POLL'
07-19 14:04:02.629 2646 2646 D wpa_supplicant: wlan0: Control interface command 'SIGNAL_POLL'
07-19 14:04:02.639 1827 2342 D WifiStateMachine: updateCapabilities for config:BaeumchenInSpitzenhoeschenfalse,false
07-19 14:04:05.695 2646 2646 D wpa_supplicant: wlan0: Control interface command 'SIGNAL_POLL'
07-19 14:04:08.758 2646 2646 D wpa_supplicant: wlan0: Control interface command 'SIGNAL_POLL'
07-19 14:04:11.821 2646 2646 D wpa_supplicant: wlan0: Control interface command 'SIGNAL_POLL'
07-19 14:04:14.884 2646 2646 D wpa_supplicant: wlan0: Control interface command 'SIGNAL_POLL'
07-19 14:04:17.672 2720 2720 D RILJ : [4343]> SIGNAL_STRENGTH [SUB1]
07-19 14:04:17.677 2720 2885 D RILJ : [4343]< SIGNAL_STRENGTH SignalStrength: 0 0 0 0 0 0 0 0 0 0 0 0 0 gsm|lte [SUB1]
07-19 14:04:17.677 2720 2720 D SubscriptionController: [getSubId]- numSubIds == 0, return DummySubIds slotIdx=1
07-19 14:04:17.947 2646 2646 D wpa_supplicant: wlan0: Control interface command 'SIGNAL_POLL'
07-19 14:04:21.010 2646 2646 D wpa_supplicant: wlan0: Control interface command 'SIGNAL_POLL'
07-19 14:04:24.072 2646 2646 D wpa_supplicant: wlan0: Control interface command 'SIGNAL_POLL'
07-19 14:04:26.243 2646 2646 D wpa_supplicant: wlan0: Control interface command 'SCAN TYPE=ONLY freq=2462'
07-19 14:04:26.243 2646 2646 D wpa_supplicant: wlan0: Setting scan request: 0.000000 sec
07-19 14:04:26.243 2646 2646 D wpa_supplicant: wlan0: Starting AP scan for wildcard SSID
07-19 14:04:26.243 2646 2646 D wpa_supplicant: wlan0: Limit manual scan to specified channels
07-19 14:04:26.243 2646 2646 D wpa_supplicant: wlan0: Add radio work 'scan'@0xb67a8060
07-19 14:04:26.243 2646 2646 D wpa_supplicant: wlan0: First radio work item in the queue - schedule start immediately
07-19 14:04:26.243 2646 2646 D wpa_supplicant: wlan0: Starting radio work 'scan'@0xb67a8060 after 0.000091 second wait
07-19 14:04:26.243 2646 2646 D wpa_supplicant: wlan0: nl80211: scan request
07-19 14:04:26.244 2646 2646 D wpa_supplicant: Scan requested (ret=0) - scan timeout 30 seconds
07-19 14:04:26.244 2646 2646 D wpa_supplicant: nl80211: Drv Event 33 (NL80211_CMD_TRIGGER_SCAN) received for wlan0
07-19 14:04:26.244 2646 2646 D wpa_supplicant: wlan0: nl80211: Scan trigger
07-19 14:04:26.244 2646 2646 D wpa_supplicant: wlan0: Event SCAN_STARTED (47) received
07-19 14:04:26.244 2646 2646 D wpa_supplicant: wlan0: Own scan request started a scan in 0.000172 seconds
07-19 14:04:26.339 2646 2646 D wpa_supplicant: nl80211: Drv Event 34 (NL80211_CMD_NEW_SCAN_RESULTS) received for wlan0
07-19 14:04:26.339 2646 2646 D wpa_supplicant: wlan0: nl80211: New scan results available
07-19 14:04:26.339 2646 2646 D wpa_supplicant: nl80211: Scan included frequencies: 2462
07-19 14:04:26.339 2646 2646 D wpa_supplicant: wlan0: Event SCAN_RESULTS (3) received
07-19 14:04:26.339 2646 2646 D wpa_supplicant: wlan0: Scan completed in 0.095024 seconds
07-19 14:04:26.339 2646 2646 D wpa_supplicant: nl80211: Associated on 2462 MHz
07-19 14:04:26.339 2646 2646 D wpa_supplicant: nl80211: Associated with 18:a6:f7:7a:57:e4
07-19 14:04:26.340 2646 2646 D wpa_supplicant: nl80211: Received scan results (16 BSSes)
07-19 14:04:26.340 2646 2646 D wpa_supplicant: nl80211: Scan results indicate BSS status with 18:a6:f7:7a:57:e4 as associated
07-19 14:04:26.340 2646 2646 D wpa_supplicant: wlan0: BSS: Start scan result update 10
07-19 14:04:26.340 2646 2646 D wpa_supplicant: BSS: last_scan_res_used=16/32
07-19 14:04:26.340 2646 2646 D wpa_supplicant: wlan0: Scan-only results received
07-19 14:04:26.343 2646 2646 D wpa_supplicant: wlan0: Radio work 'scan'@0xb67a8060 done in 0.099513 seconds
07-19 14:04:26.343 2646 2646 D wpa_supplicant: wlan0: radio_work_free('scan'@0xb67a8060: num_active_works --> 0
07-19 14:04:27.133 2646 2646 D wpa_supplicant: wlan0: Control interface command 'SIGNAL_POLL'
07-19 14:04:30.196 2646 2646 D wpa_supplicant: wlan0: Control interface command 'SIGNAL_POLL'
07-19 14:04:33.255 2646 2646 D wpa_supplicant: wlan0: Control interface command 'SIGNAL_POLL'
07-19 14:04:36.313 2646 2646 D wpa_supplicant: wlan0: Control interface command 'SIGNAL_POLL'
07-19 14:04:36.323 1827 2342 D WifiStateMachine: updateCapabilities for config:BaeumchenInSpitzenhoeschenfalse,false
07-19 14:04:37.681 2720 2720 D RILJ : [4344]> SIGNAL_STRENGTH [SUB1]
07-19 14:04:37.686 2720 2885 D RILJ : [4344]< SIGNAL_STRENGTH SignalStrength: 0 0 0 0 0 0 0 0 0 0 0 0 0 gsm|lte [SUB1]
07-19 14:04:37.687 2720 2720 D SubscriptionController: [getSubId]- numSubIds == 0, return DummySubIds slotIdx=1
07-19 14:04:39.378 2646 2646 D wpa_supplicant: wlan0: Control interface command 'SIGNAL_POLL'
07-19 14:04:39.388 1827 2342 D WifiStateMachine: updateCapabilities for config:BaeumchenInSpitzenhoeschenfalse,false
07-19 14:04:42.443 2646 2646 D wpa_supplicant: wlan0: Control interface command 'SIGNAL_POLL'
07-19 14:04:42.453 1827 2342 D WifiStateMachine: updateCapabilities for config:BaeumchenInSpitzenhoeschenfalse,false
07-19 14:04:45.511 2646 2646 D wpa_supplicant: wlan0: Control interface command 'SIGNAL_POLL'
07-19 14:04:48.574 2646 2646 D wpa_supplicant: wlan0: Control interface command 'SIGNAL_POLL'
07-19 14:04:51.637 2646 2646 D wpa_supplicant: wlan0: Control interface command 'SIGNAL_POLL'
07-19 14:04:51.646 1827 2342 D WifiStateMachine: updateCapabilities for config:BaeumchenInSpitzenhoeschenfalse,false
07-19 14:04:53.303 0 0 I [ 8307.271479,0] bq24296_dump_register: REG0 - 0x00 = 0x42
07-19 14:04:53.303 0 0 I [ 8307.272131,0] bq24296_dump_register: REG1 - 0x01 = 0x0b
07-19 14:04:53.303 0 0 I [ 8307.272743,0] bq24296_dump_register: REG2 - 0x02 = 0x5c
07-19 14:04:53.307 0 0 I [ 8307.273233,0] bq24296_dump_register: REG3 - 0x03 = 0x21
07-19 14:04:53.307 0 0 I [ 8307.273884,0] bq24296_dump_register: REG4 - 0x04 = 0xe2
07-19 14:04:53.307 0 0 I [ 8307.274525,0] bq24296_dump_register: REG5 - 0x05 = 0x0e
07-19 14:04:53.307 0 0 I [ 8307.275166,0] bq24296_dump_register: REG6 - 0x06 = 0x73
07-19 14:04:53.307 0 0 I [ 8307.275773,0] bq24296_dump_register: REG7 - 0x07 = 0x4b
07-19 14:04:53.307 0 0 I [ 8307.276286,0] bq24296_dump_register: REG8 - 0x08 = 0x44
07-19 14:04:53.310 0 0 I [ 8307.276788,0] bq24296_dump_register: REG9 - 0x09 = 0x00
07-19 14:04:53.310 0 0 I [ 8307.277424,0] bq24296_dump_register: REGA - 0x0a = 0x20
07-19 14:04:53.323 3862 3862 E NEW_BHD : Open /sys/class/power_supply/gb_battery
07-19 14:04:53.324 1827 1971 I cache_file_deleted: power_supply_info.csv
07-19 14:04:53.344 2720 2720 D VideoCall_LowBattery: BatteryIntent received: android.intent.action.BATTERY_CHANGED
07-19 14:04:53.364 2720 2720 D SubscriptionController: [getActiveSubscriptionInfoForSimSlotIndex]+ slotIdx=0 subId={id=1, iccId=89492019156020009546 simSlotIndex=0 displayName=LIDL Connect carrierName=LIDL Connect nameSource=0 iconTint=-16746133 dataRoaming=0 iconBitmap=android.graphics.Bitmap@9537353 mcc 262 mnc 2 userNwMode=10}
07-19 14:04:53.368 2720 2720 D VideoCall_LowBattery: allowVideoCallsInLowBattery: false isCarrierOneSupported: false mIsLowbattery: true
07-19 14:04:53.368 2720 2720 D VideoCall_LowBattery: disconnectVideoCalls on low battery
07-19 14:04:53.368 2720 2720 D VideoCall_LowBattery: disconnectVideoCalls 
07-19 14:04:54.701 2646 2646 D wpa_supplicant: wlan0: Control interface command 'SIGNAL_POLL'
07-19 14:04:57.692 2720 2720 D RILJ : [4345]> SIGNAL_STRENGTH [SUB1]
07-19 14:04:57.696 2720 2885 D RILJ : [4345]< SIGNAL_STRENGTH SignalStrength: 0 0 0 0 0 0 0 0 0 0 0 0 0 gsm|lte [SUB1]
07-19 14:04:57.698 2720 2720 D SubscriptionController: [getSubId]- numSubIds == 0, return DummySubIds slotIdx=1
07-19 14:04:57.761 2646 2646 D wpa_supplicant: wlan0: Control interface command 'SIGNAL_POLL'
07-19 14:04:57.771 1827 2342 D WifiStateMachine: updateCapabilities for config:BaeumchenInSpitzenhoeschenfalse,false
07-19 14:05:00.084 1827 1936 I am_pss : [1827,1000,system,84594688,74121216,0]
07-19 14:05:00.130 1827 1936 I am_pss : [2463,10033,com.android.systemui,54030336,46563328,0]
07-19 14:05:00.174 1827 1936 I am_pss : [6120,10020,com.android.dialer,48867328,40509440,0]
07-19 14:05:00.217 1827 1936 I am_pss : [4064,10030,com.cyanogenmod.trebuchet,38436864,32808960,0]
07-19 14:05:00.247 1827 1936 I am_pss : [3964,10003,org.cyanogenmod.audiofx,4801536,3497984,0]
07-19 14:05:00.290 1827 1936 I am_pss : [2720,1001,com.android.phone,24711168,21225472,0]
07-19 14:05:00.829 2646 2646 D wpa_supplicant: wlan0: Control interface command 'SIGNAL_POLL'
07-19 14:05:03.892 2646 2646 D wpa_supplicant: wlan0: Control interface command 'SIGNAL_POLL'
07-19 14:05:06.949 2646 2646 D wpa_supplicant: wlan0: Control interface command 'SIGNAL_POLL'
07-19 14:05:10.011 2646 2646 D wpa_supplicant: wlan0: Control interface command 'SIGNAL_POLL'
07-19 14:05:10.021 1827 2342 D WifiStateMachine: updateCapabilities for config:BaeumchenInSpitzenhoeschenfalse,false
07-19 14:05:13.078 2646 2646 D wpa_supplicant: wlan0: Control interface command 'SIGNAL_POLL'
07-19 14:05:13.087 1827 2342 D WifiStateMachine: updateCapabilities for config:BaeumchenInSpitzenhoeschenfalse,false
07-19 14:05:14.724 0 0 I : [ 8328.691200,0] alsps_epl8802------------------- epl_sensor.ps.data.data=167, value=100
07-19 14:05:14.724 0 0 I : [ 8328.691200,0]
07-19 14:05:14.724 0 0 I [ 8328.692119,0] alsps_epl8802set_psensor_intr_threshold: low_thd = 65526, high_thd = 412
07-19 14:05:14.810 0 0 I : [ 8328.779264,0] alsps_epl8802------------------- epl_sensor.ps.data.data=58, value=100
07-19 14:05:14.810 0 0 I : [ 8328.779264,0]
07-19 14:05:14.810 0 0 I [ 8328.779631,0] alsps_epl8802set_psensor_intr_threshold: low_thd = 65526, high_thd = 412
07-19 14:05:14.900 0 0 I : [ 8328.867035,0] alsps_epl8802------------------- epl_sensor.ps.data.data=42, value=100
07-19 14:05:14.900 0 0 I : [ 8328.867035,0]
07-19 14:05:14.900 0 0 I [ 8328.867674,0] alsps_epl8802set_psensor_intr_threshold: low_thd = 65526, high_thd = 412
07-19 14:05:14.974 1827 1985 E Sensors : als setDelay
07-19 14:05:14.974 1827 1985 E Sensors : als poll interval: 1
07-19 14:05:14.974 1827 1985 E Sensors : als enable
07-19 14:05:14.977 0 0 I [ 8328.943444,0] alsps_epl8802[epl_sensor_enable_als]: enable=1
07-19 14:05:14.985 1827 1985 E Sensors : als opening als_enable 1
07-19 14:05:14.986 1827 1985 E Sensors : als enable
07-19 14:05:14.987 0 0 I [ 8328.955414,0] alsps_epl8802[epl_sensor_enable_als]: enable=0
07-19 14:05:14.988 1827 1985 E Sensors : als opening als_enable 0
07-19 14:05:14.989 1827 1985 E Sensors : als setDelay
07-19 14:05:14.989 1827 1985 E Sensors : als poll interval: 250
07-19 14:05:14.989 1827 1985 E Sensors : als enable
07-19 14:05:14.990 0 0 I [ 8328.958405,0] alsps_epl8802[epl_sensor_enable_als]: enable=1
07-19 14:05:15.002 1827 1985 E Sensors : als opening als_enable 1
07-19 14:05:15.002 1827 1985 D LuxLevels: bright hysteresis constant= 0.1, threshold=117.700005, lux=107.0
07-19 14:05:15.002 1827 1985 D LuxLevels: dark hysteresis constant= 0.2, threshold=85.6, lux=107.0
07-19 14:05:15.003 1827 1983 I DisplayManagerService: Display device changed state: "Built-in Screen", ON
07-19 14:05:15.006 288 288 D SurfaceFlinger: Set power mode=2, type=0 flinger=0xb6932000
07-19 14:05:15.006 288 288 D qdhwcomposer: hwc_setPowerMode: Setting mode 2 on display: 0
07-19 14:05:15.006 288 288 E qdutils : int qdutils::getHDMINode(): Failed to open fb node 2
07-19 14:05:15.006 288 288 E qdutils : int qdutils::getHDMINode(): Failed to open fb node 3
07-19 14:05:15.006 288 288 E qdutils : int qdutils::getHDMINode(): Failed to find HDMI node
07-19 14:05:15.007 6120 6120 I InCall : ProximitySensor - isDisplayOn: true
07-19 14:05:15.007 6120 6120 D AccelerometerListener: enable(true)
07-19 14:05:15.012 1827 4003 E Sensors : AccSensor::setDelay handle:1 delay:66
07-19 14:05:15.013 1827 4003 E Sensors : AccSensor::setDelay finished!!!
07-19 14:05:15.016 6120 6120 W InCall : VideoCallPresenter - onUiShowing, received for non-active video call
07-19 14:05:15.242 288 538 I qdhwcomposer: handle_blank_event: dpy:0 panel power state: 1
07-19 14:05:15.242 288 538 E qdutils : int qdutils::getHDMINode(): Failed to open fb node 2
07-19 14:05:15.242 288 538 E qdutils : int qdutils::getHDMINode(): Failed to open fb node 3
07-19 14:05:15.242 288 538 E qdutils : int qdutils::getHDMINode(): Failed to find HDMI node
07-19 14:05:15.242 288 288 D qdhwcomposer: hwc_setPowerMode: Done setting mode 2 on display 0
07-19 14:05:15.244 0 0 I : [ 8328.986632,0] alsps_epl8802------------------- epl_sensor.ps.data.data=44, value=100
07-19 14:05:15.244 0 0 I : [ 8328.986632,0]
07-19 14:05:15.244 0 0 I [ 8328.987090,0] alsps_epl8802set_psensor_intr_threshold: low_thd = 65526, high_thd = 412
07-19 14:05:15.244 0 0 I [ 8328.987268,0] mdss_dsi_on+: ctrl=eb501010 ndx=0
07-19 14:05:15.244 0 0 I [ 8329.067142,0] mdss_dsi_on-: 
07-19 14:05:15.244 0 0 I [ 8329.067152,0] mdss_dsi_panel_on+: ctrl=00000000 ndx=0
07-19 14:05:15.244 0 0 I : [ 8329.095881,0] alsps_epl8802------------------- epl_sensor.ps.data.data=45, value=100
07-19 14:05:15.244 0 0 I : [ 8329.095881,0]
07-19 14:05:15.244 0 0 I [ 8329.096616,0] alsps_epl8802set_psensor_intr_threshold: low_thd = 65526, high_thd = 412
07-19 14:05:15.244 0 0 I : [ 8329.200023,0] alsps_epl8802------------------- epl_sensor.ps.data.data=46, value=100
07-19 14:05:15.244 0 0 I : [ 8329.200023,0]
07-19 14:05:15.244 0 0 I [ 8329.200630,0] alsps_epl8802set_psensor_intr_threshold: low_thd = 65526, high_thd = 412
07-19 14:05:15.244 0 0 I : [ 8329.210562,0] mdss_dsi_panel_on-. Pwr_mode(0x0A) = 0x9c
07-19 14:05:15.245 1827 2417 D SurfaceControl: Excessive delay in setPowerMode(): 241ms
07-19 14:05:15.290 0 0 I [ 8329.257228,0] synaptics_dsx_sensor_state: state change SUSPEND -> ACTIVE
07-19 14:05:15.354 0 0 I : [ 8329.321585,0] alsps_epl8802------------------- epl_sensor.ps.data.data=28, value=100
07-19 14:05:15.354 0 0 I : [ 8329.321585,0]
07-19 14:05:15.354 0 0 I [ 8329.322218,0] alsps_epl8802set_psensor_intr_threshold: low_thd = 65514, high_thd = 400
07-19 14:05:15.477 0 0 I : [ 8329.443137,0] alsps_epl8802------------------- epl_sensor.ps.data.data=33, value=100
07-19 14:05:15.477 0 0 I : [ 8329.443137,0]
07-19 14:05:15.477 0 0 I [ 8329.443962,0] alsps_epl8802set_psensor_intr_threshold: low_thd = 65514, high_thd = 400
07-19 14:05:15.552 6120 6120 D AccelerometerListener: orientation: horizontal
07-19 14:05:15.552 6120 6120 I InCall : ProximitySensor - ProximitySensor{keybrd=0, dpad=0, offhook=1, hor=1, ui=1, aud=EARPIECE}
07-19 14:05:15.552 6120 6120 I InCall : ProximitySensor - Proximity wake lock already acquired
07-19 14:05:15.597 0 0 I : [ 8329.564591,0] alsps_epl8802------------------- epl_sensor.ps.data.data=45, value=100
07-19 14:05:15.597 0 0 I : [ 8329.564591,0]
07-19 14:05:15.597 0 0 I [ 8329.565435,0] alsps_epl8802set_psensor_intr_threshold: low_thd = 65514, high_thd = 400
07-19 14:05:15.720 0 0 I : [ 8329.686328,0] alsps_epl8802------------------- epl_sensor.ps.data.data=41, value=100
07-19 14:05:15.720 0 0 I : [ 8329.686328,0]
07-19 14:05:15.720 0 0 I [ 8329.687157,0] alsps_epl8802set_psensor_intr_threshold: low_thd = 65514, high_thd = 400
07-19 14:05:15.842 0 0 I : [ 8329.807910,0] alsps_epl8802------------------- epl_sensor.ps.data.data=46, value=100
07-19 14:05:15.842 0 0 I : [ 8329.807910,0]
07-19 14:05:15.842 0 0 I [ 8329.808742,0] alsps_epl8802set_psensor_intr_threshold: low_thd = 65514, high_thd = 400
07-19 14:05:15.845 6120 6120 I InCall : CallCardPresenter - Disconnecting call: [Call_0, ACTIVE, [Capabilities: CAPABILITY_HOLD CAPABILITY_SUPPORT_HOLD CAPABILITY_MUTE CAPABILITY_CANNOT_DOWNGRADE_VIDEO_TO_AUDIO], [Properties:], children:[], parent:null, conferenceable:[], videoState:Audio Only, mSessionModificationState:0, VideoSettings:(CameraDir:-1), mIsActivSub:false]
07-19 14:05:15.846 6120 6120 I InCall : CallList - onUpdate - [Call_0, DISCONNECTING, [Capabilities: CAPABILITY_HOLD CAPABILITY_SUPPORT_HOLD CAPABILITY_MUTE CAPABILITY_CANNOT_DOWNGRADE_VIDEO_TO_AUDIO], [Properties:], children:[], parent:null, conferenceable:[], videoState:Audio Only, mSessionModificationState:0, VideoSettings:(CameraDir:-1), mIsActivSub:false]
07-19 14:05:15.846 6120 6120 I InCall : InCallPresenter - Phone switching state: INCALL -> INCALL
07-19 14:05:15.848 1827 2405 D AudioService: Stream muted, skip playback
07-19 14:05:15.886 1827 1827 I notification_canceled: [0|com.android.dialer|1|null|10020,8,190104,186334,0]
07-19 14:05:15.889 6120 6120 D AccelerometerListener: enable(false)
07-19 14:05:15.893 1827 4003 I notification_expansion: [-1|android|17040536|null|1000,0,1,12066841,12066841,8285129]
07-19 14:05:15.894 1827 2600 E Sensors : AccSensor::setDelay handle:1 delay:66
07-19 14:05:15.894 1827 2600 E Sensors : AccSensor::setDelay finished!!!
07-19 14:05:15.895 6120 6120 I InCall : ProximitySensor - ProximitySensor{keybrd=0, dpad=0, offhook=0, hor=0, ui=1, aud=EARPIECE}
07-19 14:05:15.895 6120 6120 I InCall : ProximitySensor - Releasing proximity wake lock
07-19 14:05:15.896 1827 1985 E Sensors : ProxSensor::setEnable handle:5 enable:0
07-19 14:05:15.896 1827 1985 D Sensors : ProxSensor old=1 new =0
07-19 14:05:15.898 1827 2813 I Telecom : Event: Call TC@1: REQUEST_DISCONNECT, null: ICA.dC(InCall package: com.android.dialer)@AM8
07-19 14:05:15.899 1827 2813 I Telecom : Call: Send disconnect to connection service for call: [TC@1, ACTIVE, com.android.phone/com.android.services.telephony.TelephonyConnectionService, tel:**************, A, childs(0), has_parent(false), [Capabilities: CAPABILITY_HOLD CAPABILITY_SUPPORT_HOLD CAPABILITY_MUTE CAPABILITY_CANNOT_DOWNGRADE_VIDEO_TO_AUDIO CAPABILITY_SPEED_UP_MT_AUDIO], [Properties:]]: ICA.dC(InCall package: com.android.dialer)@AM8
07-19 14:05:15.900 2720 2720 D RILJ : hangupConnection: gsmIndex=1 [SUB0]
07-19 14:05:15.900 2720 2720 D RILJ : [4346]> HANGUP 1 [SUB0]
07-19 14:05:15.913 1827 1985 E Sensors : ProxSensor::setEnable finished!!!
07-19 14:05:15.916 309 1182 I RILQ : (0/309):RIL[0][event] qcril_qmi_voice_all_call_status_ind_hdlr: call state DISCONNECTING for conn id 1
07-19 14:05:15.918 313 6168 D audio_hw_extn: audio_extn_get_parameters: returns 
07-19 14:05:15.918 313 6168 I hash_map_utils: key: 'all_call_states' value: ''
07-19 14:05:15.920 313 540 D audio_hw_extn: audio_extn_get_parameters: returns 
07-19 14:05:15.920 313 540 I hash_map_utils: key: 'all_call_states' value: ''
07-19 14:05:15.921 313 5022 D audio_hw_extn: audio_extn_get_parameters: returns 
07-19 14:05:15.921 313 5022 I hash_map_utils: key: 'all_call_states' value: ''
07-19 14:05:15.921 309 1182 I RILQ : (0/309):RIL[0][event] qcril_qmi_voice_all_call_status_ind_hdlr: RILVIMS: update 1 calls[a-c-id: 1, q-c-id 1, c-s 3 -> 8]
07-19 14:05:16.073 6120 6120 I InCall : CallCardPresenter - Disconnecting call: [Call_0, DISCONNECTING, [Capabilities: CAPABILITY_HOLD CAPABILITY_SUPPORT_HOLD CAPABILITY_MUTE CAPABILITY_CANNOT_DOWNGRADE_VIDEO_TO_AUDIO], [Properties:], children:[], parent:null, conferenceable:[], videoState:Audio Only, mSessionModificationState:0, VideoSettings:(CameraDir:-1), mIsActivSub:false]
07-19 14:05:16.074 6120 6120 I InCall : CallList - onUpdate - [Call_0, DISCONNECTING, [Capabilities: CAPABILITY_HOLD CAPABILITY_SUPPORT_HOLD CAPABILITY_MUTE CAPABILITY_CANNOT_DOWNGRADE_VIDEO_TO_AUDIO], [Properties:], children:[], parent:null, conferenceable:[], videoState:Audio Only, mSessionModificationState:0, VideoSettings:(CameraDir:-1), mIsActivSub:false]
07-19 14:05:16.074 6120 6120 I InCall : InCallPresenter - Phone switching state: INCALL -> INCALL
07-19 14:05:16.075 1827 2405 D AudioService: Stream muted, skip playback
07-19 14:05:16.115 1827 4003 I Telecom : Event: Call TC@1: REQUEST_DISCONNECT, null: ICA.dC(InCall package: com.android.dialer)@ANY
07-19 14:05:16.116 1827 4003 I Telecom : Call: Send disconnect to connection service for call: [TC@1, ACTIVE, com.android.phone/com.android.services.telephony.TelephonyConnectionService, tel:**************, A, childs(0), has_parent(false), [Capabilities: CAPABILITY_HOLD CAPABILITY_SUPPORT_HOLD CAPABILITY_MUTE CAPABILITY_CANNOT_DOWNGRADE_VIDEO_TO_AUDIO CAPABILITY_SPEED_UP_MT_AUDIO], [Properties:]]: ICA.dC(InCall package: com.android.dialer)@ANY
07-19 14:05:16.116 2720 2720 D RILJ : hangupConnection: gsmIndex=1 [SUB0]
07-19 14:05:16.116 2720 2720 D RILJ : [4347]> HANGUP 1 [SUB0]
07-19 14:05:16.121 6120 6156 W OpenGLRenderer: Incorrectly called buildLayer on View: TextView, destroying layer...
07-19 14:05:16.128 309 1182 I RILQ : (0/309):RIL[0][event] qcril_qmi_voice_all_call_status_ind_hdlr: call state END for conn id 1
07-19 14:05:16.129 309 1182 I RILQ : (0/309):RIL[0][event] qcril_qmi_voice_map_qmi_to_ril_last_call_failure_cause: map qmi reason: 145 to ril reason: 16
07-19 14:05:16.129 309 1182 I RILQ : (0/309):RIL[0][event] qcril_qmi_voice_map_qmi_to_ril_last_call_failure_cause: ril reason str: Normal call clearing
07-19 14:05:16.132 313 313 D audio_hw_extn: audio_extn_get_parameters: returns 
07-19 14:05:16.132 313 313 I hash_map_utils: key: 'all_call_states' value: ''
07-19 14:05:16.132 2720 2858 V RILJ : [UNSL]< UNSOL_OEM_HOOK_RAW 000c000409000000010204910000000901 [SUB0]
07-19 14:05:16.133 2720 2858 D RILJ : [4346]< HANGUP [SUB0]
07-19 14:05:16.134 313 6168 D audio_hw_extn: audio_extn_get_parameters: returns 
07-19 14:05:16.134 313 6168 I hash_map_utils: key: 'all_call_states' value: ''
07-19 14:05:16.135 313 540 D audio_hw_extn: audio_extn_get_parameters: returns 
07-19 14:05:16.135 313 540 I hash_map_utils: key: 'all_call_states' value: ''
07-19 14:05:16.136 313 5022 D audio_hw_primary: adev_set_parameters: enter: vsid=281022464;call_state=1
07-19 14:05:16.136 313 5022 D voice_extn: update_call_states is_call_active:1 in_call:1, mode:2
07-19 14:05:16.136 313 5022 D voice_extn: update_calls: enter:
07-19 14:05:16.136 313 5022 D voice_extn: update_calls: cur_state=2 new_state=1 vsid=10c01000
07-19 14:05:16.136 313 5022 D voice_extn: update_calls: ACTIVE/HOLD/LOCAL_HOLD -> INACTIVE vsid:10c01000
07-19 14:05:16.136 313 5022 D voice : voice_stop_usecase: enter usecase:voice-call
07-19 14:05:16.141 2646 2646 D wpa_supplicant: wlan0: Control interface command 'SIGNAL_POLL'
07-19 14:05:16.151 1827 2342 D WifiStateMachine: updateCapabilities for config:BaeumchenInSpitzenhoeschenfalse,false
07-19 14:05:16.195 6120 6120 I InCall : CallCardPresenter - Disconnecting call: [Call_0, DISCONNECTING, [Capabilities: CAPABILITY_HOLD CAPABILITY_SUPPORT_HOLD CAPABILITY_MUTE CAPABILITY_CANNOT_DOWNGRADE_VIDEO_TO_AUDIO], [Properties:], children:[], parent:null, conferenceable:[], videoState:Audio Only, mSessionModificationState:0, VideoSettings:(CameraDir:-1), mIsActivSub:false]
07-19 14:05:16.196 6120 6120 I InCall : CallList - onUpdate - [Call_0, DISCONNECTING, [Capabilities: CAPABILITY_HOLD CAPABILITY_SUPPORT_HOLD CAPABILITY_MUTE CAPABILITY_CANNOT_DOWNGRADE_VIDEO_TO_AUDIO], [Properties:], children:[], parent:null, conferenceable:[], videoState:Audio Only, mSessionModificationState:0, VideoSettings:(CameraDir:-1), mIsActivSub:false]
07-19 14:05:16.196 6120 6120 I InCall : InCallPresenter - Phone switching state: INCALL -> INCALL
07-19 14:05:16.197 1827 2405 D AudioService: Stream muted, skip playback
07-19 14:05:16.224 6120 6156 W OpenGLRenderer: Incorrectly called buildLayer on View: TextView, destroying layer...
07-19 14:05:16.224 1827 2554 I Telecom : Event: Call TC@1: REQUEST_DISCONNECT, null: ICA.dC(InCall package: com.android.dialer)@AN0
07-19 14:05:16.225 1827 2554 I Telecom : Call: Send disconnect to connection service for call: [TC@1, ACTIVE, com.android.phone/com.android.services.telephony.TelephonyConnectionService, tel:**************, A, childs(0), has_parent(false), [Capabilities: CAPABILITY_HOLD CAPABILITY_SUPPORT_HOLD CAPABILITY_MUTE CAPABILITY_CANNOT_DOWNGRADE_VIDEO_TO_AUDIO CAPABILITY_SPEED_UP_MT_AUDIO], [Properties:]]: ICA.dC(InCall package: com.android.dialer)@AN0
07-19 14:05:16.226 2720 2720 D RILJ : hangupConnection: gsmIndex=1 [SUB0]
07-19 14:05:16.226 2720 2720 D RILJ : [4348]> HANGUP 1 [SUB0]
07-19 14:05:16.257 0 0 E : [ 8330.224066,1] wcd_imped_config, invalid imped, greater than 48 Ohm
07-19 14:05:16.257 0 0 E : [ 8330.224066,1] = 48
07-19 14:05:16.339 313 5022 D audio_hw_primary: disable_audio_route: reset and update mixer path: voice-call
07-19 14:05:16.340 313 5022 D hardware_info: hw_info_append_hw_type : device_name = voice-handset
07-19 14:05:16.340 313 5022 D audio_hw_primary: disable_snd_device: snd_device(9: voice-handset)
07-19 14:05:16.344 313 5022 D hardware_info: hw_info_append_hw_type : device_name = voice-dmic-ef
07-19 14:05:16.344 313 5022 D audio_hw_primary: disable_snd_device: snd_device(60: voice-dmic-ef)
07-19 14:05:16.350 313 5022 D voice : voice_stop_usecase: exit: status(0)
07-19 14:05:16.350 313 5022 D voice_extn: update_calls: cur_state=1 new_state=1 vsid=10dc1000
07-19 14:05:16.350 313 5022 D voice_extn: update_calls: cur_state=1 new_state=1 vsid=10c02000
07-19 14:05:16.350 313 5022 D voice_extn: update_calls: cur_state=1 new_state=1 vsid=10803000
07-19 14:05:16.350 313 5022 D voice_extn: update_calls: cur_state=1 new_state=1 vsid=10002000
07-19 14:05:16.350 313 5022 D voice_extn: update_calls: cur_state=1 new_state=1 vsid=11c05000
07-19 14:05:16.350 313 5022 D voice_extn: update_calls: cur_state=1 new_state=1 vsid=11dc5000
07-19 14:05:16.351 2720 2858 V RILJ : [UNSL]< UNSOL_OEM_HOOK_RAW 514f454d484f4f4bf70308001b000000767369643d3238313032323436343b63616c6c5f73746174653d31 [SUB0]
07-19 14:05:16.352 2720 2858 D RILJ : [UNSL]< UNSOL_RESPONSE_CALL_STATE_CHANGED [SUB0]
07-19 14:05:16.352 309 1182 I RILQ : (0/309):RIL[0][event] qcril_qmi_voice_all_call_status_ind_hdlr: RILVIMS: update 1 calls[a-c-id: 1, q-c-id 1, c-s 8 -> 9]
07-19 14:05:16.361 2720 2858 V RILJ : [UNSL]< UNSOL_OEM_HOOK_RAW 514f454d484f4f4bef0308000100000002 [SUB0]
07-19 14:05:16.365 2720 2858 D RILJ : [UNSL]< UNSOL_RESPONSE_VOICE_NETWORK_STATE_CHANGED [SUB0]
07-19 14:05:16.365 2720 2720 D RILJ : [4349]> OPERATOR [SUB0]
07-19 14:05:16.366 2720 2720 D RILJ : [4350]> DATA_REGISTRATION_STATE [SUB0]
07-19 14:05:16.367 2720 2720 D RILJ : [4351]> VOICE_REGISTRATION_STATE [SUB0]
07-19 14:05:16.368 2720 2720 D RILJ : [4352]> QUERY_NETWORK_SELECTION_MODE [SUB0]
07-19 14:05:16.384 309 6241 E use-Rlog/RLOG-RIL-MOTEXT: mothook_oem_ex: header type 0, requestCode 0x0
07-19 14:05:16.387 2720 2858 D RILJ : [4349]< OPERATOR {LIDL Connect, LIDL Connect, 26202, , , } [SUB0]
07-19 14:05:16.391 2720 2858 D RILJ : [4351]< VOICE_REGISTRATION_STATE {1, 0546, 04ba794d, 3, null, null, null, 0, null, null, 1, null, null, 0, b2} [SUB0]
07-19 14:05:16.394 2720 2858 D RILJ : [4352]< QUERY_NETWORK_SELECTION_MODE {0} [SUB0]
07-19 14:05:16.394 2720 2720 D SST : EVENT_POLL_STATE_NETWORK_SELECTION_MODE
07-19 14:05:16.398 2720 2858 D RILJ : [4350]< DATA_REGISTRATION_STATE {1, 0546, 04ba794d, 11, null, 20, null, null, null, null, null} [SUB0]
07-19 14:05:16.399 2720 2720 D SST : handlPollStateResultMessage: GsmSST setDataRegState=0 regState=1 dataRadioTechnology=11
07-19 14:05:16.399 2720 2858 D RilRequest: [4347]< HANGUP error: com.android.internal.telephony.CommandException: GENERIC_FAILURE ret=
07-19 14:05:16.402 2720 2720 D SST : Poll ServiceState done: oldSS=[0 0 voice home data home LIDL Connect LIDL Connect 26202 LIDL Connect LIDL Connect 26202 UMTS HSPA CSS not supported -1 -1 RoamInd=-1 DefRoamInd=-1 EmergOnly=false IsDataRoamingFromRegistration=false IsUsingCarrierAggregation=false] newSS=[0 0 voice home data home LIDL Connect LIDL Connect 26202 LIDL Connect LIDL Connect 26202 UMTS HSPA CSS not supported -1 -1 RoamInd=-1 DefRoamInd=-1 EmergOnly=false IsDataRoamingFromRegistration=false IsUsingCarrierAggregation=false] oldMaxDataCalls=20 mNewMaxDataCalls=20 oldReasonDataDenied=-1 mNewReasonDataDenied=-1
07-19 14:05:16.406 2720 2858 D RilRequest: [4348]< HANGUP error: com.android.internal.telephony.CommandException: GENERIC_FAILURE ret=
07-19 14:05:16.406 2720 2720 D RILJ : [4353]> GET_CURRENT_CALLS [SUB0]
07-19 14:05:16.408 309 615 E use-Rlog/RLOG-RIL-MOTEXT: qcrilUpdVoiceCallCount, called , VcCount =0
07-19 14:05:16.412 309 615 I RILQ : (0/309):RIL[0][main] qcril_qmi_get_call_list_to_send: RILVI: calls rep: reported/skipped 0/1 calls
07-19 14:05:16.412 2720 2858 D RILJ : [4353]< GET_CURRENT_CALLS {} [SUB0]
07-19 14:05:16.414 2720 2720 D GsmCdmaCallTracker: Event EVENT_POLL_CALLS_RESULT Received
07-19 14:05:16.414 2720 2720 D GsmCdmaConnection: onDisconnect: cause=3
07-19 14:05:16.417 2720 2720 D GsmCdmaCallTracker: [GsmCdmaCallTracker] update phone state, old=OFFHOOK new=IDLE
07-19 14:05:16.421 2720 2720 W PhoneNumberUtils: getCountryIso null
07-19 14:05:16.424 2720 2720 W PhoneNumberUtils: isLocalEmergencyNumberInternalDE
07-19 14:05:16.425 2720 2720 D PhoneNumberUtils: slotId:0 subId:1 country:DE emergencyNumbers: 911,*911,#911,112
07-19 14:05:16.428 1827 4003 I Telecom : InCallController: Sending updateCall [TC@1, ACTIVE, com.android.phone/com.android.services.telephony.TelephonyConnectionService, tel:**************, A, childs(0), has_parent(false), [Capabilities: CAPABILITY_HOLD CAPABILITY_SUPPORT_HOLD CAPABILITY_MUTE CAPABILITY_CANNOT_DOWNGRADE_VIDEO_TO_AUDIO CAPABILITY_SPEED_UP_MT_AUDIO], [Properties:]]: CSW.sSH@AN4
07-19 14:05:16.429 1827 4003 I Telecom : InCallController: Components updated: [ComponentInfo{com.android.dialer/com.android.incallui.InCallServiceImpl}]: CSW.sSH@AN4
07-19 14:05:16.431 1827 2600 I Telecom : InCallController: Sending updateCall [TC@1, ACTIVE, com.android.phone/com.android.services.telephony.TelephonyConnectionService, tel:**************, A, childs(0), has_parent(false), [Capabilities: CAPABILITY_HOLD CAPABILITY_SUPPORT_HOLD CAPABILITY_MUTE CAPABILITY_CANNOT_DOWNGRADE_VIDEO_TO_AUDIO CAPABILITY_SPEED_UP_MT_AUDIO], [Properties:]]: CSW.sCC@AN8
07-19 14:05:16.431 2720 2720 D DCT : [0]onVoiceCallEnded
07-19 14:05:16.431 2720 2720 D DCT : [0]setupDataOnConnectableApns: 2GVoiceCallEnded hipri:[state=IDLE,enabled=false] mms:[state=IDLE,enabled=false] supl:[state=IDLE,enabled=false] ia:[state=IDLE,enabled=false] fota:[state=IDLE,enabled=false] ims:[state=IDLE,enabled=false] cbs:[state=IDLE,enabled=false] default:[state=IDLE,enabled=false] emergency:[state=IDLE,enabled=false] 
07-19 14:05:16.432 1827 2600 I Telecom : InCallController: Components updated: [ComponentInfo{com.android.dialer/com.android.incallui.InCallServiceImpl}]: CSW.sCC@AN8
07-19 14:05:16.432 1827 2600 I Telecom : InCallController: Sending updateCall [TC@1, ACTIVE, com.android.phone/com.android.services.telephony.TelephonyConnectionService, tel:**************, A, childs(0), has_parent(false), [Capabilities: CAPABILITY_HOLD CAPABILITY_SUPPORT_HOLD CAPABILITY_MUTE CAPABILITY_CANNOT_DOWNGRADE_VIDEO_TO_AUDIO CAPABILITY_SPEED_UP_MT_AUDIO], [Properties:]]: CSW.sCC@AOA
07-19 14:05:16.433 1827 2600 I Telecom : InCallController: Components updated: [ComponentInfo{com.android.dialer/com.android.incallui.InCallServiceImpl}]: CSW.sCC@AOA
07-19 14:05:16.434 2720 6249 D CallNotifier: SignalInfoTonePlayer.run(toneId = 98)...
07-19 14:05:16.434 1827 2600 I Telecom : CallsManager: setCallState ACTIVE -> DISCONNECTED, call: [TC@1, ACTIVE, com.android.phone/com.android.services.telephony.TelephonyConnectionService, tel:**************, A, childs(0), has_parent(false), [Capabilities: CAPABILITY_HOLD CAPABILITY_SUPPORT_HOLD CAPABILITY_MUTE CAPABILITY_CANNOT_DOWNGRADE_VIDEO_TO_AUDIO CAPABILITY_SPEED_UP_MT_AUDIO], [Properties:]]: CSW.sDc@AOE
07-19 14:05:16.435 1827 2600 I Telecom : Event: Call TC@1: SET_DISCONNECTED, disconnected set explicitly> DisconnectCause [ Code: (LOCAL) Label: () Description: () Reason: (LOCAL) Tone: (27) ]: CSW.sDc@AOE
07-19 14:05:16.436 1827 2833 I Telecom : CallAudioRouteStateMachine: Message received: UPDATE_SYSTEM_AUDIO_ROUTE=1201, arg1=0: CSW.sDc->CARSM.pM_UPDATE_SYSTEM_AUDIO_ROUTE@AOE_0
07-19 14:05:16.439 1827 2836 I Telecom : CallAudioModeStateMachine: Message received: TONE_STARTED_PLAYING.: CSW.sDc->CAMSM.pM_3001@AOE_1
07-19 14:05:16.441 1827 2836 I Telecom : CallAudioModeStateMachine: Message received: NO_MORE_ACTIVE_OR_DIALING_CALLS.: CSW.sDc->CAMSM.pM_1001@AOE_3
07-19 14:05:16.441 1827 2836 I Telecom : CallAudioModeStateMachine: Audio focus entering TONE/HOLDING state: CSW.sDc->CAMSM.pM_1001@AOE_3
07-19 14:05:16.441 1827 2836 I MediaFocusControl: AudioFocus requestAudioFocus() from uid/pid 1000/1827 clientId=AudioFocus_For_Phone_Ring_And_Calls req=2 flags=0x4
07-19 14:05:16.442 1827 2600 I Telecom : TelecomWakeLock: WakeLock already released with id: 26: CSW.sDc@AOE
07-19 14:05:16.442 1827 2600 I Telecom : InCallWakeLockController: Releasing full wake lock: CSW.sDc@AOE
