07-19 10:44:21.405 4597 4597 D QcrilMsgTunnelIfaceManager: Registered SUB0 for UNSOL OEM HOOK to deliver external apps
07-19 10:44:21.406 4597 4597 V QcrilMsgTunnelSocket: Starting QcRil Sender & Receiver threads
07-19 10:44:21.408 1827 1926 E ActivityManager: Sending non-protected broadcast org.codeaurora.qs.tiles.wificallingtile from system 3188:org.codeaurora.ims/1001 pkg org.codeaurora.ims
07-19 10:44:21.408 1827 1926 E ActivityManager: java.lang.Throwable
07-19 10:44:21.408 1827 1926 E ActivityManager: at com.android.server.am.ActivityManagerService.checkBroadcastFromSystem(ActivityManagerService.java:18120)
07-19 10:44:21.408 1827 1926 E ActivityManager: at com.android.server.am.ActivityManagerService.broadcastIntentLocked(ActivityManagerService.java:18709)
07-19 10:44:21.408 1827 1926 E ActivityManager: at com.android.server.am.ActivityManagerService.broadcastIntent(ActivityManagerService.java:18800)
07-19 10:44:21.408 1827 1926 E ActivityManager: at android.app.ActivityManagerNative.onTransact(ActivityManagerNative.java:499)
07-19 10:44:21.408 1827 1926 E ActivityManager: at com.android.server.am.ActivityManagerService.onTransact(ActivityManagerService.java:2980)
07-19 10:44:21.408 1827 1926 E ActivityManager: at android.os.Binder.execTransact(Binder.java:565)
07-19 10:44:21.408 1827 1926 I am_wtf : [0,1827,system_server,-1,ActivityManager,Sending non-protected broadcast org.codeaurora.qs.tiles.wificallingtile from system 3188:org.codeaurora.ims/1001 pkg org.codeaurora.ims]
07-19 10:44:21.411 4597 4597 D QcrilMsgTunnelIfaceManager: Registered SUB1 for UNSOL OEM HOOK to deliver external apps
07-19 10:44:21.440 3964 4618 D AudioFx-AudioOutputChangeListener: onAudioOutputChanged id: 2 type: 2 name: lineage_harpia address: [android.media.AudioDeviceInfo@ecca27f]
07-19 10:44:21.449 1827 2711 D AlarmManagerService: Setting time of day to sec=1500457616
07-19 11:46:56.318 1827 2711 W AlarmManagerService: Unable to set rtc to 1500457616: Invalid argument
07-19 11:46:56.323 1827 1827 D ConditionProviders.SCP: onReceive android.intent.action.TIME_SET
07-19 11:46:56.323 1827 1827 D ConditionProviders.SCP: notifyCondition condition://android/schedule?days=6.7&start=23.30&end=10.0&exitAtAlarm=false STATE_FALSE reason=!meetsSchedule
07-19 11:46:56.323 4209 4209 D ReportingServiceManager: Next sync attempt in : 22 hours
07-19 11:46:56.324 1827 1827 D ConditionProviders.SCP: notifyCondition condition://android/schedule?days=1.2.3.4.5&start=22.0&end=7.0&exitAtAlarm=false STATE_FALSE reason=!meetsSchedule
07-19 11:46:56.341 1827 2813 I am_proc_start: [0,4620,10007,org.lineageos.updater,broadcast,org.lineageos.updater/com.cyanogenmod.updater.receiver.UpdateCheckReceiver]
07-19 11:46:56.342 1827 2813 I ActivityManager: Start proc 4620:org.lineageos.updater/u0a7 for broadcast org.lineageos.updater/com.cyanogenmod.updater.receiver.UpdateCheckReceiver
07-19 11:46:56.343 1827 1827 D ConditionProviders.SCP: Scheduling evaluate for Wed Jul 19 22:00:00 GMT+02:00 2017 (1500494400000), in +10h13m3s677ms, now=Wed Jul 19 11:46:56 GMT+02:00 2017 (1500457616323)
07-19 11:46:56.358 1827 1936 I UsageStatsService: Time changed in UsageStats by 3754 seconds
07-19 11:46:56.358 1827 1936 I UsageStatsService: User[0] Flushing usage stats to disk
07-19 11:46:56.360 4397 4397 I CalendarProvider2: Sending notification intent: Intent { act=android.intent.action.PROVIDER_CHANGED dat=content://com.android.calendar flg=0x20000000 }
07-19 11:46:56.361 4397 4397 W ContentResolver: Failed to get type for: content://com.android.calendar (Unknown URL content://com.android.calendar)
07-19 11:46:56.394 1827 1926 I am_proc_bound: [0,4620,org.lineageos.updater]
07-19 11:46:56.398 1827 1936 I UsageStatsDatabase: Time changed by +1h2m34s868ms. files deleted: 0 files moved: 8
07-19 11:46:56.422 4620 4620 I art : Starting a blocking GC AddRemoveAppImageSpace
07-19 11:46:56.423 4620 4620 W System : ClassLoader referenced unknown path: /system/priv-app/CMUpdater/lib/arm
07-19 11:46:56.440 1827 1936 I UsageStatsService: User[0] Rollover scheduled @ 2017-07-20 11:46:56(1500544016358)
07-19 11:46:56.493 4620 4620 I UpdateCheckReceiver: Scheduling future, repeating update checks.
07-19 11:46:56.503 2958 2958 D CellBroadcastReceiver: onReceive Intent { act=android.intent.action.SIM_STATE_CHANGED flg=0x4000010 cmp=com.android.cellbroadcastreceiver/.CellBroadcastReceiver (has extras) }
07-19 11:46:56.503 2958 2958 D CellBroadcastReceiver: Default interval 0 did not change.
07-19 11:46:56.513 2751 2751 D SimSelectNotification: no of slots 2 provision = true
07-19 11:46:56.517 3188 3188 I QImsService: ImsServiceAutoboot : org.codeaurora.ims.ImsService is already running. android.intent.action.SIM_STATE_CHANGED ignored. 
07-19 11:46:56.520 2958 2958 D CellBroadcastReceiver: onReceive Intent { act=android.intent.action.SIM_STATE_CHANGED flg=0x4000010 cmp=com.android.cellbroadcastreceiver/.CellBroadcastReceiver (has extras) }
07-19 11:46:56.524 2720 2720 I VvmSimChangeReceiver: Sim removed, removing inactive accounts
07-19 11:46:56.527 2751 2751 D SimSelectNotification: no of slots 2 provision = true
07-19 11:46:56.532 3188 3188 I QImsService: ImsServiceAutoboot : org.codeaurora.ims.ImsService is already running. android.intent.action.SIM_STATE_CHANGED ignored. 
07-19 11:46:56.535 2958 2958 D CellBroadcastReceiver: onReceive Intent { act=android.intent.action.ACTION_DEFAULT_SMS_SUBSCRIPTION_CHANGED flg=0x20000010 cmp=com.android.cellbroadcastreceiver/.CellBroadcastReceiver (has extras) }
07-19 11:46:56.535 2958 2958 D CellBroadcastReceiver: Start Cell Broadcast configuration.
07-19 11:46:56.543 2958 4649 D CellBroadcastConfigService: Enable CellBroadcast on sub 1
07-19 11:46:56.558 2720 2720 D VvmSimChangeReceiver: Carrier config changed
07-19 11:46:56.564 2720 2749 D PhoneFactory: SMS Prompt option:false
07-19 11:46:56.565 2720 2749 D RIL_UiccSmsController: isSmsSimPickActivityNeeded: false, sms prompt disabled.
07-19 11:46:56.565 2720 2720 D VvmSimChangeReceiver: visual voicemail not supported for carrier 26202 on subId 1
07-19 11:46:56.567 2720 2990 D IccSmsInterfaceManager: [IccSmsInterfaceManager] Calling setCdmaBroadcastConfig with 1 configurations
07-19 11:46:56.567 2720 2990 D RILJ : [3795]> RIL_REQUEST_CDMA_SET_BROADCAST_CONFIG with 1 configs : [SUB0]
07-19 11:46:56.567 2720 2990 D RILJ : CdmaSmsBroadcastConfigInfo: Id [4096, 4096] ENABLED [SUB0]
07-19 11:46:56.573 2720 2858 D RilRequest: [3795]< RIL_REQUEST_CDMA_SET_BROADCAST_CONFIG error: com.android.internal.telephony.CommandException: GENERIC_FAILURE ret=
07-19 11:46:56.586 2720 2750 D SubscriptionController: [getActiveSubscriptionInfo]+ subId=1 subInfo={id=1, iccId=89492019156020009546 simSlotIndex=0 displayName=LIDL Connect carrierName=Emergency calls only nameSource=0 iconTint=-16746133 dataRoaming=0 iconBitmap=android.graphics.Bitmap@9b98173 mcc 262 mnc 2 userNwMode=10}
07-19 11:46:56.601 2720 2990 D IccSmsInterfaceManager: [IccSmsInterfaceManager] Failed to add cdma broadcast subscription for MID range 4096 to 4096 from client com.android.cellbroadcastreceiver
07-19 11:46:56.603 2720 3393 D SubscriptionController: [getActiveSubscriptionInfo]+ subId=1 subInfo={id=1, iccId=89492019156020009546 simSlotIndex=0 displayName=LIDL Connect carrierName=Emergency calls only nameSource=0 iconTint=-16746133 dataRoaming=0 iconBitmap=android.graphics.Bitmap@764222e mcc 262 mnc 2 userNwMode=10}
07-19 11:46:56.606 2720 2720 I VvmSimChangeReceiver: Received SIM change for invalid subscription id.
07-19 11:46:56.608 2720 2749 D PhoneFactory: SMS Prompt option:false
07-19 11:46:56.608 2720 2749 D RIL_UiccSmsController: isSmsSimPickActivityNeeded: false, sms prompt disabled.
07-19 11:46:56.608 2958 2958 D CellBroadcastReceiver: onReceive Intent { act=android.intent.action.SERVICE_STATE flg=0x10 cmp=com.android.cellbroadcastreceiver/.CellBroadcastReceiver (has extras) }
07-19 11:46:56.608 2958 2958 D CellBroadcastReceiver: Intent: android.intent.action.SERVICE_STATE
07-19 11:46:56.609 2720 3393 D IccSmsInterfaceManager: [IccSmsInterfaceManager] Calling setCdmaBroadcastConfig with 1 configurations
07-19 11:46:56.609 2720 3393 D RILJ : [3796]> RIL_REQUEST_CDMA_SET_BROADCAST_CONFIG with 1 configs : [SUB0]
07-19 11:46:56.609 2720 3393 D RILJ : CdmaSmsBroadcastConfigInfo: Id [4097, 4097] ENABLED [SUB0]
07-19 11:46:56.614 2720 2858 D RilRequest: [3796]< RIL_REQUEST_CDMA_SET_BROADCAST_CONFIG error: com.android.internal.telephony.CommandException: GENERIC_FAILURE ret=
07-19 11:46:56.615 2720 3393 D IccSmsInterfaceManager: [IccSmsInterfaceManager] Failed to add cdma broadcast subscription for MID range 4097 to 4097 from client com.android.cellbroadcastreceiver
07-19 11:46:56.620 2720 3441 D PhoneFactory: SMS Prompt option:false
07-19 11:46:56.620 2720 3441 D RIL_UiccSmsController: isSmsSimPickActivityNeeded: false, sms prompt disabled.
07-19 11:46:56.620 2720 2990 D SubscriptionController: [getActiveSubscriptionInfo]+ subId=1 subInfo={id=1, iccId=89492019156020009546 simSlotIndex=0 displayName=LIDL Connect carrierName=Emergency calls only nameSource=0 iconTint=-16746133 dataRoaming=0 iconBitmap=android.graphics.Bitmap@599c75c mcc 262 mnc 2 userNwMode=10}
07-19 11:46:56.621 2720 2750 D IccSmsInterfaceManager: [IccSmsInterfaceManager] Calling setCdmaBroadcastConfig with 1 configurations
07-19 11:46:56.621 2720 2750 D RILJ : [3797]> RIL_REQUEST_CDMA_SET_BROADCAST_CONFIG with 1 configs : [SUB0]
07-19 11:46:56.621 2720 2750 D RILJ : CdmaSmsBroadcastConfigInfo: Id [4098, 4098] ENABLED [SUB0]
07-19 11:46:56.626 2720 2858 D RilRequest: [3797]< RIL_REQUEST_CDMA_SET_BROADCAST_CONFIG error: com.android.internal.telephony.CommandException: GENERIC_FAILURE ret=
07-19 11:46:56.626 2720 2750 D IccSmsInterfaceManager: [IccSmsInterfaceManager] Failed to add cdma broadcast subscription for MID range 4098 to 4098 from client com.android.cellbroadcastreceiver
07-19 11:46:56.631 2720 2749 D PhoneFactory: SMS Prompt option:false
07-19 11:46:56.631 2720 2749 D RIL_UiccSmsController: isSmsSimPickActivityNeeded: false, sms prompt disabled.
07-19 11:46:56.632 2720 3393 D IccSmsInterfaceManager: [IccSmsInterfaceManager] Calling setCdmaBroadcastConfig with 1 configurations
07-19 11:46:56.632 2720 3393 D RILJ : [3798]> RIL_REQUEST_CDMA_SET_BROADCAST_CONFIG with 1 configs : [SUB0]
07-19 11:46:56.632 2720 3393 D RILJ : CdmaSmsBroadcastConfigInfo: Id [4099, 4099] ENABLED [SUB0]
07-19 11:46:56.639 2720 2858 D RilRequest: [3798]< RIL_REQUEST_CDMA_SET_BROADCAST_CONFIG error: com.android.internal.telephony.CommandException: GENERIC_FAILURE ret=
07-19 11:46:56.648 2720 4659 D SIP : [SipPreferences] isReceivingCallsEnabled, option not set; use default value, exception: android.provider.Settings$SettingNotFoundException: sip_receive_calls
07-19 11:46:56.654 3888 3888 I AlarmClock: AlarmInitReceiver android.intent.action.TIME_SET
07-19 11:46:56.661 2720 3393 D IccSmsInterfaceManager: [IccSmsInterfaceManager] Failed to add cdma broadcast subscription for MID range 4099 to 4099 from client com.android.cellbroadcastreceiver
07-19 11:46:56.669 2720 2990 D PhoneFactory: SMS Prompt option:false
07-19 11:46:56.669 2720 2990 D RIL_UiccSmsController: isSmsSimPickActivityNeeded: false, sms prompt disabled.
07-19 11:46:56.670 2720 3441 D IccSmsInterfaceManager: [IccSmsInterfaceManager] Failed to remove cdma broadcast subscription for MID range 4100 to 4100 from client com.android.cellbroadcastreceiver
07-19 11:46:56.674 2720 3393 D PhoneFactory: SMS Prompt option:false
07-19 11:46:56.674 2720 3393 D RIL_UiccSmsController: isSmsSimPickActivityNeeded: false, sms prompt disabled.
07-19 11:46:56.675 2720 2750 D IccSmsInterfaceManager: [IccSmsInterfaceManager] Calling setGsmBroadcastConfig with 1 configurations
07-19 11:46:56.676 2720 2750 D RILJ : [3799]> RIL_REQUEST_GSM_SET_BROADCAST_CONFIG with 1 configs : [SUB0]
07-19 11:46:56.676 2720 2750 D RILJ : SmsBroadcastConfigInfo: Id [4352,4354] Code [0,255] ENABLED [SUB0]
07-19 11:46:56.676 2720 2749 D SubscriptionController: [getActiveSubscriptionInfo]+ subId=1 subInfo={id=1, iccId=89492019156020009546 simSlotIndex=0 displayName=LIDL Connect carrierName=Emergency calls only nameSource=0 iconTint=-16746133 dataRoaming=0 iconBitmap=android.graphics.Bitmap@3a9fd48 mcc 262 mnc 2 userNwMode=10}
07-19 11:46:56.687 2720 2990 D SubscriptionController: [getActiveSubscriptionInfo]+ subId=1 subInfo={id=1, iccId=89492019156020009546 simSlotIndex=0 displayName=LIDL Connect carrierName=Emergency calls only nameSource=0 iconTint=-16746133 dataRoaming=0 iconBitmap=android.graphics.Bitmap@e824906 mcc 262 mnc 2 userNwMode=10}
07-19 11:46:56.696 2720 3441 D SubscriptionController: [getActiveSubscriptionInfo]+ subId=1 subInfo={id=1, iccId=89492019156020009546 simSlotIndex=0 displayName=LIDL Connect carrierName=Emergency calls only nameSource=0 iconTint=-16746133 dataRoaming=0 iconBitmap=android.graphics.Bitmap@905a5f4 mcc 262 mnc 2 userNwMode=10}
07-19 11:46:56.730 1827 4003 I am_proc_start: [0,4667,1000,com.qualcomm.timeservice,broadcast,com.qualcomm.timeservice/.TimeServiceBroadcastReceiver]
07-19 11:46:56.730 1827 4003 I ActivityManager: Start proc 4667:com.qualcomm.timeservice/1000 for broadcast com.qualcomm.timeservice/.TimeServiceBroadcastReceiver
07-19 11:46:56.741 4091 4594 W MediaScanner: Error opening directory '/oem/media/', skipping: No such file or directory.
07-19 11:46:56.751 1827 2554 I am_proc_bound: [0,4667,com.qualcomm.timeservice]
07-19 11:46:56.770 4667 4667 I art : Starting a blocking GC AddRemoveAppImageSpace
07-19 11:46:56.771 4667 4667 W System : ClassLoader referenced unknown path: /system/app/TimeService/lib/arm
07-19 11:46:56.771 2646 2646 D wpa_supplicant: EAPOL: startWhen --> 0
07-19 11:46:56.771 2646 2646 D wpa_supplicant: EAPOL: disable timer tick
07-19 11:46:56.804 4667 4667 D TimeService: Receivedandroid.intent.action.TIME_SET intent. Current Time is 1500457616804
07-19 11:46:56.804 4667 4667 D : TimeServiceNative: User Time to be set is 1500457616804
07-19 11:46:56.804 4667 4667 D QC-time-services: Lib:time_genoff_operation: pargs->base = 2
07-19 11:46:56.804 4667 4667 D QC-time-services: Lib:time_genoff_operation: pargs->operation = 0
07-19 11:46:56.804 4667 4667 D QC-time-services: Lib:time_genoff_operation: pargs->ts_val = 1500457616804
07-19 11:46:56.805 329 463 D QC-time-services: Daemon: Connection accepted:time_genoff
07-19 11:46:56.805 4667 4667 D QC-time-services: Lib:time_genoff_operation: Send to server passed!!
07-19 11:46:56.806 329 4685 D QC-time-services: Daemon:Received base = 2, unit = 1, operation = 0,value = 1500457616804
07-19 11:46:56.806 329 4685 D QC-time-services: Daemon:genoff_opr: Base = 2, val = 1500457616804, operation = 0
07-19 11:46:56.806 329 4685 D QC-time-services: Daemon:rtc_get: Time read from RTC -- MM/DD/YY HH:MM:SS0/1/70 0:3:25
07-19 11:46:56.806 329 4685 D QC-time-services: Daemon:Value read from RTC seconds = 205000
07-19 11:46:56.806 329 4685 D QC-time-services: Daemon:new time 1500457616804 
07-19 11:46:56.806 329 4685 D QC-time-services: Daemon: delta 1500457411804 genoff 1500457411804 
07-19 11:46:56.806 329 4685 D QC-time-services: Daemon:genoff_persistent_update: Writing genoff = 1500457411804 to memory
07-19 11:46:56.806 329 4685 D QC-time-services: Daemon:Opening File: /data/time/ats_2
07-19 11:46:56.806 329 4685 D QC-time-services: Daemon:time_persistent_memory_opr:Genoff write operation 
07-19 11:46:56.807 329 4685 D QC-time-services: Updating the TOD offset
07-19 11:46:56.807 329 4685 D QC-time-services: Daemon:genoff_persistent_update: Writing genoff = 1500457411804 to memory
07-19 11:46:56.807 329 4685 D QC-time-services: Daemon:Opening File: /data/time/ats_1
07-19 11:46:56.807 329 4685 D QC-time-services: Daemon:time_persistent_memory_opr:Genoff write operation 
07-19 11:46:56.808 4667 4667 E QC-time-services: Receive Passed == base = 2, unit = 1, operation = 0, result = 0
07-19 11:46:56.809 329 4685 E QC-time-services: Daemon:Update to modem bit set
07-19 11:46:56.809 329 4685 D QC-time-services: Daemon:genoff_send_modem: Sending data to MODEM !
07-19 11:46:56.809 329 4685 D QC-time-services: Daemon: Base = 2, Value being sent to MODEM = 1184492611804
07-19 11:46:56.810 329 476 E QC-time-services: Daemon:tod_update_ind_cb: Got Update from modem msg_id 40
07-19 11:46:56.810 329 463 E QC-time-services: Daemon: Time-services: Waiting to acceptconnection
07-19 11:46:56.814 4293 4293 D AlertReceiver: onReceive: a=android.intent.action.PROVIDER_CHANGED Intent { act=android.intent.action.PROVIDER_CHANGED dat=content://com.android.calendar flg=0x20000010 cmp=com.android.calendar/.alerts.AlertReceiver }
07-19 11:46:56.819 1827 1926 I BroadcastQueue: Delay finish: com.android.calendar/.alerts.AlertReceiver
07-19 11:46:56.822 4293 4686 D AlertService: 0 Action = android.intent.action.PROVIDER_CHANGED
07-19 11:46:56.827 2720 2858 D RILJ : [3799]< RIL_REQUEST_GSM_SET_BROADCAST_CONFIG [SUB0]
07-19 11:46:56.828 2720 2750 D IccSmsInterfaceManager: [IccSmsInterfaceManager] Added GSM cell broadcast subscription for MID range 4352 to 4354 from client com.android.cellbroadcastreceiver
07-19 11:46:56.828 2720 2750 D IccSmsInterfaceManager: [IccSmsInterfaceManager] Calling setCellBroadcastActivation(true)
07-19 11:46:56.828 2720 2750 D RILJ : [3800]> RIL_REQUEST_GSM_BROADCAST_ACTIVATION [SUB0]
07-19 11:46:56.833 2720 2858 D RILJ : [3800]< RIL_REQUEST_GSM_BROADCAST_ACTIVATION [SUB0]
07-19 11:46:56.838 2720 3393 D PhoneFactory: SMS Prompt option:false
07-19 11:46:56.838 2720 3393 D RIL_UiccSmsController: isSmsSimPickActivityNeeded: false, sms prompt disabled.
07-19 11:46:56.839 2720 2749 D IccSmsInterfaceManager: [IccSmsInterfaceManager] Calling setGsmBroadcastConfig with 2 configurations
07-19 11:46:56.839 2720 2749 D RILJ : [3801]> RIL_REQUEST_GSM_SET_BROADCAST_CONFIG with 2 configs : [SUB0]
07-19 11:46:56.839 2720 2749 D RILJ : SmsBroadcastConfigInfo: Id [4352,4354] Code [0,255] ENABLED [SUB0]
07-19 11:46:56.839 2720 2749 D RILJ : SmsBroadcastConfigInfo: Id [4356,4356] Code [0,255] ENABLED [SUB0]
07-19 11:46:56.921 1827 4014 I BroadcastQueue: Resuming delayed broadcast
07-19 11:46:56.930 1827 4061 I BroadcastQueue: Delay finish: com.cyanogenmod.lockclock/.ClockWidgetProvider
07-19 11:46:56.941 1827 4003 I BroadcastQueue: Resuming delayed broadcast
07-19 11:46:56.967 4620 4645 D NetworkSecurityConfig: No Network Security Config specified, using platform default
07-19 11:46:56.968 4620 4645 W System : ClassLoader referenced unknown path: /system/framework/tcmclient.jar
07-19 11:46:56.987 2720 2858 D RILJ : [3801]< RIL_REQUEST_GSM_SET_BROADCAST_CONFIG [SUB0]
07-19 11:46:56.988 2720 2749 D IccSmsInterfaceManager: [IccSmsInterfaceManager] Added GSM cell broadcast subscription for MID range 4356 to 4356 from client com.android.cellbroadcastreceiver
07-19 11:46:56.988 2720 2749 D IccSmsInterfaceManager: [IccSmsInterfaceManager] Calling setCellBroadcastActivation(true)
07-19 11:46:56.988 2720 2749 D RILJ : [3802]> RIL_REQUEST_GSM_BROADCAST_ACTIVATION [SUB0]
07-19 11:46:56.992 2720 2858 D RILJ : [3802]< RIL_REQUEST_GSM_BROADCAST_ACTIVATION [SUB0]
07-19 11:46:56.996 2720 2990 D PhoneFactory: SMS Prompt option:false
07-19 11:46:56.996 2720 2990 D RIL_UiccSmsController: isSmsSimPickActivityNeeded: false, sms prompt disabled.
07-19 11:46:56.997 2720 3441 D IccSmsInterfaceManager: [IccSmsInterfaceManager] Failed to remove GSM cell broadcast subscription for MID range 4355 to 4355 from client com.android.cellbroadcastreceiver
07-19 11:46:57.000 2720 2750 D PhoneFactory: SMS Prompt option:false
07-19 11:46:57.000 2720 2750 D RIL_UiccSmsController: isSmsSimPickActivityNeeded: false, sms prompt disabled.
07-19 11:46:57.001 2720 3393 D IccSmsInterfaceManager: [IccSmsInterfaceManager] Calling setGsmBroadcastConfig with 3 configurations
07-19 11:46:57.001 2720 3393 D RILJ : [3803]> RIL_REQUEST_GSM_SET_BROADCAST_CONFIG with 3 configs : [SUB0]
07-19 11:46:57.001 2720 3393 D RILJ : SmsBroadcastConfigInfo: Id [4352,4354] Code [0,255] ENABLED [SUB0]
07-19 11:46:57.001 2720 3393 D RILJ : SmsBroadcastConfigInfo: Id [4356,4356] Code [0,255] ENABLED [SUB0]
07-19 11:46:57.001 2720 3393 D RILJ : SmsBroadcastConfigInfo: Id [4370,4370] Code [0,255] ENABLED [SUB0]
07-19 11:46:57.182 2720 2858 D RILJ : [3803]< RIL_REQUEST_GSM_SET_BROADCAST_CONFIG [SUB0]
07-19 11:46:57.183 2720 3393 D IccSmsInterfaceManager: [IccSmsInterfaceManager] Added GSM cell broadcast subscription for MID range 4370 to 4370 from client com.android.cellbroadcastreceiver
07-19 11:46:57.183 2720 3393 D IccSmsInterfaceManager: [IccSmsInterfaceManager] Calling setCellBroadcastActivation(true)
07-19 11:46:57.183 2720 3393 D RILJ : [3804]> RIL_REQUEST_GSM_BROADCAST_ACTIVATION [SUB0]
07-19 11:46:57.191 2720 2858 D RILJ : [3804]< RIL_REQUEST_GSM_BROADCAST_ACTIVATION [SUB0]
07-19 11:46:57.199 2720 2749 D PhoneFactory: SMS Prompt option:false
07-19 11:46:57.199 2720 2749 D RIL_UiccSmsController: isSmsSimPickActivityNeeded: false, sms prompt disabled.
07-19 11:46:57.200 2720 2990 D IccSmsInterfaceManager: [IccSmsInterfaceManager] Calling setGsmBroadcastConfig with 4 configurations
07-19 11:46:57.200 2720 2990 D RILJ : [3805]> RIL_REQUEST_GSM_SET_BROADCAST_CONFIG with 4 configs : [SUB0]
07-19 11:46:57.200 2720 2990 D RILJ : SmsBroadcastConfigInfo: Id [4352,4354] Code [0,255] ENABLED [SUB0]
07-19 11:46:57.200 2720 2990 D RILJ : SmsBroadcastConfigInfo: Id [4356,4356] Code [0,255] ENABLED [SUB0]
07-19 11:46:57.200 2720 2990 D RILJ : SmsBroadcastConfigInfo: Id [4370,4370] Code [0,255] ENABLED [SUB0]
07-19 11:46:57.200 2720 2990 D RILJ : SmsBroadcastConfigInfo: Id [4371,4372] Code [0,255] ENABLED [SUB0]
07-19 11:46:57.377 2720 2858 D RILJ : [3805]< RIL_REQUEST_GSM_SET_BROADCAST_CONFIG [SUB0]
07-19 11:46:57.378 2720 2990 D IccSmsInterfaceManager: [IccSmsInterfaceManager] Added GSM cell broadcast subscription for MID range 4371 to 4372 from client com.android.cellbroadcastreceiver
07-19 11:46:57.378 2720 2990 D IccSmsInterfaceManager: [IccSmsInterfaceManager] Calling setCellBroadcastActivation(true)
07-19 11:46:57.378 2720 2990 D RILJ : [3806]> RIL_REQUEST_GSM_BROADCAST_ACTIVATION [SUB0]
07-19 11:46:57.389 2720 2858 D RILJ : [3806]< RIL_REQUEST_GSM_BROADCAST_ACTIVATION [SUB0]
07-19 11:46:57.396 2720 3441 D PhoneFactory: SMS Prompt option:false
07-19 11:46:57.397 2720 3441 D RIL_UiccSmsController: isSmsSimPickActivityNeeded: false, sms prompt disabled.
07-19 11:46:57.398 2720 2750 D IccSmsInterfaceManager: [IccSmsInterfaceManager] Calling setGsmBroadcastConfig with 4 configurations
07-19 11:46:57.398 2720 2750 D RILJ : [3807]> RIL_REQUEST_GSM_SET_BROADCAST_CONFIG with 4 configs : [SUB0]
07-19 11:46:57.398 2720 2750 D RILJ : SmsBroadcastConfigInfo: Id [4352,4354] Code [0,255] ENABLED [SUB0]
07-19 11:46:57.398 2720 2750 D RILJ : SmsBroadcastConfigInfo: Id [4356,4356] Code [0,255] ENABLED [SUB0]
07-19 11:46:57.398 2720 2750 D RILJ : SmsBroadcastConfigInfo: Id [4370,4372] Code [0,255] ENABLED [SUB0]
07-19 11:46:57.398 2720 2750 D RILJ : SmsBroadcastConfigInfo: Id [4373,4378] Code [0,255] ENABLED [SUB0]
07-19 11:46:57.580 2720 2858 D RILJ : [3807]< RIL_REQUEST_GSM_SET_BROADCAST_CONFIG [SUB0]
07-19 11:46:57.582 2720 2750 D IccSmsInterfaceManager: [IccSmsInterfaceManager] Added GSM cell broadcast subscription for MID range 4373 to 4378 from client com.android.cellbroadcastreceiver
07-19 11:46:57.582 2720 2750 D IccSmsInterfaceManager: [IccSmsInterfaceManager] Calling setCellBroadcastActivation(true)
07-19 11:46:57.582 2720 2750 D RILJ : [3808]> RIL_REQUEST_GSM_BROADCAST_ACTIVATION [SUB0]
07-19 11:46:57.590 2720 2858 D RILJ : [3808]< RIL_REQUEST_GSM_BROADCAST_ACTIVATION [SUB0]
07-19 11:46:57.597 2720 3393 D PhoneFactory: SMS Prompt option:false
07-19 11:46:57.597 2720 3393 D RIL_UiccSmsController: isSmsSimPickActivityNeeded: false, sms prompt disabled.
07-19 11:46:57.598 2720 2749 D IccSmsInterfaceManager: [IccSmsInterfaceManager] Calling setGsmBroadcastConfig with 4 configurations
07-19 11:46:57.598 2720 2749 D RILJ : [3809]> RIL_REQUEST_GSM_SET_BROADCAST_CONFIG with 4 configs : [SUB0]
07-19 11:46:57.598 2720 2749 D RILJ : SmsBroadcastConfigInfo: Id [4352,4354] Code [0,255] ENABLED [SUB0]
07-19 11:46:57.598 2720 2749 D RILJ : SmsBroadcastConfigInfo: Id [4356,4356] Code [0,255] ENABLED [SUB0]
07-19 11:46:57.598 2720 2749 D RILJ : SmsBroadcastConfigInfo: Id [4370,4378] Code [0,255] ENABLED [SUB0]
07-19 11:46:57.598 2720 2749 D RILJ : SmsBroadcastConfigInfo: Id [4379,4379] Code [0,255] ENABLED [SUB0]
07-19 11:46:57.771 4620 4645 E Volley : [154] BasicNetwork.performRequest: Unexpected response code 404 for https://download.lineageos.org/api/v1/harpia/unofficial/03aa7dc1b9
07-19 11:46:57.776 2720 2858 D RILJ : [3809]< RIL_REQUEST_GSM_SET_BROADCAST_CONFIG [SUB0]
07-19 11:46:57.776 2720 2749 D IccSmsInterfaceManager: [IccSmsInterfaceManager] Added GSM cell broadcast subscription for MID range 4379 to 4379 from client com.android.cellbroadcastreceiver
07-19 11:46:57.777 2720 2749 D IccSmsInterfaceManager: [IccSmsInterfaceManager] Calling setCellBroadcastActivation(true)
07-19 11:46:57.777 2720 2749 D RILJ : [3810]> RIL_REQUEST_GSM_BROADCAST_ACTIVATION [SUB0]
07-19 11:46:57.781 4620 4620 E Volley : [1] UpdateCheckService.onErrorResponse: Error: 
07-19 11:46:57.782 2720 2858 D RILJ : [3810]< RIL_REQUEST_GSM_BROADCAST_ACTIVATION [SUB0]
07-19 11:46:57.782 4620 4620 E Volley : [1] UpdateCheckService.onErrorResponse: Error type: com.android.volley.ServerError
07-19 11:46:57.788 2720 2990 D PhoneFactory: SMS Prompt option:false
07-19 11:46:57.788 2720 2990 D RIL_UiccSmsController: isSmsSimPickActivityNeeded: false, sms prompt disabled.
07-19 11:46:57.790 2720 3441 D IccSmsInterfaceManager: [IccSmsInterfaceManager] Failed to remove GSM cell broadcast subscription for MID range 4380 to 4382 from client com.android.cellbroadcastreceiver
07-19 11:46:57.795 2720 2750 D PhoneFactory: SMS Prompt option:false
07-19 11:46:57.795 2720 2750 D RIL_UiccSmsController: isSmsSimPickActivityNeeded: false, sms prompt disabled.
07-19 11:46:57.795 2720 3393 D IccSmsInterfaceManager: [IccSmsInterfaceManager] Calling setGsmBroadcastConfig with 4 configurations
07-19 11:46:57.796 2720 3393 D RILJ : [3811]> RIL_REQUEST_GSM_SET_BROADCAST_CONFIG with 4 configs : [SUB0]
07-19 11:46:57.796 2720 3393 D RILJ : SmsBroadcastConfigInfo: Id [4352,4354] Code [0,255] ENABLED [SUB0]
07-19 11:46:57.796 2720 3393 D RILJ : SmsBroadcastConfigInfo: Id [4356,4356] Code [0,255] ENABLED [SUB0]
07-19 11:46:57.796 2720 3393 D RILJ : SmsBroadcastConfigInfo: Id [4370,4379] Code [0,255] ENABLED [SUB0]
07-19 11:46:57.796 2720 3393 D RILJ : SmsBroadcastConfigInfo: Id [4383,4383] Code [0,255] ENABLED [SUB0]
07-19 11:46:57.896 2646 2646 D wpa_supplicant: wlan0: Control interface command 'SIGNAL_POLL'
07-19 11:46:57.978 2720 2858 D RILJ : [3811]< RIL_REQUEST_GSM_SET_BROADCAST_CONFIG [SUB0]
07-19 11:46:57.979 2720 3393 D IccSmsInterfaceManager: [IccSmsInterfaceManager] Added GSM cell broadcast subscription for MID range 4383 to 4383 from client com.android.cellbroadcastreceiver
07-19 11:46:57.979 2720 3393 D IccSmsInterfaceManager: [IccSmsInterfaceManager] Calling setCellBroadcastActivation(true)
07-19 11:46:57.979 2720 3393 D RILJ : [3812]> RIL_REQUEST_GSM_BROADCAST_ACTIVATION [SUB0]
07-19 11:46:57.985 2720 2858 D RILJ : [3812]< RIL_REQUEST_GSM_BROADCAST_ACTIVATION [SUB0]
07-19 11:46:57.991 2720 2749 D PhoneFactory: SMS Prompt option:false
07-19 11:46:57.991 2720 2749 D RIL_UiccSmsController: isSmsSimPickActivityNeeded: false, sms prompt disabled.
07-19 11:46:57.992 2720 2990 D IccSmsInterfaceManager: [IccSmsInterfaceManager] Calling setGsmBroadcastConfig with 5 configurations
07-19 11:46:57.992 2720 2990 D RILJ : [3813]> RIL_REQUEST_GSM_SET_BROADCAST_CONFIG with 5 configs : [SUB0]
07-19 11:46:57.992 2720 2990 D RILJ : SmsBroadcastConfigInfo: Id [4352,4354] Code [0,255] ENABLED [SUB0]
07-19 11:46:57.992 2720 2990 D RILJ : SmsBroadcastConfigInfo: Id [4356,4356] Code [0,255] ENABLED [SUB0]
07-19 11:46:57.992 2720 2990 D RILJ : SmsBroadcastConfigInfo: Id [4370,4379] Code [0,255] ENABLED [SUB0]
07-19 11:46:57.993 2720 2990 D RILJ : SmsBroadcastConfigInfo: Id [4383,4383] Code [0,255] ENABLED [SUB0]
07-19 11:46:57.993 2720 2990 D RILJ : SmsBroadcastConfigInfo: Id [4384,4385] Code [0,255] ENABLED [SUB0]
07-19 11:46:58.192 2720 2858 D RILJ : [3813]< RIL_REQUEST_GSM_SET_BROADCAST_CONFIG [SUB0]
07-19 11:46:58.193 2720 2990 D IccSmsInterfaceManager: [IccSmsInterfaceManager] Added GSM cell broadcast subscription for MID range 4384 to 4385 from client com.android.cellbroadcastreceiver
07-19 11:46:58.193 2720 2990 D IccSmsInterfaceManager: [IccSmsInterfaceManager] Calling setCellBroadcastActivation(true)
07-19 11:46:58.193 2720 2990 D RILJ : [3814]> RIL_REQUEST_GSM_BROADCAST_ACTIVATION [SUB0]
07-19 11:46:58.199 2720 2858 D RILJ : [3814]< RIL_REQUEST_GSM_BROADCAST_ACTIVATION [SUB0]
07-19 11:46:58.204 2720 3441 D PhoneFactory: SMS Prompt option:false
07-19 11:46:58.204 2720 3441 D RIL_UiccSmsController: isSmsSimPickActivityNeeded: false, sms prompt disabled.
07-19 11:46:58.205 2720 2750 D IccSmsInterfaceManager: [IccSmsInterfaceManager] Calling setGsmBroadcastConfig with 5 configurations
07-19 11:46:58.205 2720 2750 D RILJ : [3815]> RIL_REQUEST_GSM_SET_BROADCAST_CONFIG with 5 configs : [SUB0]
07-19 11:46:58.205 2720 2750 D RILJ : SmsBroadcastConfigInfo: Id [4352,4354] Code [0,255] ENABLED [SUB0]
07-19 11:46:58.205 2720 2750 D RILJ : SmsBroadcastConfigInfo: Id [4356,4356] Code [0,255] ENABLED [SUB0]
07-19 11:46:58.205 2720 2750 D RILJ : SmsBroadcastConfigInfo: Id [4370,4379] Code [0,255] ENABLED [SUB0]
07-19 11:46:58.205 2720 2750 D RILJ : SmsBroadcastConfigInfo: Id [4383,4385] Code [0,255] ENABLED [SUB0]
07-19 11:46:58.205 2720 2750 D RILJ : SmsBroadcastConfigInfo: Id [4386,4391] Code [0,255] ENABLED [SUB0]
07-19 11:46:58.348 309 1182 I RILQ : (0/309):RIL[0][event] qcril_qmi_nas_reset_data_snapshot_cache_and_timer: Resetting snapshot timer
07-19 11:46:58.365 309 1182 I RILQ : (0/309):RIL[0][event] qcril_qmi_nas_reset_data_snapshot_cache_and_timer: Resetting snapshot timer
07-19 11:46:58.369 309 1182 I RILQ : (0/309):RIL[0][event] qcril_qmi_nas_reset_data_snapshot_cache_and_timer: Resetting snapshot timer
07-19 11:46:58.370 2720 2858 D RILJ : [UNSL]< UNSOL_RESPONSE_VOICE_NETWORK_STATE_CHANGED [SUB0]
07-19 11:46:58.370 2720 2720 D RILJ : [3816]> OPERATOR [SUB0]
07-19 11:46:58.371 2720 2720 D RILJ : [3817]> DATA_REGISTRATION_STATE [SUB0]
07-19 11:46:58.371 2720 2858 D RILJ : [UNSL]< UNSOL_RESPONSE_VOICE_NETWORK_STATE_CHANGED [SUB0]
07-19 11:46:58.372 2720 2720 D RILJ : [3818]> VOICE_REGISTRATION_STATE [SUB0]
07-19 11:46:58.373 2720 2720 D RILJ : [3819]> QUERY_NETWORK_SELECTION_MODE [SUB0]
07-19 11:46:58.373 2720 2720 D RILJ : [3820]> OPERATOR [SUB0]
07-19 11:46:58.374 2720 2720 D RILJ : [3821]> DATA_REGISTRATION_STATE [SUB0]
07-19 11:46:58.374 2720 2720 D RILJ : [3822]> VOICE_REGISTRATION_STATE [SUB0]
07-19 11:46:58.375 309 1182 I RILQ : (0/309):RIL[0][event] qcril_qmi_nas_reset_data_snapshot_cache_and_timer: Resetting snapshot timer
07-19 11:46:58.375 2720 2720 D RILJ : [3823]> QUERY_NETWORK_SELECTION_MODE [SUB0]
07-19 11:46:58.382 2720 2858 D RILJ : [3816]< OPERATOR {null, null, null, null, null, null} [SUB0]
07-19 11:46:58.383 309 4739 I RILQ : (0/309):RIL[0][imss_init] qcril_qmi_nas_reset_data_snapshot_cache_and_timer: Resetting snapshot timer
07-19 11:46:58.386 2720 2858 D RILJ : [3820]< OPERATOR {null, null, null, null, null, null} [SUB0]
07-19 11:46:58.387 2720 2858 D RILJ : [3817]< DATA_REGISTRATION_STATE {3, null, null, null, 15, 20, null, null, null, null, null} [SUB0]
07-19 11:46:58.388 2720 2858 D RILJ : [3821]< DATA_REGISTRATION_STATE {3, null, null, null, 15, 20, null, null, null, null, null} [SUB0]
07-19 11:46:58.389 2720 2720 D SST : handlPollStateResultMessage: GsmSST setDataRegState=1 regState=3 dataRadioTechnology=0
07-19 11:46:58.390 309 4740 I RILQ : (0/309):RIL[0][cmd-20(328)] qcril_qmi_nas_reset_data_snapshot_cache_and_timer: Resetting snapshot timer
07-19 11:46:58.396 2720 2858 D RILJ : [3819]< QUERY_NETWORK_SELECTION_MODE {0} [SUB0]
07-19 11:46:58.396 2720 2720 D SST : EVENT_POLL_STATE_NETWORK_SELECTION_MODE
07-19 11:46:58.397 2720 2858 D RILJ : [3823]< QUERY_NETWORK_SELECTION_MODE {0} [SUB0]
07-19 11:46:58.397 2720 2720 D SST : EVENT_POLL_STATE_NETWORK_SELECTION_MODE
07-19 11:46:58.398 2720 2858 D RILJ : [3818]< VOICE_REGISTRATION_STATE {13, null, null, 0, null, null, null, 0, null, null, null, null, null, 15, null} [SUB0]
07-19 11:46:58.398 2720 2858 V RILJ : [UNSL]< UNSOL_OEM_HOOK_RAW 001000041000000001000000080000007a0000002c070000 [SUB0]
07-19 11:46:58.399 2720 2858 D RILJ : [3822]< VOICE_REGISTRATION_STATE {13, null, null, 0, null, null, null, 0, null, null, null, null, null, 15, null} [SUB0]
07-19 11:46:58.400 2720 2720 D SST : Poll ServiceState done: oldSS=[1 1 voice home data home null null null null null null Unknown Unknown CSS not supported -1 -1 RoamInd=-1 DefRoamInd=-1 EmergOnly=true IsDataRoamingFromRegistration=false IsUsingCarrierAggregation=false] newSS=[1 1 voice home data home null null null null null null Unknown Unknown CSS not supported -1 -1 RoamInd=-1 DefRoamInd=-1 EmergOnly=true IsDataRoamingFromRegistration=false IsUsingCarrierAggregation=false] oldMaxDataCalls=20 mNewMaxDataCalls=20 oldReasonDataDenied=15 mNewReasonDataDenied=15
07-19 11:46:58.401 2720 2858 D RILJ : [UNSL]< UNSOL_RESPONSE_VOICE_NETWORK_STATE_CHANGED [SUB0]
07-19 11:46:58.402 2720 2720 D RILJ : [3824]> OPERATOR [SUB0]
07-19 11:46:58.403 2720 2720 D RILJ : [3825]> DATA_REGISTRATION_STATE [SUB0]
07-19 11:46:58.404 2720 2720 D RILJ : [3826]> VOICE_REGISTRATION_STATE [SUB0]
07-19 11:46:58.404 2720 2720 D RILJ : [3827]> QUERY_NETWORK_SELECTION_MODE [SUB0]
07-19 11:46:58.409 2720 2858 D RILJ : [3824]< OPERATOR {null, null, null, null, null, null} [SUB0]
07-19 11:46:58.411 309 4750 I RILQ : (0/309):RIL[0][cmd-20(624)] qcril_qmi_nas_reset_data_snapshot_cache_and_timer: Resetting snapshot timer
07-19 11:46:58.415 309 4749 I RILQ : (0/309):RIL[0][cmd-21(768)] qcril_qmi_nas_reset_data_snapshot_cache_and_timer: Resetting snapshot timer
07-19 11:46:58.418 2720 2858 D RILJ : [3826]< VOICE_REGISTRATION_STATE {13, null, null, 0, null, null, null, 0, null, null, null, null, null, 15, null} [SUB0]
07-19 11:46:58.420 2720 2858 D RILJ : [3825]< DATA_REGISTRATION_STATE {3, null, null, null, 15, 20, null, null, null, null, null} [SUB0]
07-19 11:46:58.420 2720 2720 D SST : handlPollStateResultMessage: GsmSST setDataRegState=1 regState=3 dataRadioTechnology=0
07-19 11:46:58.421 2720 2858 D RILJ : [3827]< QUERY_NETWORK_SELECTION_MODE {0} [SUB0]
07-19 11:46:58.421 2720 2720 D SST : EVENT_POLL_STATE_NETWORK_SELECTION_MODE
07-19 11:46:58.423 2720 2720 D SST : Poll ServiceState done: oldSS=[1 1 voice home data home null null null null null null Unknown Unknown CSS not supported -1 -1 RoamInd=-1 DefRoamInd=-1 EmergOnly=true IsDataRoamingFromRegistration=false IsUsingCarrierAggregation=false] newSS=[1 1 voice home data home null null null null null null Unknown Unknown CSS not supported -1 -1 RoamInd=-1 DefRoamInd=-1 EmergOnly=true IsDataRoamingFromRegistration=false IsUsingCarrierAggregation=false] oldMaxDataCalls=20 mNewMaxDataCalls=20 oldReasonDataDenied=15 mNewReasonDataDenied=15
07-19 11:46:58.483 2720 2858 D RILJ : [3815]< RIL_REQUEST_GSM_SET_BROADCAST_CONFIG [SUB0]
07-19 11:46:58.483 2720 2750 D IccSmsInterfaceManager: [IccSmsInterfaceManager] Added GSM cell broadcast subscription for MID range 4386 to 4391 from client com.android.cellbroadcastreceiver
07-19 11:46:58.484 2720 2750 D IccSmsInterfaceManager: [IccSmsInterfaceManager] Calling setCellBroadcastActivation(true)
07-19 11:46:58.484 2720 2750 D RILJ : [3828]> RIL_REQUEST_GSM_BROADCAST_ACTIVATION [SUB0]
07-19 11:46:58.489 2720 2858 D RILJ : [3828]< RIL_REQUEST_GSM_BROADCAST_ACTIVATION [SUB0]
07-19 11:46:58.495 2720 3393 D PhoneFactory: SMS Prompt option:false
07-19 11:46:58.495 2720 3393 D RIL_UiccSmsController: isSmsSimPickActivityNeeded: false, sms prompt disabled.
07-19 11:46:58.496 2720 2749 D IccSmsInterfaceManager: [IccSmsInterfaceManager] Calling setGsmBroadcastConfig with 5 configurations
07-19 11:46:58.496 2720 2749 D RILJ : [3829]> RIL_REQUEST_GSM_SET_BROADCAST_CONFIG with 5 configs : [SUB0]
07-19 11:46:58.496 2720 2749 D RILJ : SmsBroadcastConfigInfo: Id [4352,4354] Code [0,255] ENABLED [SUB0]
07-19 11:46:58.496 2720 2749 D RILJ : SmsBroadcastConfigInfo: Id [4356,4356] Code [0,255] ENABLED [SUB0]
07-19 11:46:58.496 2720 2749 D RILJ : SmsBroadcastConfigInfo: Id [4370,4379] Code [0,255] ENABLED [SUB0]
07-19 11:46:58.496 2720 2749 D RILJ : SmsBroadcastConfigInfo: Id [4383,4391] Code [0,255] ENABLED [SUB0]
07-19 11:46:58.496 2720 2749 D RILJ : SmsBroadcastConfigInfo: Id [4392,4392] Code [0,255] ENABLED [SUB0]
07-19 11:46:58.681 2720 2858 D RILJ : [3829]< RIL_REQUEST_GSM_SET_BROADCAST_CONFIG [SUB0]
07-19 11:46:58.681 2720 2749 D IccSmsInterfaceManager: [IccSmsInterfaceManager] Added GSM cell broadcast subscription for MID range 4392 to 4392 from client com.android.cellbroadcastreceiver
07-19 11:46:58.681 2720 2749 D IccSmsInterfaceManager: [IccSmsInterfaceManager] Calling setCellBroadcastActivation(true)
07-19 11:46:58.681 2720 2749 D RILJ : [3830]> RIL_REQUEST_GSM_BROADCAST_ACTIVATION [SUB0]
07-19 11:46:58.686 2720 2858 D RILJ : [3830]< RIL_REQUEST_GSM_BROADCAST_ACTIVATION [SUB0]
07-19 11:46:58.691 2720 2990 D PhoneFactory: SMS Prompt option:false
07-19 11:46:58.691 2720 2990 D RIL_UiccSmsController: isSmsSimPickActivityNeeded: false, sms prompt disabled.
07-19 11:46:58.692 2720 3441 D IccSmsInterfaceManager: [IccSmsInterfaceManager] Failed to remove GSM cell broadcast subscription for MID range 4393 to 4395 from client com.android.cellbroadcastreceiver
07-19 11:46:58.695 2720 2750 D PhoneFactory: SMS Prompt option:false
07-19 11:46:58.695 2720 2750 D RIL_UiccSmsController: isSmsSimPickActivityNeeded: false, sms prompt disabled.
07-19 11:46:58.696 2720 3393 D IccSmsInterfaceManager: [IccSmsInterfaceManager] Calling setGsmBroadcastConfig with 5 configurations
07-19 11:46:58.696 2720 3393 D RILJ : [3831]> RIL_REQUEST_GSM_SET_BROADCAST_CONFIG with 5 configs : [SUB0]
07-19 11:46:58.696 2720 3393 D RILJ : SmsBroadcastConfigInfo: Id [4352,4354] Code [0,255] ENABLED [SUB0]
07-19 11:46:58.696 2720 3393 D RILJ : SmsBroadcastConfigInfo: Id [4356,4356] Code [0,255] ENABLED [SUB0]
07-19 11:46:58.696 2720 3393 D RILJ : SmsBroadcastConfigInfo: Id [4370,4379] Code [0,255] ENABLED [SUB0]
07-19 11:46:58.696 2720 3393 D RILJ : SmsBroadcastConfigInfo: Id [4383,4392] Code [0,255] ENABLED [SUB0]
07-19 11:46:58.696 2720 3393 D RILJ : SmsBroadcastConfigInfo: Id [50,50] Code [0,255] ENABLED [SUB0]
07-19 11:46:58.879 2720 2858 D RILJ : [3831]< RIL_REQUEST_GSM_SET_BROADCAST_CONFIG [SUB0]
07-19 11:46:58.880 2720 3393 D IccSmsInterfaceManager: [IccSmsInterfaceManager] Added GSM cell broadcast subscription for MID range 50 to 50 from client com.android.cellbroadcastreceiver
07-19 11:46:58.880 2720 3393 D IccSmsInterfaceManager: [IccSmsInterfaceManager] Calling setCellBroadcastActivation(true)
07-19 11:46:58.881 2720 3393 D RILJ : [3832]> RIL_REQUEST_GSM_BROADCAST_ACTIVATION [SUB0]
07-19 11:46:58.885 2720 2858 D RILJ : [3832]< RIL_REQUEST_GSM_BROADCAST_ACTIVATION [SUB0]
07-19 11:46:58.890 2720 2749 D PhoneFactory: SMS Prompt option:false
07-19 11:46:58.890 2720 2749 D RIL_UiccSmsController: isSmsSimPickActivityNeeded: false, sms prompt disabled.
07-19 11:46:58.890 2720 3441 D IccSmsInterfaceManager: [IccSmsInterfaceManager] Calling setGsmBroadcastConfig with 6 configurations
07-19 11:46:58.890 2720 3441 D RILJ : [3833]> RIL_REQUEST_GSM_SET_BROADCAST_CONFIG with 6 configs : [SUB0]
07-19 11:46:58.890 2720 3441 D RILJ : SmsBroadcastConfigInfo: Id [50,50] Code [0,255] ENABLED [SUB0]
07-19 11:46:58.890 2720 3441 D RILJ : SmsBroadcastConfigInfo: Id [4352,4354] Code [0,255] ENABLED [SUB0]
07-19 11:46:58.890 2720 3441 D RILJ : SmsBroadcastConfigInfo: Id [4356,4356] Code [0,255] ENABLED [SUB0]
07-19 11:46:58.890 2720 3441 D RILJ : SmsBroadcastConfigInfo: Id [4370,4379] Code [0,255] ENABLED [SUB0]
07-19 11:46:58.890 2720 3441 D RILJ : SmsBroadcastConfigInfo: Id [4383,4392] Code [0,255] ENABLED [SUB0]
07-19 11:46:58.891 2720 3441 D RILJ : SmsBroadcastConfigInfo: Id [60,60] Code [0,255] ENABLED [SUB0]
07-19 11:46:59.067 2720 2858 D RILJ : [3833]< RIL_REQUEST_GSM_SET_BROADCAST_CONFIG [SUB0]
07-19 11:46:59.068 2720 3441 D IccSmsInterfaceManager: [IccSmsInterfaceManager] Added GSM cell broadcast subscription for MID range 60 to 60 from client com.android.cellbroadcastreceiver
07-19 11:46:59.068 2720 3441 D IccSmsInterfaceManager: [IccSmsInterfaceManager] Calling setCellBroadcastActivation(true)
07-19 11:46:59.068 2720 3441 D RILJ : [3834]> RIL_REQUEST_GSM_BROADCAST_ACTIVATION [SUB0]
07-19 11:46:59.077 2720 2858 D RILJ : [3834]< RIL_REQUEST_GSM_BROADCAST_ACTIVATION [SUB0]
07-19 11:46:59.082 2958 4649 D CellBroadcastOtherChannelsManager: No additional channels configured. subId = 1
07-19 11:47:00.280 4597 4613 E QcrilMsgTunnelSocket: IOException - java.io.IOException: No such file or directory Reason: No such file or directory
07-19 11:47:00.280 4597 4613 I QcrilMsgTunnelSocket: Couldn't find 'qmux_radio/rild_oem0' socket; retrying after timeout
07-19 11:47:00.281 4597 4615 E QcrilMsgTunnelSocket: IOException - java.io.IOException: No such file or directory Reason: No such file or directory
07-19 11:47:00.282 4597 4615 I QcrilMsgTunnelSocket: Couldn't find 'qmux_radio/rild_oem1' socket; retrying after timeout
07-19 11:47:00.931 2646 2646 D wpa_supplicant: wlan0: Control interface command 'SIGNAL_POLL'
07-19 11:47:01.677 1827 2331 I InputReader: Reconfiguring input devices. changes=0x00000010
07-19 11:47:01.690 2720 2720 D CarrierSvcBindHelper: No carrier app for: 0
07-19 11:47:01.691 2720 2720 D CarrierSvcBindHelper: No carrier app for: 1
07-19 11:47:01.695 1827 1936 W Searchables: No global search activity found
07-19 11:47:01.822 4293 4686 I GlobalDismissManager: no sender configured
07-19 11:47:01.823 4293 4686 D AlertService: Beginning updateAlertNotification
07-19 11:47:01.834 4293 4686 D AlertService: No fired or scheduled alerts
07-19 11:47:01.839 4293 4686 D AlertService: Scheduling next alarm with AlarmScheduler. sEventReminderReceived: null
07-19 11:47:01.847 4293 4686 D AlarmScheduler: No events found starting within 1 week.
07-19 11:47:03.489 1827 1985 I PowerManagerService: Going to sleep due to screen timeout (uid 1000)...
07-19 11:47:03.489 1827 1985 I power_sleep_requested: 0
07-19 11:47:03.495 2463 2463 W FingerprintManager: isFingerprintHardwareDetected(): Service not connected!
07-19 11:47:03.500 1827 1985 I Adreno-EGL: : EGL 1.4 QUALCOMM build: (Ifd751822f5)
07-19 11:47:03.500 1827 1985 I Adreno-EGL: OpenGL ES Shader Compiler Version: XE031.06.00.05
07-19 11:47:03.500 1827 1985 I Adreno-EGL: Build Date: 01/26/16 Tue 07-19 11:47:03.500 1827 1985 I Adreno-EGL: Local Branch: AU12_SBA
07-19 11:47:03.500 1827 1985 I Adreno-EGL: Remote Branch: 
07-19 11:47:03.500 1827 1985 I Adreno-EGL: Local Patches: 
07-19 11:47:03.500 1827 1985 I Adreno-EGL: Reconstruct Branch: 
07-19 11:47:03.513 1827 1985 W Adreno-EGL: : EGL_BAD_ATTRIBUTE
07-19 11:47:03.966 2646 2646 D wpa_supplicant: wlan0: Control interface command 'SIGNAL_POLL'
07-19 11:47:04.021 1827 1985 E Sensors : AccSensor::setEnable handle:1 enable:0
07-19 11:47:04.021 1827 1985 E Sensors : AccSensor::setEnable handle:1 oldStatus=1 newStatus=0
07-19 11:47:04.022 1827 1985 E Sensors : AccSensor::setEnable finished!!!
07-19 11:47:04.024 0 0 I : [ 37.991946,1] bma25x-accel 4-0019: bma25x_set_enable entry ebable:0 pre_enable:1!!!
07-19 11:47:04.024 0 0 I : [ 37.992396,0] bma25x-accel 4-0019: bma25x_set_enable finished!!!
07-19 11:47:04.022 1827 1985 V KeyguardServiceDelegate: onScreenTurnedOff()
07-19 11:47:04.023 1827 1926 E Sensors : ProxSensor::setEnable handle:5 enable:0
07-19 11:47:04.024 1827 1926 D Sensors : ProxSensor old=1 new =0
07-19 11:47:04.024 1827 1985 I VrManagerService: VR mode is disallowed
07-19 11:47:04.030 1827 1985 E libEGL : call to OpenGL ES API with no current context (logged once per thread)
07-19 11:47:04.038 1827 1926 E Sensors : ProxSensor::setEnable finished!!!
07-19 11:47:04.040 1827 1985 E Sensors : als setDelay
07-19 11:47:04.040 1827 1985 E Sensors : als poll interval: 250
07-19 11:47:04.041 1827 1983 I DisplayManagerService: Display device changed state: "Built-in Screen", OFF
07-19 11:47:04.042 288 288 D SurfaceFlinger: Set power mode=0, type=0 flinger=0xb6932000
07-19 11:47:04.042 288 288 D qdhwcomposer: hwc_setPowerMode: Setting mode 0 on display: 0
07-19 11:47:04.046 1827 2414 E Sensors : als enable
07-19 11:47:04.048 0 0 I [ 38.016629,0] alsps_epl8802[epl_sensor_enable_als]: enable=0
07-19 11:47:04.048 1827 2414 E Sensors : als opening als_enable 0
07-19 11:47:04.055 288 288 E qdutils : int qdutils::getHDMINode(): Failed to open fb node 2
07-19 11:47:04.055 288 288 E qdutils : int qdutils::getHDMINode(): Failed to open fb node 3
07-19 11:47:04.055 288 288 E qdutils : int qdutils::getHDMINode(): Failed to find HDMI node
07-19 11:47:04.264 288 538 I qdhwcomposer: handle_blank_event: dpy:0 panel power state: 0
07-19 11:47:04.264 288 538 E qdutils : int qdutils::getHDMINode(): Failed to open fb node 2
07-19 11:47:04.265 288 538 E qdutils : int qdutils::getHDMINode(): Failed to open fb node 3
07-19 11:47:04.265 288 538 E qdutils : int qdutils::getHDMINode(): Failed to find HDMI node
07-19 11:47:04.265 288 288 D qdhwcomposer: hwc_setPowerMode: Done setting mode 0 on display 0
07-19 11:47:04.268 0 0 I [ 38.025726,1] synaptics_dsx_sensor_state: state change ACTIVE -> SUSPEND
07-19 11:47:04.265 1827 2417 D SurfaceControl: Excessive delay in setPowerMode(): 224ms
07-19 11:47:04.268 0 0 I [ 38.025744,1] synaptics_rmi4_suspend: screen:
07-19 11:47:04.271 0 0 I [ 38.063599,1] mdss_dsi_panel_off+: ctrl=00000000 ndx=0
07-19 11:47:04.271 0 0 I [ 38.213763,0] mdss_dsi_panel_off-: 
07-19 11:47:04.271 0 0 I [ 38.213770,0] mdss_dsi_off+: ctrl=eb501010 ndx=0
07-19 11:47:04.271 0 0 I [ 38.232648,0] mdss_dsi_off-: 
07-19 11:47:04.273 1827 1985 I DreamManagerService: Entering dreamland.
07-19 11:47:04.275 1827 1985 I PowerManagerService: Dozing...
07-19 11:47:04.276 1827 1981 I DreamController: Starting dream: name=ComponentInfo{com.android.systemui/com.android.systemui.doze.DozeService}, isTest=false, canDoze=true, userId=0
07-19 11:47:04.277 1827 1981 I sysui_view_visibility: [223,100]
07-19 11:47:04.281 4597 4613 E QcrilMsgTunnelSocket: IOException - java.io.IOException: No such file or directory Reason: No such file or directory
07-19 11:47:04.282 4597 4613 I QcrilMsgTunnelSocket: Couldn't find 'qmux_radio/rild_oem0' socket; retrying after timeout
07-19 11:47:04.283 4597 4615 E QcrilMsgTunnelSocket: IOException - java.io.IOException: No such file or directory Reason: No such file or directory
07-19 11:47:04.283 4597 4615 I QcrilMsgTunnelSocket: Couldn't find 'qmux_radio/rild_oem1' socket; retrying after timeout
07-19 11:47:04.303 1827 1827 I power_screen_state: [0,3,0,0]
07-19 11:47:04.304 1827 1827 I screen_toggled: 0
07-19 11:47:04.304 1827 1827 I sysui_histogram: [screen_timeout,60]
07-19 11:47:04.304 1827 1827 I power_screen_broadcast_send: 1
07-19 11:47:04.308 313 313 D audio_hw_primary: adev_set_parameters: enter: screen_state=on
07-19 11:47:04.319 2463 2463 D PhoneStatusBar: disable: < expand ICONS alerts SYSTEM_INFO back HOME RECENT clock SEARCH quick_settings
> 07-19 11:47:04.322 2463 2463 W FingerprintManager: isFingerprintHardwareDetected(): Service not connected!
07-19 11:47:04.323 1827 1936 I am_pss : [2455,10062,com.android.inputmethod.latin,8918016,7081984,0]
07-19 11:47:04.325 2463 2463 W FingerprintManager: isFingerprintHardwareDetected(): Service not connected!
07-19 11:47:04.337 2463 2463 W FingerprintManager: isFingerprintHardwareDetected(): Service not connected!
07-19 11:47:04.342 2720 2720 D DCT : [0]screen on
07-19 11:47:04.342 2720 2720 D DCT : [0]stopNetStatPoll
07-19 11:47:04.345 2646 2646 D wpa_supplicant: wlan0: Control interface command 'SIGNAL_POLL'
07-19 11:47:04.346 2720 2720 D DCT : [1]screen on
07-19 11:47:04.346 2720 2720 D DCT : [1]stopNetStatPoll
07-19 11:47:04.347 2720 2720 D SubscriptionController: [getSubId]- numSubIds == 0, return DummySubIds slotIdx=1
07-19 11:47:04.347 2720 2720 D SubscriptionController: [getSubId]- numSubIds == 0, return DummySubIds slotIdx=1
07-19 11:47:04.352 2646 2646 D wpa_supplicant: wlan0: Control interface command 'DRIVER SETSUSPENDMODE 0'
07-19 11:47:04.353 2646 2646 D wpa_supplicant: wpa_driver_nl80211_driver_cmd SETSUSPENDMODE 0 len = 0, 4096
07-19 11:47:04.367 1827 1827 I power_screen_broadcast_done: [1,62,1]
07-19 11:47:04.367 1827 1827 I power_screen_broadcast_send: 1
07-19 11:47:04.376 313 540 D audio_hw_primary: adev_set_parameters: enter: screen_state=off
07-19 11:47:04.384 2720 2720 D DCT : [0]screen off
07-19 11:47:04.384 2720 2720 D DCT : [0]stopNetStatPoll
07-19 11:47:04.387 2720 2720 D DCT : [1]screen off
07-19 11:47:04.387 2720 2720 D DCT : [1]stopNetStatPoll
07-19 11:47:04.387 2720 2720 D SubscriptionController: [getSubId]- numSubIds == 0, return DummySubIds slotIdx=1
07-19 11:47:04.387 2720 2720 D SubscriptionController: [getSubId]- numSubIds == 0, return DummySubIds slotIdx=1
07-19 11:47:04.401 1827 1827 I power_screen_broadcast_done: [0,34,1]
07-19 11:47:04.407 2646 2646 D wpa_supplicant: wlan0: Control interface command 'DRIVER SETSUSPENDMODE 1'
07-19 11:47:04.432 2646 2646 D wpa_supplicant: wpa_driver_nl80211_driver_cmd SETSUSPENDMODE 1 len = 0, 4096
07-19 11:47:04.503 1827 1938 I WindowManager: OverscanTimeout run
07-19 11:47:05.105 0 0 I : [ 39.072587,0] Report pwrkey press event at: 2017-07-19 09:47:05 UTC
07-19 11:47:05.116 1827 2331 I sysui_histogram: [power_double_tap_interval,39051]
07-19 11:47:05.117 1827 2331 I PowerManagerService: Waking up from dozing (uid 1000)...
