07-19 14:02:09.269 313 524 D voice_extn: update_calls: cur_state=1 new_state=2 vsid=10c01000
07-19 14:02:09.269 313 524 D voice_extn: update_calls: INACTIVE -> ACTIVE vsid:10c01000
07-19 14:02:09.269 313 524 D voice : voice_start_usecase: enter usecase:voice-call
07-19 14:02:09.269 313 524 D audio_hw_primary: select_devices: out_snd_device(9: voice-handset) in_snd_device(60: voice-dmic-ef)
07-19 14:02:09.269 313 524 W msm8916_platform: Codec backend bitwidth 16, samplerate 48000
07-19 14:02:09.269 313 524 W msm8916_platform: platform_check_codec_backend_cfg:Use default bw and sr for voice/voip calls 
07-19 14:02:09.269 313 524 D hardware_info: hw_info_append_hw_type : device_name = voice-handset
07-19 14:02:09.269 313 524 D hardware_info: hw_info_append_hw_type : device_name = voice-dmic-ef
07-19 14:02:09.269 313 524 D audio_hw_primary: enable_snd_device: snd_device(60: voice-dmic-ef)
07-19 14:02:09.272 313 524 D ACDB-LOADER: ACDB -> send_voice_cal, acdb_rx = 7, acdb_tx = 41, feature_set = 0
07-19 14:02:09.272 313 524 D ACDB-LOADER: ACDB -> send_voice_rx_topology
07-19 14:02:09.272 313 524 D ACDB-LOADER: ACDB -> ACDB_CMD_GET_VOCPROC_COMMON_TOPOLOGY_ID
07-19 14:02:09.272 313 524 D ACDB-LOADER: ACDB -> send_voice_tx_topology
07-19 14:02:09.272 313 524 D ACDB-LOADER: ACDB -> ACDB_CMD_GET_VOCPROC_COMMON_TOPOLOGY_ID
07-19 14:02:09.272 313 524 D ACDB-LOADER: ACDB -> ACDB_CMD_GET_AFE_DATA
07-19 14:02:09.272 313 524 D ACDB-LOADER: ACDB -> AUDIO_SET_SIDETONE_CAL
07-19 14:02:09.272 313 524 D ACDB-LOADER: ACDB -> send_voice_columns, rxacdb_id 7, txacdb_id 41, table 1
07-19 14:02:09.272 313 524 D ACDB-LOADER: ACDB -> ACDB_CMD_GET_VOC_COLUMNS_INFO
07-19 14:02:09.272 313 524 D ACDB-LOADER: ACDB -> ACDB_CMD_GET_VOC_PROC_COMMON_TABLE
07-19 14:02:09.272 313 524 D ACDB-LOADER: ACDB -> AUDIO_SET_VOCPROC_CAL
07-19 14:02:09.272 313 524 D ACDB-LOADER: ACDB -> ACDB_CMD_GET_VOC_PROC_DEVICE_CFG
07-19 14:02:09.272 313 524 D ACDB-LOADER: ACDB -> AUDIO_SET_VOCPROC_DEV_CFG_CAL
07-19 14:02:09.272 313 524 D ACDB-LOADER: ACDB -> send_voice_columns, rxacdb_id 7, txacdb_id 41, table 2
07-19 14:02:09.272 313 524 D ACDB-LOADER: ACDB -> ACDB_CMD_GET_VOC_COLUMNS_INFO
07-19 14:02:09.272 313 524 D ACDB-LOADER: ACDB -> ACDB_CMD_GET_VOC_PROC_GAIN_DEP_VOLTBL_V2
07-19 14:02:09.273 313 524 D ACDB-LOADER: ACDB -> AUDIO_SET_VOCPROC_VOL_CAL
07-19 14:02:09.273 313 524 D ACDB-LOADER: ACDB -> send_voice_columns, rxacdb_id 7, txacdb_id 41, table 3
07-19 14:02:09.273 313 524 D ACDB-LOADER: ACDB -> ACDB_CMD_GET_VOC_COLUMNS_INFO
07-19 14:02:09.273 313 524 D ACDB-LOADER: ACDB -> ACDB_CMD_GET_VOC_STREAM_COMMON_TABLE
07-19 14:02:09.273 313 524 D ACDB-LOADER: ACDB -> AUDIO_SET_VOCPROC_STREAM_CAL
07-19 14:02:09.273 313 524 D ACDB-LOADER: ACDB -> send_afe_cal
07-19 14:02:09.273 313 524 D ACDB-LOADER: ACDB -> ACDB_CMD_GET_AFE_COMMON_TABLE
07-19 14:02:09.273 313 524 D : Failed to fetch the lookup information of the device 00000029 
07-19 14:02:09.273 313 524 D ACDB-LOADER: ACDB -> AUDIO_SET_AFE_CAL
07-19 14:02:09.273 313 524 D ACDB-LOADER: ACDB -> send_afe_cal
07-19 14:02:09.273 313 524 D ACDB-LOADER: ACDB -> ACDB_CMD_GET_AFE_COMMON_TABLE
07-19 14:02:09.273 313 524 D : Failed to fetch the lookup information of the device 00000007 
07-19 14:02:09.273 313 524 D ACDB-LOADER: ACDB -> AUDIO_SET_AFE_CAL
07-19 14:02:09.273 313 524 D ACDB-LOADER: ACDB -> send_aanctable
07-19 14:02:09.273 313 524 D ACDB-LOADER: ACDB -> ACDB_CMD_GET_ADAPTIVE_ANC_CONFIG_TABLE
07-19 14:02:09.273 313 524 D : Failed to fetch the lookup information of the device 00000029 
07-19 14:02:09.273 313 524 D ACDB-LOADER: ACDB_CMD_GET_ADAPTIVE_ANC_CONFIG_TABLE result -19
07-19 14:02:09.273 313 524 D ACDB-LOADER: ACDB -> AUDIO_SET_AANC_TABLE
07-19 14:02:09.273 313 524 D ACDB-LOADER: ACDB -> send_hw_delay : acdb_id = 41 path = 1
07-19 14:02:09.273 313 524 D ACDB-LOADER: ACDB -> ACDB_AVSYNC_INFO: ACDB_CMD_GET_DEVICE_PROPERTY
07-19 14:02:09.273 313 524 D ACDB-LOADER: ACDB -> send_hw_delay : acdb_id = 7 path = 0
07-19 14:02:09.273 313 524 D ACDB-LOADER: ACDB -> ACDB_AVSYNC_INFO: ACDB_CMD_GET_DEVICE_PROPERTY
07-19 14:02:09.273 313 524 D ACDB-LOADER: ACDB -> Sent VocProc Cal!
07-19 14:02:09.273 313 524 D audio_hw_primary: enable_audio_route: apply mixer and update path: voice-call
07-19 14:02:09.274 313 524 D audio_hw_primary: select_devices: done
07-19 14:02:09.274 313 524 D voice : voice_config.rate 8000
07-19 14:02:09.292 2646 2646 D wpa_supplicant: wlan0: Control interface command 'SIGNAL_POLL'
07-19 14:02:09.370 0 0 E [ 8143.336927,0] voice_apr_register: Unable to register MVM for MODEM
07-19 14:02:09.370 0 0 E [ 8143.336956,0] voice_apr_register: Unable to register CVS for MODEM
07-19 14:02:09.370 0 0 E [ 8143.336971,0] voice_apr_register: Unable to register CVP for MODEM
07-19 14:02:09.394 313 524 D voice : voice_start_usecase: exit: status(0)
07-19 14:02:09.394 313 524 D voice_extn: update_calls: cur_state=1 new_state=1 vsid=10dc1000
07-19 14:02:09.394 313 524 D voice_extn: update_calls: cur_state=1 new_state=1 vsid=10c02000
07-19 14:02:09.394 313 524 D voice_extn: update_calls: cur_state=1 new_state=1 vsid=10803000
07-19 14:02:09.394 313 524 D voice_extn: update_calls: cur_state=1 new_state=1 vsid=10002000
07-19 14:02:09.394 313 524 D voice_extn: update_calls: cur_state=1 new_state=1 vsid=11c05000
07-19 14:02:09.394 313 524 D voice_extn: update_calls: cur_state=1 new_state=1 vsid=11dc5000
07-19 14:02:09.395 313 6168 D audio_hw_extn: audio_extn_get_parameters: returns 
07-19 14:02:09.395 313 6168 I hash_map_utils: key: 'all_call_states' value: ''
07-19 14:02:09.396 313 313 D audio_hw_extn: audio_extn_get_parameters: returns 
07-19 14:02:09.396 313 313 I hash_map_utils: key: 'all_call_states' value: ''
07-19 14:02:09.396 313 528 D audio_hw_primary: out_set_parameters: enter: usecase(1: low-latency-playback) kvpairs: routing=1
07-19 14:02:09.397 0 0 E [ 8143.363564,0] qdsp_cvp_callback: cmd = 0x112c2 returned error = 0x9
07-19 14:02:09.400 313 5022 D audio_hw_extn: audio_extn_get_parameters: returns 
07-19 14:02:09.400 313 5022 I hash_map_utils: key: 'all_call_states' value: ''
07-19 14:02:09.404 2720 2858 D RILJ : [UNSL]< UNSOL_RESPONSE_CALL_STATE_CHANGED [SUB0]
07-19 14:02:09.404 2720 2720 D RILJ : [4336]> GET_CURRENT_CALLS [SUB0]
07-19 14:02:09.404 309 615 E use-Rlog/RLOG-RIL-MOTEXT: qcrilUpdVoiceCallCount, called , VcCount =1
07-19 14:02:09.405 309 1182 I RILQ : (0/309):RIL[0][event] qcril_qmi_voice_all_call_status_ind_hdlr: RILVIMS: update 1 calls[a-c-id: 1, q-c-id 1, c-s 2 -> 3]
07-19 14:02:09.405 309 615 I RILQ : (0/309):RIL[0][main] qcril_qmi_get_call_list_to_send: RILVI: calls rep:[qmi call id 1, android call id 1, qmi call state 3] reported/skipped 1/0 calls
07-19 14:02:09.406 2720 2858 V RILJ : [UNSL]< UNSOL_OEM_HOOK_RAW 514f454d484f4f4b0d0004000c0000000100000006000000401f0000 [SUB0]
07-19 14:02:09.406 2720 2858 V RILJ : Incoming UUS : NOT present! [SUB0]
07-19 14:02:09.407 2720 2858 D RILJ : InCall VoicePrivacy is disabled [SUB0]
07-19 14:02:09.407 2720 2858 D RILJ : [4335]< GET_CURRENT_CALLS {[id=1,ACTIVE,toa=145,norm,mt,0,voc,noevp,,cli=1,,3] } [SUB0]
07-19 14:02:09.408 2720 2720 D GsmCdmaCallTracker: Event EVENT_POLL_CALLS_RESULT Received
07-19 14:02:09.412 309 615 E use-Rlog/RLOG-RIL-MOTEXT: qcrilUpdVoiceCallCount, called , VcCount =1
07-19 14:02:09.412 309 615 I RILQ : (0/309):RIL[0][main] qcril_qmi_get_call_list_to_send: RILVI: calls rep:[qmi call id 1, android call id 1, qmi call state 3] reported/skipped 1/0 calls
07-19 14:02:09.413 2720 2858 V RILJ : Incoming UUS : NOT present! [SUB0]
07-19 14:02:09.413 2720 2858 D RILJ : InCall VoicePrivacy is disabled [SUB0]
07-19 14:02:09.413 2720 2858 D RILJ : [4336]< GET_CURRENT_CALLS {[id=1,ACTIVE,toa=145,norm,mt,0,voc,noevp,,cli=1,,3] } [SUB0]
07-19 14:02:09.414 2720 2720 D GsmCdmaCallTracker: Event EVENT_POLL_CALLS_RESULT Received
07-19 14:02:09.414 2720 2720 D GsmCdmaConnection: [GsmCdmaConn] parent= INCOMING, newParent= IDLE
07-19 14:02:09.414 2720 2720 D GsmCdmaConnection: [GsmCdmaConn] mNumberConverted false
07-19 14:02:09.414 2720 2720 D GsmCdmaConnection: [GsmCdmaConn] --dssds----null
07-19 14:02:09.414 2720 2720 D GsmCdmaConnection: [GsmCdmaConn] update: parent=ACTIVE, hasNewParent=false, wasConnectingInOrOut=true, wasHolding=false, isConnectingInOrOut=false, changed=true
07-19 14:02:09.414 2720 2720 D GsmCdmaConnection: [GsmCdmaConn] onConnectedInOrOut: connectTime=1500465729414
07-19 14:02:09.414 2720 2720 D GsmCdmaConnection: [GsmCdmaConn] releaseWakeLock
07-19 14:02:09.417 2720 2720 D GsmCdmaCallTracker: [GsmCdmaCallTracker] update phone state, old=RINGING new=OFFHOOK
07-19 14:02:09.418 1827 2405 I stream_devices_changed: [2,2,1]
07-19 14:02:09.418 1827 2405 I stream_devices_changed: [3,2,1]
07-19 14:02:09.419 1827 2405 I stream_devices_changed: [4,2,1]
07-19 14:02:09.423 2720 2720 W PhoneNumberUtils: getCountryIso Country {ISO=DE, source=0, time=8138523}
07-19 14:02:09.423 2720 2720 W PhoneNumberUtils: isLocalEmergencyNumberInternalDE
07-19 14:02:09.424 2720 2720 D PhoneNumberUtils: slotId:0 subId:1 country:DE emergencyNumbers: 911,*911,#911,112
07-19 14:02:09.425 1827 1926 I Telecom : InCallController: Sending updateCall [TC@1, RINGING, com.android.phone/com.android.services.telephony.TelephonyConnectionService, tel:**************, A, childs(0), has_parent(false), [Capabilities: CAPABILITY_SUPPORT_HOLD CAPABILITY_MUTE CAPABILITY_CANNOT_DOWNGRADE_VIDEO_TO_AUDIO CAPABILITY_SPEED_UP_MT_AUDIO], [Properties:]]: CSW.sSH@AJ8
07-19 14:02:09.430 1827 2833 I Telecom : CallAudioRouteStateMachine: Message received: SWITCH_FOCUS=4001, arg1=2: ICA.aC->CAMSM.pM_2004->CARSM.pM_SWITCH_FOCUS@AJE_0_2
07-19 14:02:09.430 1827 2833 I Telecom : CallAudioRouteStateMachine: setNotificationsSuppressed: on=yes; suppressed=no: ICA.aC->CAMSM.pM_2004->CARSM.pM_SWITCH_FOCUS@AJE_0_2
07-19 14:02:09.430 1827 1926 I Telecom : InCallController: Components updated: [ComponentInfo{com.android.dialer/com.android.incallui.InCallServiceImpl}]: CSW.sSH@AJ8
07-19 14:02:09.431 1827 1926 I Telecom : InCallController: Sending updateCall [TC@1, RINGING, com.android.phone/com.android.services.telephony.TelephonyConnectionService, tel:**************, A, childs(0), has_parent(false), [Capabilities: CAPABILITY_SUPPORT_HOLD CAPABILITY_MUTE CAPABILITY_CANNOT_DOWNGRADE_VIDEO_TO_AUDIO CAPABILITY_SPEED_UP_MT_AUDIO], [Properties:]]: CSW.sCC@AKA
07-19 14:02:09.434 1827 1926 I Telecom : InCallController: Components updated: [ComponentInfo{com.android.dialer/com.android.incallui.InCallServiceImpl}]: CSW.sCC@AKA
07-19 14:02:09.434 1827 1926 I Telecom : CallsManager: setCallState RINGING -> ACTIVE, call: [TC@1, RINGING, com.android.phone/com.android.services.telephony.TelephonyConnectionService, tel:**************, A, childs(0), has_parent(false), [Capabilities: CAPABILITY_SUPPORT_HOLD CAPABILITY_MUTE CAPABILITY_CANNOT_DOWNGRADE_VIDEO_TO_AUDIO CAPABILITY_SPEED_UP_MT_AUDIO], [Properties:]]: CSW.sA@AKE
07-19 14:02:09.435 1827 1926 I Telecom : Event: Call TC@1: SET_ACTIVE, active set explicitly: CSW.sA@AKE
07-19 14:02:09.436 1827 2836 I Telecom : CallAudioModeStateMachine: Message received: NO_MORE_RINGING_CALLS.: CSW.sA->CAMSM.pM_1002@AKE_0
07-19 14:02:09.437 2720 2720 D PhoneNumberUtils: slotId:0 subId:1 country:null emergencyNumbers: 911,*911,#911,112
07-19 14:02:09.439 1827 2833 D ZenLog : config: setInterruptionFilter,ZenModeConfig[user=0,allowCalls=true,allowRepeatCallers=false,allowMessages=false,allowCallsFrom=contacts,allowMessagesFrom=contacts,allowReminders=true,allowEvents=true,allowWhenScreenOff=true,allowWhenScreenOn=true,automaticRules={406c05fe4f3e42059102bc0f0a603d67=ZenRule[enabled=false,snoozing=false,name=Event,zenMode=ZEN_MODE_ALARMS,conditionId=condition://android/event?userId=-10000&calendar=&reply=1,condition=Condition[id=condition://android/event?userId=-10000&calendar=&reply=1,summary=...,line1=...,line2=...,icon=0,state=STATE_FALSE,flags=2],component=ComponentInfo{android/com.android.server.notification.EventConditionProvider},id=406c05fe4f3e42059102bc0f0a603d67,creationTime=1499987078118,enabler=null], 36f6661d1344457b9de018a9510a6257=ZenRule[enabled=false,snoozing=false,name=Weekend,zenMode=ZEN_MODE_ALARMS,conditionId=condition://android/schedule?days=6.7&start=23.30&end=10.0&exitAtAlarm=false,condition=Condition[id=condition://android/schedule?days=6.7&start=23.30&end=10.0&exitAtAlarm=false,summary=...,line1=...,line2=...,icon=0,state=STATE_FALSE,flags=2],component=ComponentInfo{android/com.android.server.notification.ScheduleConditionProvider},id=36f6661d1344457b9de018a9510a6257,creationTime=1499987078117,enabler=null], 471641bdc5dc4367b12b247c50c3e8ca=ZenRule[enabled=false,snoozing=false,name=Weeknight,zenMode=ZEN_MODE_ALARMS,conditionId=condition://android/schedule?days=1.2.3.4.5&start=22.0&end=7.0&exitAtAlarm=false,condition=Condition[id=condition://android/schedule?days=1.2.3.4.5&start=22.0&end=7.0&exitAtAlarm=false,summary=...,line1=...,line2=...,icon=0,state=STATE_FALSE,flags=2],component=ComponentInfo{android/com.android.server.notification.ScheduleConditionProvider},id=471641bdc5dc4367b12b247c50c3e8ca,creationTime=1499987078117,enabler=null]},manualRule=ZenRule[enabled=true,snoozing=false,name=null,zenMode=ZEN_MODE_ALARMS,conditionId=null,condition=null,component=null,id=null,creationTime=0,enabler=com.android.server.telecom]],Diff[manualRule:insert]
07-19 14:02:09.440 1827 2836 I Telecom : CallAudioModeStateMachine: Message received: NEW_ACTIVE_OR_DIALING_CALL.: CSW.sA->CAMSM.pM_2001@AKE_1
07-19 14:02:09.441 1827 1926 I Telecom : TelecomWakeLock: Releasing WakeLock with id: 26: CSW.sA@AKE
07-19 14:02:09.441 1827 1926 I Telecom : InCallWakeLockController: Releasing full wake lock: CSW.sA@AKE
07-19 14:02:09.442 1827 1926 I Telecom : InCallController: Sending updateCall [TC@1, ACTIVE, com.android.phone/com.android.services.telephony.TelephonyConnectionService, tel:**************, A, childs(0), has_parent(false), [Capabilities: CAPABILITY_SUPPORT_HOLD CAPABILITY_MUTE CAPABILITY_CANNOT_DOWNGRADE_VIDEO_TO_AUDIO CAPABILITY_SPEED_UP_MT_AUDIO], [Properties:]]: CSW.sA@AKE
07-19 14:02:09.442 1827 1926 I Telecom : InCallController: Components updated: [ComponentInfo{com.android.dialer/com.android.incallui.InCallServiceImpl}]: CSW.sA@AKE
07-19 14:02:09.444 1827 1937 W BroadcastQueue: Permission Denial: receiving Intent { act=android.intent.action.PHONE_STATE flg=0x10 (has extras) } to com.android.deskclock/.alarms.PhoneStateReceiver requires android.permission.READ_PRIVILEGED_PHONE_STATE due to sender android (uid 1000)
07-19 14:02:09.446 1827 1926 I Telecom : PhoneStateBroadcaster: Broadcasted state change: 2: CSW.sA@AKE
07-19 14:02:09.446 1827 1937 W BroadcastQueue: Permission Denial: receiving Intent { act=android.intent.action.PHONE_STATE flg=0x10 (has extras) } to ProcessRecord{832b545 2463:com.android.systemui/u0a33} (pid=2463, uid=10033) requires android.permission.READ_PHONE_STATE due to sender android (uid 1000)
07-19 14:02:09.446 1827 1926 I Telecom : ViceNotificationImpl: onCallStateChanged newState = 5: CSW.sA@AKE
07-19 14:02:09.446 1827 1937 W BroadcastQueue: Permission Denial: receiving Intent { act=android.intent.action.PHONE_STATE flg=0x10 (has extras) } to com.android.deskclock/.alarms.PhoneStateReceiver requires android.permission.READ_PHONE_STATE due to sender android (uid 1000)
07-19 14:02:09.447 1827 1926 I Telecom : InCallController: Sending updateCall [TC@1, ACTIVE, com.android.phone/com.android.services.telephony.TelephonyConnectionService, tel:**************, A, childs(0), has_parent(false), [Capabilities: CAPABILITY_SUPPORT_HOLD CAPABILITY_MUTE CAPABILITY_CANNOT_DOWNGRADE_VIDEO_TO_AUDIO CAPABILITY_SPEED_UP_MT_AUDIO], [Properties:]]: CSW.sSH@AKI
07-19 14:02:09.448 1827 1926 I Telecom : InCallController: Components updated: [ComponentInfo{com.android.dialer/com.android.incallui.InCallServiceImpl}]: CSW.sSH@AKI
07-19 14:02:09.449 1827 1926 I Telecom : InCallController: Sending updateCall [TC@1, ACTIVE, com.android.phone/com.android.services.telephony.TelephonyConnectionService, tel:**************, A, childs(0), has_parent(false), [Capabilities: CAPABILITY_HOLD CAPABILITY_SUPPORT_HOLD CAPABILITY_MUTE CAPABILITY_CANNOT_DOWNGRADE_VIDEO_TO_AUDIO CAPABILITY_SPEED_UP_MT_AUDIO], [Properties:]]: CSW.sCC@AKM
07-19 14:02:09.449 1827 1926 I Telecom : InCallController: Components updated: [ComponentInfo{com.android.dialer/com.android.incallui.InCallServiceImpl}]: CSW.sCC@AKM
07-19 14:02:09.450 1827 1926 I Telecom : Event: Call TC@1: CAPABILITY_CHANGE, Current: [[ hld sup_hld mut !v2a spd_aud]], Removed [[]], Added [[ hld]]: CSW.sCC@AKM
07-19 14:02:09.459 1827 1827 D ZenLog : set_zen_mode: alarms,setInterruptionFilter
07-19 14:02:09.466 1827 1827 D ZenLog : set_ringer_mode_internal: ZenModeHelper,i:normal->silent,e:normal->silent
07-19 14:02:09.468 2463 2626 I vol.Events: writeEvent internal_ringer_mode_changed silent
07-19 14:02:09.468 2463 2626 I vol.Events: writeEvent mute_changed STREAM_RING true
07-19 14:02:09.469 2463 2626 I vol.Events: writeEvent mute_changed STREAM_SYSTEM true
07-19 14:02:09.473 6120 6120 I InCall : CallList - onUpdate - [Call_0, ACTIVE, [Capabilities: CAPABILITY_HOLD CAPABILITY_SUPPORT_HOLD CAPABILITY_MUTE CAPABILITY_CANNOT_DOWNGRADE_VIDEO_TO_AUDIO], [Properties:], children:[], parent:null, conferenceable:[], videoState:Audio Only, mSessionModificationState:0, VideoSettings:(CameraDir:-1), mIsActivSub:false]
07-19 14:02:09.475 1827 1827 D GpsNetInitiatedHandler: onCallStateChanged(): state is 2
07-19 14:02:09.475 2463 2626 I sysui_action: [213,0]
07-19 14:02:09.475 2463 2626 I vol.Events: writeEvent external_ringer_mode_changed silent
07-19 14:02:09.475 1827 1827 I Telecom : MyHandler: MESSAGE_CALL_ENDED
07-19 14:02:09.476 1827 1827 I Telecom : ViceNotificationImpl: processNotification DEP null
07-19 14:02:09.482 2463 2626 I vol.Events: writeEvent zen_mode_changed alarms
07-19 14:02:09.482 1827 1827 I Telecom : : interruptionFilterChanged - ignoring own change: CARSM.oR@AKc
07-19 14:02:09.493 6120 6120 I InCall : InCallPresenter - Phone switching state: INCOMING -> INCALL
07-19 14:02:09.516 313 313 D audio_hw_extn: audio_extn_get_parameters: returns 
07-19 14:02:09.516 313 313 I hash_map_utils: key: 'volume_boost' value: ''
07-19 14:02:09.517 313 6168 D audio_hw_extn: audio_extn_get_parameters: returns 
07-19 14:02:09.517 313 6168 I hash_map_utils: key: 'volume_boost' value: ''
07-19 14:02:09.537 2720 2750 D SubscriptionController: [getActiveSubscriptionInfo]+ subId=1 subInfo={id=1, iccId=89492019156020009546 simSlotIndex=0 displayName=LIDL Connect carrierName=LIDL Connect nameSource=0 iconTint=-16746133 dataRoaming=0 iconBitmap=android.graphics.Bitmap@6300418 mcc 262 mnc 2 userNwMode=10}
07-19 14:02:09.543 6120 6120 I InCall : StatusBarNotifier - Displaying notification for 1
07-19 14:02:09.552 1827 1827 I notification_enqueue: [10020,6120,com.android.dialer,1,NULL,0,Notification(pri=1 contentView=null vibrate=null sound=null defaults=0x0 flags=0x2 color=0xff2a56c6 actions=1 vis=PRIVATE publicVersion=Notification(pri=0 contentView=com.android.dialer/0x109008b vibrate=null sound=null defaults=0x0 flags=0x0 color=0xff2a56c6 vis=PRIVATE)),1]
07-19 14:02:09.553 1827 1827 I sysui_histogram: [validate_people_cache_latency,0]
07-19 14:02:09.554 1827 1827 D ZenLog : intercepted: 0|com.android.dialer|1|null|10020,alarmsOnly
07-19 14:02:09.554 6120 6120 D AccelerometerListener: enable(true)
07-19 14:02:09.554 6120 6120 I InCall : ProximitySensor - ProximitySensor{keybrd=0, dpad=0, offhook=1, hor=0, ui=1, aud=EARPIECE}
07-19 14:02:09.554 6120 6120 I InCall : ProximitySensor - Acquiring proximity wake lock
07-19 14:02:09.555 1827 1827 V NotificationService: pkg=com.android.dialer canInterrupt=false intercept=true
07-19 14:02:09.556 1827 1985 E Sensors : ProxSensor setDelay handle = 5 delay = 200000000
07-19 14:02:09.556 1827 1985 E Sensors : ProxSensor::setEnable handle:5 enable:1
07-19 14:02:09.556 1827 1985 D Sensors : ProxSensor old=0 new =1
07-19 14:02:09.558 0 0 I [ 8143.525599,0] alsps_epl8802[epl_sensor_enable_ps]: PS enable!
07-19 14:02:09.558 0 0 I [ 8143.525621,0] alsps_epl8802[epl_sensor_enable_ps]: INTT=1, Gain=1, ir_drive=1
07-19 14:02:09.560 0 0 I [ 8143.528812,3] alsps_epl8802set_psensor_intr_threshold: low_thd = 2300, high_thd = 2301
07-19 14:02:09.570 2720 4902 D SubscriptionController: [getActiveSubscriptionInfoForSimSlotIndex]+ slotIdx=0 subId={id=1, iccId=89492019156020009546 simSlotIndex=0 displayName=LIDL Connect carrierName=LIDL Connect nameSource=0 iconTint=-16746133 dataRoaming=0 iconBitmap=android.graphics.Bitmap@9b0acd7 mcc 262 mnc 2 userNwMode=10}
07-19 14:02:09.586 2720 4901 D SubscriptionController: [getActiveSubscriptionInfoForSimSlotIndex]+ slotIdx=0 subId={id=1, iccId=89492019156020009546 simSlotIndex=0 displayName=LIDL Connect carrierName=LIDL Connect nameSource=0 iconTint=-16746133 dataRoaming=0 iconBitmap=android.graphics.Bitmap@4d73fe2 mcc 262 mnc 2 userNwMode=10}
07-19 14:02:09.597 0 0 I : [ 8143.562987,0] alsps_epl8802------------------- epl_sensor.ps.data.data=45, value=100
07-19 14:02:09.597 0 0 I : [ 8143.562987,0]
07-19 14:02:09.597 0 0 I [ 8143.563764,0] alsps_epl8802set_psensor_intr_threshold: low_thd = 65531, high_thd = 417
07-19 14:02:09.596 6120 6120 I InCall : InCallLowBatteryListener - onDetailsChanged call = [Call_0, ACTIVE, [Capabilities: CAPABILITY_HOLD CAPABILITY_SUPPORT_HOLD CAPABILITY_MUTE CAPABILITY_CANNOT_DOWNGRADE_VIDEO_TO_AUDIO], [Properties:], children:[], parent:null, conferenceable:[], videoState:Audio Only, mSessionModificationState:0, VideoSettings:(CameraDir:-1), mIsActivSub:false] details = [pa: ComponentInfo{com.android.phone/com.android.services.telephony.TelephonyConnectionService}, [c07291f3b3eb4f5251ea45deb91ef815249a00bb], UserHandle{0}, hdl: tel:**************, caps: [Capabilities: CAPABILITY_SUPPORT_HOLD CAPABILITY_MUTE CAPABILITY_CANNOT_DOWNGRADE_VIDEO_TO_AUDIO], props: [Properties:]]
07-19 14:02:09.600 1827 1985 E Sensors : ProxSensor::setEnable finished!!!
07-19 14:02:09.625 2720 3441 D SubscriptionController: [getActiveSubscriptionInfoForSimSlotIndex]+ slotIdx=0 subId={id=1, iccId=89492019156020009546 simSlotIndex=0 displayName=LIDL Connect carrierName=LIDL Connect nameSource=0 iconTint=-16746133 dataRoaming=0 iconBitmap=android.graphics.Bitmap@7784aa9 mcc 262 mnc 2 userNwMode=10}
07-19 14:02:09.638 2720 2990 D SubscriptionController: [getActiveSubscriptionInfoForSimSlotIndex]+ slotIdx=0 subId={id=1, iccId=89492019156020009546 simSlotIndex=0 displayName=LIDL Connect carrierName=LIDL Connect nameSource=0 iconTint=-16746133 dataRoaming=0 iconBitmap=android.graphics.Bitmap@a6a0d5c mcc 262 mnc 2 userNwMode=10}
07-19 14:02:09.645 2720 2720 D Phone : Event EVENT_CALL_RING_CONTINUE Received state=OFFHOOK
07-19 14:02:09.646 6120 6120 I InCall : CallList - onUpdate - [Call_0, ACTIVE, [Capabilities: CAPABILITY_HOLD CAPABILITY_SUPPORT_HOLD CAPABILITY_MUTE CAPABILITY_CANNOT_DOWNGRADE_VIDEO_TO_AUDIO], [Properties:], children:[], parent:null, conferenceable:[], videoState:Audio Only, mSessionModificationState:0, VideoSettings:(CameraDir:-1), mIsActivSub:false]
07-19 14:02:09.647 6120 6120 I InCall : InCallPresenter - Phone switching state: INCALL -> INCALL
07-19 14:02:09.664 313 540 D audio_hw_extn: audio_extn_get_parameters: returns 
07-19 14:02:09.664 313 540 I hash_map_utils: key: 'volume_boost' value: ''
07-19 14:02:09.664 313 5022 D audio_hw_extn: audio_extn_get_parameters: returns 
07-19 14:02:09.664 313 5022 I hash_map_utils: key: 'volume_boost' value: ''
07-19 14:02:09.677 2720 3441 D SubscriptionController: [getActiveSubscriptionInfoForSimSlotIndex]+ slotIdx=0 subId={id=1, iccId=89492019156020009546 simSlotIndex=0 displayName=LIDL Connect carrierName=LIDL Connect nameSource=0 iconTint=-16746133 dataRoaming=0 iconBitmap=android.graphics.Bitmap@bbb29eb mcc 262 mnc 2 userNwMode=10}
07-19 14:02:09.690 2720 2990 D SubscriptionController: [getActiveSubscriptionInfoForSimSlotIndex]+ slotIdx=0 subId={id=1, iccId=89492019156020009546 simSlotIndex=0 displayName=LIDL Connect carrierName=LIDL Connect nameSource=0 iconTint=-16746133 dataRoaming=0 iconBitmap=android.graphics.Bitmap@ce05f06 mcc 262 mnc 2 userNwMode=10}
07-19 14:02:09.704 2463 2760 I screen_toggled: 2
07-19 14:02:09.707 2463 2463 D PhoneStatusBar: disable: < expand icons alerts system_info back home RECENT clock SEARCH quick_settings
> 07-19 14:02:09.713 1827 1927 I ActivityManager: Setting hasTopUi=true for pid=2463
07-19 14:02:09.717 0 0 I : [ 8143.685544,0] alsps_epl8802------------------- epl_sensor.ps.data.data=40, value=100
07-19 14:02:09.717 0 0 I : [ 8143.685544,0]
07-19 14:02:09.714 6120 6120 I InCall : InCallLowBatteryListener - onDetailsChanged call = [Call_0, ACTIVE, [Capabilities: CAPABILITY_HOLD CAPABILITY_SUPPORT_HOLD CAPABILITY_MUTE CAPABILITY_CANNOT_DOWNGRADE_VIDEO_TO_AUDIO], [Properties:], children:[], parent:null, conferenceable:[], videoState:Audio Only, mSessionModificationState:0, VideoSettings:(CameraDir:-1), mIsActivSub:false] details = [pa: ComponentInfo{com.android.phone/com.android.services.telephony.TelephonyConnectionService}, [c07291f3b3eb4f5251ea45deb91ef815249a00bb], UserHandle{0}, hdl: tel:**************, caps: [Capabilities: CAPABILITY_HOLD CAPABILITY_SUPPORT_HOLD CAPABILITY_MUTE CAPABILITY_CANNOT_DOWNGRADE_VIDEO_TO_AUDIO], props: [Properties:]]
07-19 14:02:09.716 1827 4061 I ActivityManager: Setting hasTopUi=false for pid=2463
07-19 14:02:09.719 2463 2463 I sysui_status_bar_state: [0,0,1,0,0,1]
07-19 14:02:09.720 0 0 I [ 8143.687923,0] alsps_epl8802set_psensor_intr_threshold: low_thd = 65526, high_thd = 412
07-19 14:02:09.736 2463 2463 D PhoneStatusBar: disable: < expand icons alerts system_info back home recent* clock search* quick_settings
> 07-19 14:02:09.754 2720 2750 D SubscriptionController: [getActiveSubscriptionInfoForSimSlotIndex]+ slotIdx=0 subId={id=1, iccId=89492019156020009546 simSlotIndex=0 displayName=LIDL Connect carrierName=LIDL Connect nameSource=0 iconTint=-16746133 dataRoaming=0 iconBitmap=android.graphics.Bitmap@d5dbf1d mcc 262 mnc 2 userNwMode=10}
07-19 14:02:09.767 2720 2749 D SubscriptionController: [getActiveSubscriptionInfoForSimSlotIndex]+ slotIdx=0 subId={id=1, iccId=89492019156020009546 simSlotIndex=0 displayName=LIDL Connect carrierName=LIDL Connect nameSource=0 iconTint=-16746133 dataRoaming=0 iconBitmap=android.graphics.Bitmap@3ce9360 mcc 262 mnc 2 userNwMode=10}
07-19 14:02:09.773 6120 6120 I InCall : CallList - onUpdate - [Call_0, ACTIVE, [Capabilities: CAPABILITY_HOLD CAPABILITY_SUPPORT_HOLD CAPABILITY_MUTE CAPABILITY_CANNOT_DOWNGRADE_VIDEO_TO_AUDIO], [Properties:], children:[], parent:null, conferenceable:[], videoState:Audio Only, mSessionModificationState:0, VideoSettings:(CameraDir:-1), mIsActivSub:false]
07-19 14:02:09.774 6120 6120 I InCall : InCallPresenter - Phone switching state: INCALL -> INCALL
07-19 14:02:09.794 313 313 D audio_hw_extn: audio_extn_get_parameters: returns 
07-19 14:02:09.794 313 313 I hash_map_utils: key: 'volume_boost' value: ''
07-19 14:02:09.794 313 6168 D audio_hw_extn: audio_extn_get_parameters: returns 
07-19 14:02:09.794 313 6168 I hash_map_utils: key: 'volume_boost' value: ''
07-19 14:02:09.809 2720 2750 D SubscriptionController: [getActiveSubscriptionInfoForSimSlotIndex]+ slotIdx=0 subId={id=1, iccId=89492019156020009546 simSlotIndex=0 displayName=LIDL Connect carrierName=LIDL Connect nameSource=0 iconTint=-16746133 dataRoaming=0 iconBitmap=android.graphics.Bitmap@22cdabf mcc 262 mnc 2 userNwMode=10}
07-19 14:02:09.821 2720 2749 D SubscriptionController: [getActiveSubscriptionInfoForSimSlotIndex]+ slotIdx=0 subId={id=1, iccId=89492019156020009546 simSlotIndex=0 displayName=LIDL Connect carrierName=LIDL Connect nameSource=0 iconTint=-16746133 dataRoaming=0 iconBitmap=android.graphics.Bitmap@a214ea mcc 262 mnc 2 userNwMode=10}
07-19 14:02:09.837 0 0 I : [ 8143.805350,0] alsps_epl8802------------------- epl_sensor.ps.data.data=43, value=100
07-19 14:02:09.837 0 0 I : [ 8143.805350,0]
07-19 14:02:09.837 0 0 I [ 8143.805849,0] alsps_epl8802set_psensor_intr_threshold: low_thd = 65526, high_thd = 412
07-19 14:02:09.960 0 0 I : [ 8143.927221,0] alsps_epl8802------------------- epl_sensor.ps.data.data=41, value=100
07-19 14:02:09.960 0 0 I : [ 8143.927221,0]
07-19 14:02:09.960 0 0 I [ 8143.927571,0] alsps_epl8802set_psensor_intr_threshold: low_thd = 65526, high_thd = 412
07-19 14:02:10.083 0 0 I : [ 8144.050535,0] alsps_epl8802------------------- epl_sensor.ps.data.data=50, value=100
07-19 14:02:10.083 0 0 I : [ 8144.050535,0]
07-19 14:02:10.083 0 0 I [ 8144.051886,0] alsps_epl8802set_psensor_intr_threshold: low_thd = 65526, high_thd = 412
07-19 14:02:10.110 6120 6120 D AccelerometerListener: orientation: vertical
07-19 14:02:10.111 6120 6120 I InCall : ProximitySensor - ProximitySensor{keybrd=0, dpad=0, offhook=1, hor=0, ui=1, aud=EARPIECE}
07-19 14:02:10.111 6120 6120 I InCall : ProximitySensor - Proximity wake lock already acquired
07-19 14:02:10.203 0 0 I : [ 8144.171446,0] alsps_epl8802------------------- epl_sensor.ps.data.data=157, value=100
07-19 14:02:10.203 0 0 I : [ 8144.171446,0]
07-19 14:02:10.203 0 0 I [ 8144.171787,0] alsps_epl8802set_psensor_intr_threshold: low_thd = 65526, high_thd = 412
07-19 14:02:10.324 1827 1985 E Sensors : als setDelay
07-19 14:02:10.325 1827 1985 E Sensors : als poll interval: 250
07-19 14:02:10.326 1827 1983 I DisplayManagerService: Display device changed state: "Built-in Screen", OFF
07-19 14:02:10.335 0 0 I : [ 8144.292900,0] alsps_epl8802------------------- epl_sensor.ps.data.data=1795, value=3
07-19 14:02:10.335 0 0 I : [ 8144.292900,0]
07-19 14:02:10.335 0 0 I [ 8144.300131,2] alsps_epl8802[epl_sensor_enable_als]: enable=0
07-19 14:02:10.335 0 0 I [ 8144.301275,0] alsps_epl8802set_psensor_intr_threshold: low_thd = 320, high_thd = 3388
07-19 14:02:10.330 1827 2414 E Sensors : als enable
07-19 14:02:10.334 1827 2414 E Sensors : als opening als_enable 0
07-19 14:02:10.335 6120 6120 I InCall : ProximitySensor - isDisplayOn: false
07-19 14:02:10.335 6120 6120 D AccelerometerListener: enable(false)
07-19 14:02:10.336 1827 4062 E Sensors : AccSensor::setDelay handle:1 delay:66
07-19 14:02:10.336 1827 4062 E Sensors : AccSensor::setDelay finished!!!
07-19 14:02:10.338 6120 6120 W InCall : VideoCallPresenter - onUiShowing, received for non-active video call
07-19 14:02:10.346 288 288 D SurfaceFlinger: Set power mode=0, type=0 flinger=0xb6932000
07-19 14:02:10.346 288 288 D qdhwcomposer: hwc_setPowerMode: Setting mode 0 on display: 0
07-19 14:02:10.346 288 288 E qdutils : int qdutils::getHDMINode(): Failed to open fb node 2
07-19 14:02:10.346 288 288 E qdutils : int qdutils::getHDMINode(): Failed to open fb node 3
07-19 14:02:10.346 288 288 E qdutils : int qdutils::getHDMINode(): Failed to find HDMI node
07-19 14:02:10.546 288 538 I qdhwcomposer: handle_blank_event: dpy:0 panel power state: 0
07-19 14:02:10.547 288 538 E qdutils : int qdutils::getHDMINode(): Failed to open fb node 2
07-19 14:02:10.547 288 538 E qdutils : int qdutils::getHDMINode(): Failed to open fb node 3
07-19 14:02:10.547 288 538 E qdutils : int qdutils::getHDMINode(): Failed to find HDMI node
07-19 14:02:10.549 288 288 D qdhwcomposer: hwc_setPowerMode: Done setting mode 0 on display 0
07-19 14:02:10.549 1827 2417 D SurfaceControl: Excessive delay in setPowerMode(): 203ms
07-19 14:02:10.550 0 0 I [ 8144.315908,0] synaptics_dsx_sensor_state: state change ACTIVE -> SUSPEND
07-19 14:02:10.550 0 0 I [ 8144.315991,0] synaptics_rmi4_suspend: screen: 0)18
07-19 14:02:10.550 0 0 I [ 8144.353457,0] mdss_dsi_panel_off+: ctrl=00000000 ndx=0
07-19 14:02:10.550 0 0 I [ 8144.494774,0] mdss_dsi_panel_off-: 
07-19 14:02:10.550 0 0 I [ 8144.494779,0] mdss_dsi_off+: ctrl=eb501010 ndx=0
07-19 14:02:10.550 0 0 I [ 8144.513830,0] mdss_dsi_off-: 
07-19 14:02:10.790 0 0 I : [ 8144.759290,0] alsps_epl8802------------------- epl_sensor.ps.data.data=3395, value=1
07-19 14:02:10.790 0 0 I : [ 8144.759290,0]
07-19 14:02:10.790 0 0 I [ 8144.759898,0] alsps_epl8802set_psensor_intr_threshold: low_thd = 320, high_thd = 412
07-19 14:02:11.968 313 524 D audio_hw_primary: out_standby: enter: stream (0xb623d240) usecase(0: deep-buffer-playback)
07-19 14:02:12.153 313 524 D audio_hw_primary: disable_audio_route: reset and update mixer path: deep-buffer-playback
07-19 14:02:12.155 313 524 D hardware_info: hw_info_append_hw_type : device_name = voice-handset
07-19 14:02:12.332 4185 4185 D WeatherUpdateService: onCreate
07-19 14:02:12.336 4185 4185 D WeatherUpdateService: Service started, but shouldn't update ... stopping
07-19 14:02:12.339 4185 4185 D WeatherUpdateService: onDestroy
07-19 14:02:12.353 2646 2646 D wpa_supplicant: wlan0: Control interface command 'SIGNAL_POLL'
07-19 14:02:15.415 2646 2646 D wpa_supplicant: wlan0: Control interface command 'SIGNAL_POLL'
07-19 14:02:16.430 0 0 I : [ 8150.396870,0] alsps_epl8802------------------- epl_sensor.ps.data.data=276, value=100
07-19 14:02:16.430 0 0 I : [ 8150.396870,0]
07-19 14:02:16.430 0 0 I [ 8150.397866,0] alsps_epl8802set_psensor_intr_threshold: low_thd = 65526, high_thd = 412
07-19 14:02:16.517 0 0 I : [ 8150.484945,0] alsps_epl8802------------------- epl_sensor.ps.data.data=111, value=100
07-19 14:02:16.517 0 0 I : [ 8150.484945,0]
07-19 14:02:16.517 0 0 I [ 8150.485523,0] alsps_epl8802set_psensor_intr_threshold: low_thd = 65526, high_thd = 412
07-19 14:02:16.603 0 0 I : [ 8150.572590,0] alsps_epl8802------------------- epl_sensor.ps.data.data=79, value=100
07-19 14:02:16.603 0 0 I : [ 8150.572590,0]
07-19 14:02:16.603 0 0 I [ 8150.573026,0] alsps_epl8802set_psensor_intr_threshold: low_thd = 65526, high_thd = 412
07-19 14:02:16.679 1827 1985 E Sensors : als setDelay
07-19 14:02:16.679 1827 1985 E Sensors : als poll interval: 1
07-19 14:02:16.679 1827 1985 E Sensors : als enable
07-19 14:02:16.680 0 0 I [ 8150.649082,0] alsps_epl8802[epl_sensor_enable_als]: enable=1
07-19 14:02:16.705 1827 1985 E Sensors : als opening als_enable 1
07-19 14:02:16.708 1827 1985 E Sensors : als enable
07-19 14:02:16.708 1827 1985 E Sensors : als opening als_enable 0
07-19 14:02:16.709 1827 1985 E Sensors : als setDelay
07-19 14:02:16.709 1827 1985 E Sensors : als poll interval: 250
07-19 14:02:16.709 1827 1985 E Sensors : als enable
07-19 14:02:16.710 0 0 I [ 8150.677527,0] alsps_epl8802[epl_sensor_enable_als]: enable=0
07-19 14:02:16.710 0 0 I [ 8150.679099,0] alsps_epl8802[epl_sensor_enable_als]: enable=1
07-19 14:02:16.735 1827 1985 E Sensors : als opening als_enable 1
07-19 14:02:16.735 1827 1985 D LuxLevels: bright hysteresis constant= 0.1, threshold=27.5, lux=25.0
07-19 14:02:16.735 1827 1985 D LuxLevels: dark hysteresis constant= 0.2, threshold=20.0, lux=25.0
07-19 14:02:16.737 1827 1983 I DisplayManagerService: Display device changed state: "Built-in Screen", ON
07-19 14:02:16.739 288 288 D SurfaceFlinger: Set power mode=2, type=0 flinger=0xb6932000
07-19 14:02:16.740 288 288 D qdhwcomposer: hwc_setPowerMode: Setting mode 2 on display: 0
07-19 14:02:16.740 288 288 E qdutils : int qdutils::getHDMINode(): Failed to open fb node 2
07-19 14:02:16.740 288 288 E qdutils : int qdutils::getHDMINode(): Failed to open fb node 3
07-19 14:02:16.740 288 288 E qdutils : int qdutils::getHDMINode(): Failed to find HDMI node
07-19 14:02:16.741 6120 6120 I InCall : ProximitySensor - isDisplayOn: true
07-19 14:02:16.741 6120 6120 D AccelerometerListener: enable(true)
07-19 14:02:16.743 1827 2811 E Sensors : AccSensor::setDelay handle:1 delay:66
07-19 14:02:16.744 1827 2811 E Sensors : AccSensor::setDelay finished!!!
07-19 14:02:16.746 6120 6120 W InCall : VideoCallPresenter - onUiShowing, received for non-active video call
07-19 14:02:16.873 1827 1985 E Sensors : als setDelay
07-19 14:02:16.874 1827 1985 E Sensors : als poll interval: 250
07-19 14:02:16.885 6120 6120 D AccelerometerListener: orientation: vertical
07-19 14:02:16.886 6120 6120 I InCall : ProximitySensor - ProximitySensor{keybrd=0, dpad=0, offhook=1, hor=0, ui=1, aud=EARPIECE}
07-19 14:02:16.886 6120 6120 I InCall : ProximitySensor - Proximity wake lock already acquired
07-19 14:02:16.977 0 0 I [ 8150.717680,3] mdss_dsi_on+: ctrl=eb501010 ndx=0
07-19 14:02:16.977 0 0 I : [ 8150.719497,0] alsps_epl8802------------------- epl_sensor.ps.data.data=162, value=100
07-19 14:02:16.977 0 0 I : [ 8150.719497,0]
07-19 14:02:16.977 0 0 I [ 8150.719876,0] alsps_epl8802set_psensor_intr_threshold: low_thd = 65526, high_thd = 412
07-19 14:02:16.974 288 538 I qdhwcomposer: handle_blank_event: dpy:0 panel power state: 1
07-19 14:02:16.975 288 538 E qdutils : int qdutils::getHDMINode(): Failed to open fb node 2
07-19 14:02:16.975 288 538 E qdutils : int qdutils::getHDMINode(): Failed to open fb node 3
07-19 14:02:16.975 288 538 E qdutils : int qdutils::getHDMINode(): Failed to find HDMI node
07-19 14:02:16.975 288 288 D qdhwcomposer: hwc_setPowerMode: Done setting mode 2 on display 0
07-19 14:02:16.975 1827 2417 D SurfaceControl: Excessive delay in setPowerMode(): 239ms
07-19 14:02:16.977 1827 1983 I DisplayManagerService: Display device changed state: "Built-in Screen", OFF
07-19 14:02:16.981 1827 2414 E Sensors : als enable
07-19 14:02:16.982 1827 2414 E Sensors : als opening als_enable 0
07-19 14:02:16.977 0 0 I [ 8150.799521,0] mdss_dsi_on-: 
07-19 14:02:16.985 0 0 I [ 8150.799532,0] mdss_dsi_panel_on+: ctrl=00000000 ndx=0
07-19 14:02:16.986 0 0 I : [ 8150.842224,0] alsps_epl8802------------------- epl_sensor.ps.data.data=2114, value=3
07-19 14:02:16.986 0 0 I : [ 8150.842224,0]
07-19 14:02:16.986 0 0 I [ 8150.844220,0] alsps_epl8802set_psensor_intr_threshold: low_thd = 320, high_thd = 3388
07-19 14:02:16.986 0 0 I : [ 8150.943007,0] mdss_dsi_panel_on-. Pwr_mode(0x0A) = 0x9c
07-19 14:02:16.986 0 0 I [ 8150.950515,3] alsps_epl8802[epl_sensor_enable_als]: enable=0
07-19 14:02:16.989 6120 6120 I InCall : ProximitySensor - isDisplayOn: false
07-19 14:02:16.989 6120 6120 D AccelerometerListener: enable(false)
07-19 14:02:16.989 288 288 D SurfaceFlinger: Set power mode=0, type=0 flinger=0xb6932000
07-19 14:02:16.990 288 288 D qdhwcomposer: hwc_setPowerMode: Setting mode 0 on display: 0
07-19 14:02:16.991 288 288 E qdutils : int qdutils::getHDMINode(): Failed to open fb node 2
07-19 14:02:16.991 1827 1926 E Sensors : AccSensor::setDelay handle:1 delay:66
07-19 14:02:16.991 288 288 E qdutils : int qdutils::getHDMINode(): Failed to open fb node 3
07-19 14:02:16.991 288 288 E qdutils : int qdutils::getHDMINode(): Failed to find HDMI node
07-19 14:02:16.992 1827 1926 E Sensors : AccSensor::setDelay finished!!!
07-19 14:02:16.996 6120 6120 W InCall : VideoCallPresenter - onUiShowing, received for non-active video call
07-19 14:02:17.209 288 538 I qdhwcomposer: handle_blank_event: dpy:0 panel power state: 0
07-19 14:02:17.210 0 0 I : [ 8150.967998,0] alsps_epl8802------------------- epl_sensor.ps.data.data=7386, value=1
07-19 14:02:17.210 0 0 I : [ 8150.967998,0]
07-19 14:02:17.210 0 0 I [ 8150.968738,0] alsps_epl8802set_psensor_intr_threshold: low_thd = 320, high_thd = 412
07-19 14:02:17.209 288 538 E qdutils : int qdutils::getHDMINode(): Failed to open fb node 2
07-19 14:02:17.210 0 0 I [ 8150.989849,0] synaptics_dsx_sensor_state: state change SUSPEND -> ACTIVE
07-19 14:02:17.209 288 538 E qdutils : int qdutils::getHDMINode(): Failed to open fb node 3
07-19 14:02:17.210 0 0 I [ 8150.989969,0] synaptics_dsx_sensor_state: state change ACTIVE -> SUSPEND
07-19 14:02:17.209 288 538 E qdutils : int qdutils::getHDMINode(): Failed to find HDMI node
07-19 14:02:17.210 0 0 I [ 8150.989982,0] synaptics_rmi4_suspend: screen: 0)18
07-19 14:02:17.209 288 288 D qdhwcomposer: hwc_setPowerMode: Done setting mode 0 on display 0
07-19 14:02:17.210 0 0 I [ 8151.013807,0] mdss_dsi_panel_off+: ctrl=00000000 ndx=0
07-19 14:02:17.210 1827 2417 D SurfaceControl: Excessive delay in setPowerMode(): 233ms
07-19 14:02:17.210 0 0 I [ 8151.155984,0] mdss_dsi_panel_off-: 
07-19 14:02:17.210 0 0 I [ 8151.155990,0] mdss_dsi_off+: ctrl=eb501010 ndx=0
07-19 14:02:17.211 0 0 I [ 8151.176637,0] mdss_dsi_off-: 
07-19 14:02:17.599 2720 2720 D RILJ : [4337]> SIGNAL_STRENGTH [SUB1]
07-19 14:02:17.604 2720 2885 D RILJ : [4337]< SIGNAL_STRENGTH SignalStrength: 0 0 0 0 0 0 0 0 0 0 0 0 0 gsm|lte [SUB1]
07-19 14:02:17.606 2720 2720 D SubscriptionController: [getSubId]- numSubIds == 0, return DummySubIds slotIdx=1
07-19 14:02:18.476 2646 2646 D wpa_supplicant: wlan0: Control interface command 'SIGNAL_POLL'
07-19 14:02:21.538 2646 2646 D wpa_supplicant: wlan0: Control interface command 'SIGNAL_POLL'
07-19 14:02:21.547 1827 2342 D WifiStateMachine: updateCapabilities for config:BaeumchenInSpitzenhoeschenfalse,false
07-19 14:02:24.607 2646 2646 D wpa_supplicant: wlan0: Control interface command 'SIGNAL_POLL'
07-19 14:02:26.236 2646 2646 D wpa_supplicant: wlan0: Control interface command 'SCAN TYPE=ONLY freq=2462'
07-19 14:02:26.237 2646 2646 D wpa_supplicant: wlan0: Setting scan request: 0.000000 sec
07-19 14:02:26.237 2646 2646 D wpa_supplicant: wlan0: Starting AP scan for wildcard SSID
07-19 14:02:26.237 2646 2646 D wpa_supplicant: wlan0: Limit manual scan to specified channels
07-19 14:02:26.237 2646 2646 D wpa_supplicant: wlan0: Add radio work 'scan'@0xb67a8060
07-19 14:02:26.237 2646 2646 D wpa_supplicant: wlan0: First radio work item in the queue - schedule start immediately
07-19 14:02:26.237 2646 2646 D wpa_supplicant: wlan0: Starting radio work 'scan'@0xb67a8060 after 0.000090 second wait
07-19 14:02:26.237 2646 2646 D wpa_supplicant: wlan0: nl80211: scan request
07-19 14:02:26.238 2646 2646 D wpa_supplicant: Scan requested (ret=0) - scan timeout 30 seconds
07-19 14:02:26.238 2646 2646 D wpa_supplicant: nl80211: Drv Event 33 (NL80211_CMD_TRIGGER_SCAN) received for wlan0
07-19 14:02:26.238 2646 2646 D wpa_supplicant: wlan0: nl80211: Scan trigger
07-19 14:02:26.239 2646 2646 D wpa_supplicant: wlan0: Event SCAN_STARTED (47) received
07-19 14:02:26.239 2646 2646 D wpa_supplicant: wlan0: Own scan request started a scan in 0.000290 seconds
07-19 14:02:26.329 2646 2646 D wpa_supplicant: nl80211: Drv Event 34 (NL80211_CMD_NEW_SCAN_RESULTS) received for wlan0
07-19 14:02:26.329 2646 2646 D wpa_supplicant: wlan0: nl80211: New scan results available
07-19 14:02:26.330 2646 2646 D wpa_supplicant: nl80211: Scan included frequencies: 2462
07-19 14:02:26.330 2646 2646 D wpa_supplicant: wlan0: Event SCAN_RESULTS (3) received
07-19 14:02:26.330 2646 2646 D wpa_supplicant: wlan0: Scan completed in 0.090985 seconds
07-19 14:02:26.330 2646 2646 D wpa_supplicant: nl80211: Associated on 2462 MHz
07-19 14:02:26.330 2646 2646 D wpa_supplicant: nl80211: Associated with 18:a6:f7:7a:57:e4
07-19 14:02:26.330 2646 2646 D wpa_supplicant: nl80211: Received scan results (16 BSSes)
07-19 14:02:26.330 2646 2646 D wpa_supplicant: nl80211: Scan results indicate BSS status with 18:a6:f7:7a:57:e4 as associated
07-19 14:02:26.330 2646 2646 D wpa_supplicant: wlan0: BSS: Start scan result update 8
07-19 14:02:26.332 2646 2646 D wpa_supplicant: wlan0: BSS: Add new id 43 BSSID e0:60:66:fc:b2:42 SSID 'EasyBox-805100' freq 2462
07-19 14:02:26.332 2646 2646 D wpa_supplicant: BSS: last_scan_res_used=16/32
07-19 14:02:26.332 2646 2646 D wpa_supplicant: wlan0: Scan-only results received
07-19 14:02:26.333 2646 2646 D wpa_supplicant: wlan0: Radio work 'scan'@0xb67a8060 done in 0.095344 seconds
07-19 14:02:26.333 2646 2646 D wpa_supplicant: wlan0: radio_work_free('scan'@0xb67a8060: num_active_works --> 0
07-19 14:02:27.668 2646 2646 D wpa_supplicant: wlan0: Control interface command 'SIGNAL_POLL'
07-19 14:02:30.730 2646 2646 D wpa_supplicant: wlan0: Control interface command 'SIGNAL_POLL'
07-19 14:02:33.794 2646 2646 D wpa_supplicant: wlan0: Control interface command 'SIGNAL_POLL'
07-19 14:02:36.856 2646 2646 D wpa_supplicant: wlan0: Control interface command 'SIGNAL_POLL'
07-19 14:02:37.612 2720 2720 D RILJ : [4338]> SIGNAL_STRENGTH [SUB1]
07-19 14:02:37.616 2720 2885 D RILJ : [4338]< SIGNAL_STRENGTH SignalStrength: 0 0 0 0 0 0 0 0 0 0 0 0 0 gsm|lte [SUB1]
07-19 14:02:37.617 2720 2720 D SubscriptionController: [getSubId]- numSubIds == 0, return DummySubIds slotIdx=1
07-19 14:02:38.660 0 0 I : [ 8172.627568,0] alsps_epl8802------------------- epl_sensor.ps.data.data=284, value=100
07-19 14:02:38.660 0 0 I : [ 8172.627568,0]
07-19 14:02:38.660 0 0 I [ 8172.628373,0] alsps_epl8802set_psensor_intr_threshold: low_thd = 65526, high_thd = 412
07-19 14:02:38.747 0 0 I : [ 8172.715954,0] alsps_epl8802------------------- epl_sensor.ps.data.data=201, value=100
07-19 14:02:38.747 0 0 I : [ 8172.715954,0]
07-19 14:02:38.747 0 0 I [ 8172.716323,0] alsps_epl8802set_psensor_intr_threshold: low_thd = 65526, high_thd = 412
07-19 14:02:38.837 0 0 I : [ 8172.804005,0] alsps_epl8802------------------- epl_sensor.ps.data.data=205, value=100
07-19 14:02:38.837 0 0 I : [ 8172.804005,0]
07-19 14:02:38.837 0 0 I [ 8172.804626,0] alsps_epl8802set_psensor_intr_threshold: low_thd = 65526, high_thd = 412
07-19 14:02:38.910 1827 1985 E Sensors : als setDelay
07-19 14:02:38.910 1827 1985 E Sensors : als poll interval: 1
07-19 14:02:38.910 1827 1985 E Sensors : als enable
07-19 14:02:38.913 0 0 I [ 8172.879941,0] alsps_epl8802[epl_sensor_enable_als]: enable=1
07-19 14:02:38.935 1827 1985 E Sensors : als opening als_enable 1
07-19 14:02:38.937 1827 1985 E Sensors : als enable
07-19 14:02:38.938 1827 1985 E Sensors : als opening als_enable 0
07-19 14:02:38.939 1827 1985 E Sensors : als setDelay
07-19 14:02:38.939 1827 1985 E Sensors : als poll interval: 250
07-19 14:02:38.939 1827 1985 E Sensors : als enable
07-19 14:02:38.940 0 0 I [ 8172.906896,1] alsps_epl8802[epl_sensor_enable_als]: enable=0
07-19 14:02:38.941 0 0 I [ 8172.908653,0] alsps_epl8802[epl_sensor_enable_als]: enable=1
07-19 14:02:38.952 1827 1985 E Sensors : als opening als_enable 1
07-19 14:02:38.953 1827 1985 D LuxLevels: bright hysteresis constant= 0.1, threshold=106.700005, lux=97.0
07-19 14:02:38.953 1827 1985 D LuxLevels: dark hysteresis constant= 0.2, threshold=77.6, lux=97.0
07-19 14:02:38.954 288 288 D SurfaceFlinger: Set power mode=2, type=0 flinger=0xb6932000
07-19 14:02:38.954 1827 1983 I DisplayManagerService: Display device changed state: "Built-in Screen", ON
07-19 14:02:38.954 288 288 D qdhwcomposer: hwc_setPowerMode: Setting mode 2 on display: 0
07-19 14:02:38.954 288 288 E qdutils : int qdutils::getHDMINode(): Failed to open fb node 2
07-19 14:02:38.954 288 288 E qdutils : int qdutils::getHDMINode(): Failed to open fb node 3
07-19 14:02:38.954 288 288 E qdutils : int qdutils::getHDMINode(): Failed to find HDMI node
07-19 14:02:38.958 6120 6120 I InCall : ProximitySensor - isDisplayOn: true
07-19 14:02:38.958 6120 6120 D AccelerometerListener: enable(true)
07-19 14:02:38.960 1827 4014 E Sensors : AccSensor::setDelay handle:1 delay:66
07-19 14:02:38.960 1827 4014 E Sensors : AccSensor::setDelay finished!!!
07-19 14:02:38.962 6120 6120 W InCall : VideoCallPresenter - onUiShowing, received for non-active video call
07-19 14:02:39.063 6120 6120 D AccelerometerListener: orientation: vertical
07-19 14:02:39.063 6120 6120 I InCall : ProximitySensor - ProximitySensor{keybrd=0, dpad=0, offhook=1, hor=0, ui=1, aud=EARPIECE}
07-19 14:02:39.063 6120 6120 I InCall : ProximitySensor - Proximity wake lock already acquired
07-19 14:02:39.189 288 538 I qdhwcomposer: handle_blank_event: dpy:0 panel power state: 1
07-19 14:02:39.190 288 538 E qdutils : int qdutils::getHDMINode(): Failed to open fb node 2
07-19 14:02:39.190 288 538 E qdutils : int qdutils::getHDMINode(): Failed to open fb node 3
07-19 14:02:39.190 288 538 E qdutils : int qdutils::getHDMINode(): Failed to find HDMI node
07-19 14:02:39.195 0 0 I [ 8172.934863,3] mdss_dsi_on+: ctrl=eb501010 ndx=0
07-19 14:02:39.195 0 0 I : [ 8172.935966,0] alsps_epl8802------------------- epl_sensor.ps.data.data=157, value=100
07-19 14:02:39.195 0 0 I : [ 8172.935966,0]
07-19 14:02:39.195 0 0 I [ 8172.936385,0] alsps_epl8802set_psensor_intr_threshold: low_thd = 65526, high_thd = 412
07-19 14:02:39.195 0 0 I [ 8173.014362,0] mdss_dsi_on-: 
07-19 14:02:39.195 0 0 I [ 8173.014373,0] mdss_dsi_panel_on+: ctrl=00000000 ndx=0
07-19 14:02:39.195 0 0 I : [ 8173.046270,0] alsps_epl8802------------------- epl_sensor.ps.data.data=249, value=100
07-19 14:02:39.195 0 0 I : [ 8173.046270,0]
07-19 14:02:39.195 0 0 I [ 8173.046871,0] alsps_epl8802set_psensor_intr_threshold: low_thd = 65526, high_thd = 412
07-19 14:02:39.195 0 0 I : [ 8173.155715,0] alsps_epl8802------------------- epl_sensor.ps.data.data=179, value=100
07-19 14:02:39.195 0 0 I : [ 8173.155715,0]
07-19 14:02:39.195 0 0 I [ 8173.156317,0] alsps_epl8802set_psensor_intr_threshold: low_thd = 65526, high_thd = 412
07-19 14:02:39.195 0 0 I : [ 8173.158067,0] mdss_dsi_panel_on-. Pwr_mode(0x0A) = 0x9c
07-19 14:02:39.191 288 288 D qdhwcomposer: hwc_setPowerMode: Done setting mode 2 on display 0
07-19 14:02:39.191 1827 2417 D SurfaceControl: Excessive delay in setPowerMode(): 237ms
07-19 14:02:39.237 0 0 I [ 8173.205372,1] synaptics_dsx_sensor_state: state change SUSPEND -> ACTIVE
07-19 14:02:39.297 0 0 I : [ 8173.265736,0] alsps_epl8802------------------- epl_sensor.ps.data.data=92, value=100
07-19 14:02:39.297 0 0 I : [ 8173.265736,0]
07-19 14:02:39.297 0 0 I [ 8173.266061,0] alsps_epl8802set_psensor_intr_threshold: low_thd = 65526, high_thd = 412
07-19 14:02:39.407 0 0 I : [ 8173.375500,0] alsps_epl8802------------------- epl_sensor.ps.data.data=119, value=100
07-19 14:02:39.407 0 0 I : [ 8173.375500,0]
07-19 14:02:39.407 0 0 I [ 8173.375939,0] alsps_epl8802set_psensor_intr_threshold: low_thd = 65526, high_thd = 412
07-19 14:02:39.517 0 0 I : [ 8173.485254,0] alsps_epl8802------------------- epl_sensor.ps.data.data=132, value=100
07-19 14:02:39.517 0 0 I : [ 8173.485254,0]
07-19 14:02:39.517 0 0 I [ 8173.485829,0] alsps_epl8802set_psensor_intr_threshold: low_thd = 65526, high_thd = 412
