07-19 11:47:36.539 313 528 D hardware_info: hw_info_append_hw_type : device_name = speaker
07-19 11:47:36.539 313 528 D audio_hw_primary: enable_snd_device: snd_device(2: speaker)
07-19 11:47:36.542 313 528 W audio_hw_utils: audio_extn_utils_update_stream_app_type_cfg: App type could not be selected. Falling back to default
07-19 11:47:36.542 313 528 I audio_hw_primary: select_devices Selected apptype: 69936
07-19 11:47:36.542 313 528 D ACDB-LOADER: ACDB -> send_audio_cal, acdb_id = 15, path = 0
07-19 11:47:36.542 313 528 D ACDB-LOADER: ACDB -> send_asm_topology
07-19 11:47:36.542 313 528 D ACDB-LOADER: ACDB -> ACDB_CMD_GET_AUDPROC_STREAM_TOPOLOGY_ID
07-19 11:47:36.542 313 528 D ACDB-LOADER: ACDB -> send_adm_topology
07-19 11:47:36.542 313 528 D ACDB-LOADER: ACDB -> ACDB_CMD_GET_AUDPROC_COMMON_TOPOLOGY_ID
07-19 11:47:36.542 313 528 D ACDB-LOADER: ACDB -> send_audtable
07-19 11:47:36.542 313 528 D ACDB-LOADER: ACDB -> ACDB_CMD_GET_AUDPROC_COMMON_TABLE
07-19 11:47:36.542 313 528 D ACDB-LOADER: ACDB -> AUDIO_SET_AUDPROC_CAL
07-19 11:47:36.543 313 528 D ACDB-LOADER: ACDB -> send_audvoltable
07-19 11:47:36.543 313 528 D ACDB-LOADER: ACDB -> ACDB_CMD_GET_AUDPROC_GAIN_DEP_STEP_TABLE
07-19 11:47:36.543 313 528 D ACDB-LOADER: ACDB -> AUDIO_SET_AUDPROC_VOL_CAL
07-19 11:47:36.543 313 528 D ACDB-LOADER: ACDB -> send_afe_cal
07-19 11:47:36.543 313 528 D ACDB-LOADER: ACDB -> ACDB_CMD_GET_AFE_COMMON_TABLE
07-19 11:47:36.543 313 528 D : Failed to fetch the lookup information of the device 0000000F 
07-19 11:47:36.543 313 528 D ACDB-LOADER: ACDB -> AUDIO_SET_AFE_CAL
07-19 11:47:36.543 313 528 D ACDB-LOADER: ACDB -> send_hw_delay : acdb_id = 15 path = 0
07-19 11:47:36.543 313 528 D ACDB-LOADER: ACDB -> ACDB_AVSYNC_INFO: ACDB_CMD_GET_DEVICE_PROPERTY
07-19 11:47:36.543 313 528 I audio_hw_utils: audio_extn_utils_send_app_type_cfg: PLAYBACK app_type 69936, acdb_dev_id 15, sample_rate 48000
07-19 11:47:36.543 313 528 D audio_hw_primary: enable_audio_route: apply mixer and update path: low-latency-playback
07-19 11:47:36.543 313 528 D audio_hw_primary: select_devices: done
07-19 11:47:36.563 313 528 D msm8916_platform: platform_set_channel_map mixer_ctl_name:Playback Channel Map12
07-19 11:47:36.563 313 528 D msm8916_platform: platform_set_channel_map: set mapping(1 2 3 0 0 0 0 0) for channel:2
07-19 11:47:36.563 313 528 D audio_hw_primary: start_output_stream: exit
07-19 11:47:36.680 2463 2463 I SlideTouchEvent: vel=0.0, MinimumFlingVelocity=100
07-19 11:47:36.686 1827 2330 I ActivityManager: START u0 {act=android.intent.action.MAIN cat=[android.intent.category.HOME] flg=0x10200000 cmp=com.cyanogenmod.trebuchet/com.android.launcher3.Launcher (has extras)} from uid 1000 on display 0
07-19 11:47:36.687 1827 2330 I am_new_intent: [0,232241107,11,com.cyanogenmod.trebuchet/com.android.launcher3.Launcher,android.intent.action.MAIN,NULL,NULL,278921216]
07-19 11:47:36.687 1827 2330 I am_focused_stack: [0,0,1,bringingFoundTaskToFront setFocusedActivity]
07-19 11:47:36.688 1827 2330 I wm_task_moved: [11,1,0]
07-19 11:47:36.690 1827 2330 I am_focused_activity: [0,com.cyanogenmod.trebuchet/com.android.launcher3.Launcher,bringingFoundTaskToFront]
07-19 11:47:36.690 1827 2330 I am_pause_activity: [0,179662507,com.android.settings/.Settings]
07-19 11:47:36.691 2751 2751 I sysui_view_visibility: [35,0]
07-19 11:47:36.691 2751 2751 I sysui_view_visibility: [474,0]
07-19 11:47:36.731 1827 2330 I am_resume_activity: [0,79325766,11,com.cyanogenmod.trebuchet/com.android.launcher3.Launcher]
07-19 11:47:36.732 1827 2330 I am_task_to_front: [0,11]
07-19 11:47:36.735 1827 2330 I sysui_action: [323,com.cyanogenmod.trebuchet/com.android.launcher3.Launcher]
07-19 11:47:36.735 1827 2330 I sysui_action: [324,true]
07-19 11:47:36.735 1827 2330 I sysui_action: [325,70]
07-19 11:47:36.735 1827 1937 I am_stop_activity: [0,179662507,com.android.settings/.Settings]
07-19 11:47:36.737 2751 2751 I am_on_paused_called: [0,com.android.settings.Settings,handlePauseActivity]
07-19 11:47:36.750 4064 4064 I am_on_resume_called: [0,com.android.launcher3.Launcher,RESUME_ACTIVITY]
07-19 11:47:36.752 2751 2751 I sysui_action: [385,com.android.settings.Settings$ScreenLockSuggestionActivity]
07-19 11:47:36.752 2751 2751 I sysui_action: [385,com.android.settings.WallpaperSuggestionActivity]
07-19 11:47:36.757 2751 2751 I am_on_stop_called: [0,com.android.settings.Settings,handleStopActivity]
07-19 11:47:36.801 1827 1983 I sysui_action: [320,2]
07-19 11:47:36.801 1827 1983 I sysui_action: [319,116]
07-19 11:47:36.802 1827 1983 I sysui_action: [322,117]
07-19 11:47:37.293 4064 4199 W OpenGLRenderer: Incorrectly called buildLayer on View: ShortcutAndWidgetContainer, destroying layer...
07-19 11:47:37.293 4064 4199 W OpenGLRenderer: Incorrectly called buildLayer on View: ShortcutAndWidgetContainer, destroying layer...
07-19 11:47:38.673 2646 2646 D wpa_supplicant: wlan0: Control interface command 'SIGNAL_POLL'
07-19 11:47:39.714 313 528 D audio_hw_primary: out_standby: enter: stream (0xb623d380) usecase(1: low-latency-playback)
07-19 11:47:39.805 313 528 D audio_hw_primary: disable_audio_route: reset and update mixer path: low-latency-playback
07-19 11:47:39.806 313 528 D hardware_info: hw_info_append_hw_type : device_name = speaker
07-19 11:47:39.806 313 528 D audio_hw_primary: disable_snd_device: snd_device(2: speaker)
07-19 11:47:41.722 2646 2646 D wpa_supplicant: wlan0: Control interface command 'SIGNAL_POLL'
07-19 11:47:43.393 2646 2646 D wpa_supplicant: wlan0: Control interface command 'SCAN TYPE=ONLY freq=2462'
07-19 11:47:43.394 2646 2646 D wpa_supplicant: wlan0: Setting scan request: 0.000000 sec
07-19 11:47:43.394 2646 2646 D wpa_supplicant: wlan0: Starting AP scan for wildcard SSID
07-19 11:47:43.394 2646 2646 D wpa_supplicant: wlan0: Limit manual scan to specified channels
07-19 11:47:43.395 2646 2646 D wpa_supplicant: wlan0: Add radio work 'scan'@0xb67a8060
07-19 11:47:43.395 2646 2646 D wpa_supplicant: wlan0: First radio work item in the queue - schedule start immediately
07-19 11:47:43.395 2646 2646 D wpa_supplicant: wlan0: Starting radio work 'scan'@0xb67a8060 after 0.000117 second wait
07-19 11:47:43.395 2646 2646 D wpa_supplicant: wlan0: nl80211: scan request
07-19 11:47:43.396 2646 2646 D wpa_supplicant: Scan requested (ret=0) - scan timeout 30 seconds
07-19 11:47:43.396 2646 2646 D wpa_supplicant: nl80211: Drv Event 33 (NL80211_CMD_TRIGGER_SCAN) received for wlan0
07-19 11:47:43.396 2646 2646 D wpa_supplicant: wlan0: nl80211: Scan trigger
07-19 11:47:43.396 2646 2646 D wpa_supplicant: wlan0: Event SCAN_STARTED (47) received
07-19 11:47:43.396 2646 2646 D wpa_supplicant: wlan0: Own scan request started a scan in 0.000159 seconds
07-19 11:47:43.486 2646 2646 D wpa_supplicant: nl80211: Drv Event 34 (NL80211_CMD_NEW_SCAN_RESULTS) received for wlan0
07-19 11:47:43.486 2646 2646 D wpa_supplicant: wlan0: nl80211: New scan results available
07-19 11:47:43.486 2646 2646 D wpa_supplicant: nl80211: Scan included frequencies: 2462
07-19 11:47:43.486 2646 2646 D wpa_supplicant: wlan0: Event SCAN_RESULTS (3) received
07-19 11:47:43.486 2646 2646 D wpa_supplicant: wlan0: Scan completed in 0.089740 seconds
07-19 11:47:43.486 2646 2646 D wpa_supplicant: nl80211: Associated on 2462 MHz
07-19 11:47:43.486 2646 2646 D wpa_supplicant: nl80211: Associated with 18:a6:f7:7a:57:e4
07-19 11:47:43.486 2646 2646 D wpa_supplicant: nl80211: Received scan results (15 BSSes)
07-19 11:47:43.486 2646 2646 D wpa_supplicant: nl80211: Scan results indicate BSS status with 18:a6:f7:7a:57:e4 as associated
07-19 11:47:43.486 2646 2646 D wpa_supplicant: wlan0: BSS: Start scan result update 3
07-19 11:47:43.486 2646 2646 D wpa_supplicant: BSS: last_scan_res_used=15/32
07-19 11:47:43.487 2646 2646 D wpa_supplicant: wlan0: Scan-only results received
07-19 11:47:43.487 2646 2646 D wpa_supplicant: wlan0: Radio work 'scan'@0xb67a8060 done in 0.091853 seconds
07-19 11:47:43.487 2646 2646 D wpa_supplicant: wlan0: radio_work_free('scan'@0xb67a8060: num_active_works --> 0
07-19 11:47:44.768 2646 2646 D wpa_supplicant: wlan0: Control interface command 'SIGNAL_POLL'
07-19 11:47:46.177 2720 2720 D RILJ : [3888]> SIGNAL_STRENGTH [SUB1]
07-19 11:47:46.182 2720 2885 D RILJ : [3888]< SIGNAL_STRENGTH SignalStrength: 0 0 0 0 0 0 0 0 0 0 0 0 0 gsm|lte [SUB1]
07-19 11:47:46.183 2720 2720 D SubscriptionController: [getSubId]- numSubIds == 0, return DummySubIds slotIdx=1
07-19 11:47:47.817 2646 2646 D wpa_supplicant: wlan0: Control interface command 'SIGNAL_POLL'
07-19 11:47:50.864 2646 2646 D wpa_supplicant: wlan0: Control interface command 'SIGNAL_POLL'
07-19 11:47:53.913 2646 2646 D wpa_supplicant: wlan0: Control interface command 'SIGNAL_POLL'
07-19 11:47:56.958 2646 2646 D wpa_supplicant: wlan0: Control interface command 'SIGNAL_POLL'
07-19 11:48:00.007 2646 2646 D wpa_supplicant: wlan0: Control interface command 'SIGNAL_POLL'
07-19 11:48:00.064 1827 1936 I am_pss : [4064,10030,com.cyanogenmod.trebuchet,38085632,32546816,0]
07-19 11:48:00.096 1827 1936 I am_pss : [4293,10041,com.android.calendar,5289984,4022272,0]
07-19 11:48:01.601 289 289 I rmt_storage: rmt_storage_connect_cb: clnt_h=0x5 conn_h=0xb6b1a110
07-19 11:48:01.601 289 289 I rmt_storage: rmt_storage_rw_iovec_cb: /boot/modem_fs1: clnt_h=0x1: req_h=0x9 msg_id=3: R/W request received
07-19 11:48:01.601 289 289 I rmt_storage: rw_iovec client->path = /boot/modem_fs1
07-19 11:48:01.601 289 289 I rmt_storage: wakelock acquired: 1, error no: 42
07-19 11:48:01.601 289 300 I rmt_storage: rmt_storage_client_thread: /boot/modem_fs1: clnt_h=0x1 Unblock worker thread (th_id: -1231029984)
07-19 11:48:01.657 289 300 I rmt_storage: rmt_storage_client_thread: /boot/modem_fs1: clnt_h=0x1: req_h=0x9 msg_id=3: Bytes written = 917504
07-19 11:48:01.657 289 300 I rmt_storage: rmt_storage_client_thread: /boot/modem_fs1: clnt_h=0x1: req_h=0x9 msg_id=3: Send response: res=0 err=0
07-19 11:48:01.657 289 300 I rmt_storage: rmt_storage_client_thread: /boot/modem_fs1: clnt_h=0x1 About to block rmt_storage client thread (th_id: -1231029984) wakelock released: 1, error no: 0
07-19 11:48:01.657 289 300 I rmt_storage: 
07-19 11:48:01.659 289 289 I rmt_storage: rmt_storage_disconnect_cb: clnt_h=0x5 conn_h=0xb6b1a110
07-19 11:48:03.044 2646 2646 D wpa_supplicant: wlan0: Control interface command 'SIGNAL_POLL'
07-19 11:48:06.087 2646 2646 D wpa_supplicant: wlan0: Control interface command 'SIGNAL_POLL'
07-19 11:48:06.203 2720 2720 D RILJ : [3889]> SIGNAL_STRENGTH [SUB1]
07-19 11:48:06.208 2720 2885 D RILJ : [3889]< SIGNAL_STRENGTH SignalStrength: 0 0 0 0 0 0 0 0 0 0 0 0 0 gsm|lte [SUB1]
07-19 11:48:06.209 2720 2720 D SubscriptionController: [getSubId]- numSubIds == 0, return DummySubIds slotIdx=1
07-19 11:48:09.136 2646 2646 D wpa_supplicant: wlan0: Control interface command 'SIGNAL_POLL'
07-19 11:48:12.184 2646 2646 D wpa_supplicant: wlan0: Control interface command 'SIGNAL_POLL'
07-19 11:48:15.232 2646 2646 D wpa_supplicant: wlan0: Control interface command 'SIGNAL_POLL'
07-19 11:48:18.281 2646 2646 D wpa_supplicant: wlan0: Control interface command 'SIGNAL_POLL'
07-19 11:48:21.329 2646 2646 D wpa_supplicant: wlan0: Control interface command 'SIGNAL_POLL'
07-19 11:48:23.393 2646 2646 D wpa_supplicant: wlan0: Control interface command 'SCAN TYPE=ONLY freq=2462'
07-19 11:48:23.393 2646 2646 D wpa_supplicant: wlan0: Setting scan request: 0.000000 sec
07-19 11:48:23.394 2646 2646 D wpa_supplicant: wlan0: Starting AP scan for wildcard SSID
07-19 11:48:23.394 2646 2646 D wpa_supplicant: wlan0: Limit manual scan to specified channels
07-19 11:48:23.394 2646 2646 D wpa_supplicant: wlan0: Add radio work 'scan'@0xb67a8060
07-19 11:48:23.394 2646 2646 D wpa_supplicant: wlan0: First radio work item in the queue - schedule start immediately
07-19 11:48:23.394 2646 2646 D wpa_supplicant: wlan0: Starting radio work 'scan'@0xb67a8060 after 0.000090 second wait
07-19 11:48:23.394 2646 2646 D wpa_supplicant: wlan0: nl80211: scan request
07-19 11:48:23.396 2646 2646 D wpa_supplicant: Scan requested (ret=0) - scan timeout 30 seconds
07-19 11:48:23.396 2646 2646 D wpa_supplicant: nl80211: Drv Event 33 (NL80211_CMD_TRIGGER_SCAN) received for wlan0
07-19 11:48:23.396 2646 2646 D wpa_supplicant: wlan0: nl80211: Scan trigger
07-19 11:48:23.396 2646 2646 D wpa_supplicant: wlan0: Event SCAN_STARTED (47) received
07-19 11:48:23.396 2646 2646 D wpa_supplicant: wlan0: Own scan request started a scan in 0.000185 seconds
07-19 11:48:23.487 2646 2646 D wpa_supplicant: nl80211: Drv Event 34 (NL80211_CMD_NEW_SCAN_RESULTS) received for wlan0
07-19 11:48:23.487 2646 2646 D wpa_supplicant: wlan0: nl80211: New scan results available
07-19 11:48:23.487 2646 2646 D wpa_supplicant: nl80211: Scan included frequencies: 2462
07-19 11:48:23.487 2646 2646 D wpa_supplicant: wlan0: Event SCAN_RESULTS (3) received
07-19 11:48:23.487 2646 2646 D wpa_supplicant: wlan0: Scan completed in 0.090548 seconds
07-19 11:48:23.487 2646 2646 D wpa_supplicant: nl80211: Associated on 2462 MHz
07-19 11:48:23.487 2646 2646 D wpa_supplicant: nl80211: Associated with 18:a6:f7:7a:57:e4
07-19 11:48:23.487 2646 2646 D wpa_supplicant: nl80211: Received scan results (15 BSSes)
07-19 11:48:23.488 2646 2646 D wpa_supplicant: nl80211: Scan results indicate BSS status with 18:a6:f7:7a:57:e4 as associated
07-19 11:48:23.488 2646 2646 D wpa_supplicant: wlan0: BSS: Start scan result update 4
07-19 11:48:23.488 2646 2646 D wpa_supplicant: BSS: last_scan_res_used=15/32
07-19 11:48:23.488 2646 2646 D wpa_supplicant: wlan0: Scan-only results received
07-19 11:48:23.489 2646 2646 D wpa_supplicant: wlan0: Radio work 'scan'@0xb67a8060 done in 0.094950 seconds
07-19 11:48:23.489 2646 2646 D wpa_supplicant: wlan0: radio_work_free('scan'@0xb67a8060: num_active_works --> 0
07-19 11:48:24.366 2646 2646 D wpa_supplicant: wlan0: Control interface command 'SIGNAL_POLL'
07-19 11:48:26.231 2720 2720 D RILJ : [3890]> SIGNAL_STRENGTH [SUB1]
07-19 11:48:26.236 2720 2885 D RILJ : [3890]< SIGNAL_STRENGTH SignalStrength: 0 0 0 0 0 0 0 0 0 0 0 0 0 gsm|lte [SUB1]
07-19 11:48:26.237 2720 2720 D SubscriptionController: [getSubId]- numSubIds == 0, return DummySubIds slotIdx=1
07-19 11:48:27.407 2646 2646 D wpa_supplicant: wlan0: Control interface command 'SIGNAL_POLL'
07-19 11:48:30.455 2646 2646 D wpa_supplicant: wlan0: Control interface command 'SIGNAL_POLL'
07-19 11:48:31.544 0 0 I [ 125.512294,0] bq24296_dump_register: REG0 - 0x00 = 0x42
07-19 11:48:31.544 0 0 I [ 125.512802,0] bq24296_dump_register: REG1 - 0x01 = 0x1b
07-19 11:48:31.544 0 0 I [ 125.513302,0] bq24296_dump_register: REG2 - 0x02 = 0x5c
07-19 11:48:31.544 0 0 I [ 125.513801,0] bq24296_dump_register: REG3 - 0x03 = 0x21
07-19 11:48:31.544 0 0 I [ 125.514299,0] bq24296_dump_register: REG4 - 0x04 = 0xe2
07-19 11:48:31.547 0 0 I [ 125.514865,0] bq24296_dump_register: REG5 - 0x05 = 0x0e
07-19 11:48:31.547 0 0 I [ 125.515367,0] bq24296_dump_register: REG6 - 0x06 = 0x73
07-19 11:48:31.547 0 0 I [ 125.515865,0] bq24296_dump_register: REG7 - 0x07 = 0x4b
07-19 11:48:31.548 0 0 I [ 125.516361,0] bq24296_dump_register: REG8 - 0x08 = 0x64
07-19 11:48:31.548 0 0 I [ 125.516857,0] bq24296_dump_register: REG9 - 0x09 = 0x00
07-19 11:48:31.548 0 0 I [ 125.517352,0] bq24296_dump_register: REGA - 0x0a = 0x20
07-19 11:48:31.551 0 0 I [ 125.518493,0] bq24296_config_charging_para: bq24296_config_charging_para...
07-19 11:48:31.551 0 0 I : [ 125.521059,0] bq24296-charger 1-006b: set_max_allowed_current_ma:current_ma=2000,allowed_fastchg_current_ma=2000,target_current=2000
07-19 11:48:31.566 3862 3862 E NEW_BHD : Open /sys/class/power_supply/gb_battery
07-19 11:48:31.568 1827 1971 I cache_file_deleted: power_supply_info.csv
07-19 11:48:31.584 2720 2720 D VideoCall_LowBattery: BatteryIntent received: android.intent.action.BATTERY_CHANGED
07-19 11:48:31.598 2720 2720 D SubscriptionController: [getActiveSubscriptionInfoForSimSlotIndex]+ slotIdx=0 subId={id=1, iccId=89492019156020009546 simSlotIndex=0 displayName=LIDL Connect carrierName=LIDL Connect nameSource=0 iconTint=-16746133 dataRoaming=0 iconBitmap=android.graphics.Bitmap@8111a4a mcc 262 mnc 2 userNwMode=10}
07-19 11:48:31.600 2720 2720 D VideoCall_LowBattery: allowVideoCallsInLowBattery: false isCarrierOneSupported: false mIsLowbattery: true
07-19 11:48:31.600 2720 2720 D VideoCall_LowBattery: disconnectVideoCalls on low battery
07-19 11:48:31.600 2720 2720 D VideoCall_LowBattery: disconnectVideoCalls 
07-19 11:48:33.495 2646 2646 D wpa_supplicant: wlan0: Control interface command 'SIGNAL_POLL'
07-19 11:48:36.545 2646 2646 D wpa_supplicant: wlan0: Control interface command 'SIGNAL_POLL'
07-19 11:48:36.684 1827 1985 I PowerManagerService: Going to sleep due to screen timeout (uid 1000)...
07-19 11:48:36.685 1827 1985 I power_sleep_requested: 0
07-19 11:48:36.696 2463 2463 W FingerprintManager: isFingerprintHardwareDetected(): Service not connected!
07-19 11:48:36.707 1827 1985 W Adreno-EGL: : EGL_BAD_ATTRIBUTE
07-19 11:48:37.183 1827 1985 I am_pause_activity: [0,79325766,com.cyanogenmod.trebuchet/com.android.launcher3.Launcher]
07-19 11:48:37.184 4064 4064 I am_on_paused_called: [0,com.android.launcher3.Launcher,handlePauseActivity]
07-19 11:48:37.184 1827 1937 I VrManagerService: VR mode is disallowed
07-19 11:48:37.218 1827 1985 E Sensors : AccSensor::setEnable handle:1 enable:0
07-19 11:48:37.218 1827 1985 E Sensors : AccSensor::setEnable handle:1 oldStatus=1 newStatus=0
07-19 11:48:37.218 1827 1937 I am_stop_activity: [0,79325766,com.cyanogenmod.trebuchet/com.android.launcher3.Launcher]
07-19 11:48:37.218 1827 1985 E Sensors : AccSensor::setEnable finished!!!
07-19 11:48:37.219 1827 1985 V KeyguardServiceDelegate: onScreenTurnedOff()
07-19 11:48:37.220 1827 1937 I sysui_count: [window_time_0,72]
07-19 11:48:37.222 0 0 I : [ 131.188534,0] bma25x-accel 4-0019: bma25x_set_enable entry ebable:0 pre_enable:1!!!
07-19 11:48:37.222 0 0 I : [ 131.188872,0] bma25x-accel 4-0019: bma25x_set_enable finished!!!
07-19 11:48:37.230 4064 4064 I am_on_stop_called: [0,com.android.launcher3.Launcher,sleeping]
07-19 11:48:37.231 1827 1985 E Sensors : als setDelay
07-19 11:48:37.231 1827 1985 E Sensors : als poll interval: 250
07-19 11:48:37.233 1827 1983 I DisplayManagerService: Display device changed state: "Built-in Screen", OFF
07-19 11:48:37.235 288 288 D SurfaceFlinger: Set power mode=0, type=0 flinger=0xb6932000
07-19 11:48:37.235 288 288 D qdhwcomposer: hwc_setPowerMode: Setting mode 0 on display: 0
07-19 11:48:37.236 1827 2414 E Sensors : als enable
07-19 11:48:37.236 288 288 E qdutils : int qdutils::getHDMINode(): Failed to open fb node 2
07-19 11:48:37.236 288 288 E qdutils : int qdutils::getHDMINode(): Failed to open fb node 3
07-19 11:48:37.236 288 288 E qdutils : int qdutils::getHDMINode(): Failed to find HDMI node
07-19 11:48:37.238 0 0 I [ 131.206142,3] alsps_epl8802[epl_sensor_enable_als]: enable=0
07-19 11:48:37.238 0 0 I [ 131.206793,0] synaptics_dsx_sensor_state: state change ACTIVE -> SUSPEND
07-19 11:48:37.238 0 0 I [ 131.206807,0] synaptics_rmi4_suspend: screen: 0)14
07-19 11:48:37.237 1827 2414 E Sensors : als opening als_enable 0
07-19 11:48:37.272 1827 1936 I am_pss : [2751,1000,com.android.settings,25466880,19828736,0]
07-19 11:48:37.303 1827 1936 I am_pss : [4397,10005,com.android.providers.calendar,4408320,3174400,0]
07-19 11:48:37.333 1827 1936 I am_pss : [2958,10009,com.android.cellbroadcastreceiver,4084736,2813952,0]
07-19 11:48:37.363 1827 1936 I am_pss : [3988,10056,com.android.printspooler,3531776,2449408,0]
07-19 11:48:37.395 1827 1936 I am_pss : [4209,1000,org.cyanogenmod.cmparts,5848064,4435968,0]
07-19 11:48:37.442 288 538 I qdhwcomposer: handle_blank_event: dpy:0 panel power state: 0
07-19 11:48:37.443 288 538 E qdutils : int qdutils::getHDMINode(): Failed to open fb node 2
07-19 11:48:37.443 288 538 E qdutils : int qdutils::getHDMINode(): Failed to open fb node 3
07-19 11:48:37.443 288 538 E qdutils : int qdutils::getHDMINode(): Failed to find HDMI node
07-19 11:48:37.443 288 288 D qdhwcomposer: hwc_setPowerMode: Done setting mode 0 on display 0
07-19 11:48:37.444 0 0 I [ 131.248475,1] mdss_dsi_panel_off+: ctrl=00000000 ndx=0
07-19 11:48:37.444 0 0 I [ 131.390277,0] mdss_dsi_panel_off-: 
07-19 11:48:37.444 0 0 I [ 131.390283,0] mdss_dsi_off+: ctrl=eb501010 ndx=0
07-19 11:48:37.444 0 0 I [ 131.410605,0] mdss_dsi_off-: 
07-19 11:48:37.444 1827 2417 D SurfaceControl: Excessive delay in setPowerMode(): 211ms
07-19 11:48:37.456 1827 1985 I DreamManagerService: Entering dreamland.
07-19 11:48:37.457 1827 1985 I PowerManagerService: Dozing...
07-19 11:48:37.459 1827 1981 I DreamController: Starting dream: name=ComponentInfo{com.android.systemui/com.android.systemui.doze.DozeService}, isTest=false, canDoze=true, userId=0
07-19 11:48:37.459 1827 1981 I sysui_view_visibility: [223,100]
07-19 11:48:37.485 1827 1827 I power_screen_state: [0,3,0,0]
07-19 11:48:37.485 1827 1827 I screen_toggled: 0
07-19 11:48:37.485 1827 1827 I sysui_histogram: [screen_timeout,60]
07-19 11:48:37.486 1827 1827 I power_screen_broadcast_send: 1
07-19 11:48:37.490 313 313 D audio_hw_primary: adev_set_parameters: enter: screen_state=off
07-19 11:48:37.493 2463 2463 W FingerprintManager: isFingerprintHardwareDetected(): Service not connected!
07-19 11:48:37.497 2720 2720 D DCT : [0]screen off
07-19 11:48:37.497 2720 2720 D DCT : [0]stopNetStatPoll
07-19 11:48:37.503 2720 2720 D DCT : [1]screen off
07-19 11:48:37.503 2720 2720 D DCT : [1]stopNetStatPoll
07-19 11:48:37.503 2720 2720 D SubscriptionController: [getSubId]- numSubIds == 0, return DummySubIds slotIdx=1
07-19 11:48:37.503 2720 2720 D SubscriptionController: [getSubId]- numSubIds == 0, return DummySubIds slotIdx=1
07-19 11:48:37.513 1827 1827 I power_screen_broadcast_done: [0,28,1]
07-19 11:48:37.525 2646 2646 D wpa_supplicant: wlan0: Control interface command 'DRIVER SETSUSPENDMODE 1'
07-19 11:48:37.553 2646 2646 D wpa_supplicant: wpa_driver_nl80211_driver_cmd SETSUSPENDMODE 1 len = 0, 4096
07-19 11:48:37.686 1827 1938 I WindowManager: OverscanTimeout run
07-19 11:48:41.711 1827 4014 I ActivityManager: Setting hasTopUi=true for pid=2463
07-19 11:48:41.725 2463 2463 I sysui_view_visibility: [111,100]
07-19 11:48:41.725 2463 2463 I sysui_view_visibility: [126,100]
07-19 11:48:41.725 2463 2463 I sysui_view_visibility: [115,100]
07-19 11:48:41.725 2463 2463 I sysui_view_visibility: [261,100]
07-19 11:48:41.725 2463 2463 I sysui_view_visibility: [118,100]
07-19 11:48:41.725 2463 2463 I sysui_view_visibility: [119,100]
07-19 11:48:41.725 2463 2463 I sysui_view_visibility: [123,100]
07-19 11:48:41.742 1827 4014 I notification_expansion: [-1|android|17040536|null|1000,0,0,3872690,3872690,90978]
07-19 11:48:41.745 2463 2463 D PhoneStatusBar: disable: < expand ICONS* alerts SYSTEM_INFO* back home recent clock search quick_settings
> 07-19 11:48:41.759 2463 2463 W FingerprintManager: isFingerprintHardwareDetected(): Service not connected!
07-19 11:48:41.766 2463 2463 W FingerprintManager: isFingerprintHardwareDetected(): Service not connected!
07-19 11:48:41.766 2463 2463 I sysui_status_bar_state: [1,1,0,0,0,1]
07-19 11:48:41.803 1827 1936 I am_pss : [1827,1000,system,80388096,70365184,0]
07-19 11:48:41.811 2463 2463 W FingerprintManager: isFingerprintHardwareDetected(): Service not connected!
07-19 11:48:41.816 2463 2463 D PhoneStatusBar: disable: < expand ICONS alerts SYSTEM_INFO back HOME* RECENT* clock SEARCH* quick_settings
> 07-19 11:48:41.824 288 288 I sf_frame_dur: [NavigationBar,35,1,0,0,0,0,1]
07-19 11:48:46.243 2720 2720 D RILJ : [3891]> SIGNAL_STRENGTH [SUB1]
07-19 11:48:46.256 2720 2885 D RILJ : [3891]< SIGNAL_STRENGTH SignalStrength: 0 0 0 0 0 0 0 0 0 0 0 0 0 gsm|lte [SUB1]
07-19 11:48:46.260 2720 2720 D SubscriptionController: [getSubId]- numSubIds == 0, return DummySubIds slotIdx=1
07-19 11:49:06.287 2720 2720 D RILJ : [3892]> SIGNAL_STRENGTH [SUB1]
07-19 11:49:06.297 2720 2885 D RILJ : [3892]< SIGNAL_STRENGTH SignalStrength: 0 0 0 0 0 0 0 0 0 0 0 0 0 gsm|lte [SUB1]
07-19 11:49:06.298 2720 2720 D SubscriptionController: [getSubId]- numSubIds == 0, return DummySubIds slotIdx=1
07-19 11:49:26.310 2720 2720 D RILJ : [3893]> SIGNAL_STRENGTH [SUB1]
07-19 11:49:26.315 2720 2885 D RILJ : [3893]< SIGNAL_STRENGTH SignalStrength: 0 0 0 0 0 0 0 0 0 0 0 0 0 gsm|lte [SUB1]
07-19 11:49:26.315 2720 2720 D SubscriptionController: [getSubId]- numSubIds == 0, return DummySubIds slotIdx=1
07-19 11:49:31.704 0 0 I [ 185.673153,0] bq24296_dump_register: REG0 - 0x00 = 0x42
07-19 11:49:31.705 0 0 I [ 185.673947,0] bq24296_dump_register: REG1 - 0x01 = 0x1b
07-19 11:49:31.708 0 0 I [ 185.675225,0] bq24296_dump_register: REG2 - 0x02 = 0x5c
07-19 11:49:31.708 0 0 I [ 185.676022,0] bq24296_dump_register: REG3 - 0x03 = 0x21
07-19 11:49:31.708 0 0 I [ 185.676799,0] bq24296_dump_register: REG4 - 0x04 = 0xe2
07-19 11:49:31.708 0 0 I [ 185.677578,0] bq24296_dump_register: REG5 - 0x05 = 0x0e
07-19 11:49:31.711 0 0 I [ 185.679225,0] bq24296_dump_register: REG6 - 0x06 = 0x73
07-19 11:49:31.711 0 0 I [ 185.680005,0] bq24296_dump_register: REG7 - 0x07 = 0x4b
07-19 11:49:31.712 0 0 I [ 185.680784,0] bq24296_dump_register: REG8 - 0x08 = 0x64
07-19 11:49:31.712 0 0 I [ 185.681499,0] bq24296_dump_register: REG9 - 0x09 = 0x00
07-19 11:49:31.712 0 0 I [ 185.682134,0] bq24296_dump_register: REGA - 0x0a = 0x20
07-19 11:49:31.715 0 0 I [ 185.683181,0] bq24296_config_charging_para: bq24296_config_charging_para...
07-19 11:49:31.718 0 0 I : [ 185.686199,0] bq24296-charger 1-006b: set_max_allowed_current_ma:current_ma=2000,allowed_fastchg_current_ma=2000,target_current=2000
07-19 11:49:31.738 3862 3862 E NEW_BHD : Open /sys/class/power_supply/gb_battery
07-19 11:49:31.738 1827 1971 I cache_file_deleted: power_supply_info.csv
07-19 11:49:31.769 2720 2720 D VideoCall_LowBattery: BatteryIntent received: android.intent.action.BATTERY_CHANGED
07-19 11:49:31.786 2720 2720 D SubscriptionController: [getActiveSubscriptionInfoForSimSlotIndex]+ slotIdx=0 subId={id=1, iccId=89492019156020009546 simSlotIndex=0 displayName=LIDL Connect carrierName=LIDL Connect nameSource=0 iconTint=-16746133 dataRoaming=0 iconBitmap=android.graphics.Bitmap@8c1631 mcc 262 mnc 2 userNwMode=10}
07-19 11:49:31.788 2720 2720 D VideoCall_LowBattery: allowVideoCallsInLowBattery: false isCarrierOneSupported: false mIsLowbattery: true
07-19 11:49:31.788 2720 2720 D VideoCall_LowBattery: disconnectVideoCalls on low battery
07-19 11:49:31.789 2720 2720 D VideoCall_LowBattery: disconnectVideoCalls 
07-19 11:49:46.332 2720 2720 D RILJ : [3894]> SIGNAL_STRENGTH [SUB1]
07-19 11:49:46.339 2720 2885 D RILJ : [3894]< SIGNAL_STRENGTH SignalStrength: 0 0 0 0 0 0 0 0 0 0 0 0 0 gsm|lte [SUB1]
07-19 11:49:46.339 2720 2720 D SubscriptionController: [getSubId]- numSubIds == 0, return DummySubIds slotIdx=1
07-19 11:50:03.181 0 0 I : [ 217.147785,0] Report pwrkey press event at: 2017-07-19 09:50:03 UTC
07-19 11:50:03.194 1827 2331 I sysui_histogram: [power_double_tap_interval,178075]
07-19 11:50:03.195 1827 2331 I PowerManagerService: Waking up from dozing (uid 1000)...
07-19 11:50:03.197 1827 1827 I power_screen_state: [1,0,0,0]
07-19 11:50:03.197 1827 1827 I screen_toggled: 1
07-19 11:50:03.197 1827 1827 V KeyguardServiceDelegate: onStartedWakingUp()
07-19 11:50:03.199 1827 1985 I DisplayPowerController: Blocking screen on until initial contents have been drawn.
07-19 11:50:03.199 1827 1985 V KeyguardServiceDelegate: onScreenTurnedOn(showListener = com.android.server.policy.PhoneWindowManager$2@bddafee)
07-19 11:50:03.200 2463 2463 W FingerprintManager: isFingerprintHardwareDetected(): Service not connected!
07-19 11:50:03.201 1827 1985 E Sensors : als setDelay
07-19 11:50:03.201 1827 1985 E Sensors : als poll interval: 1
07-19 11:50:03.201 1827 1985 E Sensors : als enable
07-19 11:50:03.202 1827 1827 I power_screen_broadcast_send: 1
07-19 11:50:03.205 0 0 I [ 217.171615,1] alsps_epl8802[epl_sensor_enable_als]: enable=1
07-19 11:50:03.211 313 540 D audio_hw_primary: adev_set_parameters: enter: screen_state=on
07-19 11:50:03.229 1827 1985 E Sensors : als opening als_enable 1
07-19 11:50:03.230 1827 1985 E Sensors : als enable
07-19 11:50:03.230 1827 1985 E Sensors : als opening als_enable 0
07-19 11:50:03.230 1827 4014 E Sensors : ProxSensor setDelay handle = 5 delay = 20000000
07-19 11:50:03.230 1827 4014 E Sensors : ProxSensor::setEnable handle:5 enable:1
07-19 11:50:03.230 1827 4014 D Sensors : ProxSensor old=0 new =1
07-19 11:50:03.231 0 0 I [ 217.200389,0] alsps_epl8802[epl_sensor_enable_als]: enable=0
07-19 11:50:03.231 0 0 I [ 217.201026,1] alsps_epl8802[epl_sensor_enable_ps]: PS enable!
07-19 11:50:03.231 0 0 I [ 217.201043,1] alsps_epl8802[epl_sensor_enable_ps]: INTT=1, Gain=1, ir_drive=1
07-19 11:50:03.235 0 0 I [ 217.202096,0] alsps_epl8802set_psensor_intr_threshold: low_thd = 2300, high_thd = 2301
07-19 11:50:03.247 2646 2646 D wpa_supplicant: wlan0: Control interface command 'SCAN TYPE=ONLY freq=2462'
07-19 11:50:03.247 2646 2646 D wpa_supplicant: wlan0: Setting scan request: 0.000000 sec
07-19 11:50:03.247 2646 2646 D wpa_supplicant: wlan0: Starting AP scan for wildcard SSID
07-19 11:50:03.247 2646 2646 D wpa_supplicant: wlan0: Limit manual scan to specified channels
07-19 11:50:03.247 2646 2646 D wpa_supplicant: wlan0: Add radio work 'scan'@0xb67a8060
07-19 11:50:03.247 2646 2646 D wpa_supplicant: wlan0: First radio work item in the queue - schedule start immediately
07-19 11:50:03.247 2646 2646 D wpa_supplicant: wlan0: Starting radio work 'scan'@0xb67a8060 after 0.000065 second wait
07-19 11:50:03.247 2646 2646 D wpa_supplicant: wlan0: nl80211: scan request
07-19 11:50:03.248 2646 2646 D wpa_supplicant: Scan requested (ret=0) - scan timeout 30 seconds
07-19 11:50:03.248 2646 2646 D wpa_supplicant: nl80211: Drv Event 33 (NL80211_CMD_TRIGGER_SCAN) received for wlan0
07-19 11:50:03.248 2646 2646 D wpa_supplicant: wlan0: nl80211: Scan trigger
07-19 11:50:03.248 2646 2646 D wpa_supplicant: wlan0: Event SCAN_STARTED (47) received
07-19 11:50:03.248 2646 2646 D wpa_supplicant: wlan0: Own scan request started a scan in 0.000132 seconds
07-19 11:50:03.249 2646 2646 D wpa_supplicant: wlan0: Control interface command 'SIGNAL_POLL'
07-19 11:50:03.257 1827 1936 I am_pss : [4064,10030,com.cyanogenmod.trebuchet,30746624,25161728,0]
07-19 11:50:03.257 0 0 I : [ 217.227711,0] alsps_epl8802------------------- epl_sensor.ps.data.data=35, value=100
07-19 11:50:03.257 0 0 I : [ 217.227711,0]
07-19 11:50:03.261 0 0 I [ 217.228126,0] alsps_epl8802set_psensor_intr_threshold: low_thd = 65521, high_thd = 407
07-19 11:50:03.263 2646 2646 D wpa_supplicant: wlan0: Control interface command 'DRIVER SETSUSPENDMODE 0'
07-19 11:50:03.268 0 0 I [ 217.235388,0] alsps_epl8802[epl_sensor_enable_als]: enable=1
07-19 11:50:03.264 1827 4014 E Sensors : ProxSensor::setEnable finished!!!
07-19 11:50:03.265 1827 1985 E Sensors : als setDelay
07-19 11:50:03.265 1827 1985 E Sensors : als poll interval: 250
07-19 11:50:03.265 1827 1985 E Sensors : als enable
07-19 11:50:03.269 1827 2600 V KeyguardServiceDelegate: **** SHOWN CALLED ****
07-19 11:50:03.287 1827 1936 I am_pss : [3964,10003,org.cyanogenmod.audiofx,4602880,3493888,0]
07-19 11:50:03.295 1827 1985 E Sensors : als opening als_enable 1
07-19 11:50:03.295 1827 1985 D LuxLevels: bright hysteresis constant= 0.1, threshold=72.6, lux=66.0
07-19 11:50:03.296 1827 1985 D LuxLevels: dark hysteresis constant= 0.2, threshold=52.8, lux=66.0
07-19 11:50:03.297 288 288 D SurfaceFlinger: Set power mode=2, type=0 flinger=0xb6932000
07-19 11:50:03.297 288 288 D qdhwcomposer: hwc_setPowerMode: Setting mode 2 on display: 0
07-19 11:50:03.297 1827 1983 I DisplayManagerService: Display device changed state: "Built-in Screen", ON
07-19 11:50:03.297 288 288 E qdutils : int qdutils::getHDMINode(): Failed to open fb node 2
07-19 11:50:03.297 288 288 E qdutils : int qdutils::getHDMINode(): Failed to open fb node 3
07-19 11:50:03.297 288 288 E qdutils : int qdutils::getHDMINode(): Failed to find HDMI node
07-19 11:50:03.332 1827 1936 I am_pss : [2720,1001,com.android.phone,22811648,19505152,0]
07-19 11:50:03.333 1827 1938 E Sensors : AccSensor::setDelay handle:1 delay:66
07-19 11:50:03.333 1827 1938 E Sensors : AccSensor::setDelay finished!!!
07-19 11:50:03.333 1827 1938 E Sensors : AccSensor::setEnable handle:1 enable:1
07-19 11:50:03.333 1827 1938 E Sensors : AccSensor::setEnable handle:1 oldStatus=0 newStatus=1
07-19 11:50:03.336 1827 1938 E Sensors : AccSensor::setEnable finished!!!
07-19 11:50:03.336 1827 1985 I DisplayPowerController: Unblocked screen on after 137 ms
07-19 11:50:03.337 1827 1985 V KeyguardServiceDelegate: onScreenTurnedOn()
07-19 11:50:03.337 1827 1985 I DreamManagerService: Gently waking up from dream.
07-19 11:50:03.338 1827 1926 I DreamManagerService: Leaving dreamland.
07-19 11:50:03.338 1827 1981 I DreamController: Stopping dream: name=ComponentInfo{com.android.systemui/com.android.systemui.doze.DozeService}, isTest=false, canDoze=true, userId=0
07-19 11:50:03.338 1827 1981 I sysui_view_visibility: [223,0]
07-19 11:50:03.338 1827 1981 I sysui_histogram: [dozing_minutes,1]
07-19 11:50:03.364 2646 2646 D wpa_supplicant: wpa_driver_nl80211_driver_cmd SETSUSPENDMODE 0 len = 0, 4096
07-19 11:50:03.365 2646 2646 D wpa_supplicant: nl80211: Drv Event 34 (NL80211_CMD_NEW_SCAN_RESULTS) received for wlan0
07-19 11:50:03.365 2646 2646 D wpa_supplicant: wlan0: nl80211: New scan results available
07-19 11:50:03.365 2646 2646 D wpa_supplicant: nl80211: Scan included frequencies: 2462
07-19 11:50:03.365 2646 2646 D wpa_supplicant: wlan0: Event SCAN_RESULTS (3) received
07-19 11:50:03.365 2646 2646 D wpa_supplicant: wlan0: Scan completed in 0.116673 seconds
07-19 11:50:03.366 2646 2646 D wpa_supplicant: nl80211: Associated on 2462 MHz
07-19 11:50:03.366 2646 2646 D wpa_supplicant: nl80211: Associated with 18:a6:f7:7a:57:e4
07-19 11:50:03.366 2646 2646 D wpa_supplicant: nl80211: Received scan results (15 BSSes)
07-19 11:50:03.366 2646 2646 D wpa_supplicant: nl80211: Scan results indicate BSS status with 18:a6:f7:7a:57:e4 as associated
07-19 11:50:03.366 2646 2646 D wpa_supplicant: wlan0: BSS: Start scan result update 5
07-19 11:50:03.367 2646 2646 D wpa_supplicant: BSS: last_scan_res_used=15/32
07-19 11:50:03.367 2646 2646 D wpa_supplicant: wlan0: Scan-only results received
07-19 11:50:03.367 2646 2646 D wpa_supplicant: wlan0: Radio work 'scan'@0xb67a8060 done in 0.119411 seconds
07-19 11:50:03.367 2646 2646 D wpa_supplicant: wlan0: radio_work_free('scan'@0xb67a8060: num_active_works --> 0
07-19 11:50:03.378 2646 2646 D wpa_supplicant: nl80211: Drv Event 79 (NL80211_CMD_SET_REKEY_OFFLOAD) received for wlan0
07-19 11:50:03.378 2646 2646 D wpa_supplicant: nl80211: Rekey offload event for BSSID 18:a6:f7:7a:57:e4
07-19 11:50:03.378 2646 2646 D wpa_supplicant: nl80211: Rekey offload - Replay Counter - hexdump(len=8): 00 00 00 00 00 00 00 04
07-19 11:50:03.378 2646 2646 D wpa_supplicant: wlan0: Event DRIVER_GTK_REKEY (35) received
07-19 11:50:03.382 1827 1936 I am_pss : [2463,10033,com.android.systemui,56491008,49459200,0]
07-19 11:50:03.387 2720 2720 D DCT : [0]screen on
07-19 11:50:03.387 2720 2720 D DCT : [0]stopNetStatPoll
07-19 11:50:03.392 2720 2720 D DCT : [1]screen on
07-19 11:50:03.392 2720 2720 D DCT : [1]stopNetStatPoll
07-19 11:50:03.392 2720 2720 D SubscriptionController: [getSubId]- numSubIds == 0, return DummySubIds slotIdx=1
07-19 11:50:03.392 2720 2720 D SubscriptionController: [getSubId]- numSubIds == 0, return DummySubIds slotIdx=1
07-19 11:50:03.399 1827 1827 I power_screen_broadcast_done: [1,197,1]
07-19 11:50:03.538 288 538 I qdhwcomposer: handle_blank_event: dpy:0 panel power state: 1
07-19 11:50:03.538 288 538 E qdutils : int qdutils::getHDMINode(): Failed to open fb node 2
07-19 11:50:03.538 288 538 E qdutils : int qdutils::getHDMINode(): Failed to open fb node 3
07-19 11:50:03.538 288 538 E qdutils : int qdutils::getHDMINode(): Failed to find HDMI node
07-19 11:50:03.538 288 288 D qdhwcomposer: hwc_setPowerMode: Done setting mode 2 on display 0
07-19 11:50:03.540 1827 2417 D SurfaceControl: Excessive delay in setPowerMode(): 243ms
07-19 11:50:03.540 288 288 I sf_frame_dur: [ColorFade,26,0,0,0,0,0,0]
07-19 11:50:03.541 0 0 I [ 217.276677,0] mdss_dsi_on+: ctrl=eb501010 ndx=0
07-19 11:50:03.541 0 0 I : [ 217.280759,0] alsps_epl8802------------------- epl_sensor.ps.data.data=58, value=100
07-19 11:50:03.541 0 0 I : [ 217.280759,0]
07-19 11:50:03.541 0 0 I [ 217.281075,0] alsps_epl8802set_psensor_intr_threshold: low_thd = 65521, high_thd = 407
07-19 11:50:03.541 0 0 I : [ 217.303320,0] bma25x-accel 4-0019: bma25x_set_enable entry ebable:1 pre_enable:0!!!
07-19 11:50:03.541 0 0 I : [ 217.306557,0] bma25x-accel 4-0019: bma25x_set_enable finished!!!
07-19 11:50:03.541 0 0 I : [ 217.322893,0] Report pwrkey release event at: 2017-07-19 09:50:03 UTC
07-19 11:50:03.541 0 0 E [ 217.334690,0] [11: 50:03.364708] [0000000100B40C9B] [wpa_s] wlan: [E :PMC] pmcEnterBmpsCheck: 2460: PMC: Power save check failed. BMPS cannot be entered now
07-19 11:50:03.541 0 0 I [ 217.361435,0] mdss_dsi_on-: 
07-19 11:50:03.541 0 0 I [ 217.361445,0] mdss_dsi_panel_on+: ctrl=00000000 ndx=0
07-19 11:50:03.541 0 0 I : [ 217.402717,0] alsps_epl8802------------------- epl_sensor.ps.data.data=41, value=100
07-19 11:50:03.541 0 0 I : [ 217.402717,0]
07-19 11:50:03.541 0 0 I [ 217.403319,0] alsps_epl8802set_psensor_intr_threshold: low_thd = 65521, high_thd = 407
07-19 11:50:03.541 0 0 I : [ 217.507125,0] mdss_dsi_panel_on-. Pwr_mode(0x0A) = 0x9c
07-19 11:50:03.568 0 0 I : [ 217.536176,0] alsps_epl8802------------------- epl_sensor.ps.data.data=68, value=100
07-19 11:50:03.568 0 0 I : [ 217.536176,0]
07-19 11:50:03.568 0 0 I [ 217.536823,0] alsps_epl8802set_psensor_intr_threshold: low_thd = 65521, high_thd = 407
07-19 11:50:03.584 0 0 I [ 217.554407,0] synaptics_dsx_sensor_state: state change SUSPEND -> ACTIVE
07-19 11:50:03.678 0 0 I : [ 217.645972,0] alsps_epl8802------------------- epl_sensor.ps.data.data=67, value=100
07-19 11:50:03.678 0 0 I : [ 217.645972,0]
07-19 11:50:03.678 0 0 I [ 217.646800,0] alsps_epl8802set_psensor_intr_threshold: low_thd = 65521, high_thd = 407
07-19 11:50:03.797 0 0 I : [ 217.767296,0] alsps_epl8802------------------- epl_sensor.ps.data.data=45, value=100
07-19 11:50:03.797 0 0 I : [ 217.767296,0]
07-19 11:50:03.798 0 0 I [ 217.767765,0] alsps_epl8802set_psensor_intr_threshold: low_thd = 65521, high_thd = 407
07-19 11:50:03.921 0 0 I : [ 217.888967,0] alsps_epl8802------------------- epl_sensor.ps.data.data=36, value=100
07-19 11:50:03.921 0 0 I : [ 217.888967,0]
07-19 11:50:03.921 0 0 I [ 217.889409,0] alsps_epl8802set_psensor_intr_threshold: low_thd = 65521, high_thd = 407
07-19 11:50:04.041 0 0 I : [ 218.010646,0] alsps_epl8802------------------- epl_sensor.ps.data.data=63, value=100
07-19 11:50:04.041 0 0 I : [ 218.010646,0]
07-19 11:50:04.041 0 0 I [ 218.011078,0] alsps_epl8802set_psensor_intr_threshold: low_thd = 65521, high_thd = 407
07-19 11:50:04.164 0 0 I : [ 218.132153,0] alsps_epl8802------------------- epl_sensor.ps.data.data=45, value=100
07-19 11:50:04.164 0 0 I : [ 218.132153,0]
07-19 11:50:04.164 0 0 I [ 218.132484,0] alsps_epl8802set_psensor_intr_threshold: low_thd = 65521, high_thd = 407
07-19 11:50:04.284 0 0 I : [ 218.253810,0] alsps_epl8802------------------- epl_sensor.ps.data.data=43, value=100
07-19 11:50:04.284 0 0 I : [ 218.253810,0]
07-19 11:50:04.284 0 0 I [ 218.254143,0] alsps_epl8802set_psensor_intr_threshold: low_thd = 65521, high_thd = 407
07-19 11:50:04.407 0 0 I : [ 218.375868,0] alsps_epl8802------------------- epl_sensor.ps.data.data=53, value=100
07-19 11:50:04.408 0 0 I : [ 218.375868,0]
07-19 11:50:04.408 0 0 I [ 218.377520,0] alsps_epl8802set_psensor_intr_threshold: low_thd = 65521, high_thd = 407
07-19 11:50:04.527 0 0 I : [ 218.497221,0] alsps_epl8802------------------- epl_sensor.ps.data.data=49, value=100
07-19 11:50:04.528 0 0 I : [ 218.497221,0]
07-19 11:50:04.528 0 0 I [ 218.497626,0] alsps_epl8802set_psensor_intr_threshold: low_thd = 65521, high_thd = 407
07-19 11:50:04.651 0 0 I : [ 218.618925,0] alsps_epl8802------------------- epl_sensor.ps.data.data=59, value=100
07-19 11:50:04.651 0 0 I : [ 218.618925,0]
07-19 11:50:04.651 0 0 I [ 218.619270,0] alsps_epl8802set_psensor_intr_threshold: low_thd = 65521, high_thd = 407
07-19 11:50:04.771 0 0 I : [ 218.740579,0] alsps_epl8802------------------- epl_sensor.ps.data.data=54, value=100
07-19 11:50:04.771 0 0 I : [ 218.740579,0]
07-19 11:50:04.771 0 0 I [ 218.740915,0] alsps_epl8802set_psensor_intr_threshold: low_thd = 65521, high_thd = 407
07-19 11:50:04.895 0 0 I : [ 218.862313,0] alsps_epl8802------------------- epl_sensor.ps.data.data=71, value=100
07-19 11:50:04.895 0 0 I : [ 218.862313,0]
07-19 11:50:04.895 0 0 I [ 218.862712,0] alsps_epl8802set_psensor_intr_threshold: low_thd = 65521, high_thd = 407
07-19 11:50:05.014 0 0 I : [ 218.984012,0] alsps_epl8802------------------- epl_sensor.ps.data.data=44, value=100
07-19 11:50:05.014 0 0 I : [ 218.984012,0]
07-19 11:50:05.014 0 0 I [ 218.984363,0] alsps_epl8802set_psensor_intr_threshold: low_thd = 65521, high_thd = 407
07-19 11:50:05.137 0 0 I : [ 219.105736,0] alsps_epl8802------------------- epl_sensor.ps.data.data=51, value=100
07-19 11:50:05.137 0 0 I : [ 219.105736,0]
07-19 11:50:05.137 0 0 I [ 219.106094,0] alsps_epl8802set_psensor_intr_threshold: low_thd = 65521, high_thd = 407
07-19 11:50:05.261 0 0 I : [ 219.228032,0] alsps_epl8802------------------- epl_sensor.ps.data.data=61, value=100
07-19 11:50:05.261 0 0 I : [ 219.228032,0]
07-19 11:50:05.261 0 0 I [ 219.228396,0] alsps_epl8802set_psensor_intr_threshold: low_thd = 65521, high_thd = 407
07-19 11:50:05.381 0 0 I : [ 219.349083,0] alsps_epl8802------------------- epl_sensor.ps.data.data=42, value=100
07-19 11:50:05.381 0 0 I : [ 219.349083,0]
07-19 11:50:05.381 0 0 I [ 219.349429,0] alsps_epl8802set_psensor_intr_threshold: low_thd = 65521, high_thd = 407
07-19 11:50:05.501 0 0 I : [ 219.470704,0] alsps_epl8802------------------- epl_sensor.ps.data.data=60, value=100
07-19 11:50:05.501 0 0 I : [ 219.470704,0]
07-19 11:50:05.501 0 0 I [ 219.471029,0] alsps_epl8802set_psensor_intr_threshold: low_thd = 65521, high_thd = 407
07-19 11:50:05.576 2463 2463 I sysui_lockscreen_gesture: [1,321,4652]
07-19 11:50:05.624 0 0 I : [ 219.592521,0] alsps_epl8802------------------- epl_sensor.ps.data.data=43, value=100
07-19 11:50:05.624 0 0 I : [ 219.592521,0]
07-19 11:50:05.624 0 0 I [ 219.594316,0] alsps_epl8802set_psensor_intr_threshold: low_thd = 65521, high_thd = 407
07-19 11:50:05.627 2463 2463 I screen_toggled: 2
07-19 11:50:05.627 2463 2463 D PhoneStatusBar: disable: < expand ICONS alerts SYSTEM_INFO back HOME RECENT clock SEARCH quick_settings
> 07-19 11:50:05.634 1827 1926 I am_resume_activity: [0,79325766,11,com.cyanogenmod.trebuchet/com.android.launcher3.Launcher]
07-19 11:50:05.638 1827 1937 I VrManagerService: VR mode is allowed
07-19 11:50:05.642 4064 4064 I am_on_resume_called: [0,com.android.launcher3.Launcher,RESUME_ACTIVITY]
07-19 11:50:05.644 313 528 D audio_hw_primary: start_output_stream: enter: stream(0xb623d380)usecase(1: low-latency-playback) devices(0x2)
07-19 11:50:05.644 313 528 D audio_hw_primary: select_devices: out_snd_device(2: speaker) in_snd_device(0: )
07-19 11:50:05.644 313 528 W msm8916_platform: Codec backend bitwidth 16, samplerate 48000
07-19 11:50:05.645 313 528 D hardware_info: hw_info_append_hw_type : device_name = speaker
07-19 11:50:05.645 313 528 D audio_hw_primary: enable_snd_device: snd_device(2: speaker)
07-19 11:50:05.648 313 528 W audio_hw_utils: audio_extn_utils_update_stream_app_type_cfg: App type could not be selected. Falling back to default
07-19 11:50:05.648 313 528 I audio_hw_primary: select_devices Selected apptype: 69936
07-19 11:50:05.648 313 528 D ACDB-LOADER: ACDB -> send_audio_cal, acdb_id = 15, path = 0
07-19 11:50:05.648 313 528 D ACDB-LOADER: ACDB -> send_asm_topology
07-19 11:50:05.648 313 528 D ACDB-LOADER: ACDB -> ACDB_CMD_GET_AUDPROC_STREAM_TOPOLOGY_ID
07-19 11:50:05.648 313 528 D ACDB-LOADER: ACDB -> send_adm_topology
07-19 11:50:05.648 313 528 D ACDB-LOADER: ACDB -> ACDB_CMD_GET_AUDPROC_COMMON_TOPOLOGY_ID
07-19 11:50:05.648 313 528 D ACDB-LOADER: ACDB -> send_audtable
07-19 11:50:05.648 313 528 D ACDB-LOADER: ACDB -> ACDB_CMD_GET_AUDPROC_COMMON_TABLE
07-19 11:50:05.648 313 528 D ACDB-LOADER: ACDB -> AUDIO_SET_AUDPROC_CAL
07-19 11:50:05.648 313 528 D ACDB-LOADER: ACDB -> send_audvoltable
07-19 11:50:05.648 313 528 D ACDB-LOADER: ACDB -> ACDB_CMD_GET_AUDPROC_GAIN_DEP_STEP_TABLE
07-19 11:50:05.648 313 528 D ACDB-LOADER: ACDB -> AUDIO_SET_AUDPROC_VOL_CAL
07-19 11:50:05.649 313 528 D ACDB-LOADER: ACDB -> send_afe_cal
07-19 11:50:05.649 313 528 D ACDB-LOADER: ACDB -> ACDB_CMD_GET_AFE_COMMON_TABLE
07-19 11:50:05.649 313 528 D : Failed to fetch the lookup information of the device 0000000F 
07-19 11:50:05.649 313 528 D ACDB-LOADER: ACDB -> AUDIO_SET_AFE_CAL
07-19 11:50:05.649 313 528 D ACDB-LOADER: ACDB -> send_hw_delay : acdb_id = 15 path = 0
07-19 11:50:05.649 313 528 D ACDB-LOADER: ACDB -> ACDB_AVSYNC_INFO: ACDB_CMD_GET_DEVICE_PROPERTY
07-19 11:50:05.649 313 528 I audio_hw_utils: audio_extn_utils_send_app_type_cfg: PLAYBACK app_type 69936, acdb_dev_id 15, sample_rate 48000
07-19 11:50:05.649 313 528 D audio_hw_primary: enable_audio_route: apply mixer and update path: low-latency-playback
07-19 11:50:05.649 313 528 D audio_hw_primary: select_devices: done
07-19 11:50:05.650 2463 2463 D PhoneStatusBar: disable: < expand icons* alerts system_info* back HOME RECENT clock SEARCH quick_settings
> 07-19 11:50:05.651 1827 2813 E Sensors : ProxSensor::setEnable handle:5 enable:0
07-19 11:50:05.651 1827 2813 D Sensors : ProxSensor old=1 new =0
07-19 11:50:05.665 1827 2813 E Sensors : ProxSensor::setEnable finished!!!
07-19 11:50:05.667 2463 2463 I sysui_view_visibility: [111,0]
07-19 11:50:05.667 1827 2600 I notification_expansion: [-1|android|17040536|null|1000,0,1,3956615,3956615,174903]
07-19 11:50:05.668 313 528 D msm8916_platform: platform_set_channel_map mixer_ctl_name:Playback Channel Map12
07-19 11:50:05.668 313 528 D msm8916_platform: platform_set_channel_map: set mapping(1 2 3 0 0 0 0 0) for channel:2
07-19 11:50:05.668 313 528 D audio_hw_primary: start_output_stream: exit
07-19 11:50:05.675 2463 2463 I sysui_status_bar_state: [0,0,0,0,0,1]
07-19 11:50:05.690 1827 4003 W InputMethodManagerService: Window already focused, ignoring focus gain of: com.android.internal.view.IInputMethodClient$Stub$Proxy@d186d64 attribute=android.view.inputmethod.EditorInfo@4133bcd, token = android.os.BinderProxy@c97c7bc
07-19 11:50:05.698 2463 2463 D PhoneStatusBar: disable: < expand icons alerts system_info back home* recent* clock search* quick_settings
> 07-19 11:50:06.125 1827 1926 I ActivityManager: Setting hasTopUi=false for pid=2463
07-19 11:50:06.301 2646 2646 D wpa_supplicant: wlan0: Control interface command 'SIGNAL_POLL'
07-19 11:50:06.344 2720 2720 D RILJ : [3895]> SIGNAL_STRENGTH [SUB1]
07-19 11:50:06.348 2720 2885 D RILJ : [3895]< SIGNAL_STRENGTH SignalStrength: 0 0 0 0 0 0 0 0 0 0 0 0 0 gsm|lte [SUB1]
07-19 11:50:06.349 2720 2720 D SubscriptionController: [getSubId]- numSubIds == 0, return DummySubIds slotIdx=1
07-19 11:50:08.866 313 528 D audio_hw_primary: out_standby: enter: stream (0xb623d380) usecase(1: low-latency-playback)
07-19 11:50:08.965 313 528 D audio_hw_primary: disable_audio_route: reset and update mixer path: low-latency-playback
07-19 11:50:08.967 313 528 D hardware_info: hw_info_append_hw_type : device_name = speaker
07-19 11:50:08.967 313 528 D audio_hw_primary: disable_snd_device: snd_device(2: speaker)
07-19 11:50:09.224 0 0 I : [ 223.191133,0] Report pwrkey press event at: 2017-07-19 09:50:09 UTC
07-19 11:50:09.226 1827 2331 I sysui_histogram: [power_double_tap_interval,6044]
07-19 11:50:09.350 1827 2331 I PowerManagerService: Going to sleep due to power button (uid 1000)...
07-19 11:50:09.350 1827 2331 I power_sleep_requested: 0
07-19 11:50:09.355 0 0 I : [ 223.320065,0] Report pwrkey release event at: 2017-07-19 09:50:09 UTC
07-19 11:50:09.356 2646 2646 D wpa_supplicant: wlan0: Control interface command 'SIGNAL_POLL'
07-19 11:50:09.359 313 540 W AudioPolicyIntefaceImpl: getOutputForAttr uid 10033 tried to pass itself off as 1000
07-19 11:50:09.359 2463 2491 W AudioTrack: AUDIO_OUTPUT_FLAG_FAST denied by client; transfer 4, track 44100 Hz, output 48000 Hz
07-19 11:50:09.360 313 313 W AudioFlinger: virtual sp android::AudioFlinger::createTrack(audio_stream_type_t, uint32_t, audio_format_t, audio_channel_mask_t, size_t *, audio_output_flags_t *, const sp &, audio_io_handle_t, pid_t, pid_t, audio_session_t *, int, status_t *) uid 10033 pid 2463 tried to pass itself off as pid 0
07-19 11:50:09.360 313 313 W AudioFlinger: TrackBase uid 10033 tried to pass itself off as 1000
07-19 11:50:09.363 313 528 D audio_hw_primary: start_output_stream: enter: stream(0xb623d380)usecase(1: low-latency-playback) devices(0x2)
07-19 11:50:09.363 313 528 D audio_hw_primary: select_devices: out_snd_device(2: speaker) in_snd_device(0: )
07-19 11:50:09.363 313 528 W msm8916_platform: Codec backend bitwidth 16, samplerate 48000
07-19 11:50:09.363 313 528 D hardware_info: hw_info_append_hw_type : device_name = speaker
07-19 11:50:09.363 313 528 D audio_hw_primary: enable_snd_device: snd_device(2: speaker)
07-19 11:50:09.366 2463 2463 W FingerprintManager: isFingerprintHardwareDetected(): Service not connected!
07-19 11:50:09.368 313 528 W audio_hw_utils: audio_extn_utils_update_stream_app_type_cfg: App type could not be selected. Falling back to default
07-19 11:50:09.368 313 528 I audio_hw_primary: select_devices Selected apptype: 69936
07-19 11:50:09.368 313 528 D ACDB-LOADER: ACDB -> send_audio_cal, acdb_id = 15, path = 0
07-19 11:50:09.368 313 528 D ACDB-LOADER: ACDB -> send_asm_topology
07-19 11:50:09.368 313 528 D ACDB-LOADER: ACDB -> ACDB_CMD_GET_AUDPROC_STREAM_TOPOLOGY_ID
