07-19 10:44:20.209 2720 2720 D ImsManager: getConfigInterface(), mConfig= com.android.ims.ImsConfig@5d16b96
07-19 10:44:20.209 2720 2720 D ImsConfig: setFeatureValue: feature = 2, network =18, value =0, listener =null
07-19 10:44:20.211 2720 2720 I QImsService: ImsConfigImpl : SetServiceStatus = 0 18 0
07-19 10:44:20.211 2720 2720 I QImsService: ImsSenderRxr : [0019]> REQUEST_SET_SERVICE_STATUS[SUB0]
07-19 10:44:20.211 2720 2720 I QImsService: ImsSenderRxr : Message data: [0, 0, 0, 27, 11, 13, 19, 0, 0, 0, 16, 1, 24, 30, 32, 0, 8, 1, 24, 0, 58, 9, 8, 19, 16, 0, 29, 0, 0, 0, 0][SUB0]
07-19 10:44:20.211 4318 4318 W System : ClassLoader referenced unknown path: /system/priv-app/BlockedNumberProvider/lib/arm
07-19 10:44:20.212 4318 4318 D ApplicationLoaders: ignored Vulkan layer search path /system/priv-app/BlockedNumberProvider/lib/arm:/system/lib:/vendor/lib for namespace 0xb2edf090
07-19 10:44:20.214 2720 3318 I QImsService: ImsSenderRxr : Response data: [11, 13, 19, 0, 0, 0, 16, 2, 24, 30, 32, 0][SUB0]
07-19 10:44:20.214 2720 3318 I QImsService: ImsSenderRxr : Tag 19 2 30 0[SUB0]
07-19 10:44:20.214 2720 3318 I QImsService: ImsSenderRxr : [0019]< REQUEST_SET_SERVICE_STATUS [SUB0]
07-19 10:44:20.215 2720 3328 I QImsService: ImsConfigImplHandler : Message received: what = 2
07-19 10:44:20.215 2720 3328 E QImsService: ImsConfigImpl : getImsConfigListener returns null
07-19 10:44:20.235 2720 2720 D ImsManager: updateVideoCallFeatureValue: available = false, enabled = true, nonTTY = true, data enabled = true
07-19 10:44:20.235 2720 4392 D ImsManager: getConfigInterface(), mConfig= com.android.ims.ImsConfig@1456530
07-19 10:44:20.235 2720 2720 D ImsManager: getConfigInterface(), mConfig= com.android.ims.ImsConfig@5d16b96
07-19 10:44:20.235 2720 4392 D ImsConfig: setProvisionedValue(): item = 27value = 1
07-19 10:44:20.235 2720 2720 D ImsConfig: setFeatureValue: feature = 1, network =13, value =0, listener =null
07-19 10:44:20.235 2720 4394 D ImsManager: getConfigInterface(), mConfig= com.android.ims.ImsConfig@1456530
07-19 10:44:20.235 2720 4394 D ImsConfig: setProvisionedValue(): item = 26value = 0
07-19 10:44:20.236 2720 4394 W QImsService: ImsConfigImpl : VoWiFi Roaming: value can't be changed
07-19 10:44:20.236 2720 4394 D ImsConfig: setProvisionedValue(): item = 26 value = 0 ret = 1
07-19 10:44:20.238 2720 4392 I QImsService: ImsSenderRxr : [0020]> REQUEST_SET_IMS_CONFIG[SUB0]
07-19 10:44:20.238 2720 2720 I QImsService: ImsConfigImpl : SetServiceStatus = 3 13 0
07-19 10:44:20.238 2720 4392 I QImsService: ImsSenderRxr : Message data: [0, 0, 0, 23, 11, 13, 20, 0, 0, 0, 16, 1, 24, 44, 32, 0, 8, 29, 16, 0, 29, 1, 0, 0, 0, 40, 0][SUB0]
07-19 10:44:20.238 2720 2720 I QImsService: ImsSenderRxr : [0021]> REQUEST_SET_SERVICE_STATUS[SUB0]
07-19 10:44:20.238 2720 2720 I QImsService: ImsSenderRxr : Message data: [0, 0, 0, 27, 11, 13, 21, 0, 0, 0, 16, 1, 24, 30, 32, 0, 8, 1, 24, 3, 58, 9, 8, 14, 16, 0, 29, 0, 0, 0, 0][SUB0]
07-19 10:44:20.239 1827 2385 D ConnectivityService: Setting DNS servers for network 100 to [/192.168.1.1]
07-19 10:44:20.242 2720 2720 D ImsManager: updateImsServiceConfig: turnOnIms
07-19 10:44:20.242 1827 4003 I am_proc_start: [0,4397,10005,com.android.providers.calendar,content provider,com.android.providers.calendar/.CalendarProvider2]
07-19 10:44:20.242 1827 4003 I ActivityManager: Start proc 4397:com.android.providers.calendar/u0a5 for content provider com.android.providers.calendar/.CalendarProvider2
07-19 10:44:20.244 2720 3318 I QImsService: ImsSenderRxr : Response data: [11, 13, 21, 0, 0, 0, 16, 2, 24, 30, 32, 2][SUB0]
07-19 10:44:20.245 2720 3318 I QImsService: ImsSenderRxr : Tag 21 2 30 2[SUB0]
07-19 10:44:20.245 2720 3318 I QImsService: IFRequest : [0021]< REQUEST_SET_SERVICE_STATUS error: 2
07-19 10:44:20.245 2720 3328 I QImsService: ImsConfigImplHandler : Message received: what = 2
07-19 10:44:20.245 2720 3328 E QImsService: ImsConfigImpl : getImsConfigListener returns null
07-19 10:44:20.245 2720 2720 I QImsService: ImsSenderRxr : [0022]> REQUEST_IMS_REG_STATE_CHANGE[SUB0]
07-19 10:44:20.245 2720 2720 I QImsService: ImsSenderRxr : Message data: [0, 0, 0, 14, 11, 13, 22, 0, 0, 0, 16, 1, 24, 26, 32, 0, 8, 1][SUB0]
07-19 10:44:20.246 2720 2720 D SubscriptionController: [getSubId]- numSubIds == 0, return DummySubIds slotIdx=1
07-19 10:44:20.249 2720 2720 D GsmCdmaPhone: [GsmCdmaPhone] broadcastEmergencyCallStateChanges = false
07-19 10:44:20.249 2720 2720 E GsmCdmaPhone: [GsmCdmaPhone] Invalid cdma_roaming_mode settings: -1
07-19 10:44:20.249 2720 3318 I QImsService: ImsSenderRxr : Response data: [11, 13, 22, 0, 0, 0, 16, 2, 24, 26, 32, 2][SUB0]
07-19 10:44:20.249 2720 2720 D EriManager: loadEriFileFromXml: check for alternate file
07-19 10:44:20.249 2720 3318 I QImsService: ImsSenderRxr : Tag 22 2 26 2[SUB0]
07-19 10:44:20.249 2720 3318 I QImsService: IFRequest : [0022]< REQUEST_IMS_REG_STATE_CHANGE error: 2
07-19 10:44:20.250 2720 2720 D EriManager: loadEriFileFromXml: no alternate file
07-19 10:44:20.250 2720 2720 D SubscriptionController: [getSubId]- numSubIds == 0, return DummySubIds slotIdx=1
07-19 10:44:20.251 2720 2720 D EriManager: eriFile = eri.xml
07-19 10:44:20.252 309 1182 E RILQ : (0/309): RIL[0][event] qcril_qmi_imss_request_set_ims_config: radio config error: 1..sending empty response
07-19 10:44:20.253 2720 3318 I QImsService: ImsSenderRxr : Response data: [11, 13, 20, 0, 0, 0, 16, 2, 24, 44, 32, 2][SUB0]
07-19 10:44:20.253 2720 3318 I QImsService: ImsSenderRxr : Tag 20 2 44 2[SUB0]
07-19 10:44:20.254 2720 3318 I QImsService: IFRequest : [0020]< REQUEST_SET_IMS_CONFIG error: 2
07-19 10:44:20.254 2720 3328 I QImsService: ImsConfigImplHandler : Message received: what = 1
07-19 10:44:20.254 2720 3328 I QImsService: ImsConfigImpl : Notifyall
07-19 10:44:20.254 2720 4392 D ImsConfig: setProvisionedValue(): item = 27 value = 1 ret = 1
07-19 10:44:20.256 1827 2385 W ConnectivityExtension: ConnectivityExt jar file not present
07-19 10:44:20.257 4318 4318 W System : ClassLoader referenced unknown path: /system/app/UserDictionaryProvider/lib/arm
07-19 10:44:20.257 1827 2385 I netstats_mobile_sample: [0,0,0,0,0,0,0,0,0,0,0,0,-1]
07-19 10:44:20.257 1827 2385 I netstats_wifi_sample: [0,0,0,0,0,0,0,0,0,0,0,0,-1]
07-19 10:44:20.258 2720 2720 D EriManager: loadEriFileFromXml: eri parsing successful, file loaded. ver = 1357, # of entries = 176
07-19 10:44:20.259 2720 2720 D GsmCdmaPhone: [GsmCdmaPhone] ERI read, notify registrants
07-19 10:44:20.259 2720 2720 D DCT : [0]NETWORK_STATE_CHANGED_ACTION: mIsWifiConnected=false
07-19 10:44:20.259 2720 2720 D DCT : [1]NETWORK_STATE_CHANGED_ACTION: mIsWifiConnected=false
07-19 10:44:20.261 4318 4318 D ApplicationLoaders: ignored Vulkan layer search path /system/app/UserDictionaryProvider/lib/arm:/system/lib:/vendor/lib for namespace 0xb2edf0d0
07-19 10:44:20.270 1827 2385 W ConnectivityExtension: ConnectivityExt jar file not present
07-19 10:44:20.271 1827 2385 I netstats_mobile_sample: [0,0,0,0,0,0,0,0,0,0,0,0,-1]
07-19 10:44:20.271 1827 2385 I netstats_wifi_sample: [0,0,0,0,0,0,0,0,0,0,0,0,-1]
07-19 10:44:20.273 1827 2342 D WifiNetworkAgent: NetworkAgent: Received signal strength thresholds: []
07-19 10:44:20.273 1827 2342 D WifiNative-HAL: stopRssiMonitoring, cmdId 0
07-19 10:44:20.275 1827 2385 D ConnectivityService: Switching to new default network: NetworkAgentInfo{ ni{[type: WIFI[], state: CONNECTED/CONNECTED, reason: (unspecified), extra: "BaeumchenInSpitzenhoeschen", failover: false, available: true, roaming: false, metered: false]} network{100} nethandle{429513165534} lp{{InterfaceName: wlan0 LinkAddresses: [192.168.1.102/24,] Routes: [fe80::/64 -> :: wlan0,192.168.1.0/24 -> 0.0.0.0 wlan0,0.0.0.0/0 -> 192.168.1.1 wlan0,] DnsAddresses: [192.168.1.1,] Domains: null MTU: 0 TcpBufferSizes: 131072,262144,3145728,4096,221184,3145728}} nc{[ Transports: WIFI Capabilities: NOT_METERED&INTERNET&NOT_RESTRICTED&TRUSTED&NOT_VPN&FOREGROUND LinkUpBandwidth>=1048576Kbps LinkDnBandwidth>=1048576Kbps SignalStrength: -32]} Score{20} everValidated{false} lastValidated{false} created{true} lingering{false} explicitlySelected{false} acceptUnvalidated{false} everCaptivePortalDetected{false} lastCaptivePortalDetected{false} }
07-19 10:44:20.277 1827 2811 I am_proc_bound: [0,4387,com.android.email]
07-19 10:44:20.287 1827 4061 I am_proc_bound: [0,4397,com.android.providers.calendar]
07-19 10:44:20.296 2720 2720 D SubscriptionController: [getActiveSubscriptionInfo]+ subId=1 subInfo={id=1, iccId=89492019156020009546 simSlotIndex=0 displayName=LIDL Connect carrierName=No service nameSource=0 iconTint=-16746133 dataRoaming=0 iconBitmap=android.graphics.Bitmap@9b41ee9 mcc 262 mnc 2 userNwMode=10}
07-19 10:44:20.297 2720 2720 D SST : EVENT_POLL_STATE_NETWORK_SELECTION_MODE
07-19 10:44:20.297 2720 2720 D SST : EVENT_POLL_STATE_NETWORK_SELECTION_MODE
07-19 10:44:20.297 2720 2720 D SST : EVENT_POLL_STATE_NETWORK_SELECTION_MODE
07-19 10:44:20.298 2720 2720 D DCT : [0]NETWORK_STATE_CHANGED_ACTION: mIsWifiConnected=true
07-19 10:44:20.298 2720 2720 D DCT : [1]NETWORK_STATE_CHANGED_ACTION: mIsWifiConnected=true
07-19 10:44:20.298 2720 2720 D SST : EVENT_POLL_STATE_NETWORK_SELECTION_MODE
07-19 10:44:20.299 2720 2720 D SST : EVENT_POLL_STATE_NETWORK_SELECTION_MODE
07-19 10:44:20.299 2720 2720 D SST : handlPollStateResultMessage: GsmSST setDataRegState=1 regState=3 dataRadioTechnology=0
07-19 10:44:20.300 2720 2720 D SST : Poll ServiceState done: oldSS=[1 1 voice home data home null null null null null null Unknown Unknown CSS not supported -1 -1 RoamInd=-1 DefRoamInd=-1 EmergOnly=false IsDataRoamingFromRegistration=false IsUsingCarrierAggregation=false] newSS=[1 1 voice home data home null null null null null null Unknown Unknown CSS not supported -1 -1 RoamInd=-1 DefRoamInd=-1 EmergOnly=true IsDataRoamingFromRegistration=false IsUsingCarrierAggregation=false] oldMaxDataCalls=20 mNewMaxDataCalls=20 oldReasonDataDenied=-1 mNewReasonDataDenied=15
07-19 10:44:20.303 2720 2720 D SIMRecords: [SIMRecords] getServiceProviderName: no brandOverride, providerName=LIDL Connect
07-19 10:44:20.303 2720 2720 D SST : updateSpnDisplay: radio is on but out of service, set plmn='Emergency calls only'
07-19 10:44:20.303 2720 2720 D SIMRecords: [SIMRecords] getServiceProviderName: no brandOverride, providerName=LIDL Connect
07-19 10:44:20.304 2720 2720 D SST : updateSpnDisplay: changed sending intent rule=2 showPlmn='true' plmn='Emergency calls only' showSpn='false' spn='LIDL Connect' dataSpn='LIDL Connect' subId='1'
07-19 10:44:20.310 2720 2720 D SubscriptionController: [setCarrierText]+ text:Emergency calls only subId:1
07-19 10:44:20.314 4387 4387 I art : Starting a blocking GC AddRemoveAppImageSpace
07-19 10:44:20.316 4387 4387 W System : ClassLoader referenced unknown path: /system/app/Email/lib/arm
07-19 10:44:20.325 2720 2720 D SubscriptionController: notifySubscriptionInfoChanged:
07-19 10:44:20.326 2720 2990 D SubscriptionController: [getSubId]- numSubIds == 0, return DummySubIds slotIdx=1
07-19 10:44:20.326 1827 1827 I GnssLocationProvider: WakeLock acquired by sendMessage(12, 0, null)
07-19 10:44:20.327 4397 4397 I art : Starting a blocking GC AddRemoveAppImageSpace
07-19 10:44:20.328 4397 4397 W System : ClassLoader referenced unknown path: /system/priv-app/CalendarProvider/lib/arm
07-19 10:44:20.331 2720 2720 D TelephonyManager: setTelephonyProperty: success phoneId=0 property=gsm.operator.alpha value: propVal=
07-19 10:44:20.332 2720 2720 D TelephonyManager: setTelephonyProperty: success phoneId=0 property=gsm.operator.numeric value: propVal=
07-19 10:44:20.332 2720 2720 D SST : operatorNumeric is null
07-19 10:44:20.332 2720 2720 D TelephonyManager: setTelephonyProperty: success phoneId=0 property=gsm.operator.iso-country value: propVal=
07-19 10:44:20.335 2720 2720 D TelephonyManager: setTelephonyProperty: success phoneId=0 property=gsm.operator.isroaming value: false propVal=false
07-19 10:44:20.338 2720 2720 D SST : Broadcasting ServiceState : 1 1 voice home data home null null null null null null Unknown Unknown CSS not supported -1 -1 RoamInd=-1 DefRoamInd=-1 EmergOnly=true IsDataRoamingFromRegistration=false IsUsingCarrierAggregation=false
07-19 10:44:20.338 2720 2720 D DefaultPhoneNotifier: nofityServiceState: mRegistry=com.android.internal.telephony.ITelephonyRegistry$Stub$Proxy@b511283 ss=1 1 voice home data home null null null null null null Unknown Unknown CSS not supported -1 -1 RoamInd=-1 DefRoamInd=-1 EmergOnly=true IsDataRoamingFromRegistration=false IsUsingCarrierAggregation=false sender=Handler (com.android.internal.telephony.GsmCdmaPhone) {723e107} phondId=0 subId=1
07-19 10:44:20.338 1827 4416 D NetworkMonitor/NetworkAgentInfo [WIFI () - 100]: PROBE_DNS OK 60ms, www.google.com=216.58.213.228
07-19 10:44:20.341 1827 4417 D NetworkMonitor/NetworkAgentInfo [WIFI () - 100]: PROBE_DNS OK 63ms, connectivitycheck.gstatic.com=216.58.213.227
07-19 10:44:20.342 1827 4417 W System : ClassLoader referenced unknown path: /system/framework/tcmclient.jar
07-19 10:44:20.358 324 2071 V IdletimerController: runCmd(/system/bin/ip6tables -w -t raw -A idletimer_raw_PREROUTING -i wlan0 -j IDLETIMER --timeout 15 --label 1 --send_nl_msg 1) res_ipv4=0, res_ipv6=0
07-19 10:44:20.371 2720 2720 D DCT : [0]NETWORK_STATE_CHANGED_ACTION: mIsWifiConnected=true
07-19 10:44:20.372 2720 2720 D DCT : [1]NETWORK_STATE_CHANGED_ACTION: mIsWifiConnected=true
07-19 10:44:20.372 2720 2720 I QImsService: ImsServiceSubHandler : Message received: what = 9
07-19 10:44:20.372 2720 2720 I QImsService: ImsServiceSubHandler : Request turn on/off IMS failed
07-19 10:44:20.372 2720 2720 D SST : SubscriptionListener.onSubscriptionInfoChanged
07-19 10:44:20.372 2720 2720 D DCT : [0]SubscriptionListener.onSubscriptionInfoChanged
07-19 10:44:20.376 1827 1936 E LocSvc_eng: W/set_server called before init. save the address, type: 3, hostname: NONE, port: 7275
07-19 10:44:20.380 1827 1936 D GnssLocationProvider: GPS configuration:
07-19 10:44:20.380 1827 1936 D GnssLocationProvider: #Wed Jul 19 10:44:20 GMT+02:00 2017
07-19 10:44:20.380 1827 1936 D GnssLocationProvider: A_GLONASS_POS_PROTOCOL_SELECT=0
07-19 10:44:20.380 1827 1936 D GnssLocationProvider: DEBUG_LEVEL=2
07-19 10:44:20.380 1827 1936 D GnssLocationProvider: ERR_ESTIMATE=0
07-19 10:44:20.380 1827 1936 D GnssLocationProvider: SUPL_PORT=7275
07-19 10:44:20.380 1827 1936 D GnssLocationProvider: CAPABILITIES=0x37
07-19 10:44:20.380 1827 1936 D GnssLocationProvider: SUPL_ES=0
07-19 10:44:20.380 1827 1936 D GnssLocationProvider: XTRA_SERVER_3=http\://xtrapath3.izatcloud.net/xtra2.bin
07-19 10:44:20.380 1827 1936 D GnssLocationProvider: XTRA_SERVER_2=http\://xtrapath2.izatcloud.net/xtra2.bin
07-19 10:44:20.380 1827 1936 D GnssLocationProvider: SUPL_VER=0x20000
07-19 10:44:20.380 1827 1936 D GnssLocationProvider: LPP_PROFILE=3
07-19 10:44:20.380 1827 1936 D GnssLocationProvider: XTRA_SERVER_1=http\://xtrapath1.izatcloud.net/xtra2.bin
07-19 10:44:20.380 1827 1936 D GnssLocationProvider: GPS_LOCK=2
07-19 10:44:20.380 1827 1936 D GnssLocationProvider: NMEA_PROVIDER=0
07-19 10:44:20.380 1827 1936 D GnssLocationProvider: SUPL_MODE=0
07-19 10:44:20.380 1827 1936 D GnssLocationProvider: INTERMEDIATE_POS=0
07-19 10:44:20.380 1827 1936 D GnssLocationProvider: NTP_SERVER=north-america.pool.ntp.org
07-19 10:44:20.380 1827 1936 D GnssLocationProvider: SUPL_HOST=NONE
07-19 10:44:20.381 2720 2750 D SubscriptionController: [getSubId]- numSubIds == 0, return DummySubIds slotIdx=1
07-19 10:44:20.382 1827 1936 I GnssLocationProvider: WakeLock released by handleMessage(12, 0, null)
07-19 10:44:20.385 2720 2720 D SST : SubscriptionListener.onSubscriptionInfoChanged
07-19 10:44:20.385 2720 2720 D SubscriptionController: [getSubId]- numSubIds == 0, return DummySubIds slotIdx=1
07-19 10:44:20.385 2720 2720 D DCT : [1]SubscriptionListener.onSubscriptionInfoChanged
07-19 10:44:20.385 2720 2720 D SubscriptionController: [getSubId]- numSubIds == 0, return DummySubIds slotIdx=1
07-19 10:44:20.385 2720 2720 D SubscriptionController: [getSubId]- numSubIds == 0, return DummySubIds slotIdx=1
07-19 10:44:20.404 2720 2990 D SubscriptionController: [getSubId]- numSubIds == 0, return DummySubIds slotIdx=1
07-19 10:44:20.413 2720 2720 D CallNotifier: updatePhoneStateListeners: update CF notifications.
07-19 10:44:20.417 2720 2720 I NotificationMgr: updateMwi(): subId 1 update to false
07-19 10:44:20.418 2720 2720 I Telephony: PstnIncomingCallNotifier: Unregistering: Handler (com.android.internal.telephony.GsmCdmaPhone) {723e107}
07-19 10:44:20.419 2720 2720 W Telephony: TelecomAccountRegistry: Failed to get status , slotId: 0 Exception: java.lang.NullPointerException: Attempt to invoke interface method 'int org.codeaurora.internal.IExtTelephony.getCurrentUiccCardProvisioningStatus(int)' on a null object reference
07-19 10:44:20.422 324 2071 V IdletimerController: runCmd(/system/bin/ip6tables -w -t mangle -A idletimer_mangle_POSTROUTING -o wlan0 -j IDLETIMER --timeout 15 --label 1 --send_nl_msg 1) res_ipv4=0, res_ipv6=0
07-19 10:44:20.430 4397 4397 I CalendarProvider2: Created com.android.providers.calendar.CalendarAlarmManager@1e92295(com.android.providers.calendar.CalendarProvider2@d0b4faa)
07-19 10:44:20.435 2720 2720 D SubscriptionController: [getActiveSubscriptionInfo]+ subId=1 subInfo={id=1, iccId=89492019156020009546 simSlotIndex=0 displayName=LIDL Connect carrierName=Emergency calls only nameSource=0 iconTint=-16746133 dataRoaming=0 iconBitmap=android.graphics.Bitmap@b5d5f5d mcc 262 mnc 2 userNwMode=10}
07-19 10:44:20.439 1827 2415 I GnssLocationProvider: WakeLock acquired by sendMessage(5, 0, null)
07-19 10:44:20.439 1827 2415 I GnssLocationProvider: WakeLock acquired by sendMessage(6, 0, null)
07-19 10:44:20.440 1827 2385 D ConnectivityService: Sending CONNECTED broadcast for type 1 NetworkAgentInfo [WIFI () - 100] isDefaultNetwork=true
07-19 10:44:20.442 1827 1936 I GnssLocationProvider: WakeLock acquired by handleInjectNtpTime()
07-19 10:44:20.442 1827 1936 I GnssLocationProvider: WakeLock released by handleMessage(5, 0, null)
07-19 10:44:20.442 1827 1936 D GnssLocationProvider: handleDownloadXtraData() called when Xtra not supported
07-19 10:44:20.442 1827 1936 I GnssLocationProvider: WakeLock released by handleMessage(6, 0, null)
07-19 10:44:20.453 4185 4185 D WeatherUpdateService: onCreate
07-19 10:44:20.457 4185 4185 D WeatherUpdateService: Service started, but shouldn't update ... stopping
07-19 10:44:20.460 4185 4185 D WeatherUpdateService: onDestroy
07-19 10:44:20.466 1827 1926 I Telecom : PhoneAccountRegistrar: [ComponentInfo{com.android.phone/com.android.services.telephony.TelephonyConnectionService}, [c07291f3b3eb4f5251ea45deb91ef815249a00bb], UserHandle{0}(icon: Icon(typ=BITMAP size=48x48) -> Icon(typ=BITMAP size=48x48))]: TSI.rPA@ADg
07-19 10:44:20.472 1827 1926 I Telecom : : Sending phone-account registered intent as user: TSI.rPA@ADg
07-19 10:44:20.476 1827 4417 D NetworkMonitor/NetworkAgentInfo [WIFI () - 100]: PROBE_HTTP http://connectivitycheck.gstatic.com/generate_204 time=115ms ret=204 request={User-Agent=[Mozilla/5.0 (X11; Linux x86_64) AppleWebKit/537.36 (KHTML, like Gecko) Chrome/52.0.2743.82 Safari/537.36]} headers={null=[HTTP/1.1 204 No Content], Content-Length=[0], Date=[Wed, 19 Jul 2017 09:46:55 GMT], X-Android-Received-Millis=[1500453860475], X-Android-Response-Source=[NETWORK 204], X-Android-Selected-Protocol=[http/1.1], X-Android-Sent-Millis=[1500453860422]}
07-19 10:44:20.480 4318 4372 I ContactLocale: AddressBook Labels [[en_US]]: […, A, B, C, D, E, F, G, H, I, J, K, L, M, N, O, P, Q, R, S, T, U, V, W, X, Y, Z, Α, Β, Γ, Δ, Ε, Ζ, Η, Θ, Ι, Κ, Λ, Μ, Ν, Ξ, Ο, Π, Ρ, Σ, Τ, Υ, Φ, Χ, Ψ, Ω, …, А, Б, В, Г, Д, Ђ, Е, Є, Ж, З, И, І, Й, Ј, К, Л, Љ, М, Н, Њ, О, П, Р, С, Т, Ћ, У, Ф, Х, Ц, Ч, Џ, Ш, Щ, Ю, Я, …, א, ב, ג, ד, ה, ו, ז, ח, ט, י, כ, ל, מ, נ, ס, ע, פ, צ, ק, ר, ש, ת, …, ا, ب, ت, ث, ج, ح, خ, د, ذ, ر, ز, س, ش, ص, ض, ط, ظ, ع, غ, ف, ق, ك, ل, م, ن, ه, و, ي, …, ก, ข, ฃ, ค, ฅ, ฆ, ง, จ, ฉ, ช, ซ, ฌ, ญ, ฎ, ฏ, ฐ, ฑ, ฒ, ณ, ด, ต, ถ, ท, ธ, น, บ, ป, ผ, ฝ, พ, ฟ, ภ, ม, ย, ร, ฤ, ล, ฦ, ว, ศ, ษ, ส, ห, ฬ, อ, ฮ, …, ㄱ, ㄴ, ㄷ, ㄹ, ㅁ, ㅂ, ㅅ, ㅇ, ㅈ, ㅊ, ㅋ, ㅌ, ㅍ, ㅎ, …, あ, か, さ, た, な, は, ま, や, ら, わ, #, …]
07-19 10:44:20.481 1827 4062 I am_proc_start: [0,4436,10045,com.android.exchange,service,com.android.exchange/.service.EasService]
07-19 10:44:20.482 1827 4062 I ActivityManager: Start proc 4436:com.android.exchange/u0a45 for service com.android.exchange/.service.EasService
07-19 10:44:20.484 2720 2720 I Telephony: AccountEntry: Registered phoneAccount: [[ ] PhoneAccount: ComponentInfo{com.android.phone/com.android.services.telephony.TelephonyConnectionService}, [c07291f3b3eb4f5251ea45deb91ef815249a00bb], UserHandle{0} Capabilities: CallProvider MultiUser PlaceEmerg SimSub Audio Routes: BESW Schemes: tel voicemail Extras: null GroupId: [da39a3ee5e6b4b0d3255bfef95601890afd80709]] with handle: ComponentInfo{com.android.phone/com.android.services.telephony.TelephonyConnectionService}, [c07291f3b3eb4f5251ea45deb91ef815249a00bb], UserHandle{0}
07-19 10:44:20.484 2720 2720 I Telephony: PstnIncomingCallNotifier: Registering: Handler (com.android.internal.telephony.GsmCdmaPhone) {723e107}
07-19 10:44:20.484 2720 2720 D SubscriptionController: [getSubId]- numSubIds == 0, return DummySubIds slotIdx=1
07-19 10:44:20.486 2720 2720 W Telephony: TelecomAccountRegistry: Failed to get status , slotId: 1 Exception: java.lang.NullPointerException: Attempt to invoke interface method 'int org.codeaurora.internal.IExtTelephony.getCurrentUiccCardProvisioningStatus(int)' on a null object reference
07-19 10:44:20.487 4293 4366 D AlarmScheduler: No events found starting within 1 week.
07-19 10:44:20.490 2455 2455 I LatinIME: Timeout waiting for dictionary load
07-19 10:44:20.502 2720 2720 D ImsPhone: handleMessage what=52
07-19 10:44:20.503 2720 2720 I ImsExternalCallTracker: handleVideoCapabilitiesChanged : isVideoCapable = false
07-19 10:44:20.503 2720 2720 D ImsExternalCallTracker: refreshCallPullState
07-19 10:44:20.507 4387 4442 D ActivityThread: Loading provider com.android.email.provider;com.android.email.notifier: com.android.email.provider.EmailProvider
07-19 10:44:20.512 1827 2339 D SntpClient: round trip: 30ms, clock offset: 3754867ms
07-19 10:44:20.515 1827 2339 I NetworkPolicy: No policy for subscriber 262021...; generating default policy
07-19 10:44:20.518 1827 2823 D SntpClient: round trip: 33ms, clock offset: 3754869ms
07-19 10:44:20.518 1827 2823 E LocSvc_eng: E/int loc_eng_inject_time(loc_eng_data_s_type &, GpsUtcTime, int64_t, int): log_eng state error: instance not initialized
07-19 10:44:20.519 1827 2823 I GnssLocationProvider: WakeLock acquired by sendMessage(10, 0, null)
07-19 10:44:20.519 1827 2823 I GnssLocationProvider: WakeLock released by handleInjectNtpTime()
07-19 10:44:20.520 1827 1936 I GnssLocationProvider: WakeLock released by handleMessage(10, 0, null)
07-19 10:44:20.521 2720 3441 D DCT : [0]setPolicyDataEnabled: true
07-19 10:44:20.523 1827 1927 I am_proc_bound: [0,4436,com.android.exchange]
07-19 10:44:20.526 2720 2720 D SubscriptionController: [getActiveSubscriptionInfo]+ subId=1 subInfo={id=1, iccId=89492019156020009546 simSlotIndex=0 displayName=LIDL Connect carrierName=Emergency calls only nameSource=0 iconTint=-16746133 dataRoaming=0 iconBitmap=android.graphics.Bitmap@279e0a0 mcc 262 mnc 2 userNwMode=10}
07-19 10:44:20.538 1827 4014 I Telecom : PhoneAccountRegistrar: [ComponentInfo{com.android.phone/com.android.services.telephony.TelephonyConnectionService}, [c07291f3b3eb4f5251ea45deb91ef815249a00bb], UserHandle{0}(icon: Icon(typ=BITMAP size=48x48) -> Icon(typ=BITMAP size=48x48))]: TSI.rPA@ADs
07-19 10:44:20.541 1827 4014 I Telecom : : Sending phone-account registered intent as user: TSI.rPA@ADs
07-19 10:44:20.542 2720 2749 D DCT : [0]setPolicyDataEnabled: true
07-19 10:44:20.544 2720 2720 D CdmaSSM : subscriptionSource from settings: 0
07-19 10:44:20.544 2720 2720 D DCT : [0]isDataAllowed: No - Not attached
07-19 10:44:20.545 2720 2720 D CdmaSSM : subscriptionSource from settings: 0
07-19 10:44:20.545 2720 2720 D DCT : [0]isDataAllowed: No - Not attached
07-19 10:44:20.554 4436 4436 I art : Starting a blocking GC AddRemoveAppImageSpace
07-19 10:44:20.557 4436 4436 W System : ClassLoader referenced unknown path: /system/app/Exchange2/lib/arm
07-19 10:44:20.558 2720 2858 D RILJ : [UNSL]< UNSOL_RESPONSE_VOICE_NETWORK_STATE_CHANGED [SUB0]
07-19 10:44:20.558 2720 2720 D RILJ : [3791]> OPERATOR [SUB0]
07-19 10:44:20.559 2720 2720 D RILJ : [3792]> DATA_REGISTRATION_STATE [SUB0]
07-19 10:44:20.561 2720 2720 D RILJ : [3793]> VOICE_REGISTRATION_STATE [SUB0]
07-19 10:44:20.562 2720 2720 D RILJ : [3794]> QUERY_NETWORK_SELECTION_MODE [SUB0]
07-19 10:44:20.565 2720 2858 D RILJ : [3791]< OPERATOR {null, null, null, null, null, null} [SUB0]
07-19 10:44:20.570 309 4460 I RILQ : (0/309):RIL[0][cmd-20(760)] qcril_qmi_nas_reset_data_snapshot_cache_and_timer: Resetting snapshot timer
07-19 10:44:20.575 309 4459 I RILQ : (0/309):RIL[0][cmd-21(624)] qcril_qmi_nas_reset_data_snapshot_cache_and_timer: Resetting snapshot timer
07-19 10:44:20.580 2720 2858 D RILJ : [3792]< DATA_REGISTRATION_STATE {3, null, null, null, 15, 20, null, null, null, null, null} [SUB0]
07-19 10:44:20.580 2720 2720 D SST : handlPollStateResultMessage: GsmSST setDataRegState=1 regState=3 dataRadioTechnology=0
07-19 10:44:20.581 2720 2858 D RILJ : [3794]< QUERY_NETWORK_SELECTION_MODE {0} [SUB0]
07-19 10:44:20.581 2720 2720 D SST : EVENT_POLL_STATE_NETWORK_SELECTION_MODE
07-19 10:44:20.584 2720 2858 D RILJ : [3793]< VOICE_REGISTRATION_STATE {13, null, null, 0, null, null, null, 0, null, null, null, null, null, 15, null} [SUB0]
07-19 10:44:20.587 2720 2720 D SST : Poll ServiceState done: oldSS=[1 1 voice home data home null null null null null null Unknown Unknown CSS not supported -1 -1 RoamInd=-1 DefRoamInd=-1 EmergOnly=true IsDataRoamingFromRegistration=false IsUsingCarrierAggregation=false] newSS=[1 1 voice home data home null null null null null null Unknown Unknown CSS not supported -1 -1 RoamInd=-1 DefRoamInd=-1 EmergOnly=true IsDataRoamingFromRegistration=false IsUsingCarrierAggregation=false] oldMaxDataCalls=20 mNewMaxDataCalls=20 oldReasonDataDenied=15 mNewReasonDataDenied=15
07-19 10:44:20.590 4387 4387 D BluetoothEmailBroadcastReceiver: Received android.intent.action.BOOT_COMPLETED
07-19 10:44:20.595 1827 4416 D NetworkMonitor/NetworkAgentInfo [WIFI () - 100]: PROBE_HTTPS https://www.google.com/generate_204 time=240ms ret=204 request={User-Agent=[Mozilla/5.0 (X11; Linux x86_64) AppleWebKit/537.36 (KHTML, like Gecko) Chrome/52.0.2743.82 Safari/537.36]} headers={null=[HTTP/1.1 204 No Content], Alt-Svc=[quic=":443"; ma=2592000; v="39,38,37,36,35"], Content-Length=[0], Date=[Wed, 19 Jul 2017 09:46:55 GMT], X-Android-Received-Millis=[1500453860595], X-Android-Response-Source=[NETWORK 204], X-Android-Selected-Protocol=[http/1.1], X-Android-Sent-Millis=[1500453860523]}
07-19 10:44:20.597 1827 2385 D ConnectivityService: NetworkAgentInfo [WIFI () - 100] validation passed
07-19 10:44:20.600 2720 2720 D TelephonyNetworkFactory[1]: not releasing - isApp=false, isAct=false NetworkRequest [ REQUEST id=1, [ Capabilities: INTERNET&NOT_RESTRICTED&TRUSTED&NOT_VPN] ]
07-19 10:44:20.600 2720 2720 D TelephonyNetworkFactory[0]: onReleaseNetworkFor NetworkRequest [ REQUEST id=1, [ Capabilities: INTERNET&NOT_RESTRICTED&TRUSTED&NOT_VPN] ]
07-19 10:44:20.601 2720 2720 D DCT : [0]onEnableApn: apnContext={mApnType=default mState=IDLE mWaitingApns={null} mApnSetting={null} mReason=nwTypeChanged mDataEnabled=true mDependencyMet=true} call applyNewState
07-19 10:44:20.601 2720 2720 D DCT : [0]applyNewState(default, false(true), true(true))
07-19 10:44:20.612 2455 2455 I SystemBroadcastReceiver: Boot has been completed
07-19 10:44:20.612 2455 2455 I SystemBroadcastReceiver: toggleAppIcon() : FLAG_SYSTEM = true
07-19 10:44:20.614 2720 2720 D DCT : [0]setupDataForSinglePdn: reason = dataDisabled isDisconnected = true
07-19 10:44:20.614 2720 2720 D DCT : [0]isOnlySingleDcAllowed(0): false
07-19 10:44:20.614 2720 2720 D DCT : [0]cleanUpConnection: X tearDown=true reason=dataDisabled apnContext={mApnType=default mState=IDLE mWaitingApns={null} mApnSetting={null} mReason=dataDisabled mDataEnabled=false mDependencyMet=true} dcac=null
07-19 10:44:20.614 2720 2720 D DCT : [0]isOnlySingleDcAllowed(0): false
07-19 10:44:20.628 1827 4468 D WifiNetworkHistory: saving network history: "BaeumchenInSpitzenhoeschen"WPA_PSK gw: null Network Selection-status: NETWORK_SELECTION_ENABLED ephemeral=false choice:null link:0 status:0 nid:0 hasEverConnected: true
07-19 10:44:20.628 1827 4468 V WifiNetworkHistory: writeKnownNetworkHistory write config "BaeumchenInSpitzenhoeschen"WPA_PSK
07-19 10:44:20.631 1827 2813 W ActivityManager: Unable to start service Intent { cmp=com.android.email/.service.AttachmentService } U=0: not found
07-19 10:44:20.651 1827 2811 I am_proc_start: [0,4474,10017,com.android.managedprovisioning,broadcast,com.android.managedprovisioning/.BootReminder]
07-19 10:44:20.651 1827 2811 I ActivityManager: Start proc 4474:com.android.managedprovisioning/u0a17 for broadcast com.android.managedprovisioning/.BootReminder
07-19 10:44:20.653 1827 1927 W ActivityManager: Unable to start service Intent { cmp=com.android.email/.service.AttachmentService } U=0: not found
07-19 10:44:20.663 4436 4436 I Exchange: EasService.onCreate
07-19 10:44:20.664 4387 4469 I Email : Observing account changes for notifications
07-19 10:44:20.688 4436 4497 I Exchange: RestartPingTask
07-19 10:44:20.689 1827 2811 I am_proc_bound: [0,4474,com.android.managedprovisioning]
07-19 10:44:20.708 4387 4387 E ActivityThread: Service com.android.email.service.EmailBroadcastProcessorService has leaked ServiceConnection com.android.emailcommon.service.ServiceProxy$ProxyConnection@546d767 that was originally bound here
07-19 10:44:20.708 4387 4387 E ActivityThread: android.app.ServiceConnectionLeaked: Service com.android.email.service.EmailBroadcastProcessorService has leaked ServiceConnection com.android.emailcommon.service.ServiceProxy$ProxyConnection@546d767 that was originally bound here
07-19 10:44:20.708 4387 4387 E ActivityThread: at android.app.LoadedApk$ServiceDispatcher.(LoadedApk.java:1336)
07-19 10:44:20.708 4387 4387 E ActivityThread: at android.app.LoadedApk.getServiceDispatcher(LoadedApk.java:1231)
07-19 10:44:20.708 4387 4387 E ActivityThread: at android.app.ContextImpl.bindServiceCommon(ContextImpl.java:1450)
07-19 10:44:20.708 4387 4387 E ActivityThread: at android.app.ContextImpl.bindService(ContextImpl.java:1422)
07-19 10:44:20.708 4387 4387 E ActivityThread: at android.content.ContextWrapper.bindService(ContextWrapper.java:636)
07-19 10:44:20.708 4387 4387 E ActivityThread: at com.android.emailcommon.service.ServiceProxy.setTask(ServiceProxy.java:238)
07-19 10:44:20.708 4387 4387 E ActivityThread: at com.android.emailcommon.service.ServiceProxy.test(ServiceProxy.java:283)
07-19 10:44:20.708 4387 4387 E ActivityThread: at com.android.email.service.EmailServiceUtils.isServiceAvailable(EmailServiceUtils.java:160)
07-19 10:44:20.708 4387 4387 E ActivityThread: at com.android.email.provider.AccountReconciler.reconcileAccountsInternal(AccountReconciler.java:171)
07-19 10:44:20.708 4387 4387 E ActivityThread: at com.android.email.provider.AccountReconciler.reconcileAccounts(AccountReconciler.java:115)
07-19 10:44:20.708 4387 4387 E ActivityThread: at com.android.email.service.EmailBroadcastProcessorService.reconcileAndStartServices(EmailBroadcastProcessorService.java:309)
07-19 10:44:20.708 4387 4387 E ActivityThread: at com.android.email.service.EmailBroadcastProcessorService.onBootCompleted(EmailBroadcastProcessorService.java:295)
07-19 10:44:20.708 4387 4387 E ActivityThread: at com.android.email.service.EmailBroadcastProcessorService.onHandleIntent(EmailBroadcastProcessorService.java:130)
07-19 10:44:20.708 4387 4387 E ActivityThread: at android.app.IntentService$ServiceHandler.handleMessage(IntentService.java:68)
07-19 10:44:20.708 4387 4387 E ActivityThread: at android.os.Handler.dispatchMessage(Handler.java:102)
07-19 10:44:20.708 4387 4387 E ActivityThread: at android.os.Looper.loop(Looper.java:154)
07-19 10:44:20.708 4387 4387 E ActivityThread: at android.os.HandlerThread.run(HandlerThread.java:61)
07-19 10:44:20.710 406 1403 E RILQ : (1/406): RIL[1][imss_init] qcril_qmi_init_imss_client_handles_proc: qmi_client_init_instance returned failure(-3) for IMSS 
07-19 10:44:20.710 406 1403 E RILQ : (1/406): RIL[1][imss_init] update_ims_supported_services: update_ims_supported_services: Unable to get policy manager config:1
07-19 10:44:20.710 4436 4436 I Exchange: RestartPingsTask did not start any pings.
07-19 10:44:20.711 4436 4436 I Exchange: PSS stopIfIdle
07-19 10:44:20.711 4436 4436 I Exchange: PSS has no active accounts; stopping service.
07-19 10:44:20.711 4474 4474 I art : Starting a blocking GC AddRemoveAppImageSpace
07-19 10:44:20.711 4474 4474 W System : ClassLoader referenced unknown path: /system/priv-app/ManagedProvisioning/lib/arm
07-19 10:44:20.713 4387 4443 E EmailServiceProxy: RuntimeException when trying to unbind from service
07-19 10:44:20.713 4387 4443 E EmailServiceProxy: java.lang.IllegalArgumentException: Service not registered: com.android.emailcommon.service.ServiceProxy$ProxyConnection@546d767
07-19 10:44:20.713 4387 4443 E EmailServiceProxy: at android.app.LoadedApk.forgetServiceDispatcher(LoadedApk.java:1289)
07-19 10:44:20.713 4387 4443 E EmailServiceProxy: at android.app.ContextImpl.unbindService(ContextImpl.java:1483)
07-19 10:44:20.713 4387 4443 E EmailServiceProxy: at android.content.ContextWrapper.unbindService(ContextWrapper.java:648)
07-19 10:44:20.713 4387 4443 E EmailServiceProxy: at com.android.emailcommon.service.ServiceProxy$ProxyConnection$1.doInBackground(ServiceProxy.java:175)
07-19 10:44:20.713 4387 4443 E EmailServiceProxy: at com.android.emailcommon.service.ServiceProxy$ProxyConnection$1.doInBackground(ServiceProxy.java:162)
07-19 10:44:20.713 4387 4443 E EmailServiceProxy: at android.os.AsyncTask$2.call(AsyncTask.java:305)
07-19 10:44:20.713 4387 4443 E EmailServiceProxy: at java.util.concurrent.FutureTask.run(FutureTask.java:237)
07-19 10:44:20.713 4387 4443 E EmailServiceProxy: at android.os.AsyncTask$SerialExecutor$1.run(AsyncTask.java:243)
07-19 10:44:20.713 4387 4443 E EmailServiceProxy: at java.util.concurrent.ThreadPoolExecutor.runWorker(ThreadPoolExecutor.java:1133)
07-19 10:44:20.713 4387 4443 E EmailServiceProxy: at java.util.concurrent.ThreadPoolExecutor$Worker.run(ThreadPoolExecutor.java:607)
07-19 10:44:20.713 4387 4443 E EmailServiceProxy: at java.lang.Thread.run(Thread.java:761)
07-19 10:44:20.717 4436 4436 I Exchange: onDestroy
07-19 10:44:20.758 1827 4014 I am_proc_start: [0,4516,10061,com.android.messaging,broadcast,com.android.messaging/.receiver.BootAndPackageReplacedReceiver]
07-19 10:44:20.758 1827 4014 I ActivityManager: Start proc 4516:com.android.messaging/u0a61 for broadcast com.android.messaging/.receiver.BootAndPackageReplacedReceiver
07-19 10:44:20.769 1827 4061 I am_proc_bound: [0,4516,com.android.messaging]
07-19 10:44:20.785 406 1402 E RILQ : (1/406): RIL[1][imsa_init] qcril_qmi_init_imsa_client_handles_proc: qmi_client_init_instance returned failure(-3) for IMSA 
07-19 10:44:20.794 4516 4516 I art : Starting a blocking GC AddRemoveAppImageSpace
07-19 10:44:20.796 4516 4516 W System : ClassLoader referenced unknown path: /system/app/messaging/lib/arm
07-19 10:44:20.900 2720 2750 D SubscriptionController: [getPhoneId] asked for default subId=1
07-19 10:44:20.909 1827 2554 I am_proc_start: [0,4538,10018,com.android.onetimeinitializer,broadcast,com.android.onetimeinitializer/.OneTimeInitializerReceiver]
07-19 10:44:20.909 1827 2554 I ActivityManager: Start proc 4538:com.android.onetimeinitializer/u0a18 for broadcast com.android.onetimeinitializer/.OneTimeInitializerReceiver
07-19 10:44:20.915 4516 4516 I MessagingApp: Carrier config changed. Reloading MMS config.
07-19 10:44:20.940 4516 4537 I MessagingAppDataModel: Fixup: Send failed - 0 Download failed - 0
07-19 10:44:20.947 1827 4062 I am_proc_bound: [0,4538,com.android.onetimeinitializer]
07-19 10:44:20.949 2720 2990 D SubscriptionController: [getActiveSubscriptionInfo]+ subId=1 subInfo={id=1, iccId=89492019156020009546 simSlotIndex=0 displayName=LIDL Connect carrierName=Emergency calls only nameSource=0 iconTint=-16746133 dataRoaming=0 iconBitmap=android.graphics.Bitmap@aac66cc mcc 262 mnc 2 userNwMode=10}
07-19 10:44:20.954 4516 4536 W MessagingApp: canonicalizeMccMnc: invalid mccmnc:null ,null
07-19 10:44:20.965 2720 3393 D PhoneFactory: SMS Prompt option:false
07-19 10:44:20.965 2720 3393 D RIL_UiccSmsController: isSmsSimPickActivityNeeded: false, sms prompt disabled.
07-19 10:44:20.965 1827 2600 D MmsServiceBroker: getCarrierConfigValues() by com.android.messaging
07-19 10:44:20.965 1827 2600 W MmsServiceBroker: MmsService not connected. Try connecting...
07-19 10:44:20.965 1827 1827 I MmsServiceBroker: Connecting to MmsService
07-19 10:44:20.966 1827 1827 W ContextImpl: Calling a method in the system process without a qualified user: android.app.ContextImpl.bindService:1421 com.android.server.MmsServiceBroker.tryConnecting:241 com.android.server.MmsServiceBroker.-wrap3:-1 com.android.server.MmsServiceBroker$1.handleMessage:83 android.os.Handler.dispatchMessage:102 
07-19 10:44:20.969 4538 4538 I art : Starting a blocking GC AddRemoveAppImageSpace
07-19 10:44:20.969 4538 4538 W System : ClassLoader referenced unknown path: /system/priv-app/OneTimeInitializer/lib/arm
07-19 10:44:20.973 2720 2720 W System : ClassLoader referenced unknown path: /system/priv-app/MmsService/lib/arm
07-19 10:44:20.974 2720 2720 D ApplicationLoaders: ignored Vulkan layer search path /system/priv-app/MmsService/lib/arm:/system/lib:/vendor/lib for namespace 0xb2ee0150
07-19 10:44:20.983 2720 2720 D MmsService: onCreate
07-19 10:44:20.988 1827 1827 I MmsServiceBroker: MmsService connected
07-19 10:44:20.988 2720 2720 I MmsService: MmsConfigManager receiver action: android.intent.action.SIM_STATE_CHANGED
07-19 10:44:20.989 4538 4538 V OneTimeInitializerRece: OneTimeInitializerReceiver.onReceive
07-19 10:44:20.989 2720 2720 I MmsService: MmsConfigManager receiver action: android.telephony.action.CARRIER_CONFIG_CHANGED
07-19 10:44:20.990 2720 2750 D MmsService: getCarrierConfigValues
07-19 10:44:20.990 2720 2750 I MmsService: mms config for sub 1: null
07-19 10:44:20.990 4516 4536 I MessagingApp: Carrier configs loaded: Bundle[{smsToMmsTextThreshold=-1, maxMessageTextSize=-1, recipientLimit=-1, maxImageHeight=480, maxMessageSize=307200, maxImageWidth=640, enabledMMS=true, enableMultipartSMS=true}] from resources+system for subId=1
07-19 10:44:20.991 2720 4559 I MmsService: MmsConfigManager loads in background mcc/mnc: 262/2
07-19 10:44:20.991 2720 4558 I MmsService: MmsConfigManager loads in background mcc/mnc: 262/2
07-19 10:44:20.996 2720 4560 I MmsService: MmsConfigManager loads in background mcc/mnc: 262/2
07-19 10:44:20.996 2720 3441 D SubscriptionController: [getActiveSubscriptionInfo]+ subId=1 subInfo={id=1, iccId=89492019156020009546 simSlotIndex=0 displayName=LIDL Connect carrierName=Emergency calls only nameSource=0 iconTint=-16746133 dataRoaming=0 iconBitmap=android.graphics.Bitmap@60e6cf6 mcc 262 mnc 2 userNwMode=10}
07-19 10:44:21.012 1827 2385 W ConnectivityExtension: ConnectivityExt jar file not present
07-19 10:44:21.013 1827 2385 I netstats_mobile_sample: [0,0,0,0,0,0,0,0,0,0,0,0,1500457615882]
07-19 10:44:21.014 1827 2385 I netstats_wifi_sample: [5122,16,2180,20,5094,15,1872,19,5094,15,1872,19,1500457615882]
07-19 10:44:21.020 2720 3441 D DCT : [0]setPolicyDataEnabled: true
07-19 10:44:21.028 2720 2720 D SipService: SipService: started!
07-19 10:44:21.032 2720 2750 D SubscriptionController: [getActiveSubscriptionInfo]+ subId=1 subInfo={id=1, iccId=89492019156020009546 simSlotIndex=0 displayName=LIDL Connect carrierName=Emergency calls only nameSource=0 iconTint=-16746133 dataRoaming=0 iconBitmap=android.graphics.Bitmap@b89ffa6 mcc 262 mnc 2 userNwMode=10}
07-19 10:44:21.035 2720 2720 D SipService: start:
07-19 10:44:21.036 4516 4566 I MessagingAppDataModel: SyncMessagesAction: Starting batch for messages from 1500453836690 to 1500453860882 (message update limit = 80, message scan limit = 4000)
07-19 10:44:21.046 2720 3441 D SubscriptionController: [getActiveSubscriptionInfo]+ subId=1 subInfo={id=1, iccId=89492019156020009546 simSlotIndex=0 displayName=LIDL Connect carrierName=Emergency calls only nameSource=0 iconTint=-16746133 dataRoaming=0 iconBitmap=android.graphics.Bitmap@b61d03d mcc 262 mnc 2 userNwMode=10}
07-19 10:44:21.047 4516 4543 W MessagingApp: canonicalizeMccMnc: invalid mccmnc:null ,null
07-19 10:44:21.055 2720 2750 D PhoneFactory: SMS Prompt option:false
07-19 10:44:21.056 2720 2750 D RIL_UiccSmsController: isSmsSimPickActivityNeeded: false, sms prompt disabled.
07-19 10:44:21.056 1827 4062 D MmsServiceBroker: getCarrierConfigValues() by com.android.messaging
07-19 10:44:21.056 2720 3393 D MmsService: getCarrierConfigValues
07-19 10:44:21.056 2720 3393 I MmsService: mms config for sub 1: Bundle[{httpSocketTimeout=60000, aliasMinChars=2, smsToMmsTextThreshold=-1, enableSMSDeliveryReports=true, maxMessageTextSize=-1, supportMmsContentDisposition=true, enabledTransID=false, aliasEnabled=false, supportHttpCharsetHeader=false, allowAttachAudio=true, smsToMmsTextLengthThreshold=-1, recipientLimit=2147483647, uaProfTagName=x-wap-profile, aliasMaxChars=48, maxImageHeight=480, enableMMSDeliveryReports=false, userAgent=, mmsCloseConnection=false, config_cellBroadcastAppLinks=true, maxSubjectLength=40, httpParams=, enableGroupMms=true, emailGatewayNumber=, maxMessageSize=307200, naiSuffix=, enableMMSReadReports=false, maxImageWidth=640, uaProfUrl=, enabledMMS=true, enabledNotifyWapMMSC=false, sendMultipartSmsAsSeparateMessages=false, enableMultipartSMS=true}]
07-19 10:44:21.057 4516 4543 I MessagingApp: Carrier configs loaded: Bundle[{httpSocketTimeout=60000, aliasMinChars=2, smsToMmsTextThreshold=-1, enableSMSDeliveryReports=true, maxMessageTextSize=-1, supportMmsContentDisposition=true, enabledTransID=false, aliasEnabled=false, supportHttpCharsetHeader=false, allowAttachAudio=true, smsToMmsTextLengthThreshold=-1, recipientLimit=2147483647, uaProfTagName=x-wap-profile, aliasMaxChars=48, maxImageHeight=480, enableMMSDeliveryReports=false, userAgent=, mmsCloseConnection=false, config_cellBroadcastAppLinks=true, maxSubjectLength=40, httpParams=, enableGroupMms=true, emailGatewayNumber=, maxMessageSize=307200, naiSuffix=, enableMMSReadReports=false, maxImageWidth=640, uaProfUrl=, enabledMMS=true, enabledNotifyWapMMSC=false, sendMultipartSmsAsSeparateMessages=false, enableMultipartSMS=true}] from resources+system for subId=1
07-19 10:44:21.057 4516 4545 W art : Long monitor contention with owner IntentService[BackgroundWorker] (4566) at boolean android.os.BinderProxy.transactNative(int, android.os.Parcel, android.os.Parcel, int)(Binder.java:-2) waiters=1 in void com.android.messaging.sms.u.load() for 141ms
07-19 10:44:21.059 4516 4545 I dvm_lock_sample: [com.android.messaging,0,AsyncTask #3,141,SourceFile,-1,Binder.java,-2,28]
07-19 10:44:21.064 2720 2720 D CdmaSSM : subscriptionSource from settings: 0
07-19 10:44:21.065 2720 2720 D DCT : [0]isDataAllowed: No - Not attached
07-19 10:44:21.065 2720 2720 V VvmBootCompletedRcvr: processing subId list
07-19 10:44:21.073 2720 2720 V VvmBootCompletedRcvr: processing subId 1
07-19 10:44:21.081 309 1608 E RILQ : (0/309): RIL[0][imss_init] qcril_qmi_init_imss_client_handles_proc: qmi_client_init_instance returned failure(-3) for IMSS 
07-19 10:44:21.081 309 1608 E RILQ : (0/309): RIL[0][imss_init] update_ims_supported_services: update_ims_supported_services: Unable to get policy manager config:1
07-19 10:44:21.087 2720 3441 D SubscriptionController: [getActiveSubscriptionInfo]+ subId=1 subInfo={id=1, iccId=89492019156020009546 simSlotIndex=0 displayName=LIDL Connect carrierName=Emergency calls only nameSource=0 iconTint=-16746133 dataRoaming=0 iconBitmap=android.graphics.Bitmap@5a03339 mcc 262 mnc 2 userNwMode=10}
07-19 10:44:21.087 2720 2720 D VvmSimChangeReceiver: visual voicemail not supported for carrier 26202 on subId 1
07-19 10:44:21.088 4516 4545 W MessagingApp: canonicalizeMccMnc: invalid mccmnc:null ,null
07-19 10:44:21.095 2720 3393 D PhoneFactory: SMS Prompt option:false
07-19 10:44:21.095 2720 3393 D RIL_UiccSmsController: isSmsSimPickActivityNeeded: false, sms prompt disabled.
07-19 10:44:21.095 1827 4014 D MmsServiceBroker: getCarrierConfigValues() by com.android.messaging
07-19 10:44:21.096 2720 2750 D MmsService: getCarrierConfigValues
07-19 10:44:21.096 2720 2750 I MmsService: mms config for sub 1: Bundle[{httpSocketTimeout=60000, aliasMinChars=2, smsToMmsTextThreshold=-1, enableSMSDeliveryReports=true, maxMessageTextSize=-1, supportMmsContentDisposition=true, enabledTransID=false, aliasEnabled=false, supportHttpCharsetHeader=false, allowAttachAudio=true, smsToMmsTextLengthThreshold=-1, recipientLimit=2147483647, uaProfTagName=x-wap-profile, aliasMaxChars=48, maxImageHeight=480, enableMMSDeliveryReports=false, userAgent=, mmsCloseConnection=false, config_cellBroadcastAppLinks=true, maxSubjectLength=40, httpParams=, enableGroupMms=true, emailGatewayNumber=, maxMessageSize=307200, naiSuffix=, enableMMSReadReports=false, maxImageWidth=640, uaProfUrl=, enabledMMS=true, enabledNotifyWapMMSC=false, sendMultipartSmsAsSeparateMessages=false, enableMultipartSMS=true}]
07-19 10:44:21.097 4516 4545 I MessagingApp: Carrier configs loaded: Bundle[{httpSocketTimeout=60000, aliasMinChars=2, smsToMmsTextThreshold=-1, enableSMSDeliveryReports=true, maxMessageTextSize=-1, supportMmsContentDisposition=true, enabledTransID=false, aliasEnabled=false, supportHttpCharsetHeader=false, allowAttachAudio=true, smsToMmsTextLengthThreshold=-1, recipientLimit=2147483647, uaProfTagName=x-wap-profile, aliasMaxChars=48, maxImageHeight=480, enableMMSDeliveryReports=false, userAgent=, mmsCloseConnection=false, config_cellBroadcastAppLinks=true, maxSubjectLength=40, httpParams=, enableGroupMms=true, emailGatewayNumber=, maxMessageSize=307200, naiSuffix=, enableMMSReadReports=false, maxImageWidth=640, uaProfUrl=, enabledMMS=true, enabledNotifyWapMMSC=false, sendMultipartSmsAsSeparateMessages=false, enableMultipartSMS=true}] from resources+system for subId=1
07-19 10:44:21.106 2720 2749 D SubscriptionController: [getPhoneId] asked for default subId=1
07-19 10:44:21.146 309 1607 E RILQ : (0/309): RIL[0][imsa_init] qcril_qmi_init_imsa_client_handles_proc: qmi_client_init_instance returned failure(-3) for IMSA 
07-19 10:44:21.155 4516 4528 W art : Suspending all threads took: 6.131ms
07-19 10:44:21.179 4516 4592 I MessagingAppDataModel: SyncMessagesAction: All messages now in sync
07-19 10:44:21.273 2720 2750 D SubscriptionController: [getActiveSubscriptionInfo]+ subId=1 subInfo={id=1, iccId=89492019156020009546 simSlotIndex=0 displayName=LIDL Connect carrierName=Emergency calls only nameSource=0 iconTint=-16746133 dataRoaming=0 iconBitmap=android.graphics.Bitmap@c7c9f5 mcc 262 mnc 2 userNwMode=10}
07-19 10:44:21.288 2720 2720 D CAT : com.android.stk.BootCompletedReceiver: [ACTION_BOOT_COMPLETED]
07-19 10:44:21.288 2720 2720 D CAT : com.android.stk.StkAppService: onStart sim id: 0, op: 5, *****
07-19 10:44:21.289 2720 3770 D CAT : com.android.stk.StkAppService: handleMessage opcode[5], sim id[0]
07-19 10:44:21.289 2720 3770 D CAT : com.android.stk.StkAppService: OP_BOOT_COMPLETED
07-19 10:44:21.312 1827 4062 I am_proc_start: [0,4597,1001,com.qualcomm.qcrilmsgtunnel,broadcast,com.qualcomm.qcrilmsgtunnel/.QcrilMsgTunnelAutoboot]
07-19 10:44:21.312 1827 4062 I ActivityManager: Start proc 4597:com.qualcomm.qcrilmsgtunnel/1001 for broadcast com.qualcomm.qcrilmsgtunnel/.QcrilMsgTunnelAutoboot
07-19 10:44:21.328 1827 4061 D CountryDetector: The first listener is added
07-19 10:44:21.330 2720 2750 D SubscriptionController: [getPhoneId] asked for default subId=1
07-19 10:44:21.338 1827 2600 I am_proc_bound: [0,4597,com.qualcomm.qcrilmsgtunnel]
07-19 10:44:21.357 4597 4597 W System : ClassLoader referenced unknown path: /system/priv-app/qcrilmsgtunnel/lib/arm
07-19 10:44:21.373 2720 3441 D SubscriptionController: [getActiveSubscriptionInfo]+ subId=1 subInfo={id=1, iccId=89492019156020009546 simSlotIndex=0 displayName=LIDL Connect carrierName=Emergency calls only nameSource=0 iconTint=-16746133 dataRoaming=0 iconBitmap=android.graphics.Bitmap@c554dfb mcc 262 mnc 2 userNwMode=10}
07-19 10:44:21.381 2720 2749 D SubscriptionController: [getActiveSubscriptionInfo]+ subId=1 subInfo={id=1, iccId=89492019156020009546 simSlotIndex=0 displayName=LIDL Connect carrierName=Emergency calls only nameSource=0 iconTint=-16746133 dataRoaming=0 iconBitmap=android.graphics.Bitmap@2981071 mcc 262 mnc 2 userNwMode=10}
07-19 10:44:21.385 4597 4597 D QcrilMsgTunnelAutoboot: ComponentInfo{com.qualcomm.qcrilmsgtunnel/com.qualcomm.qcrilmsgtunnel.QcrilMsgTunnelService} started successfully
07-19 10:44:21.386 4597 4597 D QcrilMsgTunnelService: onCreate method
07-19 10:44:21.387 4597 4597 D QcrilMsgTunnelIfaceManager: :Instantiated
07-19 10:44:21.390 4597 4597 V QcrilMsgTunnelSocket: Starting QcRil Sender & Receiver threads
07-19 10:44:21.390 3188 3188 I QImsService: ImsServiceAutoboot : org.codeaurora.ims.ImsService is already running. android.intent.action.BOOT_COMPLETED ignored. 
07-19 10:44:21.401 2720 2750 D SubscriptionController: [getActiveSubscriptionInfo]+ subId=1 subInfo={id=1, iccId=89492019156020009546 simSlotIndex=0 displayName=LIDL Connect carrierName=Emergency calls only nameSource=0 iconTint=-16746133 dataRoaming=0 iconBitmap=android.graphics.Bitmap@7a0ced7 mcc 262 mnc 2 userNwMode=10}
