07-19 12:32:38.662 2720 2720 D SubscriptionController: [getActiveSubscriptionInfoForSimSlotIndex]+ slotIdx=0 subId={id=1, iccId=89492019156020009546 simSlotIndex=0 displayName=LIDL Connect carrierName=LIDL Connect nameSource=0 iconTint=-16746133 dataRoaming=0 iconBitmap=android.graphics.Bitmap@e63ae70 mcc 262 mnc 2 userNwMode=10}
07-19 12:32:38.665 2720 2720 D VideoCall_LowBattery: allowVideoCallsInLowBattery: false isCarrierOneSupported: false mIsLowbattery: true
07-19 12:32:38.665 2720 2720 D VideoCall_LowBattery: disconnectVideoCalls on low battery
07-19 12:32:38.665 2720 2720 D VideoCall_LowBattery: disconnectVideoCalls 
07-19 12:32:50.031 2720 2720 D RILJ : [4024]> SIGNAL_STRENGTH [SUB1]
07-19 12:32:50.038 2720 2885 D RILJ : [4024]< SIGNAL_STRENGTH SignalStrength: 0 0 0 0 0 0 0 0 0 0 0 0 0 gsm|lte [SUB1]
07-19 12:32:50.039 2720 2720 D SubscriptionController: [getSubId]- numSubIds == 0, return DummySubIds slotIdx=1
07-19 12:33:10.045 2720 2720 D RILJ : [4025]> SIGNAL_STRENGTH [SUB1]
07-19 12:33:10.055 2720 2885 D RILJ : [4025]< SIGNAL_STRENGTH SignalStrength: 0 0 0 0 0 0 0 0 0 0 0 0 0 gsm|lte [SUB1]
07-19 12:33:10.056 2720 2720 D SubscriptionController: [getSubId]- numSubIds == 0, return DummySubIds slotIdx=1
07-19 12:33:30.080 2720 2720 D RILJ : [4026]> SIGNAL_STRENGTH [SUB1]
07-19 12:33:30.093 2720 2885 D RILJ : [4026]< SIGNAL_STRENGTH SignalStrength: 0 0 0 0 0 0 0 0 0 0 0 0 0 gsm|lte [SUB1]
07-19 12:33:30.095 2720 2720 D SubscriptionController: [getSubId]- numSubIds == 0, return DummySubIds slotIdx=1
07-19 12:33:38.748 0 0 I [ 2832.714441,0] bq24296_dump_register: REG0 - 0x00 = 0x42
07-19 12:33:38.748 0 0 I [ 2832.715463,0] bq24296_dump_register: REG1 - 0x01 = 0x0b
07-19 12:33:38.748 0 0 I [ 2832.716477,0] bq24296_dump_register: REG2 - 0x02 = 0x5c
07-19 12:33:38.748 0 0 I [ 2832.717460,0] bq24296_dump_register: REG3 - 0x03 = 0x21
07-19 12:33:38.751 0 0 I [ 2832.719255,0] bq24296_dump_register: REG4 - 0x04 = 0xe2
07-19 12:33:38.751 0 0 I [ 2832.720308,0] bq24296_dump_register: REG5 - 0x05 = 0x0e
07-19 12:33:38.752 0 0 I [ 2832.721037,0] bq24296_dump_register: REG6 - 0x06 = 0x73
07-19 12:33:38.752 0 0 I [ 2832.721676,0] bq24296_dump_register: REG7 - 0x07 = 0x4b
07-19 12:33:38.752 0 0 I [ 2832.722306,0] bq24296_dump_register: REG8 - 0x08 = 0x44
07-19 12:33:38.754 0 0 I [ 2832.722965,0] bq24296_dump_register: REG9 - 0x09 = 0x00
07-19 12:33:38.755 0 0 I [ 2832.723891,0] bq24296_dump_register: REGA - 0x0a = 0x20
07-19 12:33:38.775 1827 1971 I cache_file_deleted: power_supply_info.csv
07-19 12:33:38.776 3862 3862 E NEW_BHD : Open /sys/class/power_supply/gb_battery
07-19 12:33:38.808 2720 2720 D VideoCall_LowBattery: BatteryIntent received: android.intent.action.BATTERY_CHANGED
07-19 12:33:38.825 2720 2720 D SubscriptionController: [getActiveSubscriptionInfoForSimSlotIndex]+ slotIdx=0 subId={id=1, iccId=89492019156020009546 simSlotIndex=0 displayName=LIDL Connect carrierName=LIDL Connect nameSource=0 iconTint=-16746133 dataRoaming=0 iconBitmap=android.graphics.Bitmap@448bd0f mcc 262 mnc 2 userNwMode=10}
07-19 12:33:38.828 2720 2720 D VideoCall_LowBattery: allowVideoCallsInLowBattery: false isCarrierOneSupported: false mIsLowbattery: true
07-19 12:33:38.828 2720 2720 D VideoCall_LowBattery: disconnectVideoCalls on low battery
07-19 12:33:38.828 2720 2720 D VideoCall_LowBattery: disconnectVideoCalls 
07-19 12:33:50.111 2720 2720 D RILJ : [4027]> SIGNAL_STRENGTH [SUB1]
07-19 12:33:50.117 2720 2885 D RILJ : [4027]< SIGNAL_STRENGTH SignalStrength: 0 0 0 0 0 0 0 0 0 0 0 0 0 gsm|lte [SUB1]
07-19 12:33:50.118 2720 2720 D SubscriptionController: [getSubId]- numSubIds == 0, return DummySubIds slotIdx=1
07-19 12:34:10.142 2720 2720 D RILJ : [4028]> SIGNAL_STRENGTH [SUB1]
07-19 12:34:10.153 2720 2885 D RILJ : [4028]< SIGNAL_STRENGTH SignalStrength: 0 0 0 0 0 0 0 0 0 0 0 0 0 gsm|lte [SUB1]
07-19 12:34:10.155 2720 2720 D SubscriptionController: [getSubId]- numSubIds == 0, return DummySubIds slotIdx=1
07-19 12:34:30.180 2720 2720 D RILJ : [4029]> SIGNAL_STRENGTH [SUB1]
07-19 12:34:30.192 2720 2885 D RILJ : [4029]< SIGNAL_STRENGTH SignalStrength: 0 0 0 0 0 0 0 0 0 0 0 0 0 gsm|lte [SUB1]
07-19 12:34:30.195 2720 2720 D SubscriptionController: [getSubId]- numSubIds == 0, return DummySubIds slotIdx=1
07-19 12:34:38.908 0 0 I [ 2892.874406,0] bq24296_dump_register: REG0 - 0x00 = 0x42
07-19 12:34:38.908 0 0 I [ 2892.875425,0] bq24296_dump_register: REG1 - 0x01 = 0x0b
07-19 12:34:38.908 0 0 I [ 2892.876440,0] bq24296_dump_register: REG2 - 0x02 = 0x5c
07-19 12:34:38.908 0 0 I [ 2892.877425,0] bq24296_dump_register: REG3 - 0x03 = 0x21
07-19 12:34:38.911 0 0 I [ 2892.879221,0] bq24296_dump_register: REG4 - 0x04 = 0xe2
07-19 12:34:38.911 0 0 I [ 2892.880265,0] bq24296_dump_register: REG5 - 0x05 = 0x0e
07-19 12:34:38.912 0 0 I [ 2892.880994,0] bq24296_dump_register: REG6 - 0x06 = 0x73
07-19 12:34:38.912 0 0 I [ 2892.881627,0] bq24296_dump_register: REG7 - 0x07 = 0x4b
07-19 12:34:38.912 0 0 I [ 2892.882264,0] bq24296_dump_register: REG8 - 0x08 = 0x44
07-19 12:34:38.914 0 0 I [ 2892.882878,0] bq24296_dump_register: REG9 - 0x09 = 0x00
07-19 12:34:38.915 0 0 I [ 2892.883798,0] bq24296_dump_register: REGA - 0x0a = 0x20
07-19 12:34:38.935 1827 1971 I cache_file_deleted: power_supply_info.csv
07-19 12:34:38.938 3862 3862 E NEW_BHD : Open /sys/class/power_supply/gb_battery
07-19 12:34:38.965 2720 2720 D VideoCall_LowBattery: BatteryIntent received: android.intent.action.BATTERY_CHANGED
07-19 12:34:38.980 2720 2720 D SubscriptionController: [getActiveSubscriptionInfoForSimSlotIndex]+ slotIdx=0 subId={id=1, iccId=89492019156020009546 simSlotIndex=0 displayName=LIDL Connect carrierName=LIDL Connect nameSource=0 iconTint=-16746133 dataRoaming=0 iconBitmap=android.graphics.Bitmap@99bd77a mcc 262 mnc 2 userNwMode=10}
07-19 12:34:38.983 2720 2720 D VideoCall_LowBattery: allowVideoCallsInLowBattery: false isCarrierOneSupported: false mIsLowbattery: true
07-19 12:34:38.983 2720 2720 D VideoCall_LowBattery: disconnectVideoCalls on low battery
07-19 12:34:38.983 2720 2720 D VideoCall_LowBattery: disconnectVideoCalls 
07-19 12:34:50.213 2720 2720 D RILJ : [4030]> SIGNAL_STRENGTH [SUB1]
07-19 12:34:50.218 2720 2885 D RILJ : [4030]< SIGNAL_STRENGTH SignalStrength: 0 0 0 0 0 0 0 0 0 0 0 0 0 gsm|lte [SUB1]
07-19 12:34:50.219 2720 2720 D SubscriptionController: [getSubId]- numSubIds == 0, return DummySubIds slotIdx=1
07-19 12:35:10.228 2720 2720 D RILJ : [4031]> SIGNAL_STRENGTH [SUB1]
07-19 12:35:10.238 2720 2885 D RILJ : [4031]< SIGNAL_STRENGTH SignalStrength: 0 0 0 0 0 0 0 0 0 0 0 0 0 gsm|lte [SUB1]
07-19 12:35:10.238 2720 2720 D SubscriptionController: [getSubId]- numSubIds == 0, return DummySubIds slotIdx=1
07-19 12:35:30.264 2720 2720 D RILJ : [4032]> SIGNAL_STRENGTH [SUB1]
07-19 12:35:30.276 2720 2885 D RILJ : [4032]< SIGNAL_STRENGTH SignalStrength: 0 0 0 0 0 0 0 0 0 0 0 0 0 gsm|lte [SUB1]
07-19 12:35:30.278 2720 2720 D SubscriptionController: [getSubId]- numSubIds == 0, return DummySubIds slotIdx=1
07-19 12:35:39.068 0 0 I [ 2953.034392,0] bq24296_dump_register: REG0 - 0x00 = 0x42
07-19 12:35:39.068 0 0 I [ 2953.035416,0] bq24296_dump_register: REG1 - 0x01 = 0x0b
07-19 12:35:39.068 0 0 I [ 2953.036435,0] bq24296_dump_register: REG2 - 0x02 = 0x5c
07-19 12:35:39.071 0 0 I [ 2953.038307,0] bq24296_dump_register: REG3 - 0x03 = 0x21
07-19 12:35:39.071 0 0 I [ 2953.039328,0] bq24296_dump_register: REG4 - 0x04 = 0xe2
07-19 12:35:39.071 0 0 I [ 2953.040383,0] bq24296_dump_register: REG5 - 0x05 = 0x0e
07-19 12:35:39.072 0 0 I [ 2953.041268,0] bq24296_dump_register: REG6 - 0x06 = 0x73
07-19 12:35:39.072 0 0 I [ 2953.041899,0] bq24296_dump_register: REG7 - 0x07 = 0x4b
07-19 12:35:39.074 0 0 I [ 2953.042538,0] bq24296_dump_register: REG8 - 0x08 = 0x44
07-19 12:35:39.075 0 0 I [ 2953.043204,0] bq24296_dump_register: REG9 - 0x09 = 0x00
07-19 12:35:39.075 0 0 I [ 2953.043832,0] bq24296_dump_register: REGA - 0x0a = 0x20
07-19 12:35:39.096 1827 1971 I cache_file_deleted: power_supply_info.csv
07-19 12:35:39.098 3862 3862 E NEW_BHD : Open /sys/class/power_supply/gb_battery
07-19 12:35:39.128 2720 2720 D VideoCall_LowBattery: BatteryIntent received: android.intent.action.BATTERY_CHANGED
07-19 12:35:39.144 2720 2720 D SubscriptionController: [getActiveSubscriptionInfoForSimSlotIndex]+ slotIdx=0 subId={id=1, iccId=89492019156020009546 simSlotIndex=0 displayName=LIDL Connect carrierName=LIDL Connect nameSource=0 iconTint=-16746133 dataRoaming=0 iconBitmap=android.graphics.Bitmap@b031921 mcc 262 mnc 2 userNwMode=10}
07-19 12:35:39.147 2720 2720 D VideoCall_LowBattery: allowVideoCallsInLowBattery: false isCarrierOneSupported: false mIsLowbattery: true
07-19 12:35:39.147 2720 2720 D VideoCall_LowBattery: disconnectVideoCalls on low battery
07-19 12:35:39.147 2720 2720 D VideoCall_LowBattery: disconnectVideoCalls 
07-19 12:35:50.292 2720 2720 D RILJ : [4033]> SIGNAL_STRENGTH [SUB1]
07-19 12:35:50.305 2720 2885 D RILJ : [4033]< SIGNAL_STRENGTH SignalStrength: 0 0 0 0 0 0 0 0 0 0 0 0 0 gsm|lte [SUB1]
07-19 12:35:50.306 2720 2720 D SubscriptionController: [getSubId]- numSubIds == 0, return DummySubIds slotIdx=1
07-19 12:36:10.335 2720 2720 D RILJ : [4034]> SIGNAL_STRENGTH [SUB1]
07-19 12:36:10.348 2720 2885 D RILJ : [4034]< SIGNAL_STRENGTH SignalStrength: 0 0 0 0 0 0 0 0 0 0 0 0 0 gsm|lte [SUB1]
07-19 12:36:10.349 2720 2720 D SubscriptionController: [getSubId]- numSubIds == 0, return DummySubIds slotIdx=1
07-19 12:36:30.368 2720 2720 D RILJ : [4035]> SIGNAL_STRENGTH [SUB1]
07-19 12:36:30.378 2720 2885 D RILJ : [4035]< SIGNAL_STRENGTH SignalStrength: 0 0 0 0 0 0 0 0 0 0 0 0 0 gsm|lte [SUB1]
07-19 12:36:30.378 2720 2720 D SubscriptionController: [getSubId]- numSubIds == 0, return DummySubIds slotIdx=1
07-19 12:36:31.961 2720 2720 D VideoCall_LowBattery: BatteryIntent received: android.intent.action.BATTERY_CHANGED
07-19 12:36:31.983 2720 2720 D SubscriptionController: [getActiveSubscriptionInfoForSimSlotIndex]+ slotIdx=0 subId={id=1, iccId=89492019156020009546 simSlotIndex=0 displayName=LIDL Connect carrierName=LIDL Connect nameSource=0 iconTint=-16746133 dataRoaming=0 iconBitmap=android.graphics.Bitmap@bc62834 mcc 262 mnc 2 userNwMode=10}
07-19 12:36:31.986 2720 2720 D VideoCall_LowBattery: allowVideoCallsInLowBattery: false isCarrierOneSupported: false mIsLowbattery: true
07-19 12:36:31.986 2720 2720 D VideoCall_LowBattery: disconnectVideoCalls on low battery
07-19 12:36:31.986 2720 2720 D VideoCall_LowBattery: disconnectVideoCalls 
07-19 12:36:39.228 0 0 I [ 3013.194650,0] bq24296_dump_register: REG0 - 0x00 = 0x42
07-19 12:36:39.228 0 0 I [ 3013.195682,0] bq24296_dump_register: REG1 - 0x01 = 0x0b
07-19 12:36:39.228 0 0 I [ 3013.196736,0] bq24296_dump_register: REG2 - 0x02 = 0x5c
07-19 12:36:39.231 0 0 I [ 3013.198048,0] bq24296_dump_register: REG3 - 0x03 = 0x21
07-19 12:36:39.231 0 0 I [ 3013.199068,0] bq24296_dump_register: REG4 - 0x04 = 0xe2
07-19 12:36:39.231 0 0 I [ 3013.200118,0] bq24296_dump_register: REG5 - 0x05 = 0x0e
07-19 12:36:39.232 0 0 I [ 3013.201014,0] bq24296_dump_register: REG6 - 0x06 = 0x73
07-19 12:36:39.232 0 0 I [ 3013.201644,0] bq24296_dump_register: REG7 - 0x07 = 0x4b
07-19 12:36:39.234 0 0 I [ 3013.202325,0] bq24296_dump_register: REG8 - 0x08 = 0x44
07-19 12:36:39.235 0 0 I [ 3013.203239,0] bq24296_dump_register: REG9 - 0x09 = 0x00
07-19 12:36:39.235 0 0 I [ 3013.203962,0] bq24296_dump_register: REGA - 0x0a = 0x20
07-19 12:36:39.256 1827 1971 I cache_file_deleted: power_supply_info.csv
07-19 12:36:39.257 3862 3862 E NEW_BHD : Open /sys/class/power_supply/gb_battery
07-19 12:36:39.291 2720 2720 D VideoCall_LowBattery: BatteryIntent received: android.intent.action.BATTERY_CHANGED
07-19 12:36:39.305 2720 2720 D SubscriptionController: [getActiveSubscriptionInfoForSimSlotIndex]+ slotIdx=0 subId={id=1, iccId=89492019156020009546 simSlotIndex=0 displayName=LIDL Connect carrierName=LIDL Connect nameSource=0 iconTint=-16746133 dataRoaming=0 iconBitmap=android.graphics.Bitmap@108c4a3 mcc 262 mnc 2 userNwMode=10}
07-19 12:36:39.307 2720 2720 D VideoCall_LowBattery: allowVideoCallsInLowBattery: false isCarrierOneSupported: false mIsLowbattery: true
07-19 12:36:39.308 2720 2720 D VideoCall_LowBattery: disconnectVideoCalls on low battery
07-19 12:36:39.308 2720 2720 D VideoCall_LowBattery: disconnectVideoCalls 
07-19 12:36:50.393 2720 2720 D RILJ : [4036]> SIGNAL_STRENGTH [SUB1]
07-19 12:36:50.403 2720 2885 D RILJ : [4036]< SIGNAL_STRENGTH SignalStrength: 0 0 0 0 0 0 0 0 0 0 0 0 0 gsm|lte [SUB1]
07-19 12:36:50.405 2720 2720 D SubscriptionController: [getSubId]- numSubIds == 0, return DummySubIds slotIdx=1
07-19 12:37:10.415 2720 2720 D RILJ : [4037]> SIGNAL_STRENGTH [SUB1]
07-19 12:37:10.429 2720 2885 D RILJ : [4037]< SIGNAL_STRENGTH SignalStrength: 0 0 0 0 0 0 0 0 0 0 0 0 0 gsm|lte [SUB1]
07-19 12:37:10.431 2720 2720 D SubscriptionController: [getSubId]- numSubIds == 0, return DummySubIds slotIdx=1
07-19 12:37:30.441 2720 2720 D RILJ : [4038]> SIGNAL_STRENGTH [SUB1]
07-19 12:37:30.455 2720 2885 D RILJ : [4038]< SIGNAL_STRENGTH SignalStrength: 0 0 0 0 0 0 0 0 0 0 0 0 0 gsm|lte [SUB1]
07-19 12:37:30.458 2720 2720 D SubscriptionController: [getSubId]- numSubIds == 0, return DummySubIds slotIdx=1
07-19 12:37:39.387 0 0 I [ 3073.354646,0] bq24296_dump_register: REG0 - 0x00 = 0x42
07-19 12:37:39.388 0 0 I [ 3073.355671,0] bq24296_dump_register: REG1 - 0x01 = 0x0b
07-19 12:37:39.388 0 0 I [ 3073.356688,0] bq24296_dump_register: REG2 - 0x02 = 0x5c
07-19 12:37:39.391 0 0 I [ 3073.358308,0] bq24296_dump_register: REG3 - 0x03 = 0x21
07-19 12:37:39.391 0 0 I [ 3073.359329,0] bq24296_dump_register: REG4 - 0x04 = 0xe2
07-19 12:37:39.392 0 0 I [ 3073.360379,0] bq24296_dump_register: REG5 - 0x05 = 0x0e
07-19 12:37:39.392 0 0 I [ 3073.361171,0] bq24296_dump_register: REG6 - 0x06 = 0x73
07-19 12:37:39.393 0 0 I [ 3073.361903,0] bq24296_dump_register: REG7 - 0x07 = 0x4b
07-19 12:37:39.393 0 0 I [ 3073.362535,0] bq24296_dump_register: REG8 - 0x08 = 0x44
07-19 12:37:39.393 0 0 I [ 3073.363179,0] bq24296_dump_register: REG9 - 0x09 = 0x00
07-19 12:37:39.394 0 0 I [ 3073.363792,0] bq24296_dump_register: REGA - 0x0a = 0x20
07-19 12:37:39.415 1827 1971 I cache_file_deleted: power_supply_info.csv
07-19 12:37:39.418 3862 3862 E NEW_BHD : Open /sys/class/power_supply/gb_battery
07-19 12:37:39.448 2720 2720 D VideoCall_LowBattery: BatteryIntent received: android.intent.action.BATTERY_CHANGED
07-19 12:37:39.465 2720 2720 D SubscriptionController: [getActiveSubscriptionInfoForSimSlotIndex]+ slotIdx=0 subId={id=1, iccId=89492019156020009546 simSlotIndex=0 displayName=LIDL Connect carrierName=LIDL Connect nameSource=0 iconTint=-16746133 dataRoaming=0 iconBitmap=android.graphics.Bitmap@635e31e mcc 262 mnc 2 userNwMode=10}
07-19 12:37:39.468 2720 2720 D VideoCall_LowBattery: allowVideoCallsInLowBattery: false isCarrierOneSupported: false mIsLowbattery: true
07-19 12:37:39.468 2720 2720 D VideoCall_LowBattery: disconnectVideoCalls on low battery
07-19 12:37:39.468 2720 2720 D VideoCall_LowBattery: disconnectVideoCalls 
07-19 12:37:50.468 2720 2720 D RILJ : [4039]> SIGNAL_STRENGTH [SUB1]
07-19 12:37:50.479 2720 2885 D RILJ : [4039]< SIGNAL_STRENGTH SignalStrength: 0 0 0 0 0 0 0 0 0 0 0 0 0 gsm|lte [SUB1]
07-19 12:37:50.482 2720 2720 D SubscriptionController: [getSubId]- numSubIds == 0, return DummySubIds slotIdx=1
07-19 12:38:10.509 2720 2720 D RILJ : [4040]> SIGNAL_STRENGTH [SUB1]
07-19 12:38:10.518 2720 2885 D RILJ : [4040]< SIGNAL_STRENGTH SignalStrength: 0 0 0 0 0 0 0 0 0 0 0 0 0 gsm|lte [SUB1]
07-19 12:38:10.518 2720 2720 D SubscriptionController: [getSubId]- numSubIds == 0, return DummySubIds slotIdx=1
07-19 12:38:30.544 2720 2720 D RILJ : [4041]> SIGNAL_STRENGTH [SUB1]
07-19 12:38:30.556 2720 2885 D RILJ : [4041]< SIGNAL_STRENGTH SignalStrength: 0 0 0 0 0 0 0 0 0 0 0 0 0 gsm|lte [SUB1]
07-19 12:38:30.558 2720 2720 D SubscriptionController: [getSubId]- numSubIds == 0, return DummySubIds slotIdx=1
07-19 12:38:39.547 0 0 I [ 3133.514386,0] bq24296_dump_register: REG0 - 0x00 = 0x42
07-19 12:38:39.548 0 0 I [ 3133.515413,0] bq24296_dump_register: REG1 - 0x01 = 0x0b
07-19 12:38:39.548 0 0 I [ 3133.516430,0] bq24296_dump_register: REG2 - 0x02 = 0x5c
07-19 12:38:39.551 0 0 I [ 3133.518067,0] bq24296_dump_register: REG3 - 0x03 = 0x21
07-19 12:38:39.551 0 0 I [ 3133.519100,0] bq24296_dump_register: REG4 - 0x04 = 0xe2
07-19 12:38:39.551 0 0 I [ 3133.520154,0] bq24296_dump_register: REG5 - 0x05 = 0x0e
07-19 12:38:39.554 0 0 I [ 3133.521470,0] bq24296_dump_register: REG6 - 0x06 = 0x73
07-19 12:38:39.555 0 0 I [ 3133.522482,0] bq24296_dump_register: REG7 - 0x07 = 0x4b
07-19 12:38:39.555 0 0 I [ 3133.523537,0] bq24296_dump_register: REG8 - 0x08 = 0x44
07-19 12:38:39.555 0 0 I [ 3133.524261,0] bq24296_dump_register: REG9 - 0x09 = 0x00
07-19 12:38:39.556 0 0 I [ 3133.524897,0] bq24296_dump_register: REGA - 0x0a = 0x20
07-19 12:38:39.577 1827 1971 I cache_file_deleted: power_supply_info.csv
07-19 12:38:39.578 3862 3862 E NEW_BHD : Open /sys/class/power_supply/gb_battery
07-19 12:38:39.612 2720 2720 D VideoCall_LowBattery: BatteryIntent received: android.intent.action.BATTERY_CHANGED
07-19 12:38:39.630 2720 2720 D SubscriptionController: [getActiveSubscriptionInfoForSimSlotIndex]+ slotIdx=0 subId={id=1, iccId=89492019156020009546 simSlotIndex=0 displayName=LIDL Connect carrierName=LIDL Connect nameSource=0 iconTint=-16746133 dataRoaming=0 iconBitmap=android.graphics.Bitmap@38dc415 mcc 262 mnc 2 userNwMode=10}
07-19 12:38:39.633 2720 2720 D VideoCall_LowBattery: allowVideoCallsInLowBattery: false isCarrierOneSupported: false mIsLowbattery: true
07-19 12:38:39.633 2720 2720 D VideoCall_LowBattery: disconnectVideoCalls on low battery
07-19 12:38:39.633 2720 2720 D VideoCall_LowBattery: disconnectVideoCalls 
07-19 12:38:50.571 2720 2720 D RILJ : [4042]> SIGNAL_STRENGTH [SUB1]
07-19 12:38:50.583 2720 2885 D RILJ : [4042]< SIGNAL_STRENGTH SignalStrength: 0 0 0 0 0 0 0 0 0 0 0 0 0 gsm|lte [SUB1]
07-19 12:38:50.585 2720 2720 D SubscriptionController: [getSubId]- numSubIds == 0, return DummySubIds slotIdx=1
07-19 12:39:10.611 2720 2720 D RILJ : [4043]> SIGNAL_STRENGTH [SUB1]
07-19 12:39:10.618 2720 2885 D RILJ : [4043]< SIGNAL_STRENGTH SignalStrength: 0 0 0 0 0 0 0 0 0 0 0 0 0 gsm|lte [SUB1]
07-19 12:39:10.619 2720 2720 D SubscriptionController: [getSubId]- numSubIds == 0, return DummySubIds slotIdx=1
07-19 12:39:30.640 2720 2720 D RILJ : [4044]> SIGNAL_STRENGTH [SUB1]
07-19 12:39:30.655 2720 2885 D RILJ : [4044]< SIGNAL_STRENGTH SignalStrength: 0 0 0 0 0 0 0 0 0 0 0 0 0 gsm|lte [SUB1]
07-19 12:39:30.658 2720 2720 D SubscriptionController: [getSubId]- numSubIds == 0, return DummySubIds slotIdx=1
07-19 12:39:39.708 0 0 I [ 3193.674239,0] bq24296_dump_register: REG0 - 0x00 = 0x42
07-19 12:39:39.708 0 0 I [ 3193.675268,0] bq24296_dump_register: REG1 - 0x01 = 0x0b
07-19 12:39:39.708 0 0 I [ 3193.676287,0] bq24296_dump_register: REG2 - 0x02 = 0x5c
07-19 12:39:39.708 0 0 I [ 3193.677529,0] bq24296_dump_register: REG3 - 0x03 = 0x21
07-19 12:39:39.711 0 0 I [ 3193.679333,0] bq24296_dump_register: REG4 - 0x04 = 0xe2
07-19 12:39:39.711 0 0 I [ 3193.680385,0] bq24296_dump_register: REG5 - 0x05 = 0x0e
07-19 12:39:39.712 0 0 I [ 3193.681119,0] bq24296_dump_register: REG6 - 0x06 = 0x73
07-19 12:39:39.712 0 0 I [ 3193.681756,0] bq24296_dump_register: REG7 - 0x07 = 0x4b
07-19 12:39:39.712 0 0 I [ 3193.682390,0] bq24296_dump_register: REG8 - 0x08 = 0x44
07-19 12:39:39.714 0 0 I [ 3193.683018,0] bq24296_dump_register: REG9 - 0x09 = 0x00
07-19 12:39:39.715 0 0 I [ 3193.683946,0] bq24296_dump_register: REGA - 0x0a = 0x20
07-19 12:39:39.736 1827 1971 I cache_file_deleted: power_supply_info.csv
07-19 12:39:39.738 3862 3862 E NEW_BHD : Open /sys/class/power_supply/gb_battery
07-19 12:39:39.767 2720 2720 D VideoCall_LowBattery: BatteryIntent received: android.intent.action.BATTERY_CHANGED
07-19 12:39:39.784 2720 2720 D SubscriptionController: [getActiveSubscriptionInfoForSimSlotIndex]+ slotIdx=0 subId={id=1, iccId=89492019156020009546 simSlotIndex=0 displayName=LIDL Connect carrierName=LIDL Connect nameSource=0 iconTint=-16746133 dataRoaming=0 iconBitmap=android.graphics.Bitmap@48036b8 mcc 262 mnc 2 userNwMode=10}
07-19 12:39:39.786 2720 2720 D VideoCall_LowBattery: allowVideoCallsInLowBattery: false isCarrierOneSupported: false mIsLowbattery: true
07-19 12:39:39.786 2720 2720 D VideoCall_LowBattery: disconnectVideoCalls on low battery
07-19 12:39:39.786 2720 2720 D VideoCall_LowBattery: disconnectVideoCalls 
07-19 12:39:50.674 2720 2720 D RILJ : [4045]> SIGNAL_STRENGTH [SUB1]
07-19 12:39:50.682 2720 2885 D RILJ : [4045]< SIGNAL_STRENGTH SignalStrength: 0 0 0 0 0 0 0 0 0 0 0 0 0 gsm|lte [SUB1]
07-19 12:39:50.683 2720 2720 D SubscriptionController: [getSubId]- numSubIds == 0, return DummySubIds slotIdx=1
07-19 12:40:10.696 2720 2720 D RILJ : [4046]> SIGNAL_STRENGTH [SUB1]
07-19 12:40:10.709 2720 2885 D RILJ : [4046]< SIGNAL_STRENGTH SignalStrength: 0 0 0 0 0 0 0 0 0 0 0 0 0 gsm|lte [SUB1]
07-19 12:40:10.710 2720 2720 D SubscriptionController: [getSubId]- numSubIds == 0, return DummySubIds slotIdx=1
07-19 12:40:30.731 2720 2720 D RILJ : [4047]> SIGNAL_STRENGTH [SUB1]
07-19 12:40:30.738 2720 2885 D RILJ : [4047]< SIGNAL_STRENGTH SignalStrength: 0 0 0 0 0 0 0 0 0 0 0 0 0 gsm|lte [SUB1]
07-19 12:40:30.738 2720 2720 D SubscriptionController: [getSubId]- numSubIds == 0, return DummySubIds slotIdx=1
07-19 12:40:39.867 0 0 I [ 3253.834748,0] bq24296_dump_register: REG0 - 0x00 = 0x42
07-19 12:40:39.868 0 0 I [ 3253.835781,0] bq24296_dump_register: REG1 - 0x01 = 0x0b
07-19 12:40:39.868 0 0 I [ 3253.836803,0] bq24296_dump_register: REG2 - 0x02 = 0x5c
07-19 12:40:39.871 0 0 I [ 3253.838371,0] bq24296_dump_register: REG3 - 0x03 = 0x21
07-19 12:40:39.871 0 0 I [ 3253.839393,0] bq24296_dump_register: REG4 - 0x04 = 0xe2
07-19 12:40:39.871 0 0 I [ 3253.840441,0] bq24296_dump_register: REG5 - 0x05 = 0x0e
07-19 12:40:39.872 0 0 I [ 3253.841172,0] bq24296_dump_register: REG6 - 0x06 = 0x73
07-19 12:40:39.872 0 0 I [ 3253.841809,0] bq24296_dump_register: REG7 - 0x07 = 0x4b
07-19 12:40:39.873 0 0 I [ 3253.842445,0] bq24296_dump_register: REG8 - 0x08 = 0x44
07-19 12:40:39.873 0 0 I [ 3253.843078,0] bq24296_dump_register: REG9 - 0x09 = 0x00
07-19 12:40:39.874 0 0 I [ 3253.843727,0] bq24296_dump_register: REGA - 0x0a = 0x20
07-19 12:40:39.895 1827 1971 I cache_file_deleted: power_supply_info.csv
07-19 12:40:39.898 3862 3862 E NEW_BHD : Open /sys/class/power_supply/gb_battery
07-19 12:40:39.928 2720 2720 D VideoCall_LowBattery: BatteryIntent received: android.intent.action.BATTERY_CHANGED
07-19 12:40:39.944 2720 2720 D SubscriptionController: [getActiveSubscriptionInfoForSimSlotIndex]+ slotIdx=0 subId={id=1, iccId=89492019156020009546 simSlotIndex=0 displayName=LIDL Connect carrierName=LIDL Connect nameSource=0 iconTint=-16746133 dataRoaming=0 iconBitmap=android.graphics.Bitmap@5b1f7f7 mcc 262 mnc 2 userNwMode=10}
07-19 12:40:39.946 2720 2720 D VideoCall_LowBattery: allowVideoCallsInLowBattery: false isCarrierOneSupported: false mIsLowbattery: true
07-19 12:40:39.946 2720 2720 D VideoCall_LowBattery: disconnectVideoCalls on low battery
07-19 12:40:39.946 2720 2720 D VideoCall_LowBattery: disconnectVideoCalls 
07-19 12:40:50.752 2720 2720 D RILJ : [4048]> SIGNAL_STRENGTH [SUB1]
07-19 12:40:50.759 2720 2885 D RILJ : [4048]< SIGNAL_STRENGTH SignalStrength: 0 0 0 0 0 0 0 0 0 0 0 0 0 gsm|lte [SUB1]
07-19 12:40:50.759 2720 2720 D SubscriptionController: [getSubId]- numSubIds == 0, return DummySubIds slotIdx=1
07-19 12:41:10.772 2720 2720 D RILJ : [4049]> SIGNAL_STRENGTH [SUB1]
07-19 12:41:10.779 2720 2885 D RILJ : [4049]< SIGNAL_STRENGTH SignalStrength: 0 0 0 0 0 0 0 0 0 0 0 0 0 gsm|lte [SUB1]
07-19 12:41:10.779 2720 2720 D SubscriptionController: [getSubId]- numSubIds == 0, return DummySubIds slotIdx=1
07-19 12:41:30.798 2720 2720 D RILJ : [4050]> SIGNAL_STRENGTH [SUB1]
07-19 12:41:30.812 2720 2885 D RILJ : [4050]< SIGNAL_STRENGTH SignalStrength: 0 0 0 0 0 0 0 0 0 0 0 0 0 gsm|lte [SUB1]
07-19 12:41:30.815 2720 2720 D SubscriptionController: [getSubId]- numSubIds == 0, return DummySubIds slotIdx=1
07-19 12:41:33.479 2720 2858 V RILJ : [UNSL]< UNSOL_OEM_HOOK_RAW 514f454d484f4f4bef0308000100000002 [SUB0]
07-19 12:41:33.484 2720 2858 D RILJ : [UNSL]< UNSOL_RESPONSE_VOICE_NETWORK_STATE_CHANGED [SUB0]
07-19 12:41:33.484 2720 2720 D RILJ : [4051]> OPERATOR [SUB0]
07-19 12:41:33.486 2720 2720 D RILJ : [4052]> DATA_REGISTRATION_STATE [SUB0]
07-19 12:41:33.487 2720 2720 D RILJ : [4053]> VOICE_REGISTRATION_STATE [SUB0]
07-19 12:41:33.488 2720 2720 D RILJ : [4054]> QUERY_NETWORK_SELECTION_MODE [SUB0]
07-19 12:41:33.501 309 5395 E use-Rlog/RLOG-RIL-MOTEXT: mothook_oem_ex: header type 0, requestCode 0x0
07-19 12:41:33.504 2720 2858 D RILJ : [4051]< OPERATOR {LIDL Connect, LIDL Connect, 26202, , , } [SUB0]
07-19 12:41:33.511 2720 2858 D RILJ : [4053]< VOICE_REGISTRATION_STATE {1, 0546, 04ba794d, 3, null, null, null, 0, null, null, 1, null, null, 0, b2} [SUB0]
07-19 12:41:33.512 2720 2858 D RILJ : [4052]< DATA_REGISTRATION_STATE {1, 0546, 04ba794d, 11, null, 20, null, null, null, null, null} [SUB0]
07-19 12:41:33.512 2720 2720 D SST : handlPollStateResultMessage: GsmSST setDataRegState=0 regState=1 dataRadioTechnology=11
07-19 12:41:33.514 2720 2858 D RILJ : [4054]< QUERY_NETWORK_SELECTION_MODE {0} [SUB0]
07-19 12:41:33.514 2720 2720 D SST : EVENT_POLL_STATE_NETWORK_SELECTION_MODE
07-19 12:41:33.516 2720 2720 D SST : Poll ServiceState done: oldSS=[0 0 voice home data home LIDL Connect LIDL Connect 26202 LIDL Connect LIDL Connect 26202 UMTS HSPA CSS not supported -1 -1 RoamInd=-1 DefRoamInd=-1 EmergOnly=false IsDataRoamingFromRegistration=false IsUsingCarrierAggregation=false] newSS=[0 0 voice home data home LIDL Connect LIDL Connect 26202 LIDL Connect LIDL Connect 26202 UMTS HSPA CSS not supported -1 -1 RoamInd=-1 DefRoamInd=-1 EmergOnly=false IsDataRoamingFromRegistration=false IsUsingCarrierAggregation=false] oldMaxDataCalls=20 mNewMaxDataCalls=20 oldReasonDataDenied=-1 mNewReasonDataDenied=-1
07-19 12:41:33.962 2720 2858 V RILJ : [UNSL]< UNSOL_OEM_HOOK_RAW 514f454d484f4f4bef0308000100000002 [SUB0]
07-19 12:41:33.967 2720 2858 D RILJ : [UNSL]< UNSOL_RESPONSE_VOICE_NETWORK_STATE_CHANGED [SUB0]
07-19 12:41:33.967 2720 2720 D RILJ : [4055]> OPERATOR [SUB0]
07-19 12:41:33.968 2720 2720 D RILJ : [4056]> DATA_REGISTRATION_STATE [SUB0]
07-19 12:41:33.969 2720 2720 D RILJ : [4057]> VOICE_REGISTRATION_STATE [SUB0]
07-19 12:41:33.970 2720 2720 D RILJ : [4058]> QUERY_NETWORK_SELECTION_MODE [SUB0]
07-19 12:41:33.981 309 5402 E use-Rlog/RLOG-RIL-MOTEXT: mothook_oem_ex: header type 0, requestCode 0x0
07-19 12:41:33.988 2720 2858 D RILJ : [4055]< OPERATOR {LIDL Connect, LIDL Connect, 26202, , , } [SUB0]
07-19 12:41:33.991 2720 2858 D RILJ : [4057]< VOICE_REGISTRATION_STATE {1, 0546, 04ba794d, 3, null, null, null, 0, null, null, 1, null, null, 0, b2} [SUB0]
07-19 12:41:33.993 2720 2858 D RILJ : [4056]< DATA_REGISTRATION_STATE {1, 0546, 04ba794d, 11, null, 20, null, null, null, null, null} [SUB0]
07-19 12:41:33.993 2720 2858 D RILJ : [4058]< QUERY_NETWORK_SELECTION_MODE {0} [SUB0]
07-19 12:41:33.994 2720 2720 D SST : handlPollStateResultMessage: GsmSST setDataRegState=0 regState=1 dataRadioTechnology=11
07-19 12:41:33.994 2720 2720 D SST : EVENT_POLL_STATE_NETWORK_SELECTION_MODE
07-19 12:41:33.997 2720 2720 D SST : Poll ServiceState done: oldSS=[0 0 voice home data home LIDL Connect LIDL Connect 26202 LIDL Connect LIDL Connect 26202 UMTS HSPA CSS not supported -1 -1 RoamInd=-1 DefRoamInd=-1 EmergOnly=false IsDataRoamingFromRegistration=false IsUsingCarrierAggregation=false] newSS=[0 0 voice home data home LIDL Connect LIDL Connect 26202 LIDL Connect LIDL Connect 26202 UMTS HSPA CSS not supported -1 -1 RoamInd=-1 DefRoamInd=-1 EmergOnly=false IsDataRoamingFromRegistration=false IsUsingCarrierAggregation=false] oldMaxDataCalls=20 mNewMaxDataCalls=20 oldReasonDataDenied=-1 mNewReasonDataDenied=-1
07-19 12:41:40.028 0 0 I [ 3313.993905,0] bq24296_dump_register: REG0 - 0x00 = 0x42
07-19 12:41:40.028 0 0 I [ 3313.994935,0] bq24296_dump_register: REG1 - 0x01 = 0x0b
07-19 12:41:40.028 0 0 I [ 3313.995954,0] bq24296_dump_register: REG2 - 0x02 = 0x5c
07-19 12:41:40.028 0 0 I [ 3313.997194,0] bq24296_dump_register: REG3 - 0x03 = 0x21
07-19 12:41:40.031 0 0 I [ 3313.998993,0] bq24296_dump_register: REG4 - 0x04 = 0xe2
07-19 12:41:40.031 0 0 I [ 3314.000045,0] bq24296_dump_register: REG5 - 0x05 = 0x0e
07-19 12:41:40.032 0 0 I [ 3314.000772,0] bq24296_dump_register: REG6 - 0x06 = 0x73
07-19 12:41:40.032 0 0 I [ 3314.001421,0] bq24296_dump_register: REG7 - 0x07 = 0x4b
07-19 12:41:40.032 0 0 I [ 3314.002050,0] bq24296_dump_register: REG8 - 0x08 = 0x44
07-19 12:41:40.034 0 0 I [ 3314.002694,0] bq24296_dump_register: REG9 - 0x09 = 0x00
07-19 12:41:40.035 0 0 I [ 3314.003613,0] bq24296_dump_register: REGA - 0x0a = 0x20
07-19 12:41:40.056 1827 1971 I cache_file_deleted: power_supply_info.csv
07-19 12:41:40.058 3862 3862 E NEW_BHD : Open /sys/class/power_supply/gb_battery
07-19 12:41:40.087 2720 2720 D VideoCall_LowBattery: BatteryIntent received: android.intent.action.BATTERY_CHANGED
07-19 12:41:40.104 2720 2720 D SubscriptionController: [getActiveSubscriptionInfoForSimSlotIndex]+ slotIdx=0 subId={id=1, iccId=89492019156020009546 simSlotIndex=0 displayName=LIDL Connect carrierName=LIDL Connect nameSource=0 iconTint=-16746133 dataRoaming=0 iconBitmap=android.graphics.Bitmap@38cdd82 mcc 262 mnc 2 userNwMode=10}
07-19 12:41:40.107 2720 2720 D VideoCall_LowBattery: allowVideoCallsInLowBattery: false isCarrierOneSupported: false mIsLowbattery: true
07-19 12:41:40.107 2720 2720 D VideoCall_LowBattery: disconnectVideoCalls on low battery
07-19 12:41:40.107 2720 2720 D VideoCall_LowBattery: disconnectVideoCalls 
07-19 12:41:50.821 2720 2720 D RILJ : [4059]> SIGNAL_STRENGTH [SUB1]
07-19 12:41:50.833 2720 2885 D RILJ : [4059]< SIGNAL_STRENGTH SignalStrength: 0 0 0 0 0 0 0 0 0 0 0 0 0 gsm|lte [SUB1]
07-19 12:41:50.835 2720 2720 D SubscriptionController: [getSubId]- numSubIds == 0, return DummySubIds slotIdx=1
07-19 12:42:10.854 2720 2720 D RILJ : [4060]> SIGNAL_STRENGTH [SUB1]
07-19 12:42:10.868 2720 2885 D RILJ : [4060]< SIGNAL_STRENGTH SignalStrength: 0 0 0 0 0 0 0 0 0 0 0 0 0 gsm|lte [SUB1]
07-19 12:42:10.872 2720 2720 D SubscriptionController: [getSubId]- numSubIds == 0, return DummySubIds slotIdx=1
07-19 12:42:30.886 2720 2720 D RILJ : [4061]> SIGNAL_STRENGTH [SUB1]
07-19 12:42:30.901 2720 2885 D RILJ : [4061]< SIGNAL_STRENGTH SignalStrength: 0 0 0 0 0 0 0 0 0 0 0 0 0 gsm|lte [SUB1]
07-19 12:42:30.902 2720 2720 D SubscriptionController: [getSubId]- numSubIds == 0, return DummySubIds slotIdx=1
07-19 12:42:40.188 0 0 I [ 3374.154576,0] bq24296_dump_register: REG0 - 0x00 = 0x42
07-19 12:42:40.188 0 0 I [ 3374.155597,0] bq24296_dump_register: REG1 - 0x01 = 0x0b
07-19 12:42:40.188 0 0 I [ 3374.156614,0] bq24296_dump_register: REG2 - 0x02 = 0x5c
07-19 12:42:40.188 0 0 I [ 3374.157597,0] bq24296_dump_register: REG3 - 0x03 = 0x21
07-19 12:42:40.191 0 0 I [ 3374.159385,0] bq24296_dump_register: REG4 - 0x04 = 0xe2
07-19 12:42:40.191 0 0 I [ 3374.160438,0] bq24296_dump_register: REG5 - 0x05 = 0x0e
07-19 12:42:40.192 0 0 I [ 3374.161169,0] bq24296_dump_register: REG6 - 0x06 = 0x73
07-19 12:42:40.192 0 0 I [ 3374.161810,0] bq24296_dump_register: REG7 - 0x07 = 0x4b
07-19 12:42:40.192 0 0 I [ 3374.162443,0] bq24296_dump_register: REG8 - 0x08 = 0x44
07-19 12:42:40.194 0 0 I [ 3374.163062,0] bq24296_dump_register: REG9 - 0x09 = 0x00
07-19 12:42:40.194 0 0 I [ 3374.163987,0] bq24296_dump_register: REGA - 0x0a = 0x20
07-19 12:42:40.215 1827 1971 I cache_file_deleted: power_supply_info.csv
07-19 12:42:40.218 3862 3862 E NEW_BHD : Open /sys/class/power_supply/gb_battery
07-19 12:42:40.247 2720 2720 D VideoCall_LowBattery: BatteryIntent received: android.intent.action.BATTERY_CHANGED
07-19 12:42:40.264 2720 2720 D SubscriptionController: [getActiveSubscriptionInfoForSimSlotIndex]+ slotIdx=0 subId={id=1, iccId=89492019156020009546 simSlotIndex=0 displayName=LIDL Connect carrierName=LIDL Connect nameSource=0 iconTint=-16746133 dataRoaming=0 iconBitmap=android.graphics.Bitmap@4c23cc9 mcc 262 mnc 2 userNwMode=10}
07-19 12:42:40.266 2720 2720 D VideoCall_LowBattery: allowVideoCallsInLowBattery: false isCarrierOneSupported: false mIsLowbattery: true
07-19 12:42:40.266 2720 2720 D VideoCall_LowBattery: disconnectVideoCalls on low battery
07-19 12:42:40.266 2720 2720 D VideoCall_LowBattery: disconnectVideoCalls 
07-19 12:42:50.915 2720 2720 D RILJ : [4062]> SIGNAL_STRENGTH [SUB1]
07-19 12:42:50.919 2720 2885 D RILJ : [4062]< SIGNAL_STRENGTH SignalStrength: 0 0 0 0 0 0 0 0 0 0 0 0 0 gsm|lte [SUB1]
07-19 12:42:50.921 2720 2720 D SubscriptionController: [getSubId]- numSubIds == 0, return DummySubIds slotIdx=1
07-19 12:43:10.926 2720 2720 D RILJ : [4063]> SIGNAL_STRENGTH [SUB1]
07-19 12:43:10.937 2720 2885 D RILJ : [4063]< SIGNAL_STRENGTH SignalStrength: 0 0 0 0 0 0 0 0 0 0 0 0 0 gsm|lte [SUB1]
07-19 12:43:10.938 2720 2720 D SubscriptionController: [getSubId]- numSubIds == 0, return DummySubIds slotIdx=1
07-19 12:43:30.946 2720 2720 D RILJ : [4064]> SIGNAL_STRENGTH [SUB1]
07-19 12:43:30.956 2720 2885 D RILJ : [4064]< SIGNAL_STRENGTH SignalStrength: 0 0 0 0 0 0 0 0 0 0 0 0 0 gsm|lte [SUB1]
07-19 12:43:30.957 2720 2720 D SubscriptionController: [getSubId]- numSubIds == 0, return DummySubIds slotIdx=1
07-19 12:43:40.347 0 0 I [ 3434.314213,0] bq24296_dump_register: REG0 - 0x00 = 0x42
07-19 12:43:40.348 0 0 I [ 3434.315237,0] bq24296_dump_register: REG1 - 0x01 = 0x0b
07-19 12:43:40.348 0 0 I [ 3434.316252,0] bq24296_dump_register: REG2 - 0x02 = 0x5c
07-19 12:43:40.351 0 0 I [ 3434.318150,0] bq24296_dump_register: REG3 - 0x03 = 0x21
07-19 12:43:40.351 0 0 I [ 3434.319168,0] bq24296_dump_register: REG4 - 0x04 = 0xe2
07-19 12:43:40.351 0 0 I [ 3434.320216,0] bq24296_dump_register: REG5 - 0x05 = 0x0e
07-19 12:43:40.352 0 0 I [ 3434.321014,0] bq24296_dump_register: REG6 - 0x06 = 0x73
07-19 12:43:40.352 0 0 I [ 3434.321746,0] bq24296_dump_register: REG7 - 0x07 = 0x4b
07-19 12:43:40.353 0 0 I [ 3434.322380,0] bq24296_dump_register: REG8 - 0x08 = 0x44
07-19 12:43:40.354 0 0 I [ 3434.323031,0] bq24296_dump_register: REG9 - 0x09 = 0x00
07-19 12:43:40.355 0 0 I [ 3434.324151,0] bq24296_dump_register: REGA - 0x0a = 0x20
07-19 12:43:40.375 1827 1971 I cache_file_deleted: power_supply_info.csv
07-19 12:43:40.378 3862 3862 E NEW_BHD : Open /sys/class/power_supply/gb_battery
07-19 12:43:40.408 2720 2720 D VideoCall_LowBattery: BatteryIntent received: android.intent.action.BATTERY_CHANGED
07-19 12:43:40.425 2720 2720 D SubscriptionController: [getActiveSubscriptionInfoForSimSlotIndex]+ slotIdx=0 subId={id=1, iccId=89492019156020009546 simSlotIndex=0 displayName=LIDL Connect carrierName=LIDL Connect nameSource=0 iconTint=-16746133 dataRoaming=0 iconBitmap=android.graphics.Bitmap@721bdfc mcc 262 mnc 2 userNwMode=10}
07-19 12:43:40.427 2720 2720 D VideoCall_LowBattery: allowVideoCallsInLowBattery: false isCarrierOneSupported: false mIsLowbattery: true
07-19 12:43:40.427 2720 2720 D VideoCall_LowBattery: disconnectVideoCalls on low battery
07-19 12:43:40.427 2720 2720 D VideoCall_LowBattery: disconnectVideoCalls 
07-19 12:43:50.964 2720 2720 D RILJ : [4065]> SIGNAL_STRENGTH [SUB1]
07-19 12:43:50.976 2720 2885 D RILJ : [4065]< SIGNAL_STRENGTH SignalStrength: 0 0 0 0 0 0 0 0 0 0 0 0 0 gsm|lte [SUB1]
07-19 12:43:50.977 2720 2720 D SubscriptionController: [getSubId]- numSubIds == 0, return DummySubIds slotIdx=1
07-19 12:44:10.992 2720 2720 D RILJ : [4066]> SIGNAL_STRENGTH [SUB1]
07-19 12:44:10.999 2720 2885 D RILJ : [4066]< SIGNAL_STRENGTH SignalStrength: 0 0 0 0 0 0 0 0 0 0 0 0 0 gsm|lte [SUB1]
07-19 12:44:11.003 2720 2720 D SubscriptionController: [getSubId]- numSubIds == 0, return DummySubIds slotIdx=1
07-19 12:44:31.025 2720 2720 D RILJ : [4067]> SIGNAL_STRENGTH [SUB1]
07-19 12:44:31.032 2720 2885 D RILJ : [4067]< SIGNAL_STRENGTH SignalStrength: 0 0 0 0 0 0 0 0 0 0 0 0 0 gsm|lte [SUB1]
07-19 12:44:31.032 2720 2720 D SubscriptionController: [getSubId]- numSubIds == 0, return DummySubIds slotIdx=1
07-19 12:44:40.508 0 0 I [ 3494.473943,0] bq24296_dump_register: REG0 - 0x00 = 0x42
07-19 12:44:40.508 0 0 I [ 3494.474972,0] bq24296_dump_register: REG1 - 0x01 = 0x0b
07-19 12:44:40.508 0 0 I [ 3494.475989,0] bq24296_dump_register: REG2 - 0x02 = 0x5c
07-19 12:44:40.508 0 0 I [ 3494.477230,0] bq24296_dump_register: REG3 - 0x03 = 0x21
07-19 12:44:40.511 0 0 I [ 3494.479043,0] bq24296_dump_register: REG4 - 0x04 = 0xe2
07-19 12:44:40.511 0 0 I [ 3494.480098,0] bq24296_dump_register: REG5 - 0x05 = 0x0e
07-19 12:44:40.512 0 0 I [ 3494.480838,0] bq24296_dump_register: REG6 - 0x06 = 0x73
07-19 12:44:40.512 0 0 I [ 3494.481470,0] bq24296_dump_register: REG7 - 0x07 = 0x4b
07-19 12:44:40.512 0 0 I [ 3494.482105,0] bq24296_dump_register: REG8 - 0x08 = 0x44
07-19 12:44:40.514 0 0 I [ 3494.482749,0] bq24296_dump_register: REG9 - 0x09 = 0x00
07-19 12:44:40.515 0 0 I [ 3494.483667,0] bq24296_dump_register: REGA - 0x0a = 0x20
07-19 12:44:40.536 1827 1971 I cache_file_deleted: power_supply_info.csv
07-19 12:44:40.538 3862 3862 E NEW_BHD : Open /sys/class/power_supply/gb_battery
07-19 12:44:40.568 2720 2720 D VideoCall_LowBattery: BatteryIntent received: android.intent.action.BATTERY_CHANGED
07-19 12:44:40.584 2720 2720 D SubscriptionController: [getActiveSubscriptionInfoForSimSlotIndex]+ slotIdx=0 subId={id=1, iccId=89492019156020009546 simSlotIndex=0 displayName=LIDL Connect carrierName=LIDL Connect nameSource=0 iconTint=-16746133 dataRoaming=0 iconBitmap=android.graphics.Bitmap@d708b0b mcc 262 mnc 2 userNwMode=10}
07-19 12:44:40.586 2720 2720 D VideoCall_LowBattery: allowVideoCallsInLowBattery: false isCarrierOneSupported: false mIsLowbattery: true
07-19 12:44:40.586 2720 2720 D VideoCall_LowBattery: disconnectVideoCalls on low battery
07-19 12:44:40.586 2720 2720 D VideoCall_LowBattery: disconnectVideoCalls 
07-19 12:44:51.046 2720 2720 D RILJ : [4068]> SIGNAL_STRENGTH [SUB1]
07-19 12:44:51.058 2720 2885 D RILJ : [4068]< SIGNAL_STRENGTH SignalStrength: 0 0 0 0 0 0 0 0 0 0 0 0 0 gsm|lte [SUB1]
07-19 12:44:51.060 2720 2720 D SubscriptionController: [getSubId]- numSubIds == 0, return DummySubIds slotIdx=1
07-19 12:45:11.075 2720 2720 D RILJ : [4069]> SIGNAL_STRENGTH [SUB1]
07-19 12:45:11.088 2720 2885 D RILJ : [4069]< SIGNAL_STRENGTH SignalStrength: 0 0 0 0 0 0 0 0 0 0 0 0 0 gsm|lte [SUB1]
07-19 12:45:11.089 2720 2720 D SubscriptionController: [getSubId]- numSubIds == 0, return DummySubIds slotIdx=1
07-19 12:45:31.110 2720 2720 D RILJ : [4070]> SIGNAL_STRENGTH [SUB1]
07-19 12:45:31.118 2720 2885 D RILJ : [4070]< SIGNAL_STRENGTH SignalStrength: 0 0 0 0 0 0 0 0 0 0 0 0 0 gsm|lte [SUB1]
07-19 12:45:31.119 2720 2720 D SubscriptionController: [getSubId]- numSubIds == 0, return DummySubIds slotIdx=1
07-19 12:45:40.667 0 0 I [ 3554.634198,0] bq24296_dump_register: REG0 - 0x00 = 0x42
07-19 12:45:40.668 0 0 I [ 3554.635227,0] bq24296_dump_register: REG1 - 0x01 = 0x0b
07-19 12:45:40.668 0 0 I [ 3554.636247,0] bq24296_dump_register: REG2 - 0x02 = 0x5c
07-19 12:45:40.671 0 0 I [ 3554.638131,0] bq24296_dump_register: REG3 - 0x03 = 0x21
07-19 12:45:40.671 0 0 I [ 3554.639155,0] bq24296_dump_register: REG4 - 0x04 = 0xe2
07-19 12:45:40.671 0 0 I [ 3554.640205,0] bq24296_dump_register: REG5 - 0x05 = 0x0e
07-19 12:45:40.672 0 0 I [ 3554.640938,0] bq24296_dump_register: REG6 - 0x06 = 0x73
07-19 12:45:40.672 0 0 I [ 3554.641577,0] bq24296_dump_register: REG7 - 0x07 = 0x4b
07-19 12:45:40.673 0 0 I [ 3554.642206,0] bq24296_dump_register: REG8 - 0x08 = 0x44
07-19 12:45:40.673 0 0 I [ 3554.642841,0] bq24296_dump_register: REG9 - 0x09 = 0x00
07-19 12:45:40.675 0 0 I [ 3554.643494,0] bq24296_dump_register: REGA - 0x0a = 0x20
07-19 12:45:40.695 1827 1971 I cache_file_deleted: power_supply_info.csv
07-19 12:45:40.698 3862 3862 E NEW_BHD : Open /sys/class/power_supply/gb_battery
07-19 12:45:40.727 2720 2720 D VideoCall_LowBattery: BatteryIntent received: android.intent.action.BATTERY_CHANGED
07-19 12:45:40.742 2720 2720 D SubscriptionController: [getActiveSubscriptionInfoForSimSlotIndex]+ slotIdx=0 subId={id=1, iccId=89492019156020009546 simSlotIndex=0 displayName=LIDL Connect carrierName=LIDL Connect nameSource=0 iconTint=-16746133 dataRoaming=0 iconBitmap=android.graphics.Bitmap@2118aa6 mcc 262 mnc 2 userNwMode=10}
07-19 12:45:40.746 2720 2720 D VideoCall_LowBattery: allowVideoCallsInLowBattery: false isCarrierOneSupported: false mIsLowbattery: true
07-19 12:45:40.746 2720 2720 D VideoCall_LowBattery: disconnectVideoCalls on low battery
07-19 12:45:40.746 2720 2720 D VideoCall_LowBattery: disconnectVideoCalls 
07-19 12:45:51.125 2720 2720 D RILJ : [4071]> SIGNAL_STRENGTH [SUB1]
07-19 12:45:51.136 2720 2885 D RILJ : [4071]< SIGNAL_STRENGTH SignalStrength: 0 0 0 0 0 0 0 0 0 0 0 0 0 gsm|lte [SUB1]
07-19 12:45:51.138 2720 2720 D SubscriptionController: [getSubId]- numSubIds == 0, return DummySubIds slotIdx=1
07-19 12:46:11.145 2720 2720 D RILJ : [4072]> SIGNAL_STRENGTH [SUB1]
07-19 12:46:11.155 2720 2885 D RILJ : [4072]< SIGNAL_STRENGTH SignalStrength: 0 0 0 0 0 0 0 0 0 0 0 0 0 gsm|lte [SUB1]
07-19 12:46:11.156 2720 2720 D SubscriptionController: [getSubId]- numSubIds == 0, return DummySubIds slotIdx=1
07-19 12:46:26.163 1827 1941 E BatteryStatsService: no controller energy info supplied
07-19 12:46:26.164 2720 2720 D RILJ : [4073]> RIL_REQUEST_GET_ACTIVITY_INFO [SUB0]
07-19 12:46:26.171 309 615 E RILQ : (0/309): RIL[0][main] qcril_qmi_nas_dms_get_activity_info: Get activity info failed 2
07-19 12:46:26.172 2720 2858 D RILJ : [4073]< RIL_REQUEST_GET_ACTIVITY_INFO ModemActivityInfo{ mTimestamp=0 mSleepTimeMs=0 mIdleTimeMs=0 mTxTimeMs[]=[0, 0, 0, 0, 0] mRxTimeMs=0 mEnergyUsed=0} [SUB0]
07-19 12:46:26.188 1827 1941 E BatteryStatsService: modem info is invalid: ModemActivityInfo{ mTimestamp=0 mSleepTimeMs=0 mIdleTimeMs=0 mTxTimeMs[]=[0, 0, 0, 0, 0] mRxTimeMs=0 mEnergyUsed=0}
07-19 12:46:31.163 2720 2720 D RILJ : [4074]> SIGNAL_STRENGTH [SUB1]
07-19 12:46:31.175 2720 2885 D RILJ : [4074]< SIGNAL_STRENGTH SignalStrength: 0 0 0 0 0 0 0 0 0 0 0 0 0 gsm|lte [SUB1]
07-19 12:46:31.177 2720 2720 D SubscriptionController: [getSubId]- numSubIds == 0, return DummySubIds slotIdx=1
07-19 12:46:31.966 2720 2720 D VideoCall_LowBattery: BatteryIntent received: android.intent.action.BATTERY_CHANGED
07-19 12:46:31.986 2720 2720 D SubscriptionController: [getActiveSubscriptionInfoForSimSlotIndex]+ slotIdx=0 subId={id=1, iccId=89492019156020009546 simSlotIndex=0 displayName=LIDL Connect carrierName=LIDL Connect nameSource=0 iconTint=-16746133 dataRoaming=0 iconBitmap=android.graphics.Bitmap@24b173d mcc 262 mnc 2 userNwMode=10}
07-19 12:46:31.989 2720 2720 D VideoCall_LowBattery: allowVideoCallsInLowBattery: false isCarrierOneSupported: false mIsLowbattery: true
07-19 12:46:31.989 2720 2720 D VideoCall_LowBattery: disconnectVideoCalls on low battery
07-19 12:46:31.989 2720 2720 D VideoCall_LowBattery: disconnectVideoCalls 
07-19 12:46:40.827 0 0 I [ 3614.794161,0] bq24296_dump_register: REG0 - 0x00 = 0x42
07-19 12:46:40.828 0 0 I [ 3614.795186,0] bq24296_dump_register: REG1 - 0x01 = 0x0b
07-19 12:46:40.828 0 0 I [ 3614.796205,0] bq24296_dump_register: REG2 - 0x02 = 0x5c
07-19 12:46:40.831 0 0 I [ 3614.798073,0] bq24296_dump_register: REG3 - 0x03 = 0x21
07-19 12:46:40.831 0 0 I [ 3614.799105,0] bq24296_dump_register: REG4 - 0x04 = 0xe2
07-19 12:46:40.831 0 0 I [ 3614.800118,0] bq24296_dump_register: REG5 - 0x05 = 0x0e
07-19 12:46:40.834 0 0 I [ 3614.801445,0] bq24296_dump_register: REG6 - 0x06 = 0x73
07-19 12:46:40.835 0 0 I [ 3614.802455,0] bq24296_dump_register: REG7 - 0x07 = 0x4b
07-19 12:46:40.835 0 0 I [ 3614.803512,0] bq24296_dump_register: REG8 - 0x08 = 0x44
07-19 12:46:40.835 0 0 I [ 3614.804237,0] bq24296_dump_register: REG9 - 0x09 = 0x00
07-19 12:46:40.836 0 0 I [ 3614.804873,0] bq24296_dump_register: REGA - 0x0a = 0x20
07-19 12:46:40.857 1827 1971 I cache_file_deleted: power_supply_info.csv
07-19 12:46:40.858 3862 3862 E NEW_BHD : Open /sys/class/power_supply/gb_battery
07-19 12:46:51.182 2720 2720 D RILJ : [4075]> SIGNAL_STRENGTH [SUB1]
07-19 12:46:51.195 2720 2885 D RILJ : [4075]< SIGNAL_STRENGTH SignalStrength: 0 0 0 0 0 0 0 0 0 0 0 0 0 gsm|lte [SUB1]
07-19 12:46:51.196 2720 2720 D SubscriptionController: [getSubId]- numSubIds == 0, return DummySubIds slotIdx=1
07-19 12:46:55.000 2646 2646 D wpa_supplicant: wlan0: Control interface command 'DRIVER BTCOEXMODE 1'
07-19 12:46:55.001 2646 2646 D wpa_supplicant: wpa_driver_nl80211_driver_cmd BTCOEXMODE 1 len = 0, 4096
07-19 12:46:55.003 2646 2646 D wpa_supplicant: wlan0: Control interface command 'DRIVER SETSUSPENDMODE 0'
07-19 12:46:55.007 1827 1827 I ActivityManager: Killing 3188:org.codeaurora.ims/1001 (adj 904): empty for 3598s
07-19 12:46:55.007 1827 1827 I am_kill : [0,3188,org.codeaurora.ims,904,empty for 3598s]
07-19 12:46:55.012 1827 1827 I ActivityManager: Killing 4091:android.process.media/u0a10 (adj 904): empty for 3598s
07-19 12:46:55.012 1827 1827 I am_kill : [0,4091,android.process.media,904,empty for 3598s]
07-19 12:46:55.014 1827 1827 I ActivityManager: Killing 4538:com.android.onetimeinitializer/u0a18 (adj 904): empty for 3599s
07-19 12:46:55.014 1827 1827 I am_kill : [0,4538,com.android.onetimeinitializer,904,empty for 3599s]
07-19 12:46:55.014 1827 2337 W ConnectivityExtension: ConnectivityExt jar file not present
07-19 12:46:55.016 1827 1827 I ActivityManager: Killing 4436:com.android.exchange/u0a45 (adj 906): empty for 3599s
07-19 12:46:55.016 1827 1827 I am_kill : [0,4436,com.android.exchange,906,empty for 3599s]
07-19 12:46:55.019 1827 2337 I netstats_mobile_sample: [0,0,0,0,0,0,0,0,0,0,0,0,1500461215019]
07-19 12:46:55.019 1827 2337 I netstats_wifi_sample: [38496,380,16910,337,30460,93,4156,50,9535,31,4156,50,1500461215019]
07-19 12:46:55.023 1827 1827 I ActivityManager: Killing 4474:com.android.managedprovisioning/u0a17 (adj 906): empty for 3599s
07-19 12:46:55.023 1827 1827 I am_kill : [0,4474,com.android.managedprovisioning,906,empty for 3599s]
07-19 12:46:55.025 1827 1827 I ActivityManager: Killing 3529:com.android.carrierconfig/u0a4 (adj 906): empty for 3600s
07-19 12:46:55.025 1827 1827 I am_kill : [0,3529,com.android.carrierconfig,906,empty for 3600s]
07-19 12:46:55.036 1827 1937 I ProcessStatsService: Prepared write state in 4ms
07-19 12:46:55.042 2720 4901 D DCT : [0]setPolicyDataEnabled: true
07-19 12:46:55.042 2720 2720 D CdmaSSM : subscriptionSource from settings: 0
07-19 12:46:55.058 2646 2646 D wpa_supplicant: wpa_driver_nl80211_driver_cmd SETSUSPENDMODE 0 len = 0, 4096
07-19 12:46:55.059 2646 2646 D wpa_supplicant: wlan0: Control interface command 'SET ps 0'
07-19 12:46:55.059 2646 2646 D wpa_supplicant: CTRL_IFACE SET 'ps'='0'
07-19 12:46:55.059 2646 2646 D wpa_supplicant: nl80211: set_p2p_powersave (legacy_ps=0 opp_ps=-1 ctwindow=-1)
07-19 12:46:55.082 1827 2811 I am_proc_died: [0,4474,com.android.managedprovisioning]
07-19 12:46:55.082 1827 2811 D ActivityManager: cleanUpApplicationRecord -- 4474
07-19 12:46:55.085 1827 1927 I am_proc_died: [0,4436,com.android.exchange]
07-19 12:46:55.085 1827 1927 D ActivityManager: cleanUpApplicationRecord -- 4436
07-19 12:46:55.088 1827 4003 I am_proc_died: [0,3188,org.codeaurora.ims]
07-19 12:46:55.088 1827 4003 D ActivityManager: cleanUpApplicationRecord -- 3188
07-19 12:46:55.092 1827 2813 I am_proc_died: [0,4538,com.android.onetimeinitializer]
07-19 12:46:55.092 1827 2813 D ActivityManager: cleanUpApplicationRecord -- 4538
07-19 12:46:55.094 1827 1927 I am_proc_died: [0,3529,com.android.carrierconfig]
07-19 12:46:55.094 1827 1927 D ActivityManager: cleanUpApplicationRecord -- 3529
07-19 12:46:55.095 1827 2554 I am_proc_died: [0,4091,android.process.media]
07-19 12:46:55.095 1827 2554 D ActivityManager: cleanUpApplicationRecord -- 4091
07-19 12:46:55.097 2646 2646 D wpa_supplicant: nl80211: Drv Event 79 (NL80211_CMD_SET_REKEY_OFFLOAD) received for wlan0
07-19 12:46:55.097 2646 2646 D wpa_supplicant: nl80211: Rekey offload event for BSSID 18:a6:f7:7a:57:e4
07-19 12:46:55.097 2646 2646 D wpa_supplicant: nl80211: Rekey offload - Replay Counter - hexdump(len=8): 00 00 00 00 00 00 00 04
07-19 12:46:55.097 2646 2646 D wpa_supplicant: wlan0: Event DRIVER_GTK_REKEY (35) received
07-19 12:46:55.135 1827 1936 I am_pss : [1827,1000,system,83304448,73035776,0]
07-19 12:46:55.136 1827 4324 D DhcpClient: Unicasting DHCPREQUEST ciaddr=192.168.1.102 request=0.0.0.0 serverid=null to /192.168.1.1:67
07-19 12:46:55.139 1827 4351 D DhcpClient: Received packet: 80:58:f8:1d:a4:00 ACK: your new IP /192.168.1.102, netmask /255.255.255.0, gateways [/192.168.1.1] DNS servers: /192.168.1.1 , lease time 7200
07-19 12:46:55.139 1827 4324 D DhcpClient: Renewed lease: IP address 192.168.1.102/24 Gateway 192.168.1.1 DNS servers: [ 192.168.1.1 ] Domains DHCP server /192.168.1.1 Vendor info null lease 7200 seconds
07-19 12:46:55.140 2646 2646 D wpa_supplicant: wlan0: Control interface command 'DRIVER SETSUSPENDMODE 1'
07-19 12:46:55.141 2646 2646 D wpa_supplicant: wpa_driver_nl80211_driver_cmd SETSUSPENDMODE 1 len = 0, 4096
07-19 12:46:55.141 2646 2646 D wpa_supplicant: wlan0: Control interface command 'SET ps 1'
07-19 12:46:55.141 2646 2646 D wpa_supplicant: CTRL_IFACE SET 'ps'='1'
07-19 12:46:55.141 2646 2646 D wpa_supplicant: nl80211: set_p2p_powersave (legacy_ps=1 opp_ps=-1 ctwindow=-1)
07-19 12:46:55.143 1827 4324 D DhcpClient: Scheduling renewal in 3599s
07-19 12:46:55.143 1827 4324 D DhcpClient: Scheduling rebind in 6299s
07-19 12:46:55.143 1827 4324 D DhcpClient: Scheduling expiry in 7199s
07-19 12:46:55.164 2646 2646 D wpa_supplicant: wlan0: Control interface command 'DRIVER BTCOEXMODE 2'
07-19 12:46:55.164 2646 2646 D wpa_supplicant: wpa_driver_nl80211_driver_cmd BTCOEXMODE 2 len = 0, 4096
07-19 12:46:55.165 1827 2342 D WifiStateMachine: updateCapabilities for config:BaeumchenInSpitzenhoeschenfalse,false
