07-19 11:47:05.118 1827 1827 I power_screen_state: [1,0,0,0]
07-19 11:47:05.118 1827 1827 I screen_toggled: 1
07-19 11:47:05.118 1827 1827 V KeyguardServiceDelegate: onStartedWakingUp()
07-19 11:47:05.118 1827 1827 I power_screen_broadcast_send: 1
07-19 11:47:05.123 1827 1985 I DisplayPowerController: Blocking screen on until initial contents have been drawn.
07-19 11:47:05.123 1827 1985 V KeyguardServiceDelegate: onScreenTurnedOn(showListener = com.android.server.policy.PhoneWindowManager$2@bddafee)
07-19 11:47:05.125 2463 2463 W FingerprintManager: isFingerprintHardwareDetected(): Service not connected!
07-19 11:47:05.129 1827 1985 E Sensors : als setDelay
07-19 11:47:05.129 1827 1985 E Sensors : als poll interval: 1
07-19 11:47:05.129 1827 1985 E Sensors : als enable
07-19 11:47:05.130 313 313 D audio_hw_primary: adev_set_parameters: enter: screen_state=on
07-19 11:47:05.131 0 0 I [ 39.099905,2] alsps_epl8802[epl_sensor_enable_als]: enable=1
07-19 11:47:05.157 0 0 I [ 39.127054,0] alsps_epl8802[epl_sensor_enable_ps]: PS enable!
07-19 11:47:05.158 0 0 I [ 39.127074,0] alsps_epl8802[epl_sensor_enable_ps]: INTT=1, Gain=1, ir_drive=1
07-19 11:47:05.155 1827 1985 E Sensors : als opening als_enable 1
07-19 11:47:05.156 1827 1926 E Sensors : ProxSensor setDelay handle = 5 delay = 20000000
07-19 11:47:05.156 1827 1926 E Sensors : ProxSensor::setEnable handle:5 enable:1
07-19 11:47:05.156 1827 1926 D Sensors : ProxSensor old=0 new =1
07-19 11:47:05.161 0 0 I [ 39.128243,0] alsps_epl8802set_psensor_intr_threshold: low_thd = 2300, high_thd = 2301
07-19 11:47:05.164 2646 2646 D wpa_supplicant: wlan0: Control interface command 'SIGNAL_POLL'
07-19 11:47:05.164 1827 1936 I am_pss : [2658,10002,org.cyanogenmod.cmaudio.service,3253248,2351104,0]
07-19 11:47:05.173 2646 2646 D wpa_supplicant: wlan0: Control interface command 'DRIVER SETSUSPENDMODE 0'
07-19 11:47:05.188 0 0 I : [ 39.157510,0] alsps_epl8802------------------- epl_sensor.ps.data.data=50, value=100
07-19 11:47:05.188 0 0 I : [ 39.157510,0]
07-19 11:47:05.188 0 0 I [ 39.157913,0] alsps_epl8802set_psensor_intr_threshold: low_thd = 0, high_thd = 422
07-19 11:47:05.194 1827 1926 E Sensors : ProxSensor::setEnable finished!!!
07-19 11:47:05.198 1827 1985 E Sensors : als enable
07-19 11:47:05.198 1827 1985 E Sensors : als opening als_enable 0
07-19 11:47:05.200 1827 1985 E Sensors : als setDelay
07-19 11:47:05.200 1827 1985 E Sensors : als poll interval: 250
07-19 11:47:05.200 1827 1985 E Sensors : als enable
07-19 11:47:05.203 0 0 I [ 39.168445,1] alsps_epl8802[epl_sensor_enable_als]: enable=0
07-19 11:47:05.202 2646 2646 D wpa_supplicant: wpa_driver_nl80211_driver_cmd SETSUSPENDMODE 0 len = 0, 4096
07-19 11:47:05.203 1827 2554 V KeyguardServiceDelegate: **** SHOWN CALLED ****
07-19 11:47:05.204 0 0 I [ 39.170455,1] alsps_epl8802[epl_sensor_enable_als]: enable=1
07-19 11:47:05.205 2720 2720 D DCT : [0]screen on
07-19 11:47:05.205 2720 2720 D DCT : [0]stopNetStatPoll
07-19 11:47:05.210 2720 2720 D DCT : [1]screen on
07-19 11:47:05.210 2720 2720 D DCT : [1]stopNetStatPoll
07-19 11:47:05.211 2720 2720 D SubscriptionController: [getSubId]- numSubIds == 0, return DummySubIds slotIdx=1
07-19 11:47:05.211 2720 2720 D SubscriptionController: [getSubId]- numSubIds == 0, return DummySubIds slotIdx=1
07-19 11:47:05.217 2646 2646 D wpa_supplicant: nl80211: Drv Event 79 (NL80211_CMD_SET_REKEY_OFFLOAD) received for wlan0
07-19 11:47:05.217 2646 2646 D wpa_supplicant: nl80211: Rekey offload event for BSSID 18:a6:f7:7a:57:e4
07-19 11:47:05.217 2646 2646 D wpa_supplicant: nl80211: Rekey offload - Replay Counter - hexdump(len=8): 00 00 00 00 00 00 00 04
07-19 11:47:05.217 2646 2646 D wpa_supplicant: wlan0: Event DRIVER_GTK_REKEY (35) received
07-19 11:47:05.229 1827 1985 E Sensors : als opening als_enable 1
07-19 11:47:05.229 1827 1985 D LuxLevels: bright hysteresis constant= 0.1, threshold=59.4, lux=54.0
07-19 11:47:05.229 1827 1985 D LuxLevels: dark hysteresis constant= 0.2, threshold=43.2, lux=54.0
07-19 11:47:05.230 288 288 D SurfaceFlinger: Set power mode=2, type=0 flinger=0xb6932000
07-19 11:47:05.230 288 288 D qdhwcomposer: hwc_setPowerMode: Setting mode 2 on display: 0
07-19 11:47:05.230 288 288 E qdutils : int qdutils::getHDMINode(): Failed to open fb node 2
07-19 11:47:05.231 288 288 E qdutils : int qdutils::getHDMINode(): Failed to open fb node 3
07-19 11:47:05.231 288 288 E qdutils : int qdutils::getHDMINode(): Failed to find HDMI node
07-19 11:47:05.231 1827 1983 I DisplayManagerService: Display device changed state: "Built-in Screen", ON
07-19 11:47:05.232 1827 1827 I power_screen_broadcast_done: [1,113,1]
07-19 11:47:05.285 1827 1938 E Sensors : AccSensor::setDelay handle:1 delay:66
07-19 11:47:05.285 1827 1938 E Sensors : AccSensor::setDelay finished!!!
07-19 11:47:05.285 1827 1938 E Sensors : AccSensor::setEnable handle:1 enable:1
07-19 11:47:05.285 1827 1938 E Sensors : AccSensor::setEnable handle:1 oldStatus=0 newStatus=1
07-19 11:47:05.289 1827 1938 E Sensors : AccSensor::setEnable finished!!!
07-19 11:47:05.289 1827 1985 I DisplayPowerController: Unblocked screen on after 167 ms
07-19 11:47:05.290 1827 1985 V KeyguardServiceDelegate: onScreenTurnedOn()
07-19 11:47:05.290 1827 1985 I VrManagerService: VR mode is allowed
07-19 11:47:05.290 1827 1985 I DreamManagerService: Gently waking up from dream.
07-19 11:47:05.291 1827 4003 I DreamManagerService: Leaving dreamland.
07-19 11:47:05.291 1827 1981 I DreamController: Stopping dream: name=ComponentInfo{com.android.systemui/com.android.systemui.doze.DozeService}, isTest=false, canDoze=true, userId=0
07-19 11:47:05.291 1827 1981 I sysui_view_visibility: [223,0]
07-19 11:47:05.291 1827 1981 I sysui_histogram: [dozing_minutes,0]
07-19 11:47:05.470 288 538 I qdhwcomposer: handle_blank_event: dpy:0 panel power state: 1
07-19 11:47:05.470 288 538 E qdutils : int qdutils::getHDMINode(): Failed to open fb node 2
07-19 11:47:05.471 0 0 I [ 39.210800,0] mdss_dsi_on+: ctrl=eb501010 ndx=0
07-19 11:47:05.470 288 538 E qdutils : int qdutils::getHDMINode(): Failed to open fb node 3
07-19 11:47:05.471 0 0 I : [ 39.255944,1] bma25x-accel 4-0019: bma25x_set_enable entry ebable:1 pre_enable:0!!!
07-19 11:47:05.470 288 538 E qdutils : int qdutils::getHDMINode(): Failed to find HDMI node
07-19 11:47:05.471 0 0 I : [ 39.259139,1] bma25x-accel 4-0019: bma25x_set_enable finished!!!
07-19 11:47:05.470 288 288 D qdhwcomposer: hwc_setPowerMode: Done setting mode 2 on display 0
07-19 11:47:05.471 0 0 I : [ 39.263485,0] Report pwrkey release event at: 2017-07-19 09:47:05 UTC
07-19 11:47:05.471 0 0 I [ 39.296463,0] mdss_dsi_on-: 
07-19 11:47:05.471 0 0 I [ 39.296474,0] mdss_dsi_panel_on+: ctrl=00000000 ndx=0
07-19 11:47:05.471 0 0 I : [ 39.439448,0] mdss_dsi_panel_on-. Pwr_mode(0x0A) = 0x9c
07-19 11:47:05.472 288 288 I sf_frame_dur: [ColorFade,26,0,0,0,0,0,0]
07-19 11:47:05.477 1827 2417 D SurfaceControl: Excessive delay in setPowerMode(): 246ms
07-19 11:47:05.517 0 0 I [ 39.484998,0] synaptics_dsx_sensor_state: state change SUSPEND -> ACTIVE
07-19 11:47:06.130 2720 2720 D RILJ : [3835]> SIGNAL_STRENGTH [SUB1]
07-19 11:47:06.133 2720 2885 D RILJ : [3835]< SIGNAL_STRENGTH SignalStrength: 0 0 0 0 0 0 0 0 0 0 0 0 0 gsm|lte [SUB1]
07-19 11:47:06.133 2720 2720 D SubscriptionController: [getSubId]- numSubIds == 0, return DummySubIds slotIdx=1
07-19 11:47:06.601 2463 2463 I sysui_lockscreen_gesture: [1,242,4418]
07-19 11:47:06.658 2463 2463 I screen_toggled: 2
07-19 11:47:06.658 2463 2463 D PhoneStatusBar: disable: < expand ICONS alerts SYSTEM_INFO back HOME RECENT clock SEARCH quick_settings
> 07-19 11:47:06.664 1827 1926 I am_resume_activity: [0,79325766,11,com.cyanogenmod.trebuchet/com.android.launcher3.Launcher]
07-19 11:47:06.678 2463 2463 W AudioTrack: AUDIO_OUTPUT_FLAG_FAST denied by client; transfer 4, track 44100 Hz, output 48000 Hz
07-19 11:47:06.704 4064 4064 W System : ClassLoader referenced unknown path: 
07-19 11:47:06.705 4064 4064 W System : ClassLoader referenced unknown path: /system/app/LockClock/lib/arm
07-19 11:47:06.705 4064 4064 D ApplicationLoaders: ignored Vulkan layer search path /system/app/LockClock/lib/arm:/system/lib:/vendor/lib for namespace 0xb2edf090
07-19 11:47:06.825 4064 4064 I am_on_resume_called: [0,com.android.launcher3.Launcher,RESUME_ACTIVITY]
07-19 11:47:06.834 4064 4064 D android.widget.GridLayout: vertical constraints: y2-y0>=264, y2-y0<=256, y2-y1<=104 are inconsistent; permanently removing: y2-y0<=256. 
07-19 11:47:06.885 313 528 D audio_hw_primary: start_output_stream: enter: stream(0xb623d380)usecase(1: low-latency-playback) devices(0x2)
07-19 11:47:06.885 313 528 D audio_hw_primary: select_devices: out_snd_device(2: speaker) in_snd_device(0: )
07-19 11:47:06.885 313 528 W msm8916_platform: Codec backend bitwidth 16, samplerate 48000
07-19 11:47:06.886 313 528 D hardware_info: hw_info_append_hw_type : device_name = speaker
07-19 11:47:06.886 313 528 D audio_hw_primary: enable_snd_device: snd_device(2: speaker)
07-19 11:47:06.889 2463 2463 D PhoneStatusBar: disable: < expand icons* alerts system_info* back HOME RECENT clock SEARCH quick_settings
> 07-19 11:47:06.892 313 528 W audio_hw_utils: audio_extn_utils_update_stream_app_type_cfg: App type could not be selected. Falling back to default
07-19 11:47:06.892 313 528 I audio_hw_primary: select_devices Selected apptype: 69936
07-19 11:47:06.892 313 528 D ACDB-LOADER: ACDB -> send_audio_cal, acdb_id = 15, path = 0
07-19 11:47:06.892 313 528 D ACDB-LOADER: ACDB -> send_asm_topology
07-19 11:47:06.892 313 528 D ACDB-LOADER: ACDB -> ACDB_CMD_GET_AUDPROC_STREAM_TOPOLOGY_ID
07-19 11:47:06.892 313 528 D ACDB-LOADER: ACDB -> send_adm_topology
07-19 11:47:06.892 313 528 D ACDB-LOADER: ACDB -> ACDB_CMD_GET_AUDPROC_COMMON_TOPOLOGY_ID
07-19 11:47:06.892 313 528 D ACDB-LOADER: ACDB -> send_audtable
07-19 11:47:06.892 313 528 D ACDB-LOADER: ACDB -> ACDB_CMD_GET_AUDPROC_COMMON_TABLE
07-19 11:47:06.892 313 528 D ACDB-LOADER: ACDB -> AUDIO_SET_AUDPROC_CAL
07-19 11:47:06.892 313 528 D ACDB-LOADER: ACDB -> send_audvoltable
07-19 11:47:06.892 313 528 D ACDB-LOADER: ACDB -> ACDB_CMD_GET_AUDPROC_GAIN_DEP_STEP_TABLE
07-19 11:47:06.892 313 528 D ACDB-LOADER: ACDB -> AUDIO_SET_AUDPROC_VOL_CAL
07-19 11:47:06.892 313 528 D ACDB-LOADER: ACDB -> send_afe_cal
07-19 11:47:06.892 313 528 D ACDB-LOADER: ACDB -> ACDB_CMD_GET_AFE_COMMON_TABLE
07-19 11:47:06.892 313 528 D : Failed to fetch the lookup information of the device 0000000F 
07-19 11:47:06.892 313 528 D ACDB-LOADER: ACDB -> AUDIO_SET_AFE_CAL
07-19 11:47:06.892 313 528 D ACDB-LOADER: ACDB -> send_hw_delay : acdb_id = 15 path = 0
07-19 11:47:06.892 313 528 D ACDB-LOADER: ACDB -> ACDB_AVSYNC_INFO: ACDB_CMD_GET_DEVICE_PROPERTY
07-19 11:47:06.893 313 528 I audio_hw_utils: audio_extn_utils_send_app_type_cfg: PLAYBACK app_type 69936, acdb_dev_id 15, sample_rate 48000
07-19 11:47:06.893 313 528 D audio_hw_primary: enable_audio_route: apply mixer and update path: low-latency-playback
07-19 11:47:06.893 1827 1926 E Sensors : ProxSensor::setEnable handle:5 enable:0
07-19 11:47:06.894 1827 1926 D Sensors : ProxSensor old=1 new =0
07-19 11:47:06.896 313 528 D audio_hw_primary: select_devices: done
07-19 11:47:06.908 1827 1926 E Sensors : ProxSensor::setEnable finished!!!
07-19 11:47:06.910 2463 2463 I sysui_view_visibility: [111,0]
07-19 11:47:06.911 1827 4062 I notification_expansion: [-1|android|17040536|null|1000,0,1,3777859,3777859,0]
07-19 11:47:06.919 2463 2463 I sysui_status_bar_state: [0,0,0,0,0,1]
07-19 11:47:06.928 313 528 D msm8916_platform: platform_set_channel_map mixer_ctl_name:Playback Channel Map12
07-19 11:47:06.928 313 528 D msm8916_platform: platform_set_channel_map: set mapping(1 2 3 0 0 0 0 0) for channel:2
07-19 11:47:06.928 313 528 D audio_hw_primary: start_output_stream: exit
07-19 11:47:06.964 2463 2463 D PhoneStatusBar: disable: < expand icons alerts system_info back home* recent* clock search* quick_settings
> 07-19 11:47:06.968 2463 2463 W FingerprintManager: isFingerprintHardwareDetected(): Service not connected!
07-19 11:47:07.341 1827 1926 I ActivityManager: Setting hasTopUi=false for pid=2463
07-19 11:47:07.977 2463 2463 I sysui_count: [panel_open,1]
07-19 11:47:07.986 1827 2600 I ActivityManager: Setting hasTopUi=true for pid=2463
07-19 11:47:07.987 2463 2463 I sysui_histogram: [note_load,2]
07-19 11:47:07.987 1827 2813 I notification_panel_revealed: 2
07-19 11:47:07.988 2463 2463 D PhoneStatusBar: disable: < expand ICONS* alerts SYSTEM_INFO* back home recent clock search quick_settings
> 07-19 11:47:08.206 2646 2646 D wpa_supplicant: wlan0: Control interface command 'SIGNAL_POLL'
07-19 11:47:08.283 4597 4613 E QcrilMsgTunnelSocket: IOException - java.io.IOException: No such file or directory Reason: No such file or directory
07-19 11:47:08.283 4597 4613 I QcrilMsgTunnelSocket: Couldn't find 'qmux_radio/rild_oem0' socket; retrying after timeout
07-19 11:47:08.284 4597 4615 E QcrilMsgTunnelSocket: IOException - java.io.IOException: No such file or directory Reason: No such file or directory
07-19 11:47:08.284 4597 4615 I QcrilMsgTunnelSocket: Couldn't find 'qmux_radio/rild_oem1' socket; retrying after timeout
07-19 11:47:08.490 1827 1927 I notification_visibility: [-1|android|17040529|null|1000,1,3779449,3779449,0,1]
07-19 11:47:08.490 1827 1927 I notification_visibility: [-1|android|17040536|null|1000,1,3779438,3779438,0,0]
07-19 11:47:08.931 1827 2554 W InputMethodManagerService: Window already focused, ignoring focus gain of: com.android.internal.view.IInputMethodClient$Stub$Proxy@a0ee0bb attribute=null, token = android.os.BinderProxy@c97c7bc
07-19 11:47:08.941 1827 4062 I notification_visibility: [-1|android|17040529|null|1000,0,3779900,3779900,0,1]
07-19 11:47:08.941 1827 4062 I notification_visibility: [-1|android|17040536|null|1000,0,3779889,3779889,0,0]
07-19 11:47:08.942 1827 1927 I notification_panel_hidden: []
07-19 11:47:08.944 1827 4003 I ActivityManager: Setting hasTopUi=false for pid=2463
07-19 11:47:08.945 2463 2463 D PhoneStatusBar: disable: < expand icons* alerts system_info* back home recent clock search quick_settings
> 07-19 11:47:09.301 1827 1937 I ActivityManager: Waited long enough for: ServiceRecord{f3e0ec1 u0 com.cyanogenmod.lockclock/.weather.WeatherSourceListenerService}
07-19 11:47:09.301 1827 1937 I ActivityManager: Waited long enough for: ServiceRecord{314666 u0 com.cyanogenmod.lockclock/.DeviceStatusService}
07-19 11:47:10.023 1827 1937 I ActivityManager: Waited long enough for: ServiceRecord{d78d549 u0 com.android.calendar/.alerts.InitAlarmsService}
07-19 11:47:10.106 313 528 D audio_hw_primary: out_standby: enter: stream (0xb623d380) usecase(1: low-latency-playback)
07-19 11:47:10.200 313 528 D audio_hw_primary: disable_audio_route: reset and update mixer path: low-latency-playback
07-19 11:47:10.202 313 528 D hardware_info: hw_info_append_hw_type : device_name = speaker
07-19 11:47:10.202 313 528 D audio_hw_primary: disable_snd_device: snd_device(2: speaker)
07-19 11:47:10.254 2463 2463 I sysui_count: [panel_open,1]
07-19 11:47:10.262 1827 4062 I ActivityManager: Setting hasTopUi=true for pid=2463
07-19 11:47:10.263 2463 2463 I sysui_histogram: [note_load,2]
07-19 11:47:10.263 1827 1927 I notification_panel_revealed: 2
07-19 11:47:10.263 2463 2463 D PhoneStatusBar: disable: < expand ICONS* alerts SYSTEM_INFO* back home recent clock search quick_settings
> 07-19 11:47:10.549 1827 1937 I ActivityManager: Waited long enough for: ServiceRecord{4ec4c10 u0 com.android.email/.service.LegacyImapSyncAdapterService}
07-19 11:47:10.764 1827 4062 I notification_visibility: [-1|android|17040529|null|1000,1,3781723,3781723,0,1]
07-19 11:47:10.764 1827 4062 I notification_visibility: [-1|android|17040536|null|1000,1,3781712,3781712,0,0]
07-19 11:47:11.072 2463 2463 I sysui_view_visibility: [111,100]
07-19 11:47:11.072 2463 2463 I sysui_view_visibility: [126,100]
07-19 11:47:11.072 2463 2463 I sysui_view_visibility: [115,100]
07-19 11:47:11.072 2463 2463 I sysui_view_visibility: [261,100]
07-19 11:47:11.072 2463 2463 I sysui_view_visibility: [118,100]
07-19 11:47:11.072 2463 2463 I sysui_view_visibility: [119,100]
07-19 11:47:11.072 2463 2463 I sysui_view_visibility: [123,100]
07-19 11:47:11.072 2463 2463 I sysui_view_visibility: [113,100]
07-19 11:47:11.072 2463 2463 I sysui_view_visibility: [112,100]
07-19 11:47:11.072 2463 2463 I sysui_view_visibility: [111,100]
07-19 11:47:11.072 2463 2463 I sysui_view_visibility: [126,100]
07-19 11:47:11.073 2463 2463 I sysui_view_visibility: [115,100]
07-19 11:47:11.073 2463 2463 I sysui_view_visibility: [261,100]
07-19 11:47:11.073 2463 2463 I sysui_view_visibility: [118,100]
07-19 11:47:11.073 2463 2463 I sysui_view_visibility: [119,100]
07-19 11:47:11.073 2463 2463 I sysui_view_visibility: [123,100]
07-19 11:47:11.252 2646 2646 D wpa_supplicant: wlan0: Control interface command 'SIGNAL_POLL'
07-19 11:47:11.255 1827 1937 I ActivityManager: Waited long enough for: ServiceRecord{b46bcb3 u0 com.qualcomm.qcrilmsgtunnel/.QcrilMsgTunnelService}
07-19 11:47:11.275 1827 1927 I notification_visibility: [-1|android|17040529|null|1000,0,3782234,3782234,0,1]
07-19 11:47:11.791 1827 2813 I notification_visibility: [-1|android|17040529|null|1000,1,3782750,3782750,0,1]
07-19 11:47:11.938 2463 2463 I sysui_view_visibility: [111,0]
07-19 11:47:11.939 2463 2463 I sysui_view_visibility: [111,0]
07-19 11:47:12.284 4597 4613 E QcrilMsgTunnelSocket: IOException - java.io.IOException: No such file or directory Reason: No such file or directory
07-19 11:47:12.284 4597 4613 I QcrilMsgTunnelSocket: Couldn't find 'qmux_radio/rild_oem0' socket; retrying after timeout
07-19 11:47:12.284 4597 4615 E QcrilMsgTunnelSocket: IOException - java.io.IOException: No such file or directory Reason: No such file or directory
07-19 11:47:12.285 4597 4615 I QcrilMsgTunnelSocket: Couldn't find 'qmux_radio/rild_oem1' socket; retrying after timeout
07-19 11:47:13.070 2463 2463 I sysui_view_visibility: [111,100]
07-19 11:47:13.070 2463 2463 I sysui_view_visibility: [126,100]
07-19 11:47:13.070 2463 2463 I sysui_view_visibility: [115,100]
07-19 11:47:13.070 2463 2463 I sysui_view_visibility: [261,100]
07-19 11:47:13.070 2463 2463 I sysui_view_visibility: [118,100]
07-19 11:47:13.070 2463 2463 I sysui_view_visibility: [119,100]
07-19 11:47:13.070 2463 2463 I sysui_view_visibility: [123,100]
07-19 11:47:13.070 2463 2463 I sysui_view_visibility: [113,100]
07-19 11:47:13.070 2463 2463 I sysui_view_visibility: [112,100]
07-19 11:47:13.070 2463 2463 I sysui_view_visibility: [111,100]
07-19 11:47:13.070 2463 2463 I sysui_view_visibility: [126,100]
07-19 11:47:13.070 2463 2463 I sysui_view_visibility: [115,100]
07-19 11:47:13.070 2463 2463 I sysui_view_visibility: [261,100]
07-19 11:47:13.070 2463 2463 I sysui_view_visibility: [118,100]
07-19 11:47:13.070 2463 2463 I sysui_view_visibility: [119,100]
07-19 11:47:13.070 2463 2463 I sysui_view_visibility: [123,100]
07-19 11:47:13.265 2646 2646 D wpa_supplicant: wlan0: Control interface command 'SCAN TYPE=ONLY freq=2462'
07-19 11:47:13.265 2646 2646 D wpa_supplicant: wlan0: Setting scan request: 0.000000 sec
07-19 11:47:13.265 2646 2646 D wpa_supplicant: wlan0: Starting AP scan for wildcard SSID
07-19 11:47:13.266 2646 2646 D wpa_supplicant: wlan0: Limit manual scan to specified channels
07-19 11:47:13.266 2646 2646 D wpa_supplicant: wlan0: Add radio work 'scan'@0xb67a8060
07-19 11:47:13.266 2646 2646 D wpa_supplicant: wlan0: First radio work item in the queue - schedule start immediately
07-19 11:47:13.266 2646 2646 D wpa_supplicant: wlan0: Starting radio work 'scan'@0xb67a8060 after 0.000105 second wait
07-19 11:47:13.266 2646 2646 D wpa_supplicant: wlan0: nl80211: scan request
07-19 11:47:13.268 2646 2646 D wpa_supplicant: Scan requested (ret=0) - scan timeout 30 seconds
07-19 11:47:13.269 2646 2646 D wpa_supplicant: nl80211: Drv Event 33 (NL80211_CMD_TRIGGER_SCAN) received for wlan0
07-19 11:47:13.269 2646 2646 D wpa_supplicant: wlan0: nl80211: Scan trigger
07-19 11:47:13.269 2646 2646 D wpa_supplicant: wlan0: Event SCAN_STARTED (47) received
07-19 11:47:13.269 2646 2646 D wpa_supplicant: wlan0: Own scan request started a scan in 0.000376 seconds
07-19 11:47:13.354 2646 2646 D wpa_supplicant: nl80211: Drv Event 34 (NL80211_CMD_NEW_SCAN_RESULTS) received for wlan0
07-19 11:47:13.354 2646 2646 D wpa_supplicant: wlan0: nl80211: New scan results available
07-19 11:47:13.354 2646 2646 D wpa_supplicant: nl80211: Scan included frequencies: 2462
07-19 11:47:13.354 2646 2646 D wpa_supplicant: wlan0: Event SCAN_RESULTS (3) received
07-19 11:47:13.354 2646 2646 D wpa_supplicant: wlan0: Scan completed in 0.084931 seconds
07-19 11:47:13.354 2646 2646 D wpa_supplicant: nl80211: Associated on 2462 MHz
07-19 11:47:13.354 2646 2646 D wpa_supplicant: nl80211: Associated with 18:a6:f7:7a:57:e4
07-19 11:47:13.354 2646 2646 D wpa_supplicant: nl80211: Received scan results (15 BSSes)
07-19 11:47:13.357 2646 2646 D wpa_supplicant: nl80211: Scan results indicate BSS status with 18:a6:f7:7a:57:e4 as associated
07-19 11:47:13.358 2646 2646 D wpa_supplicant: wlan0: BSS: Start scan result update 2
07-19 11:47:13.358 2646 2646 D wpa_supplicant: BSS: last_scan_res_used=15/32
07-19 11:47:13.358 2646 2646 D wpa_supplicant: wlan0: Scan-only results received
07-19 11:47:13.361 2646 2646 D wpa_supplicant: wlan0: Radio work 'scan'@0xb67a8060 done in 0.095301 seconds
07-19 11:47:13.362 2646 2646 D wpa_supplicant: wlan0: radio_work_free('scan'@0xb67a8060: num_active_works --> 0
07-19 11:47:13.579 1827 1926 I notification_visibility: [-1|android|17040529|null|1000,0,3784538,3784538,0,1]
07-19 11:47:14.112 1827 1985 D LuxLevels: bright hysteresis constant= 0.1, threshold=82.69208, lux=75.174614
07-19 11:47:14.113 1827 1985 D LuxLevels: dark hysteresis constant= 0.2, threshold=60.13969, lux=75.174614
07-19 11:47:14.297 2646 2646 D wpa_supplicant: wlan0: Control interface command 'SIGNAL_POLL'
07-19 11:47:16.285 4597 4613 E QcrilMsgTunnelSocket: IOException - java.io.IOException: No such file or directory Reason: No such file or directory
07-19 11:47:16.285 4597 4613 I QcrilMsgTunnelSocket: Couldn't find 'qmux_radio/rild_oem0' socket; retrying after timeout
07-19 11:47:16.285 4597 4615 E QcrilMsgTunnelSocket: IOException - java.io.IOException: No such file or directory Reason: No such file or directory
07-19 11:47:16.285 4597 4615 I QcrilMsgTunnelSocket: Couldn't find 'qmux_radio/rild_oem1' socket; retrying after timeout
07-19 11:47:17.344 2646 2646 D wpa_supplicant: wlan0: Control interface command 'SIGNAL_POLL'
07-19 11:47:18.478 1827 2813 I notification_visibility: [-1|android|17040529|null|1000,1,3789437,3789437,0,1]
07-19 11:47:18.622 2463 2463 I sysui_view_visibility: [111,0]
07-19 11:47:18.622 2463 2463 I sysui_view_visibility: [111,0]
07-19 11:47:20.228 1827 4061 W InputMethodManagerService: Window already focused, ignoring focus gain of: com.android.internal.view.IInputMethodClient$Stub$Proxy@d89ef25 attribute=null, token = android.os.BinderProxy@c97c7bc
07-19 11:47:20.242 1827 2600 I notification_visibility: [-1|android|17040529|null|1000,0,3791201,3791201,0,1]
07-19 11:47:20.243 1827 2600 I notification_visibility: [-1|android|17040536|null|1000,0,3791190,3791190,0,0]
07-19 11:47:20.243 1827 4003 I notification_panel_hidden: []
07-19 11:47:20.245 1827 4014 I ActivityManager: Setting hasTopUi=false for pid=2463
07-19 11:47:20.246 2463 2463 D PhoneStatusBar: disable: < expand icons* alerts system_info* back home recent clock search quick_settings
> 07-19 11:47:20.286 4597 4613 E QcrilMsgTunnelSocket: IOException - java.io.IOException: No such file or directory Reason: No such file or directory
07-19 11:47:20.286 4597 4613 I QcrilMsgTunnelSocket: Couldn't find 'qmux_radio/rild_oem0' socket; retrying after timeout
07-19 11:47:20.286 4597 4615 E QcrilMsgTunnelSocket: IOException - java.io.IOException: No such file or directory Reason: No such file or directory
07-19 11:47:20.286 4597 4615 I QcrilMsgTunnelSocket: Couldn't find 'qmux_radio/rild_oem1' socket; retrying after timeout
07-19 11:47:20.392 2646 2646 D wpa_supplicant: wlan0: Control interface command 'SIGNAL_POLL'
07-19 11:47:22.933 313 528 D audio_hw_primary: start_output_stream: enter: stream(0xb623d380)usecase(1: low-latency-playback) devices(0x2)
07-19 11:47:22.933 313 528 D audio_hw_primary: select_devices: out_snd_device(2: speaker) in_snd_device(0: )
07-19 11:47:22.933 313 528 W msm8916_platform: Codec backend bitwidth 16, samplerate 48000
07-19 11:47:22.933 313 528 D hardware_info: hw_info_append_hw_type : device_name = speaker
07-19 11:47:22.933 313 528 D audio_hw_primary: enable_snd_device: snd_device(2: speaker)
07-19 11:47:22.936 313 528 W audio_hw_utils: audio_extn_utils_update_stream_app_type_cfg: App type could not be selected. Falling back to default
07-19 11:47:22.936 313 528 I audio_hw_primary: select_devices Selected apptype: 69936
07-19 11:47:22.936 313 528 D ACDB-LOADER: ACDB -> send_audio_cal, acdb_id = 15, path = 0
07-19 11:47:22.936 313 528 D ACDB-LOADER: ACDB -> send_asm_topology
07-19 11:47:22.936 313 528 D ACDB-LOADER: ACDB -> ACDB_CMD_GET_AUDPROC_STREAM_TOPOLOGY_ID
07-19 11:47:22.936 313 528 D ACDB-LOADER: ACDB -> send_adm_topology
07-19 11:47:22.936 313 528 D ACDB-LOADER: ACDB -> ACDB_CMD_GET_AUDPROC_COMMON_TOPOLOGY_ID
07-19 11:47:22.936 313 528 D ACDB-LOADER: ACDB -> send_audtable
07-19 11:47:22.936 313 528 D ACDB-LOADER: ACDB -> ACDB_CMD_GET_AUDPROC_COMMON_TABLE
07-19 11:47:22.936 313 528 D ACDB-LOADER: ACDB -> AUDIO_SET_AUDPROC_CAL
07-19 11:47:22.936 313 528 D ACDB-LOADER: ACDB -> send_audvoltable
07-19 11:47:22.936 313 528 D ACDB-LOADER: ACDB -> ACDB_CMD_GET_AUDPROC_GAIN_DEP_STEP_TABLE
07-19 11:47:22.936 313 528 D ACDB-LOADER: ACDB -> AUDIO_SET_AUDPROC_VOL_CAL
07-19 11:47:22.936 313 528 D ACDB-LOADER: ACDB -> send_afe_cal
07-19 11:47:22.936 313 528 D ACDB-LOADER: ACDB -> ACDB_CMD_GET_AFE_COMMON_TABLE
07-19 11:47:22.936 313 528 D : Failed to fetch the lookup information of the device 0000000F 
07-19 11:47:22.936 313 528 D ACDB-LOADER: ACDB -> AUDIO_SET_AFE_CAL
07-19 11:47:22.936 313 528 D ACDB-LOADER: ACDB -> send_hw_delay : acdb_id = 15 path = 0
07-19 11:47:22.936 313 528 D ACDB-LOADER: ACDB -> ACDB_AVSYNC_INFO: ACDB_CMD_GET_DEVICE_PROPERTY
07-19 11:47:22.937 313 528 I audio_hw_utils: audio_extn_utils_send_app_type_cfg: PLAYBACK app_type 69936, acdb_dev_id 15, sample_rate 48000
07-19 11:47:22.937 313 528 D audio_hw_primary: enable_audio_route: apply mixer and update path: low-latency-playback
07-19 11:47:22.938 313 528 D audio_hw_primary: select_devices: done
07-19 11:47:22.964 313 528 D msm8916_platform: platform_set_channel_map mixer_ctl_name:Playback Channel Map12
07-19 11:47:22.964 313 528 D msm8916_platform: platform_set_channel_map: set mapping(1 2 3 0 0 0 0 0) for channel:2
07-19 11:47:22.964 313 528 D audio_hw_primary: start_output_stream: exit
07-19 11:47:23.442 2646 2646 D wpa_supplicant: wlan0: Control interface command 'SIGNAL_POLL'
07-19 11:47:24.287 4597 4613 E QcrilMsgTunnelSocket: IOException - java.io.IOException: No such file or directory Reason: No such file or directory
07-19 11:47:24.287 4597 4613 I QcrilMsgTunnelSocket: Couldn't find 'qmux_radio/rild_oem0' socket; retrying after timeout
07-19 11:47:24.287 4597 4615 E QcrilMsgTunnelSocket: IOException - java.io.IOException: No such file or directory Reason: No such file or directory
07-19 11:47:24.287 4597 4615 I QcrilMsgTunnelSocket: Couldn't find 'qmux_radio/rild_oem1' socket; retrying after timeout
07-19 11:47:25.034 4293 4375 D InitAlarmsService: Clearing and rescheduling alarms.
07-19 11:47:25.063 1827 4003 I ActivityManager: Killing 4168:com.cyanogenmod.eleven/u0a48 (adj 906): empty #17
07-19 11:47:25.064 1827 4003 I am_kill : [0,4168,com.cyanogenmod.eleven,906,empty #17]
07-19 11:47:25.065 1827 4003 I ActivityManager: Killing 4032:com.android.keychain/1000 (adj 906): empty #18
07-19 11:47:25.065 1827 4003 I am_kill : [0,4032,com.android.keychain,906,empty #18]
07-19 11:47:25.068 1827 4003 I ActivityManager: Killing 3320:org.cyanogenmod.weather.provider/u0a31 (adj 906): empty #19
07-19 11:47:25.068 1827 4003 I am_kill : [0,3320,org.cyanogenmod.weather.provider,906,empty #19]
07-19 11:47:25.086 1827 4003 I ActivityManager: Killing 4271:com.android.dialer/u0a20 (adj 906): empty #17
07-19 11:47:25.086 1827 4003 I am_kill : [0,4271,com.android.dialer,906,empty #17]
07-19 11:47:25.100 1827 1926 I am_proc_died: [0,4032,com.android.keychain]
07-19 11:47:25.100 1827 1926 D ActivityManager: cleanUpApplicationRecord -- 4032
07-19 11:47:25.102 1827 2811 I am_proc_died: [0,4271,com.android.dialer]
07-19 11:47:25.102 1827 2811 D ActivityManager: cleanUpApplicationRecord -- 4271
07-19 11:47:25.121 1827 2554 I am_proc_died: [0,4168,com.cyanogenmod.eleven]
07-19 11:47:25.121 1827 2554 D ActivityManager: cleanUpApplicationRecord -- 4168
07-19 11:47:25.125 1827 1926 I am_proc_died: [0,3320,org.cyanogenmod.weather.provider]
07-19 11:47:25.125 1827 1926 D ActivityManager: cleanUpApplicationRecord -- 3320
07-19 11:47:25.175 1827 1936 I am_pss : [4064,10030,com.cyanogenmod.trebuchet,38973440,32997376,0]
07-19 11:47:25.206 1827 1936 I am_pss : [4185,10054,com.cyanogenmod.lockclock,3940352,2572288,0]
07-19 11:47:25.237 1827 1936 I am_pss : [3888,10046,com.android.deskclock,5496832,4276224,0]
07-19 11:47:25.270 1827 1936 I am_pss : [4387,10059,com.android.email,8082432,6639616,0]
07-19 11:47:25.300 1827 1936 I am_pss : [3188,1001,org.codeaurora.ims,3616768,2355200,0]
07-19 11:47:25.333 1827 1936 I am_pss : [2751,1000,com.android.settings,9760768,7143424,0]
07-19 11:47:25.362 1827 1936 I am_pss : [4209,1000,org.cyanogenmod.cmparts,4745216,3678208,0]
07-19 11:47:25.393 1827 1936 I am_pss : [4597,1001,com.qualcomm.qcrilmsgtunnel,3107840,2113536,0]
07-19 11:47:25.423 1827 1936 I am_pss : [3529,10004,com.android.carrierconfig,3120128,2043904,0]
07-19 11:47:25.452 1827 1936 I am_pss : [4011,10058,com.android.smspush,3042304,2052096,0]
07-19 11:47:25.482 1827 1936 I am_pss : [3939,10032,org.cyanogenmod.weatherservice,3604480,2539520,0]
07-19 11:47:25.511 1827 1936 I am_pss : [3856,10013,android.ext.services,3122176,2060288,0]
07-19 11:47:25.713 1827 4062 I ActivityManager: START u0 {act=android.intent.action.MAIN cat=[android.intent.category.LAUNCHER] flg=0x10200000 cmp=com.android.settings/.Settings (has extras)} from uid 10030 on display 0
07-19 11:47:25.720 1827 4062 I wm_stack_created: 1
07-19 11:47:25.721 1827 4062 I am_create_task: [0,12]
07-19 11:47:25.721 1827 4062 I am_create_activity: [0,179662507,12,com.android.settings/.Settings,android.intent.action.MAIN,NULL,NULL,270532608]
07-19 11:47:25.724 1827 4062 I wm_task_created: [12,1]
07-19 11:47:25.725 1827 4062 I wm_task_moved: [12,1,0]
07-19 11:47:25.726 1827 4062 I am_focused_stack: [0,1,0,startedActivity setFocusedActivity]
07-19 11:47:25.728 1827 4062 I wm_task_moved: [12,1,0]
07-19 11:47:25.731 1827 4062 I am_focused_activity: [0,com.android.settings/.Settings,startedActivity]
07-19 11:47:25.731 1827 4062 I am_pause_activity: [0,79325766,com.cyanogenmod.trebuchet/com.android.launcher3.Launcher]
07-19 11:47:25.736 1827 4062 I sysui_action: [323,com.android.settings/.Settings]
07-19 11:47:25.736 1827 4062 I sysui_action: [324,true]
07-19 11:47:25.736 1827 4062 I sysui_action: [325,59]
07-19 11:47:25.741 4064 4064 I am_on_paused_called: [0,com.android.launcher3.Launcher,handlePauseActivity]
07-19 11:47:25.749 1827 4014 I am_restart_activity: [0,179662507,12,com.android.settings/.Settings]
07-19 11:47:25.753 1827 1937 I sysui_count: [window_time_0,31]
07-19 11:47:25.790 1827 1936 I am_pss : [4436,10045,com.android.exchange,4160512,3104768,0]
07-19 11:47:25.810 1827 1983 I sysui_action: [321,98]
07-19 11:47:25.810 1827 1983 I sysui_action: [320,1]
07-19 11:47:25.810 1827 1983 I sysui_action: [319,98]
07-19 11:47:25.823 1827 1936 I am_pss : [4474,10017,com.android.managedprovisioning,3328000,2359296,0]
07-19 11:47:25.926 2751 2751 W TileUtils: Found com.android.systemui.tuner.TunerActivity for intent Intent { act=com.android.settings.action.EXTRA_SETTINGS } missing metadata 
07-19 11:47:25.973 2751 4839 W System : ClassLoader referenced unknown path: 
07-19 11:47:25.973 2751 4839 W System : ClassLoader referenced unknown path: /system/priv-app/CellBroadcastReceiver/lib/arm
07-19 11:47:25.978 2751 4839 D ApplicationLoaders: ignored Vulkan layer search path /system/priv-app/CellBroadcastReceiver/lib/arm:/system/lib:/vendor/lib for namespace 0xb2ee0090
07-19 11:47:26.028 2751 2751 I sysui_view_visibility: [474,100]
07-19 11:47:26.028 2751 2751 I am_on_resume_called: [0,com.android.settings.Settings,LAUNCH_ACTIVITY]
07-19 11:47:26.029 1827 1936 I am_pss : [4538,10018,com.android.onetimeinitializer,2836480,1867776,0]
07-19 11:47:26.088 2751 4841 D LocalBluetoothProfileManager: Adding local MAP profile
07-19 11:47:26.090 2751 4841 D BluetoothMap: Create BluetoothMap proxy object
07-19 11:47:26.093 2751 2751 I sysui_view_visibility: [35,100]
07-19 11:47:26.095 2751 4841 D BluetoothDun: BluetoothDun() call bindService
07-19 11:47:26.101 2751 4841 D LocalBluetoothProfileManager: LocalBluetoothProfileManager construction complete
07-19 11:47:26.136 2751 4848 V NFC : this device does not have NFC support
07-19 11:47:26.158 2720 2720 D RILJ : [3836]> SIGNAL_STRENGTH [SUB1]
07-19 11:47:26.166 2751 4845 W TileUtils: Found com.android.systemui.tuner.TunerActivity for intent Intent { act=com.android.settings.action.EXTRA_SETTINGS } missing metadata 
07-19 11:47:26.171 2720 2885 D RILJ : [3836]< SIGNAL_STRENGTH SignalStrength: 0 0 0 0 0 0 0 0 0 0 0 0 0 gsm|lte [SUB1]
07-19 11:47:26.171 2720 2720 D SubscriptionController: [getSubId]- numSubIds == 0, return DummySubIds slotIdx=1
07-19 11:47:26.198 2751 2751 D DashboardSummary: onConditionsChanged
07-19 11:47:26.202 1827 2811 I ProcessStatsService: Added stats: 2017-07-19-10-43-37, over +54m18s137ms
07-19 11:47:26.202 1827 1936 I am_pss : [4516,10061,com.android.messaging,10137600,7843840,0]
07-19 11:47:26.205 1827 1983 I sysui_action: [322,493]
07-19 11:47:26.205 1827 1983 I am_activity_launch_time: [0,179662507,com.android.settings/.Settings,463,463]
07-19 11:47:26.205 1827 1983 I ActivityManager: Displayed com.android.settings/.Settings: +463ms
07-19 11:47:26.212 2751 4845 I sysui_action: [384,com.android.settings.Settings$ScreenLockSuggestionActivity]
07-19 11:47:26.213 1827 2811 I ProcessStatsService: Added stats: 2017-07-15-00-35-07, over +2d22h10m18s491ms
07-19 11:47:26.215 2751 4845 I sysui_action: [384,com.android.settings.WallpaperSuggestionActivity]
07-19 11:47:26.227 2751 4845 I IndexDatabaseHelper: Using schema version: 115
07-19 11:47:26.229 2751 4845 I IndexDatabaseHelper: Index is fine
07-19 11:47:26.236 2751 4845 D Index : Locale 'en_US' is already indexed
07-19 11:47:26.237 2751 4841 W ProcStatsManager: No process com.android.providers.calendar/10005 for service com.android.providers.calendar.EmptyService
07-19 11:47:26.237 2751 4841 W ProcStatsManager: No process com.android.providers.calendar/10005 for service com.android.providers.calendar.CalendarProviderIntentService
07-19 11:47:26.237 2751 4841 W ProcStatsManager: No process android.process.media/10010 for service com.android.providers.media.MediaScannerService
07-19 11:47:26.237 2751 4841 W ProcStatsManager: No process android.process.media/10010 for service com.android.providers.downloads.DownloadIdleService
07-19 11:47:26.237 2751 4841 W ProcStatsManager: No process com.android.messaging/10061 for service com.android.messaging.datamodel.action.BackgroundWorkerService
07-19 11:47:26.237 2751 4841 W ProcStatsManager: No process com.android.messaging/10061 for service com.android.messaging.datamodel.action.ActionServiceImpl
07-19 11:47:26.237 2751 4841 W ProcStatsManager: No process com.android.carrierconfig/10004 for service com.android.carrierconfig.DefaultCarrierConfigService
07-19 11:47:26.238 2751 4841 W ProcStatsManager: No process com.android.calendar/10041 for service com.android.calendar.alerts.InitAlarmsService
07-19 11:47:26.238 2751 4841 W ProcStatsManager: No process com.android.calendar/10041 for service com.android.calendar.alerts.AlertService
07-19 11:47:26.238 2751 4841 W ProcStatsManager: No process com.android.printspooler/10056 for service com.android.printspooler.model.PrintSpoolerService
07-19 11:47:26.239 2751 4841 W ProcStatsManager: No process com.android.cellbroadcastreceiver/10009 for service com.android.cellbroadcastreceiver.CellBroadcastConfigService
07-19 11:47:26.239 2751 4841 W ProcStatsManager: No process com.android.onetimeinitializer/10018 for service com.android.onetimeinitializer.OneTimeInitializerService
07-19 11:47:26.239 2751 4841 W ProcStatsManager: No process org.cyanogenmod.cmparts/1000 for service org.cyanogenmod.cmparts.cmstats.StatsUploadJobService
07-19 11:47:26.239 2751 4841 W ProcStatsManager: No process org.cyanogenmod.cmparts/1000 for service org.cyanogenmod.cmparts.cmstats.ReportingService
07-19 11:47:26.239 2751 4841 W ProcStatsManager: No process com.android.keychain/1000 for service com.android.keychain.KeyChainService
07-19 11:47:26.239 2751 4841 W ProcStatsManager: No process com.android.dialer/10020 for service com.android.dialer.calllog.CallLogNotificationsService
07-19 11:47:26.239 2751 4841 W ProcStatsManager: No process org.lineageos.updater/10007 for service com.cyanogenmod.updater.service.UpdateCheckService
07-19 11:47:26.239 2751 4841 W ProcStatsManager: No process com.android.exchange/10045 for service com.android.exchange.service.EasService
07-19 11:47:26.262 2751 4845 D Index : Indexing locale 'en_US' took 25 millis
07-19 11:47:26.280 2751 4845 D Index : Indexing locale 'en_US' took 8 millis
07-19 11:47:26.464 1827 1926 I am_stop_activity: [0,79325766,com.cyanogenmod.trebuchet/com.android.launcher3.Launcher]
07-19 11:47:26.467 4064 4064 I am_on_stop_called: [0,com.android.launcher3.Launcher,handleStopActivity]
07-19 11:47:26.486 2646 2646 D wpa_supplicant: wlan0: Control interface command 'SIGNAL_POLL'
07-19 11:47:26.488 288 288 I sf_frame_dur: [com.cyanogenmod.trebuchet/com.android.launcher3.Launcher,122,5,0,4,1,0,2]
07-19 11:47:26.529 2720 2720 D RILJ : [3837]> RIL_REQUEST_GET_ACTIVITY_INFO [SUB0]
07-19 11:47:26.531 1827 1927 E BatteryStatsService: no controller energy info supplied
07-19 11:47:26.534 309 615 E RILQ : (0/309): RIL[0][main] qcril_qmi_nas_dms_get_activity_info: Get activity info failed 2
07-19 11:47:26.539 2720 2858 D RILJ : [3837]< RIL_REQUEST_GET_ACTIVITY_INFO ModemActivityInfo{ mTimestamp=0 mSleepTimeMs=0 mIdleTimeMs=0 mTxTimeMs[]=[0, 0, 0, 0, 0] mRxTimeMs=0 mEnergyUsed=0} [SUB0]
07-19 11:47:26.556 1827 1927 E BatteryStatsService: modem info is invalid: ModemActivityInfo{ mTimestamp=0 mSleepTimeMs=0 mIdleTimeMs=0 mTxTimeMs[]=[0, 0, 0, 0, 0] mRxTimeMs=0 mEnergyUsed=0}
07-19 11:47:28.288 4597 4613 E QcrilMsgTunnelSocket: Couldn't find 'qmux_radio/rild_oem0' socket after 8 times, continuing to retry silently
07-19 11:47:28.290 4597 4615 E QcrilMsgTunnelSocket: Couldn't find 'qmux_radio/rild_oem1' socket after 8 times, continuing to retry silently
07-19 11:47:28.859 313 528 D audio_hw_primary: out_standby: enter: stream (0xb623d380) usecase(1: low-latency-playback)
07-19 11:47:28.951 313 528 D audio_hw_primary: disable_audio_route: reset and update mixer path: low-latency-playback
07-19 11:47:28.952 313 528 D hardware_info: hw_info_append_hw_type : device_name = speaker
07-19 11:47:28.952 313 528 D audio_hw_primary: disable_snd_device: snd_device(2: speaker)
07-19 11:47:29.534 2646 2646 D wpa_supplicant: wlan0: Control interface command 'SIGNAL_POLL'
07-19 11:47:30.092 1827 1936 I am_pss : [4620,10007,org.lineageos.updater,5701632,3698688,0]
07-19 11:47:30.122 1827 1936 I am_pss : [4667,1000,com.qualcomm.timeservice,2849792,1826816,0]
07-19 11:47:30.153 1827 1936 I am_pss : [4318,10001,android.process.acore,9249792,7151616,0]
07-19 11:47:30.185 1827 1936 I am_pss : [4091,10010,android.process.media,7264256,5398528,0]
07-19 11:47:30.245 2720 2858 V RILJ : [UNSL]< UNSOL_OEM_HOOK_RAW 00100004100000000100000008000000500000002c070000 [SUB0]
07-19 11:47:31.384 0 0 I [ 65.352260,0] bq24296_dump_register: REG0 - 0x00 = 0x42
07-19 11:47:31.384 0 0 I [ 65.352732,0] bq24296_dump_register: REG1 - 0x01 = 0x1b
07-19 11:47:31.384 0 0 I [ 65.353195,0] bq24296_dump_register: REG2 - 0x02 = 0x5c
07-19 11:47:31.384 0 0 I [ 65.353656,0] bq24296_dump_register: REG3 - 0x03 = 0x21
07-19 11:47:31.384 0 0 I [ 65.354116,0] bq24296_dump_register: REG4 - 0x04 = 0xe2
07-19 11:47:31.388 0 0 I [ 65.354827,0] bq24296_dump_register: REG5 - 0x05 = 0x0e
07-19 11:47:31.388 0 0 I [ 65.355289,0] bq24296_dump_register: REG6 - 0x06 = 0x73
07-19 11:47:31.388 0 0 I [ 65.355750,0] bq24296_dump_register: REG7 - 0x07 = 0x4b
07-19 11:47:31.388 0 0 I [ 65.356209,0] bq24296_dump_register: REG8 - 0x08 = 0x64
07-19 11:47:31.388 0 0 I [ 65.356667,0] bq24296_dump_register: REG9 - 0x09 = 0x00
07-19 11:47:31.388 0 0 I [ 65.357125,0] bq24296_dump_register: REGA - 0x0a = 0x20
07-19 11:47:31.388 0 0 I [ 65.357914,0] bq24296_config_charging_para: bq24296_config_charging_para...
07-19 11:47:31.391 0 0 I : [ 65.360269,0] bq24296-charger 1-006b: set_max_allowed_current_ma:current_ma=2000,allowed_fastchg_current_ma=2000,target_current=2000
07-19 11:47:31.411 1827 1971 I cache_file_deleted: power_supply_info.csv
07-19 11:47:31.412 3862 3862 E NEW_BHD : Open /sys/class/power_supply/gb_battery
07-19 11:47:31.421 2720 2720 D VideoCall_LowBattery: BatteryIntent received: android.intent.action.BATTERY_CHANGED
07-19 11:47:31.437 2720 2720 D SubscriptionController: [getActiveSubscriptionInfoForSimSlotIndex]+ slotIdx=0 subId={id=1, iccId=89492019156020009546 simSlotIndex=0 displayName=LIDL Connect carrierName=Emergency calls only nameSource=0 iconTint=-16746133 dataRoaming=0 iconBitmap=android.graphics.Bitmap@605ad63 mcc 262 mnc 2 userNwMode=10}
07-19 11:47:31.439 2720 2720 D VideoCall_LowBattery: allowVideoCallsInLowBattery: false isCarrierOneSupported: false mIsLowbattery: true
07-19 11:47:31.439 2720 2720 D VideoCall_LowBattery: disconnectVideoCalls on low battery
07-19 11:47:31.439 2720 2720 D VideoCall_LowBattery: disconnectVideoCalls 
07-19 11:47:31.948 2720 2858 V RILJ : [UNSL]< UNSOL_OEM_HOOK_RAW 001000041000000001000000050000005000000044290000 [SUB0]
07-19 11:47:31.950 309 1182 I RILQ : (0/309):RIL[0][event] qcril_qmi_nas_reset_data_snapshot_cache_and_timer: Resetting snapshot timer
07-19 11:47:31.957 2720 2858 V RILJ : [UNSL]< UNSOL_OEM_HOOK_RAW 514f454d484f4f4bef0308000100000002 [SUB0]
07-19 11:47:31.962 309 1182 I RILQ : (0/309):RIL[0][event] qcril_qmi_nas_reset_data_snapshot_cache_and_timer: Resetting snapshot timer
07-19 11:47:31.968 2720 2858 V RILJ : [UNSL]< UNSOL_OEM_HOOK_RAW 514f454d484f4f4b1d040800020000000301 [SUB0]
07-19 11:47:31.970 309 1182 I RILQ : (0/309):RIL[0][event] qcril_qmi_nas_reset_data_snapshot_cache_and_timer: Resetting snapshot timer
07-19 11:47:31.978 2720 2858 D RILJ : [UNSL]< UNSOL_RESPONSE_VOICE_NETWORK_STATE_CHANGED [SUB0]
07-19 11:47:31.982 2720 2720 D RILJ : [3838]> OPERATOR [SUB0]
07-19 11:47:31.983 2720 2720 D RILJ : [3839]> DATA_REGISTRATION_STATE [SUB0]
07-19 11:47:31.984 2720 2720 D RILJ : [3840]> VOICE_REGISTRATION_STATE [SUB0]
07-19 11:47:31.985 2720 2720 D RILJ : [3841]> QUERY_NETWORK_SELECTION_MODE [SUB0]
07-19 11:47:32.011 309 4886 E use-Rlog/RLOG-RIL-MOTEXT: mothook_oem_ex: header type 0, requestCode 0x0
07-19 11:47:32.011 2720 2858 D RILJ : [3838]< OPERATOR {LIDL Connect, LIDL Connect, 26202, , , } [SUB0]
07-19 11:47:32.014 309 4887 I RILQ : (0/309):RIL[0][cmd-21(768)] qcril_qmi_nas_reset_data_snapshot_cache_and_timer: Resetting snapshot timer
07-19 11:47:32.020 2720 2858 D RILJ : [3841]< QUERY_NETWORK_SELECTION_MODE {0} [SUB0]
07-19 11:47:32.021 2720 2720 D SST : EVENT_POLL_STATE_NETWORK_SELECTION_MODE
07-19 11:47:32.025 2720 2858 D RILJ : [3840]< VOICE_REGISTRATION_STATE {1, 0546, 04ba794d, 3, null, null, null, 0, null, null, null, null, null, 0, b2} [SUB0]
07-19 11:47:32.026 2720 2858 D RILJ : [3839]< DATA_REGISTRATION_STATE {2, null, null, null, 0, 20, null, null, null, null, null} [SUB0]
07-19 11:47:32.026 2720 2720 D SST : handlPollStateResultMessage: GsmSST setDataRegState=1 regState=2 dataRadioTechnology=0
07-19 11:47:32.028 2720 2858 V RILJ : [UNSL]< UNSOL_OEM_HOOK_RAW 001000041000000001000000050000005000000044290000 [SUB0]
07-19 11:47:32.029 2720 2720 D SST : Poll ServiceState done: oldSS=[1 1 voice home data home null null null null null null Unknown Unknown CSS not supported -1 -1 RoamInd=-1 DefRoamInd=-1 EmergOnly=true IsDataRoamingFromRegistration=false IsUsingCarrierAggregation=false] newSS=[0 1 voice home data home LIDL Connect LIDL Connect 26202 LIDL Connect LIDL Connect 26202 UMTS Unknown CSS not supported -1 -1 RoamInd=-1 DefRoamInd=-1 EmergOnly=false IsDataRoamingFromRegistration=false IsUsingCarrierAggregation=false] oldMaxDataCalls=20 mNewMaxDataCalls=20 oldReasonDataDenied=15 mNewReasonDataDenied=-1
07-19 11:47:32.030 2720 2720 I gsm_service_state_change: [1,1,0,1]
07-19 11:47:32.030 2720 2720 I gsm_rat_switched_new: [79329613,0,3]
07-19 11:47:32.030 2720 2720 D SST : RAT switched Unknown -> UMTS at cell 79329613
07-19 11:47:32.030 2720 2720 D GsmCdmaPhone: [GsmCdmaPhone] updatePhoneObject: radioTechnology=3
07-19 11:47:32.030 2720 2720 D SST : pollStateDone: registering current mNitzUpdatedTime=false changing to false
07-19 11:47:32.036 2720 2720 D SIMRecords: [SIMRecords] getServiceProviderName: no brandOverride, providerName=LIDL Connect
07-19 11:47:32.036 2720 2720 D SIMRecords: [SIMRecords] getServiceProviderName: no brandOverride, providerName=LIDL Connect
07-19 11:47:32.037 2720 2858 D RILJ : [UNSL]< UNSOL_RESPONSE_VOICE_NETWORK_STATE_CHANGED [SUB0]
07-19 11:47:32.037 2720 2720 D SST : updateSpnDisplay: changed sending intent rule=1 showPlmn='false' plmn='LIDL Connect' showSpn='true' spn='LIDL Connect' dataSpn='LIDL Connect' subId='1'
07-19 11:47:32.038 309 1182 I RILQ : (0/309):RIL[0][event] qcril_arb_set_dsd_sys_status: old_pref_data 1 - new_data_pref 1
07-19 11:47:32.038 309 1182 I RILQ : (0/309):RIL[0][event] qcril_arb_set_dsd_sys_status: preferred dsd_sys_status nw=0x0, rat_value=0x1, so_mask=0x0000000000000001
07-19 11:47:32.038 309 1182 I RILQ : (0/309):RIL[0][event] qcril_arb_set_dsd_sys_status: preferred 1 - dsd_sys_status nw=0x0, rat_value=0x1, so_mask=0x0000000000000001
07-19 11:47:32.038 309 1182 I RILQ : (0/309):RIL[0][event] qcril_arb_set_dsd_sys_status: is_wwan_available 0
07-19 11:47:32.041 2720 2720 D SubscriptionController: [setCarrierText]+ text:LIDL Connect subId:1
07-19 11:47:32.042 2720 2858 V RILJ : [UNSL]< UNSOL_OEM_HOOK_RAW 514f454d484f4f4bfa0308000100000000 [SUB0]
07-19 11:47:32.051 2720 2858 D RILJ : [UNSL]< UNSOL_RESPONSE_VOICE_NETWORK_STATE_CHANGED [SUB0]
07-19 11:47:32.051 2720 2858 V RILJ : [UNSL]< UNSOL_OEM_HOOK_RAW 514f454d484f4f4bef0308000100000002 [SUB0]
07-19 11:47:32.051 2720 2720 D SubscriptionController: notifySubscriptionInfoChanged:
07-19 11:47:32.052 1827 1827 I GnssLocationProvider: WakeLock acquired by sendMessage(12, 0, null)
07-19 11:47:32.052 2720 2990 D SubscriptionController: [getSubId]- numSubIds == 0, return DummySubIds slotIdx=1
07-19 11:47:32.055 2720 2720 D TelephonyManager: setTelephonyProperty: success phoneId=0 property=gsm.operator.alpha value: LIDL Connect propVal=LIDL Connect
07-19 11:47:32.056 2720 2858 D RILJ : [UNSL]< UNSOL_RESPONSE_VOICE_NETWORK_STATE_CHANGED [SUB0]
07-19 11:47:32.057 2720 2720 D TelephonyManager: setTelephonyProperty: success phoneId=0 property=gsm.operator.numeric value: 26202 propVal=26202
07-19 11:47:32.058 2720 2720 D SST : update mccmnc=26202 fromServiceState=true
07-19 11:47:32.058 2720 2720 D MccTable: updateMccMncConfiguration mccmnc='26202' fromServiceState=true
07-19 11:47:32.060 2720 2720 D MccTable: updateMccMncConfiguration defaultMccMnc=26202
07-19 11:47:32.060 2720 2720 D MccTable: updateMccMncConfiguration: mcc=262, mnc=2
07-19 11:47:32.061 2720 2720 D MccTable: WIFI_COUNTRY_CODE set to de
07-19 11:47:32.061 1827 4014 I WifiService: WifiService trying to set country code to de with persist set to false
07-19 11:47:32.062 2720 2720 D TelephonyManager: setTelephonyProperty: success phoneId=0 property=gsm.operator.iso-country value: de propVal=de
07-19 11:47:32.077 2720 2749 D SubscriptionController: [getSubId]- numSubIds == 0, return DummySubIds slotIdx=1
07-19 11:47:32.078 2720 2720 D SST : pollStateDone: no nitz but one TZ for iso-cc=de with zone.getID=Europe/Berlin testOneUniqueOffsetPath=false
07-19 11:47:32.078 2720 2720 D SST : setAndBroadcastNetworkSetTimeZone: setTimeZone=Europe/Berlin
07-19 11:47:32.080 1827 1936 E LocSvc_eng: W/set_server called before init. save the address, type: 3, hostname: NONE, port: 7275
07-19 11:47:32.082 1827 1936 D GnssLocationProvider: GPS configuration:
07-19 11:47:32.082 1827 1936 D GnssLocationProvider: #Wed Jul 19 11:47:32 GMT+02:00 2017
07-19 11:47:32.082 1827 1936 D GnssLocationProvider: A_GLONASS_POS_PROTOCOL_SELECT=0
07-19 11:47:32.082 1827 1936 D GnssLocationProvider: DEBUG_LEVEL=2
07-19 11:47:32.082 1827 1936 D GnssLocationProvider: ERR_ESTIMATE=0
07-19 11:47:32.082 1827 1936 D GnssLocationProvider: SUPL_PORT=7275
07-19 11:47:32.082 1827 1936 D GnssLocationProvider: CAPABILITIES=0x37
07-19 11:47:32.082 1827 1936 D GnssLocationProvider: SUPL_ES=0
07-19 11:47:32.082 1827 1936 D GnssLocationProvider: XTRA_SERVER_3=http\://xtrapath3.izatcloud.net/xtra2.bin
07-19 11:47:32.082 1827 1936 D GnssLocationProvider: XTRA_SERVER_2=http\://xtrapath2.izatcloud.net/xtra2.bin
07-19 11:47:32.082 1827 1936 D GnssLocationProvider: SUPL_VER=0x20000
07-19 11:47:32.082 1827 1936 D GnssLocationProvider: LPP_PROFILE=3
07-19 11:47:32.082 1827 1936 D GnssLocationProvider: XTRA_SERVER_1=http\://xtrapath1.izatcloud.net/xtra2.bin
07-19 11:47:32.082 1827 1936 D GnssLocationProvider: GPS_LOCK=2
07-19 11:47:32.082 1827 1936 D GnssLocationProvider: NMEA_PROVIDER=0
