07-19 11:47:32.082 1827 1936 D GnssLocationProvider: SUPL_MODE=0
07-19 11:47:32.082 1827 1936 D GnssLocationProvider: INTERMEDIATE_POS=0
07-19 11:47:32.082 1827 1936 D GnssLocationProvider: NTP_SERVER=north-america.pool.ntp.org
07-19 11:47:32.082 1827 1936 D GnssLocationProvider: SUPL_HOST=NONE
07-19 11:47:32.083 1827 1936 I GnssLocationProvider: WakeLock released by handleMessage(12, 0, null)
07-19 11:47:32.084 1827 4014 D AlarmManagerService: Kernel timezone updated to -120 minutes west of GMT
07-19 11:47:32.088 1827 1827 D ConditionProviders.SCP: onReceive android.intent.action.TIMEZONE_CHANGED
07-19 11:47:32.096 1827 1827 D ConditionProviders.SCP: notifyCondition condition://android/schedule?days=6.7&start=23.30&end=10.0&exitAtAlarm=false STATE_FALSE reason=!meetsSchedule
07-19 11:47:32.096 1827 1827 D ConditionProviders.SCP: notifyCondition condition://android/schedule?days=1.2.3.4.5&start=22.0&end=7.0&exitAtAlarm=false STATE_FALSE reason=!meetsSchedule
07-19 11:47:32.097 1827 1827 D ConditionProviders.SCP: Scheduling evaluate for Wed Jul 19 22:00:00 GMT+02:00 2017 (1500494400000), in +10h12m27s912ms, now=Wed Jul 19 11:47:32 GMT+02:00 2017 (1500457652088)
07-19 11:47:32.103 2720 2720 D SST : setAndBroadcastNetworkSetTimeZone: call alarm.setTimeZone and broadcast zoneId=Europe/Berlin
07-19 11:47:32.104 2720 2720 D SST : shouldFixTimeZoneNow: retVal=true iccCardExist=true operatorNumeric=26202 mcc=262 prevOperatorNumeric= prevMcc=263 needToFixTimeZone=false ltod=07-19 11:47:32.103
07-19 11:47:32.104 2720 2720 D SST : fixTimeZone zoneName='Europe/Berlin' mZoneOffset=0 mZoneDst=false iso-cc='de' iso-cc-idx=-3
07-19 11:47:32.104 2720 2720 D SST : fixTimeZone: using default TimeZone
07-19 11:47:32.104 2720 2720 D SST : fixTimeZone: zone != null zone.getID=Europe/Berlin
07-19 11:47:32.104 2720 2720 D SST : setAndBroadcastNetworkSetTimeZone: setTimeZone=Europe/Berlin
07-19 11:47:32.104 1827 4003 D AlarmManagerService: Kernel timezone updated to -120 minutes west of GMT
07-19 11:47:32.107 3888 3888 I AlarmClock: AlarmInitReceiver android.intent.action.TIMEZONE_CHANGED
07-19 11:47:32.110 2720 2720 D SST : setAndBroadcastNetworkSetTimeZone: call alarm.setTimeZone and broadcast zoneId=Europe/Berlin
07-19 11:47:32.110 2720 2720 D TelephonyManager: setTelephonyProperty: success phoneId=0 property=gsm.operator.isroaming value: false propVal=false
07-19 11:47:32.111 2720 2720 D SST : Broadcasting ServiceState : 0 1 voice home data home LIDL Connect LIDL Connect 26202 LIDL Connect LIDL Connect 26202 UMTS Unknown CSS not supported -1 -1 RoamInd=-1 DefRoamInd=-1 EmergOnly=false IsDataRoamingFromRegistration=false IsUsingCarrierAggregation=false
07-19 11:47:32.112 2720 2720 D DefaultPhoneNotifier: nofityServiceState: mRegistry=com.android.internal.telephony.ITelephonyRegistry$Stub$Proxy@b511283 ss=0 1 voice home data home LIDL Connect LIDL Connect 26202 LIDL Connect LIDL Connect 26202 UMTS Unknown CSS not supported -1 -1 RoamInd=-1 DefRoamInd=-1 EmergOnly=false IsDataRoamingFromRegistration=false IsUsingCarrierAggregation=false sender=Handler (com.android.internal.telephony.GsmCdmaPhone) {723e107} phondId=0 subId=1
07-19 11:47:32.119 2720 2720 D SST : getCellLocation(): X good mCellLoc=[1350,79329613,178]
07-19 11:47:32.119 1827 2554 D TelephonyRegistry: notifyCellLocationForSubscriber: subId=1 cellLocation=Bundle[mParcelledData.dataSize=64]
07-19 11:47:32.128 2720 2750 D RILJ : [3842]> RIL_REQUEST_GET_CELL_INFO_LIST [SUB0]
07-19 11:47:32.129 2720 2720 D GsmCdmaPhone: [GsmCdmaPhone] phoneObjectUpdater: newVoiceRadioTech=3
07-19 11:47:32.129 2720 2720 D GsmCdmaPhone: [GsmCdmaPhone] phoneObjectUpdater: No change ignore, newVoiceRadioTech=3 mActivePhone=GSM
07-19 11:47:32.131 2720 2720 D GsmCdmaPhone: [GsmCdmaPhone] Event EVENT_REGISTERED_TO_NETWORK Received
07-19 11:47:32.134 2720 2720 D RILJ : [3843]> OPERATOR [SUB0]
07-19 11:47:32.135 2720 2720 D RILJ : [3844]> DATA_REGISTRATION_STATE [SUB0]
07-19 11:47:32.135 2720 4902 D SubscriptionController: [getActiveSubscriptionInfo]+ subId=1 subInfo={id=1, iccId=89492019156020009546 simSlotIndex=0 displayName=LIDL Connect carrierName=LIDL Connect nameSource=0 iconTint=-16746133 dataRoaming=0 iconBitmap=android.graphics.Bitmap@3629b51 mcc 262 mnc 2 userNwMode=10}
07-19 11:47:32.136 2720 2720 D RILJ : [3845]> VOICE_REGISTRATION_STATE [SUB0]
07-19 11:47:32.136 2720 2720 D RILJ : [3846]> QUERY_NETWORK_SELECTION_MODE [SUB0]
07-19 11:47:32.143 2720 3441 D SubscriptionController: [getActiveSubscriptionInfo]+ subId=1 subInfo={id=1, iccId=89492019156020009546 simSlotIndex=0 displayName=LIDL Connect carrierName=LIDL Connect nameSource=0 iconTint=-16746133 dataRoaming=0 iconBitmap=android.graphics.Bitmap@3fe84b7 mcc 262 mnc 2 userNwMode=10}
07-19 11:47:32.146 309 4906 D RILC : responseCellInfoList: v6
07-19 11:47:32.146 2720 2720 D RILJ : [3847]> OPERATOR [SUB0]
07-19 11:47:32.148 2720 2720 D RILJ : [3848]> DATA_REGISTRATION_STATE [SUB0]
07-19 11:47:32.148 2720 2858 D RILJ : [3842]< RIL_REQUEST_GET_CELL_INFO_LIST [CellInfoWcdma:{mRegistered=YES mTimeStampType=oem_ril mTimeStamp=66091205674ns CellIdentityWcdma:{ mMcc=262 mMnc=2 mLac=1350 mCid=79329613 mPsc=178 mUarfcn=3} CellSignalStrengthWcdma: ss=99 ber=0}] [SUB0]
07-19 11:47:32.149 4516 4899 W MessagingApp: canonicalizeMccMnc: invalid mccmnc:null ,null
07-19 11:47:32.149 2720 2720 D RILJ : [3849]> VOICE_REGISTRATION_STATE [SUB0]
07-19 11:47:32.150 2720 2720 D RILJ : [3850]> QUERY_NETWORK_SELECTION_MODE [SUB0]
07-19 11:47:32.152 2720 2720 D SST : SubscriptionListener.onSubscriptionInfoChanged
07-19 11:47:32.152 2720 2720 D DCT : [0]SubscriptionListener.onSubscriptionInfoChanged
07-19 11:47:32.160 309 4907 E use-Rlog/RLOG-RIL-MOTEXT: mothook_oem_ex: header type 0, requestCode 0x0
07-19 11:47:32.163 2720 2720 D SST : SubscriptionListener.onSubscriptionInfoChanged
07-19 11:47:32.163 2720 2720 D SubscriptionController: [getSubId]- numSubIds == 0, return DummySubIds slotIdx=1
07-19 11:47:32.163 2720 2858 D RILJ : [3843]< OPERATOR {LIDL Connect, LIDL Connect, 26202, , , } [SUB0]
07-19 11:47:32.163 2720 2720 D DCT : [1]SubscriptionListener.onSubscriptionInfoChanged
07-19 11:47:32.163 2720 2720 D SubscriptionController: [getSubId]- numSubIds == 0, return DummySubIds slotIdx=1
07-19 11:47:32.164 2720 2858 D RILJ : [3847]< OPERATOR {LIDL Connect, LIDL Connect, 26202, , , } [SUB0]
07-19 11:47:32.164 2720 2990 D SubscriptionController: [getActiveSubscriptionInfo]+ subId=1 subInfo={id=1, iccId=89492019156020009546 simSlotIndex=0 displayName=LIDL Connect carrierName=LIDL Connect nameSource=0 iconTint=-16746133 dataRoaming=0 iconBitmap=android.graphics.Bitmap@ce49b8d mcc 262 mnc 2 userNwMode=10}
07-19 11:47:32.165 2720 2720 D SubscriptionController: [getSubId]- numSubIds == 0, return DummySubIds slotIdx=1
07-19 11:47:32.166 2720 2858 D RILJ : [3844]< DATA_REGISTRATION_STATE {1, 0546, 04ba794d, 3, null, 20, null, null, null, null, null} [SUB0]
07-19 11:47:32.166 2720 2858 D RILJ : [3848]< DATA_REGISTRATION_STATE {1, 0546, 04ba794d, 3, null, 20, null, null, null, null, null} [SUB0]
07-19 11:47:32.167 2720 3441 D PhoneFactory: SMS Prompt option:false
07-19 11:47:32.167 2720 3441 D RIL_UiccSmsController: isSmsSimPickActivityNeeded: false, sms prompt disabled.
07-19 11:47:32.168 2720 2858 D RILJ : [3845]< VOICE_REGISTRATION_STATE {1, 0546, 04ba794d, 3, null, null, null, 0, null, null, 1, null, null, 0, b2} [SUB0]
07-19 11:47:32.168 2720 2858 D RILJ : [3849]< VOICE_REGISTRATION_STATE {1, 0546, 04ba794d, 3, null, null, null, 0, null, null, 1, null, null, 0, b2} [SUB0]
07-19 11:47:32.169 2720 2858 D RILJ : [UNSL]< UNSOL_RESPONSE_VOICE_NETWORK_STATE_CHANGED [SUB0]
07-19 11:47:32.169 2720 2858 D RILJ : [3846]< QUERY_NETWORK_SELECTION_MODE {0} [SUB0]
07-19 11:47:32.170 1827 2811 D MmsServiceBroker: getCarrierConfigValues() by com.android.messaging
07-19 11:47:32.170 2720 2858 D RILJ : [3850]< QUERY_NETWORK_SELECTION_MODE {0} [SUB0]
07-19 11:47:32.170 2720 4901 D MmsService: getCarrierConfigValues
07-19 11:47:32.171 2720 4901 I MmsService: mms config for sub 1: Bundle[{httpSocketTimeout=60000, aliasMinChars=2, smsToMmsTextThreshold=-1, enableSMSDeliveryReports=true, maxMessageTextSize=-1, supportMmsContentDisposition=true, enabledTransID=false, aliasEnabled=false, supportHttpCharsetHeader=false, allowAttachAudio=true, smsToMmsTextLengthThreshold=-1, recipientLimit=2147483647, uaProfTagName=x-wap-profile, aliasMaxChars=48, maxImageHeight=480, enableMMSDeliveryReports=false, userAgent=, mmsCloseConnection=false, config_cellBroadcastAppLinks=true, maxSubjectLength=40, httpParams=, enableGroupMms=true, emailGatewayNumber=, maxMessageSize=307200, naiSuffix=, enableMMSReadReports=false, maxImageWidth=640, uaProfUrl=, enabledMMS=true, enabledNotifyWapMMSC=false, sendMultipartSmsAsSeparateMessages=false, enableMultipartSMS=true}]
07-19 11:47:32.174 4516 4899 I MessagingApp: Carrier configs loaded: Bundle[{httpSocketTimeout=60000, aliasMinChars=2, smsToMmsTextThreshold=-1, enableSMSDeliveryReports=true, maxMessageTextSize=-1, supportMmsContentDisposition=true, enabledTransID=false, aliasEnabled=false, supportHttpCharsetHeader=false, allowAttachAudio=true, smsToMmsTextLengthThreshold=-1, recipientLimit=2147483647, uaProfTagName=x-wap-profile, aliasMaxChars=48, maxImageHeight=480, enableMMSDeliveryReports=false, userAgent=, mmsCloseConnection=false, config_cellBroadcastAppLinks=true, maxSubjectLength=40, httpParams=, enableGroupMms=true, emailGatewayNumber=, maxMessageSize=307200, naiSuffix=, enableMMSReadReports=false, maxImageWidth=640, uaProfUrl=, enabledMMS=true, enabledNotifyWapMMSC=false, sendMultipartSmsAsSeparateMessages=false, enableMultipartSMS=true}] from resources+system for subId=1
07-19 11:47:32.181 2720 3393 D SubscriptionController: [getActiveSubscriptionInfo]+ subId=1 subInfo={id=1, iccId=89492019156020009546 simSlotIndex=0 displayName=LIDL Connect carrierName=LIDL Connect nameSource=0 iconTint=-16746133 dataRoaming=0 iconBitmap=android.graphics.Bitmap@60c6389 mcc 262 mnc 2 userNwMode=10}
07-19 11:47:32.185 2958 2958 D CellBroadcastReceiver: onReceive Intent { act=android.intent.action.SERVICE_STATE flg=0x10 cmp=com.android.cellbroadcastreceiver/.CellBroadcastReceiver (has extras) }
07-19 11:47:32.186 2958 2958 D CellBroadcastReceiver: Intent: android.intent.action.SERVICE_STATE
07-19 11:47:32.186 2958 2958 D CellBroadcastReceiver: Service state changed! 0 Full: 0 1 voice home data home LIDL Connect LIDL Connect 26202 LIDL Connect LIDL Connect 26202 UMTS Unknown CSS not supported -1 -1 RoamInd=-1 DefRoamInd=-1 EmergOnly=false IsDataRoamingFromRegistration=false IsUsingCarrierAggregation=false Current state=1
07-19 11:47:32.186 2958 2958 D CellBroadcastReceiver: Start Cell Broadcast configuration.
07-19 11:47:32.189 2720 2720 D CallNotifier: updatePhoneStateListeners: update CF notifications.
07-19 11:47:32.191 2720 2720 I NotificationMgr: updateMwi(): subId 1 update to false
07-19 11:47:32.192 2720 2720 I Telephony: PstnIncomingCallNotifier: Unregistering: Handler (com.android.internal.telephony.GsmCdmaPhone) {723e107}
07-19 11:47:32.194 2720 2720 W Telephony: TelecomAccountRegistry: Failed to get status , slotId: 0 Exception: java.lang.NullPointerException: Attempt to invoke interface method 'int org.codeaurora.internal.IExtTelephony.getCurrentUiccCardProvisioningStatus(int)' on a null object reference
07-19 11:47:32.207 2958 4916 D CellBroadcastConfigService: Enable CellBroadcast on sub 1
07-19 11:47:32.208 2720 2720 D SubscriptionController: [getActiveSubscriptionInfo]+ subId=1 subInfo={id=1, iccId=89492019156020009546 simSlotIndex=0 displayName=LIDL Connect carrierName=LIDL Connect nameSource=0 iconTint=-16746133 dataRoaming=0 iconBitmap=android.graphics.Bitmap@6c5d69a mcc 262 mnc 2 userNwMode=10}
07-19 11:47:32.220 1827 2811 I Telecom : PhoneAccountRegistrar: [ComponentInfo{com.android.phone/com.android.services.telephony.TelephonyConnectionService}, [c07291f3b3eb4f5251ea45deb91ef815249a00bb], UserHandle{0}(icon: Icon(typ=BITMAP size=48x48) -> Icon(typ=BITMAP size=48x48))]: TSI.rPA@AEk
07-19 11:47:32.223 1827 2811 I Telecom : : Sending phone-account registered intent as user: TSI.rPA@AEk
07-19 11:47:32.225 2720 2720 I Telephony: AccountEntry: Registered phoneAccount: [[ ] PhoneAccount: ComponentInfo{com.android.phone/com.android.services.telephony.TelephonyConnectionService}, [c07291f3b3eb4f5251ea45deb91ef815249a00bb], UserHandle{0} Capabilities: CallProvider MultiUser PlaceEmerg SimSub Audio Routes: BESW Schemes: tel voicemail Extras: null GroupId: [da39a3ee5e6b4b0d3255bfef95601890afd80709]] with handle: ComponentInfo{com.android.phone/com.android.services.telephony.TelephonyConnectionService}, [c07291f3b3eb4f5251ea45deb91ef815249a00bb], UserHandle{0}
07-19 11:47:32.225 2720 2720 I Telephony: PstnIncomingCallNotifier: Registering: Handler (com.android.internal.telephony.GsmCdmaPhone) {723e107}
07-19 11:47:32.226 2720 2720 D SubscriptionController: [getSubId]- numSubIds == 0, return DummySubIds slotIdx=1
07-19 11:47:32.227 2720 2720 W Telephony: TelecomAccountRegistry: Failed to get status , slotId: 1 Exception: java.lang.NullPointerException: Attempt to invoke interface method 'int org.codeaurora.internal.IExtTelephony.getCurrentUiccCardProvisioningStatus(int)' on a null object reference
07-19 11:47:32.228 2720 4901 D PhoneFactory: SMS Prompt option:false
07-19 11:47:32.228 2720 4901 D RIL_UiccSmsController: isSmsSimPickActivityNeeded: false, sms prompt disabled.
07-19 11:47:32.230 2720 3393 D IccSmsInterfaceManager: [IccSmsInterfaceManager] Calling setCdmaBroadcastConfig with 1 configurations
07-19 11:47:32.230 2720 3393 D RILJ : [3851]> RIL_REQUEST_CDMA_SET_BROADCAST_CONFIG with 1 configs : [SUB0]
07-19 11:47:32.230 2720 3393 D RILJ : CdmaSmsBroadcastConfigInfo: Id [4096, 4096] ENABLED [SUB0]
07-19 11:47:32.239 2720 2858 D RilRequest: [3851]< RIL_REQUEST_CDMA_SET_BROADCAST_CONFIG error: com.android.internal.telephony.CommandException: GENERIC_FAILURE ret=
07-19 11:47:32.239 2720 2720 D RILJ : [3852]> OPERATOR [SUB0]
07-19 11:47:32.240 2720 4920 I MmsService: MmsConfigManager loads in background mcc/mnc: 262/2
07-19 11:47:32.243 2720 2720 D RILJ : [3853]> DATA_REGISTRATION_STATE [SUB0]
07-19 11:47:32.244 2720 2720 D RILJ : [3854]> VOICE_REGISTRATION_STATE [SUB0]
07-19 11:47:32.244 2720 2720 D RILJ : [3855]> QUERY_NETWORK_SELECTION_MODE [SUB0]
07-19 11:47:32.246 2720 2720 D ImsPhone: handleMessage what=52
07-19 11:47:32.246 2720 2720 I Telephony: PstnIncomingCallNotifier: Unregistering: Handler (com.android.internal.telephony.GsmCdmaPhone) {723e107}
07-19 11:47:32.249 2720 2720 W Telephony: TelecomAccountRegistry: Failed to get status , slotId: 0 Exception: java.lang.NullPointerException: Attempt to invoke interface method 'int org.codeaurora.internal.IExtTelephony.getCurrentUiccCardProvisioningStatus(int)' on a null object reference
07-19 11:47:32.254 309 4921 E use-Rlog/RLOG-RIL-MOTEXT: mothook_oem_ex: header type 0, requestCode 0x0
07-19 11:47:32.255 2720 2858 D RILJ : [3852]< OPERATOR {LIDL Connect, LIDL Connect, 26202, , , } [SUB0]
07-19 11:47:32.258 2720 2858 D RILJ : [3853]< DATA_REGISTRATION_STATE {1, 0546, 04ba794d, 3, null, 20, null, null, null, null, null} [SUB0]
07-19 11:47:32.260 2720 2858 D RILJ : [3854]< VOICE_REGISTRATION_STATE {1, 0546, 04ba794d, 3, null, null, null, 0, null, null, 1, null, null, 0, b2} [SUB0]
07-19 11:47:32.260 2720 2749 D SubscriptionController: [getActiveSubscriptionInfo]+ subId=1 subInfo={id=1, iccId=89492019156020009546 simSlotIndex=0 displayName=LIDL Connect carrierName=LIDL Connect nameSource=0 iconTint=-16746133 dataRoaming=0 iconBitmap=android.graphics.Bitmap@40409a7 mcc 262 mnc 2 userNwMode=10}
07-19 11:47:32.262 2720 2720 D SubscriptionController: [getActiveSubscriptionInfo]+ subId=1 subInfo={id=1, iccId=89492019156020009546 simSlotIndex=0 displayName=LIDL Connect carrierName=LIDL Connect nameSource=0 iconTint=-16746133 dataRoaming=0 iconBitmap=android.graphics.Bitmap@ed32e54 mcc 262 mnc 2 userNwMode=10}
07-19 11:47:32.262 2720 2858 D RILJ : [3855]< QUERY_NETWORK_SELECTION_MODE {0} [SUB0]
07-19 11:47:32.268 2720 3441 D SubscriptionController: [getActiveSubscriptionInfo]+ subId=1 subInfo={id=1, iccId=89492019156020009546 simSlotIndex=0 displayName=LIDL Connect carrierName=LIDL Connect nameSource=0 iconTint=-16746133 dataRoaming=0 iconBitmap=android.graphics.Bitmap@b809ef2 mcc 262 mnc 2 userNwMode=10}
07-19 11:47:32.270 1827 4003 I Telecom : PhoneAccountRegistrar: [ComponentInfo{com.android.phone/com.android.services.telephony.TelephonyConnectionService}, [c07291f3b3eb4f5251ea45deb91ef815249a00bb], UserHandle{0}(icon: Icon(typ=BITMAP size=48x48) -> Icon(typ=BITMAP size=48x48))]: TSI.rPA@AE0
07-19 11:47:32.274 1827 4003 I Telecom : : Sending phone-account registered intent as user: TSI.rPA@AE0
07-19 11:47:32.275 2720 2720 I Telephony: AccountEntry: Registered phoneAccount: [[ ] PhoneAccount: ComponentInfo{com.android.phone/com.android.services.telephony.TelephonyConnectionService}, [c07291f3b3eb4f5251ea45deb91ef815249a00bb], UserHandle{0} Capabilities: CallProvider MultiUser PlaceEmerg SimSub Audio Routes: BESW Schemes: tel voicemail Extras: null GroupId: [da39a3ee5e6b4b0d3255bfef95601890afd80709]] with handle: ComponentInfo{com.android.phone/com.android.services.telephony.TelephonyConnectionService}, [c07291f3b3eb4f5251ea45deb91ef815249a00bb], UserHandle{0}
07-19 11:47:32.275 2720 2720 I Telephony: PstnIncomingCallNotifier: Registering: Handler (com.android.internal.telephony.GsmCdmaPhone) {723e107}
07-19 11:47:32.275 2720 2720 D SubscriptionController: [getSubId]- numSubIds == 0, return DummySubIds slotIdx=1
07-19 11:47:32.276 2720 2720 W Telephony: TelecomAccountRegistry: Failed to get status , slotId: 1 Exception: java.lang.NullPointerException: Attempt to invoke interface method 'int org.codeaurora.internal.IExtTelephony.getCurrentUiccCardProvisioningStatus(int)' on a null object reference
07-19 11:47:32.279 2720 2990 D SubscriptionController: [getActiveSubscriptionInfo]+ subId=1 subInfo={id=1, iccId=89492019156020009546 simSlotIndex=0 displayName=LIDL Connect carrierName=LIDL Connect nameSource=0 iconTint=-16746133 dataRoaming=0 iconBitmap=android.graphics.Bitmap@45edbc0 mcc 262 mnc 2 userNwMode=10}
07-19 11:47:32.286 2720 2720 D RILJ : [3856]> OPERATOR [SUB0]
07-19 11:47:32.289 2720 2720 D RILJ : [3857]> DATA_REGISTRATION_STATE [SUB0]
07-19 11:47:32.289 2720 2720 D RILJ : [3858]> VOICE_REGISTRATION_STATE [SUB0]
07-19 11:47:32.290 2720 2720 D RILJ : [3859]> QUERY_NETWORK_SELECTION_MODE [SUB0]
07-19 11:47:32.291 2720 2720 D SST : EVENT_POLL_STATE_NETWORK_SELECTION_MODE
07-19 11:47:32.291 2720 2720 D SST : EVENT_POLL_STATE_NETWORK_SELECTION_MODE
07-19 11:47:32.291 2720 2720 I ImsExternalCallTracker: handleVideoCapabilitiesChanged : isVideoCapable = false
07-19 11:47:32.291 2720 2720 D ImsExternalCallTracker: refreshCallPullState
07-19 11:47:32.291 2720 2720 D SST : EVENT_POLL_STATE_NETWORK_SELECTION_MODE
07-19 11:47:32.291 2720 2720 I ImsExternalCallTracker: handleVideoCapabilitiesChanged : isVideoCapable = false
07-19 11:47:32.291 2720 2720 D ImsExternalCallTracker: refreshCallPullState
07-19 11:47:32.292 2720 2750 D SST : SST.getAllCellInfo(): return last, back to back calls
07-19 11:47:32.292 2720 2750 D RILJ : [3860]> RIL_REQUEST_GET_CELL_INFO_LIST [SUB1]
07-19 11:47:32.292 2720 3393 D IccSmsInterfaceManager: [IccSmsInterfaceManager] Failed to add cdma broadcast subscription for MID range 4096 to 4096 from client com.android.cellbroadcastreceiver
07-19 11:47:32.301 2720 4901 D PhoneFactory: SMS Prompt option:false
07-19 11:47:32.301 2720 4901 D RIL_UiccSmsController: isSmsSimPickActivityNeeded: false, sms prompt disabled.
07-19 11:47:32.302 2720 2749 D IccSmsInterfaceManager: [IccSmsInterfaceManager] Calling setCdmaBroadcastConfig with 1 configurations
07-19 11:47:32.302 2720 2749 D RILJ : [3861]> RIL_REQUEST_CDMA_SET_BROADCAST_CONFIG with 1 configs : [SUB0]
07-19 11:47:32.302 2720 2749 D RILJ : CdmaSmsBroadcastConfigInfo: Id [4097, 4097] ENABLED [SUB0]
07-19 11:47:32.303 2720 2720 D SubscriptionController: [getActiveSubscriptionInfo]+ subId=1 subInfo={id=1, iccId=89492019156020009546 simSlotIndex=0 displayName=LIDL Connect carrierName=LIDL Connect nameSource=0 iconTint=-16746133 dataRoaming=0 iconBitmap=android.graphics.Bitmap@436869f mcc 262 mnc 2 userNwMode=10}
07-19 11:47:32.304 2720 2885 D RilRequest: [3860]< RIL_REQUEST_GET_CELL_INFO_LIST error: com.android.internal.telephony.CommandException: GENERIC_FAILURE ret=
07-19 11:47:32.310 2720 2858 D RilRequest: [3861]< RIL_REQUEST_CDMA_SET_BROADCAST_CONFIG error: com.android.internal.telephony.CommandException: GENERIC_FAILURE ret=
07-19 11:47:32.310 309 4928 E use-Rlog/RLOG-RIL-MOTEXT: mothook_oem_ex: header type 0, requestCode 0x0
07-19 11:47:32.312 1827 4014 I Telecom : PhoneAccountRegistrar: [ComponentInfo{com.android.phone/com.android.services.telephony.TelephonyConnectionService}, [c07291f3b3eb4f5251ea45deb91ef815249a00bb], UserHandle{0}(icon: Icon(typ=BITMAP size=48x48) -> Icon(typ=BITMAP size=48x48))]: TSI.rPA@AFE
07-19 11:47:32.312 2720 2858 D RILJ : [3856]< OPERATOR {LIDL Connect, LIDL Connect, 26202, , , } [SUB0]
07-19 11:47:32.314 2720 2858 D RILJ : [3857]< DATA_REGISTRATION_STATE {1, 0546, 04ba794d, 3, null, 20, null, null, null, null, null} [SUB0]
07-19 11:47:32.316 1827 4014 I Telecom : : Sending phone-account registered intent as user: TSI.rPA@AFE
07-19 11:47:32.316 2720 2858 D RILJ : [3859]< QUERY_NETWORK_SELECTION_MODE {0} [SUB0]
07-19 11:47:32.318 2720 2858 D RILJ : [3858]< VOICE_REGISTRATION_STATE {1, 0546, 04ba794d, 3, null, null, null, 0, null, null, 1, null, null, 0, b2} [SUB0]
07-19 11:47:32.319 2720 2720 D SST : EVENT_GET_CELL_INFO_LIST: error ret null, e=com.android.internal.telephony.CommandException: GENERIC_FAILURE
07-19 11:47:32.320 2720 2749 D IccSmsInterfaceManager: [IccSmsInterfaceManager] Failed to add cdma broadcast subscription for MID range 4097 to 4097 from client com.android.cellbroadcastreceiver
07-19 11:47:32.320 2720 2720 D SST : handlPollStateResultMessage: GsmSST setDataRegState=0 regState=1 dataRadioTechnology=3
07-19 11:47:32.320 2720 2720 D SST : EVENT_POLL_STATE_NETWORK_SELECTION_MODE
07-19 11:47:32.320 2720 2750 D SST : SST.getAllCellInfo(): X size=0 list=null
07-19 11:47:32.322 2720 2720 D SST : Poll ServiceState done: oldSS=[0 1 voice home data home LIDL Connect LIDL Connect 26202 LIDL Connect LIDL Connect 26202 UMTS Unknown CSS not supported -1 -1 RoamInd=-1 DefRoamInd=-1 EmergOnly=false IsDataRoamingFromRegistration=false IsUsingCarrierAggregation=false] newSS=[0 0 voice home data home LIDL Connect LIDL Connect 26202 LIDL Connect LIDL Connect 26202 UMTS UMTS CSS not supported -1 -1 RoamInd=-1 DefRoamInd=-1 EmergOnly=false IsDataRoamingFromRegistration=false IsUsingCarrierAggregation=false] oldMaxDataCalls=20 mNewMaxDataCalls=20 oldReasonDataDenied=-1 mNewReasonDataDenied=-1
07-19 11:47:32.322 2720 2720 I gsm_service_state_change: [0,1,0,0]
07-19 11:47:32.323 2720 2720 D TelephonyManager: setTelephonyProperty: success phoneId=0 property=gsm.network.type value: UMTS propVal=UMTS,Unknown
07-19 11:47:32.325 2720 2720 D SIMRecords: [SIMRecords] getServiceProviderName: no brandOverride, providerName=LIDL Connect
07-19 11:47:32.325 2720 2720 D SIMRecords: [SIMRecords] getServiceProviderName: no brandOverride, providerName=LIDL Connect
07-19 11:47:32.326 2720 2720 D TelephonyManager: setTelephonyProperty: success phoneId=0 property=gsm.operator.alpha value: LIDL Connect propVal=LIDL Connect
07-19 11:47:32.328 2720 2720 D TelephonyManager: setTelephonyProperty: success phoneId=0 property=gsm.operator.numeric value: 26202 propVal=26202
07-19 11:47:32.328 2720 2720 D TelephonyManager: setTelephonyProperty: success phoneId=0 property=gsm.operator.iso-country value: de propVal=de
07-19 11:47:32.329 2720 2720 D SST : pollStateDone: no nitz but one TZ for iso-cc=de with zone.getID=Europe/Berlin testOneUniqueOffsetPath=false
07-19 11:47:32.329 2720 2720 D SST : setAndBroadcastNetworkSetTimeZone: setTimeZone=Europe/Berlin
07-19 11:47:32.329 1827 2811 D AlarmManagerService: Kernel timezone updated to -120 minutes west of GMT
07-19 11:47:32.330 2720 2858 V RILJ : [UNSL]< UNSOL_OEM_HOOK_RAW 514f454d484f4f4bef0308000100000002 [SUB0]
07-19 11:47:32.331 2720 2720 D SST : setAndBroadcastNetworkSetTimeZone: call alarm.setTimeZone and broadcast zoneId=Europe/Berlin
07-19 11:47:32.331 2720 2720 D SST : shouldFixTimeZoneNow: retVal=false iccCardExist=true operatorNumeric=26202 mcc=262 prevOperatorNumeric=26202 prevMcc=262 needToFixTimeZone=false ltod=07-19 11:47:32.331
07-19 11:47:32.331 2720 3441 D PhoneFactory: SMS Prompt option:false
07-19 11:47:32.331 2720 2720 D TelephonyManager: setTelephonyProperty: success phoneId=0 property=gsm.operator.isroaming value: false propVal=false
07-19 11:47:32.331 2720 3441 D RIL_UiccSmsController: isSmsSimPickActivityNeeded: false, sms prompt disabled.
07-19 11:47:32.332 2720 2720 D SST : Broadcasting ServiceState : 0 0 voice home data home LIDL Connect LIDL Connect 26202 LIDL Connect LIDL Connect 26202 UMTS UMTS CSS not supported -1 -1 RoamInd=-1 DefRoamInd=-1 EmergOnly=false IsDataRoamingFromRegistration=false IsUsingCarrierAggregation=false
07-19 11:47:32.332 2720 2720 D DefaultPhoneNotifier: nofityServiceState: mRegistry=com.android.internal.telephony.ITelephonyRegistry$Stub$Proxy@b511283 ss=0 0 voice home data home LIDL Connect LIDL Connect 26202 LIDL Connect LIDL Connect 26202 UMTS UMTS CSS not supported -1 -1 RoamInd=-1 DefRoamInd=-1 EmergOnly=false IsDataRoamingFromRegistration=false IsUsingCarrierAggregation=false sender=Handler (com.android.internal.telephony.GsmCdmaPhone) {723e107} phondId=0 subId=1
07-19 11:47:32.332 2720 2858 D RILJ : [UNSL]< UNSOL_RESPONSE_VOICE_NETWORK_STATE_CHANGED [SUB0]
07-19 11:47:32.332 2720 2990 D IccSmsInterfaceManager: [IccSmsInterfaceManager] Calling setCdmaBroadcastConfig with 1 configurations
07-19 11:47:32.332 2720 2990 D RILJ : [3862]> RIL_REQUEST_CDMA_SET_BROADCAST_CONFIG with 1 configs : [SUB0]
07-19 11:47:32.332 2720 2990 D RILJ : CdmaSmsBroadcastConfigInfo: Id [4098, 4098] ENABLED [SUB0]
07-19 11:47:32.338 2720 2858 D RilRequest: [3862]< RIL_REQUEST_CDMA_SET_BROADCAST_CONFIG error: com.android.internal.telephony.CommandException: GENERIC_FAILURE ret=
07-19 11:47:32.341 2720 2720 D SST : notifyDataRegStateRilRadioTechnologyChanged: drs=0 rat=3
07-19 11:47:32.341 2720 2720 D TelephonyManager: setTelephonyProperty: success phoneId=0 property=gsm.network.type value: UMTS propVal=UMTS,Unknown
07-19 11:47:32.341 2958 2958 D CellBroadcastReceiver: onReceive Intent { act=android.intent.action.SERVICE_STATE flg=0x10 cmp=com.android.cellbroadcastreceiver/.CellBroadcastReceiver (has extras) }
07-19 11:47:32.341 2958 2958 D CellBroadcastReceiver: Intent: android.intent.action.SERVICE_STATE
07-19 11:47:32.342 2720 2720 D DCT : [0]get all active apn types
07-19 11:47:32.343 2720 2720 D ImsPhone: handleMessage what=52
07-19 11:47:32.343 2720 2720 D RILJ : [3863]> OPERATOR [SUB0]
07-19 11:47:32.344 2720 2720 D RILJ : [3864]> DATA_REGISTRATION_STATE [SUB0]
07-19 11:47:32.345 2720 2720 D RILJ : [3865]> VOICE_REGISTRATION_STATE [SUB0]
07-19 11:47:32.345 2720 2720 D RILJ : [3866]> QUERY_NETWORK_SELECTION_MODE [SUB0]
07-19 11:47:32.346 2720 2990 D IccSmsInterfaceManager: [IccSmsInterfaceManager] Failed to add cdma broadcast subscription for MID range 4098 to 4098 from client com.android.cellbroadcastreceiver
07-19 11:47:32.348 2720 2720 D DCT : [0]onDataConnectionAttached
07-19 11:47:32.348 2720 2720 D CdmaSSM : subscriptionSource from settings: 0
07-19 11:47:32.348 2720 2720 D CdmaSSM : subscriptionSource from settings: 0
07-19 11:47:32.350 1827 2600 D TelephonyRegistry: Notify data connection state changed on sub: 1
07-19 11:47:32.350 1827 2600 D TelephonyRegistry: Notify data connection state changed on sub: 1
07-19 11:47:32.351 2720 4902 D PhoneFactory: SMS Prompt option:false
07-19 11:47:32.351 2720 4902 D RIL_UiccSmsController: isSmsSimPickActivityNeeded: false, sms prompt disabled.
07-19 11:47:32.352 2720 3441 D IccSmsInterfaceManager: [IccSmsInterfaceManager] Calling setCdmaBroadcastConfig with 1 configurations
07-19 11:47:32.352 2720 3441 D RILJ : [3867]> RIL_REQUEST_CDMA_SET_BROADCAST_CONFIG with 1 configs : [SUB0]
07-19 11:47:32.352 2720 3441 D RILJ : CdmaSmsBroadcastConfigInfo: Id [4099, 4099] ENABLED [SUB0]
07-19 11:47:32.354 2720 2720 D CdmaSSM : subscriptionSource from settings: 0
07-19 11:47:32.355 2720 2858 D RILJ : [3865]< VOICE_REGISTRATION_STATE {1, 0546, 04ba794d, 3, null, null, null, 0, null, null, 1, null, null, 0, b2} [SUB0]
07-19 11:47:32.357 2720 2858 D RilRequest: [3867]< RIL_REQUEST_CDMA_SET_BROADCAST_CONFIG error: com.android.internal.telephony.CommandException: GENERIC_FAILURE ret=
07-19 11:47:32.360 2720 2720 D CdmaSSM : subscriptionSource from settings: 0
07-19 11:47:32.363 2720 2720 D CdmaSSM : subscriptionSource from settings: 0
07-19 11:47:32.365 2720 2720 D CdmaSSM : subscriptionSource from settings: 0
07-19 11:47:32.366 2720 2858 D RILJ : [3864]< DATA_REGISTRATION_STATE {1, 0546, 04ba794d, 3, null, 20, null, null, null, null, null} [SUB0]
07-19 11:47:32.368 309 4943 E use-Rlog/RLOG-RIL-MOTEXT: mothook_oem_ex: header type 0, requestCode 0x0
07-19 11:47:32.368 2720 2720 D CdmaSSM : subscriptionSource from settings: 0
07-19 11:47:32.369 2720 2858 D RILJ : [3863]< OPERATOR {LIDL Connect, LIDL Connect, 26202, , , } [SUB0]
07-19 11:47:32.371 2720 2858 D RILJ : [3866]< QUERY_NETWORK_SELECTION_MODE {0} [SUB0]
07-19 11:47:32.376 2720 2720 D CdmaSSM : subscriptionSource from settings: 0
07-19 11:47:32.378 2720 2720 D CdmaSSM : subscriptionSource from settings: 0
07-19 11:47:32.381 2720 2720 D DCT : [0]setupDataOnConnectableApns: dataAttached hipri:[state=IDLE,enabled=false] mms:[state=IDLE,enabled=false] supl:[state=IDLE,enabled=false] ia:[state=IDLE,enabled=false] fota:[state=IDLE,enabled=false] ims:[state=IDLE,enabled=false] cbs:[state=IDLE,enabled=false] default:[state=IDLE,enabled=false] emergency:[state=IDLE,enabled=false] 
07-19 11:47:32.381 2720 2720 D DCT : [0]setupDataOnConnectableApns: nwTypeChanged hipri:[state=IDLE,enabled=false] mms:[state=IDLE,enabled=false] supl:[state=IDLE,enabled=false] ia:[state=IDLE,enabled=false] fota:[state=IDLE,enabled=false] ims:[state=IDLE,enabled=false] cbs:[state=IDLE,enabled=false] default:[state=IDLE,enabled=false] emergency:[state=IDLE,enabled=false] 
07-19 11:47:32.381 2720 2720 D ImsPhone: handleMessage what=51
07-19 11:47:32.381 2720 2720 D ImsPhone: EVENT_DEFAULT_PHONE_DATA_STATE_CHANGED
07-19 11:47:32.381 2720 2720 D ImsPhone: updateDataServiceState: defSs = 0 0 voice home data home LIDL Connect LIDL Connect 26202 LIDL Connect LIDL Connect 26202 UMTS UMTS CSS not supported -1 -1 RoamInd=-1 DefRoamInd=-1 EmergOnly=false IsDataRoamingFromRegistration=false IsUsingCarrierAggregation=false imsSs = 1 0 voice home data home null null null null null null Unknown UMTS CSS not supported -1 -1 RoamInd=-1 DefRoamInd=-1 EmergOnly=false IsDataRoamingFromRegistration=false IsUsingCarrierAggregation=false
07-19 11:47:32.382 2720 3441 D IccSmsInterfaceManager: [IccSmsInterfaceManager] Failed to add cdma broadcast subscription for MID range 4099 to 4099 from client com.android.cellbroadcastreceiver
07-19 11:47:32.386 2720 2720 D SST : handlPollStateResultMessage: GsmSST setDataRegState=0 regState=1 dataRadioTechnology=3
07-19 11:47:32.387 2720 4901 D PhoneFactory: SMS Prompt option:false
07-19 11:47:32.387 2720 4901 D RIL_UiccSmsController: isSmsSimPickActivityNeeded: false, sms prompt disabled.
07-19 11:47:32.388 2720 2720 D SST : EVENT_POLL_STATE_NETWORK_SELECTION_MODE
07-19 11:47:32.388 2720 3393 D IccSmsInterfaceManager: [IccSmsInterfaceManager] Failed to remove cdma broadcast subscription for MID range 4100 to 4100 from client com.android.cellbroadcastreceiver
07-19 11:47:32.389 2720 2720 D SST : Poll ServiceState done: oldSS=[0 0 voice home data home LIDL Connect LIDL Connect 26202 LIDL Connect LIDL Connect 26202 UMTS UMTS CSS not supported -1 -1 RoamInd=-1 DefRoamInd=-1 EmergOnly=false IsDataRoamingFromRegistration=false IsUsingCarrierAggregation=false] newSS=[0 0 voice home data home LIDL Connect LIDL Connect 26202 LIDL Connect LIDL Connect 26202 UMTS UMTS CSS not supported -1 -1 RoamInd=-1 DefRoamInd=-1 EmergOnly=false IsDataRoamingFromRegistration=false IsUsingCarrierAggregation=false] oldMaxDataCalls=20 mNewMaxDataCalls=20 oldReasonDataDenied=-1 mNewReasonDataDenied=-1
07-19 11:47:32.392 2720 2750 D PhoneFactory: SMS Prompt option:false
07-19 11:47:32.392 2720 2750 D RIL_UiccSmsController: isSmsSimPickActivityNeeded: false, sms prompt disabled.
07-19 11:47:32.393 2720 2990 D IccSmsInterfaceManager: [IccSmsInterfaceManager] Added GSM cell broadcast subscription for MID range 4352 to 4354 from client com.android.cellbroadcastreceiver
07-19 11:47:32.393 2720 2990 D IccSmsInterfaceManager: [IccSmsInterfaceManager] Calling setCellBroadcastActivation(true)
07-19 11:47:32.393 2720 2990 D RILJ : [3868]> RIL_REQUEST_GSM_BROADCAST_ACTIVATION [SUB0]
07-19 11:47:32.398 2720 2858 D RILJ : [3868]< RIL_REQUEST_GSM_BROADCAST_ACTIVATION [SUB0]
07-19 11:47:32.402 2720 2749 D PhoneFactory: SMS Prompt option:false
07-19 11:47:32.402 2720 2749 D RIL_UiccSmsController: isSmsSimPickActivityNeeded: false, sms prompt disabled.
07-19 11:47:32.402 2720 4902 D IccSmsInterfaceManager: [IccSmsInterfaceManager] Added GSM cell broadcast subscription for MID range 4356 to 4356 from client com.android.cellbroadcastreceiver
07-19 11:47:32.402 2720 4902 D IccSmsInterfaceManager: [IccSmsInterfaceManager] Calling setCellBroadcastActivation(true)
07-19 11:47:32.402 2720 4902 D RILJ : [3869]> RIL_REQUEST_GSM_BROADCAST_ACTIVATION [SUB0]
07-19 11:47:32.406 2720 2858 D RILJ : [3869]< RIL_REQUEST_GSM_BROADCAST_ACTIVATION [SUB0]
07-19 11:47:32.411 2720 3441 D PhoneFactory: SMS Prompt option:false
07-19 11:47:32.411 2720 3441 D RIL_UiccSmsController: isSmsSimPickActivityNeeded: false, sms prompt disabled.
07-19 11:47:32.412 2720 4901 D IccSmsInterfaceManager: [IccSmsInterfaceManager] Failed to remove GSM cell broadcast subscription for MID range 4355 to 4355 from client com.android.cellbroadcastreceiver
07-19 11:47:32.416 2720 3393 D PhoneFactory: SMS Prompt option:false
07-19 11:47:32.416 2720 3393 D RIL_UiccSmsController: isSmsSimPickActivityNeeded: false, sms prompt disabled.
07-19 11:47:32.417 2720 2750 D IccSmsInterfaceManager: [IccSmsInterfaceManager] Added GSM cell broadcast subscription for MID range 4370 to 4370 from client com.android.cellbroadcastreceiver
07-19 11:47:32.417 2720 2750 D IccSmsInterfaceManager: [IccSmsInterfaceManager] Calling setCellBroadcastActivation(true)
07-19 11:47:32.417 2720 2750 D RILJ : [3870]> RIL_REQUEST_GSM_BROADCAST_ACTIVATION [SUB0]
07-19 11:47:32.422 2720 2858 D RILJ : [3870]< RIL_REQUEST_GSM_BROADCAST_ACTIVATION [SUB0]
07-19 11:47:32.427 2720 2990 D PhoneFactory: SMS Prompt option:false
07-19 11:47:32.427 2720 2990 D RIL_UiccSmsController: isSmsSimPickActivityNeeded: false, sms prompt disabled.
07-19 11:47:32.428 2720 2749 D IccSmsInterfaceManager: [IccSmsInterfaceManager] Added GSM cell broadcast subscription for MID range 4371 to 4372 from client com.android.cellbroadcastreceiver
07-19 11:47:32.428 2720 2749 D IccSmsInterfaceManager: [IccSmsInterfaceManager] Calling setCellBroadcastActivation(true)
07-19 11:47:32.428 2720 2749 D RILJ : [3871]> RIL_REQUEST_GSM_BROADCAST_ACTIVATION [SUB0]
07-19 11:47:32.433 2720 2858 D RILJ : [3871]< RIL_REQUEST_GSM_BROADCAST_ACTIVATION [SUB0]
07-19 11:47:32.438 2720 4902 D PhoneFactory: SMS Prompt option:false
07-19 11:47:32.438 2720 4902 D RIL_UiccSmsController: isSmsSimPickActivityNeeded: false, sms prompt disabled.
07-19 11:47:32.439 2720 3441 D IccSmsInterfaceManager: [IccSmsInterfaceManager] Added GSM cell broadcast subscription for MID range 4373 to 4378 from client com.android.cellbroadcastreceiver
07-19 11:47:32.439 2720 3441 D IccSmsInterfaceManager: [IccSmsInterfaceManager] Calling setCellBroadcastActivation(true)
07-19 11:47:32.439 2720 3441 D RILJ : [3872]> RIL_REQUEST_GSM_BROADCAST_ACTIVATION [SUB0]
07-19 11:47:32.443 2720 2858 D RILJ : [3872]< RIL_REQUEST_GSM_BROADCAST_ACTIVATION [SUB0]
07-19 11:47:32.448 2720 4901 D PhoneFactory: SMS Prompt option:false
07-19 11:47:32.448 2720 4901 D RIL_UiccSmsController: isSmsSimPickActivityNeeded: false, sms prompt disabled.
07-19 11:47:32.449 2720 3393 D IccSmsInterfaceManager: [IccSmsInterfaceManager] Added GSM cell broadcast subscription for MID range 4379 to 4379 from client com.android.cellbroadcastreceiver
07-19 11:47:32.449 2720 3393 D IccSmsInterfaceManager: [IccSmsInterfaceManager] Calling setCellBroadcastActivation(true)
07-19 11:47:32.449 2720 3393 D RILJ : [3873]> RIL_REQUEST_GSM_BROADCAST_ACTIVATION [SUB0]
07-19 11:47:32.458 2720 2858 D RILJ : [3873]< RIL_REQUEST_GSM_BROADCAST_ACTIVATION [SUB0]
07-19 11:47:32.464 2720 2750 D PhoneFactory: SMS Prompt option:false
07-19 11:47:32.464 2720 2750 D RIL_UiccSmsController: isSmsSimPickActivityNeeded: false, sms prompt disabled.
07-19 11:47:32.465 2720 2990 D IccSmsInterfaceManager: [IccSmsInterfaceManager] Failed to remove GSM cell broadcast subscription for MID range 4380 to 4382 from client com.android.cellbroadcastreceiver
07-19 11:47:32.469 2720 2749 D PhoneFactory: SMS Prompt option:false
07-19 11:47:32.469 2720 2749 D RIL_UiccSmsController: isSmsSimPickActivityNeeded: false, sms prompt disabled.
07-19 11:47:32.471 2720 4902 D IccSmsInterfaceManager: [IccSmsInterfaceManager] Added GSM cell broadcast subscription for MID range 4383 to 4383 from client com.android.cellbroadcastreceiver
07-19 11:47:32.471 2720 4902 D IccSmsInterfaceManager: [IccSmsInterfaceManager] Calling setCellBroadcastActivation(true)
07-19 11:47:32.471 2720 4902 D RILJ : [3874]> RIL_REQUEST_GSM_BROADCAST_ACTIVATION [SUB0]
07-19 11:47:32.476 2720 2858 D RILJ : [3874]< RIL_REQUEST_GSM_BROADCAST_ACTIVATION [SUB0]
07-19 11:47:32.481 2720 3441 D PhoneFactory: SMS Prompt option:false
07-19 11:47:32.481 2720 3441 D RIL_UiccSmsController: isSmsSimPickActivityNeeded: false, sms prompt disabled.
07-19 11:47:32.482 2720 4901 D IccSmsInterfaceManager: [IccSmsInterfaceManager] Added GSM cell broadcast subscription for MID range 4384 to 4385 from client com.android.cellbroadcastreceiver
07-19 11:47:32.482 2720 4901 D IccSmsInterfaceManager: [IccSmsInterfaceManager] Calling setCellBroadcastActivation(true)
07-19 11:47:32.482 2720 4901 D RILJ : [3875]> RIL_REQUEST_GSM_BROADCAST_ACTIVATION [SUB0]
07-19 11:47:32.486 2720 2858 D RILJ : [3875]< RIL_REQUEST_GSM_BROADCAST_ACTIVATION [SUB0]
07-19 11:47:32.491 2720 3393 D PhoneFactory: SMS Prompt option:false
07-19 11:47:32.491 2720 3393 D RIL_UiccSmsController: isSmsSimPickActivityNeeded: false, sms prompt disabled.
07-19 11:47:32.492 2720 2750 D IccSmsInterfaceManager: [IccSmsInterfaceManager] Added GSM cell broadcast subscription for MID range 4386 to 4391 from client com.android.cellbroadcastreceiver
07-19 11:47:32.492 2720 2750 D IccSmsInterfaceManager: [IccSmsInterfaceManager] Calling setCellBroadcastActivation(true)
07-19 11:47:32.492 2720 2750 D RILJ : [3876]> RIL_REQUEST_GSM_BROADCAST_ACTIVATION [SUB0]
07-19 11:47:32.496 2720 2858 D RILJ : [3876]< RIL_REQUEST_GSM_BROADCAST_ACTIVATION [SUB0]
07-19 11:47:32.501 2720 2990 D PhoneFactory: SMS Prompt option:false
07-19 11:47:32.501 2720 2990 D RIL_UiccSmsController: isSmsSimPickActivityNeeded: false, sms prompt disabled.
07-19 11:47:32.501 2720 2749 D IccSmsInterfaceManager: [IccSmsInterfaceManager] Added GSM cell broadcast subscription for MID range 4392 to 4392 from client com.android.cellbroadcastreceiver
07-19 11:47:32.502 2720 2749 D IccSmsInterfaceManager: [IccSmsInterfaceManager] Calling setCellBroadcastActivation(true)
07-19 11:47:32.502 2720 2749 D RILJ : [3877]> RIL_REQUEST_GSM_BROADCAST_ACTIVATION [SUB0]
07-19 11:47:32.507 2720 2858 D RILJ : [3877]< RIL_REQUEST_GSM_BROADCAST_ACTIVATION [SUB0]
07-19 11:47:32.511 2720 4902 D PhoneFactory: SMS Prompt option:false
07-19 11:47:32.511 2720 4902 D RIL_UiccSmsController: isSmsSimPickActivityNeeded: false, sms prompt disabled.
07-19 11:47:32.512 2720 3441 D IccSmsInterfaceManager: [IccSmsInterfaceManager] Failed to remove GSM cell broadcast subscription for MID range 4393 to 4395 from client com.android.cellbroadcastreceiver
07-19 11:47:32.517 2720 4901 D PhoneFactory: SMS Prompt option:false
07-19 11:47:32.517 2720 4901 D RIL_UiccSmsController: isSmsSimPickActivityNeeded: false, sms prompt disabled.
07-19 11:47:32.518 2720 3393 D IccSmsInterfaceManager: [IccSmsInterfaceManager] Added GSM cell broadcast subscription for MID range 50 to 50 from client com.android.cellbroadcastreceiver
07-19 11:47:32.518 2720 3393 D IccSmsInterfaceManager: [IccSmsInterfaceManager] Calling setCellBroadcastActivation(true)
07-19 11:47:32.518 2720 3393 D RILJ : [3878]> RIL_REQUEST_GSM_BROADCAST_ACTIVATION [SUB0]
07-19 11:47:32.521 2720 2858 V RILJ : [UNSL]< UNSOL_OEM_HOOK_RAW 514f454d484f4f4bef0308000100000002 [SUB0]
07-19 11:47:32.523 2720 2858 D RILJ : [UNSL]< UNSOL_RESPONSE_VOICE_NETWORK_STATE_CHANGED [SUB0]
07-19 11:47:32.523 2720 2720 D RILJ : [3879]> OPERATOR [SUB0]
07-19 11:47:32.524 2720 2858 D RILJ : [3878]< RIL_REQUEST_GSM_BROADCAST_ACTIVATION [SUB0]
07-19 11:47:32.524 2720 2720 D RILJ : [3880]> DATA_REGISTRATION_STATE [SUB0]
07-19 11:47:32.525 309 1182 I RILQ : (0/309):RIL[0][event] qcril_arb_set_dsd_sys_status: old_pref_data 1 - new_data_pref 1
07-19 11:47:32.525 309 1182 I RILQ : (0/309):RIL[0][event] qcril_arb_set_dsd_sys_status: preferred dsd_sys_status nw=0x0, rat_value=0x1, so_mask=0x0000000000000007
07-19 11:47:32.525 309 1182 I RILQ : (0/309):RIL[0][event] qcril_arb_set_dsd_sys_status: preferred 1 - dsd_sys_status nw=0x0, rat_value=0x1, so_mask=0x0000000000000007
07-19 11:47:32.525 309 1182 I RILQ : (0/309):RIL[0][event] qcril_arb_set_dsd_sys_status: is_wwan_available 0
07-19 11:47:32.525 2720 2720 D RILJ : [3881]> VOICE_REGISTRATION_STATE [SUB0]
07-19 11:47:32.526 2720 2858 V RILJ : [UNSL]< UNSOL_OEM_HOOK_RAW 514f454d484f4f4bfa0308000100000000 [SUB0]
07-19 11:47:32.526 2720 2720 D RILJ : [3882]> QUERY_NETWORK_SELECTION_MODE [SUB0]
07-19 11:47:32.530 2720 2858 D RILJ : [UNSL]< UNSOL_RESPONSE_VOICE_NETWORK_STATE_CHANGED [SUB0]
07-19 11:47:32.532 2720 2720 D RILJ : [3883]> OPERATOR [SUB0]
07-19 11:47:32.533 2720 2750 D PhoneFactory: SMS Prompt option:false
07-19 11:47:32.533 2720 2750 D RIL_UiccSmsController: isSmsSimPickActivityNeeded: false, sms prompt disabled.
07-19 11:47:32.533 2720 2720 D RILJ : [3884]> DATA_REGISTRATION_STATE [SUB0]
07-19 11:47:32.534 2720 2720 D RILJ : [3885]> VOICE_REGISTRATION_STATE [SUB0]
07-19 11:47:32.535 2720 2749 D IccSmsInterfaceManager: [IccSmsInterfaceManager] Added GSM cell broadcast subscription for MID range 60 to 60 from client com.android.cellbroadcastreceiver
07-19 11:47:32.535 2720 2749 D IccSmsInterfaceManager: [IccSmsInterfaceManager] Calling setCellBroadcastActivation(true)
07-19 11:47:32.535 2720 2749 D RILJ : [3886]> RIL_REQUEST_GSM_BROADCAST_ACTIVATION [SUB0]
07-19 11:47:32.536 2720 2720 D RILJ : [3887]> QUERY_NETWORK_SELECTION_MODE [SUB0]
07-19 11:47:32.540 2720 2858 D RILJ : [3886]< RIL_REQUEST_GSM_BROADCAST_ACTIVATION [SUB0]
07-19 11:47:32.543 309 4977 E use-Rlog/RLOG-RIL-MOTEXT: mothook_oem_ex: header type 0, requestCode 0x0
07-19 11:47:32.545 2720 2858 D RILJ : [3879]< OPERATOR {LIDL Connect, LIDL Connect, 26202, , , } [SUB0]
07-19 11:47:32.545 2720 2858 D RILJ : [3883]< OPERATOR {LIDL Connect, LIDL Connect, 26202, , , } [SUB0]
07-19 11:47:32.547 2720 2858 D RILJ : [3881]< VOICE_REGISTRATION_STATE {1, 0546, 04ba794d, 3, null, null, null, 0, null, null, 1, null, null, 0, b2} [SUB0]
07-19 11:47:32.548 2720 2858 D RILJ : [3885]< VOICE_REGISTRATION_STATE {1, 0546, 04ba794d, 3, null, null, null, 0, null, null, 1, null, null, 0, b2} [SUB0]
07-19 11:47:32.549 2720 2858 D RILJ : [3880]< DATA_REGISTRATION_STATE {1, 0546, 04ba794d, 11, null, 20, null, null, null, null, null} [SUB0]
07-19 11:47:32.549 2720 2858 D RILJ : [3884]< DATA_REGISTRATION_STATE {1, 0546, 04ba794d, 11, null, 20, null, null, null, null, null} [SUB0]
07-19 11:47:32.549 2720 2720 D SST : handlPollStateResultMessage: GsmSST setDataRegState=0 regState=1 dataRadioTechnology=11
07-19 11:47:32.550 2720 2858 D RILJ : [3882]< QUERY_NETWORK_SELECTION_MODE {0} [SUB0]
07-19 11:47:32.551 2720 2720 D SST : EVENT_POLL_STATE_NETWORK_SELECTION_MODE
07-19 11:47:32.551 2720 2858 D RILJ : [3887]< QUERY_NETWORK_SELECTION_MODE {0} [SUB0]
07-19 11:47:32.551 2720 2720 D SST : EVENT_POLL_STATE_NETWORK_SELECTION_MODE
07-19 11:47:32.553 2720 2720 D SST : Poll ServiceState done: oldSS=[0 0 voice home data home LIDL Connect LIDL Connect 26202 LIDL Connect LIDL Connect 26202 UMTS UMTS CSS not supported -1 -1 RoamInd=-1 DefRoamInd=-1 EmergOnly=false IsDataRoamingFromRegistration=false IsUsingCarrierAggregation=false] newSS=[0 0 voice home data home LIDL Connect LIDL Connect 26202 LIDL Connect LIDL Connect 26202 UMTS HSPA CSS not supported -1 -1 RoamInd=-1 DefRoamInd=-1 EmergOnly=false IsDataRoamingFromRegistration=false IsUsingCarrierAggregation=false] oldMaxDataCalls=20 mNewMaxDataCalls=20 oldReasonDataDenied=-1 mNewReasonDataDenied=-1
07-19 11:47:32.553 2720 2720 D TelephonyManager: setTelephonyProperty: success phoneId=0 property=gsm.network.type value: HSPA propVal=HSPA,Unknown
07-19 11:47:32.555 2720 2720 D SIMRecords: [SIMRecords] getServiceProviderName: no brandOverride, providerName=LIDL Connect
07-19 11:47:32.555 2720 2720 D SIMRecords: [SIMRecords] getServiceProviderName: no brandOverride, providerName=LIDL Connect
07-19 11:47:32.555 2720 2720 D TelephonyManager: setTelephonyProperty: success phoneId=0 property=gsm.operator.alpha value: LIDL Connect propVal=LIDL Connect
07-19 11:47:32.556 2720 2720 D TelephonyManager: setTelephonyProperty: success phoneId=0 property=gsm.operator.numeric value: 26202 propVal=26202
07-19 11:47:32.556 2720 2720 D TelephonyManager: setTelephonyProperty: success phoneId=0 property=gsm.operator.iso-country value: de propVal=de
07-19 11:47:32.557 2720 2720 D SST : pollStateDone: no nitz but one TZ for iso-cc=de with zone.getID=Europe/Berlin testOneUniqueOffsetPath=false
07-19 11:47:32.557 2720 2720 D SST : setAndBroadcastNetworkSetTimeZone: setTimeZone=Europe/Berlin
07-19 11:47:32.557 1827 4003 D AlarmManagerService: Kernel timezone updated to -120 minutes west of GMT
07-19 11:47:32.558 2720 2720 D SST : setAndBroadcastNetworkSetTimeZone: call alarm.setTimeZone and broadcast zoneId=Europe/Berlin
07-19 11:47:32.559 2720 2720 D SST : shouldFixTimeZoneNow: retVal=false iccCardExist=true operatorNumeric=26202 mcc=262 prevOperatorNumeric=26202 prevMcc=262 needToFixTimeZone=false ltod=07-19 11:47:32.558
07-19 11:47:32.559 2720 2720 D TelephonyManager: setTelephonyProperty: success phoneId=0 property=gsm.operator.isroaming value: false propVal=false
07-19 11:47:32.559 2720 2720 D SST : Broadcasting ServiceState : 0 0 voice home data home LIDL Connect LIDL Connect 26202 LIDL Connect LIDL Connect 26202 UMTS HSPA CSS not supported -1 -1 RoamInd=-1 DefRoamInd=-1 EmergOnly=false IsDataRoamingFromRegistration=false IsUsingCarrierAggregation=false
07-19 11:47:32.559 2720 2720 D DefaultPhoneNotifier: nofityServiceState: mRegistry=com.android.internal.telephony.ITelephonyRegistry$Stub$Proxy@b511283 ss=0 0 voice home data home LIDL Connect LIDL Connect 26202 LIDL Connect LIDL Connect 26202 UMTS HSPA CSS not supported -1 -1 RoamInd=-1 DefRoamInd=-1 EmergOnly=false IsDataRoamingFromRegistration=false IsUsingCarrierAggregation=false sender=Handler (com.android.internal.telephony.GsmCdmaPhone) {723e107} phondId=0 subId=1
07-19 11:47:32.564 2720 2720 D SST : notifyDataRegStateRilRadioTechnologyChanged: drs=0 rat=11
07-19 11:47:32.565 2720 2720 D TelephonyManager: setTelephonyProperty: success phoneId=0 property=gsm.network.type value: HSPA propVal=HSPA,Unknown
07-19 11:47:32.566 2720 2720 D DCT : [0]get all active apn types
07-19 11:47:32.566 2720 2720 D ImsPhone: handleMessage what=52
07-19 11:47:32.567 2720 2720 D DCT : [0]setupDataOnConnectableApns: nwTypeChanged hipri:[state=IDLE,enabled=false] mms:[state=IDLE,enabled=false] supl:[state=IDLE,enabled=false] ia:[state=IDLE,enabled=false] fota:[state=IDLE,enabled=false] ims:[state=IDLE,enabled=false] cbs:[state=IDLE,enabled=false] default:[state=IDLE,enabled=false] emergency:[state=IDLE,enabled=false] 
07-19 11:47:32.567 2720 2720 D ImsPhone: handleMessage what=51
07-19 11:47:32.567 2720 2720 D ImsPhone: EVENT_DEFAULT_PHONE_DATA_STATE_CHANGED
07-19 11:47:32.567 2720 2720 D ImsPhone: updateDataServiceState: defSs = 0 0 voice home data home LIDL Connect LIDL Connect 26202 LIDL Connect LIDL Connect 26202 UMTS HSPA CSS not supported -1 -1 RoamInd=-1 DefRoamInd=-1 EmergOnly=false IsDataRoamingFromRegistration=false IsUsingCarrierAggregation=false imsSs = 1 0 voice home data home null null null null null null Unknown HSPA CSS not supported -1 -1 RoamInd=-1 DefRoamInd=-1 EmergOnly=false IsDataRoamingFromRegistration=false IsUsingCarrierAggregation=false
07-19 11:47:32.569 2958 2958 D CellBroadcastReceiver: onReceive Intent { act=android.intent.action.SERVICE_STATE flg=0x10 cmp=com.android.cellbroadcastreceiver/.CellBroadcastReceiver (has extras) }
07-19 11:47:32.569 2958 2958 D CellBroadcastReceiver: Intent: android.intent.action.SERVICE_STATE
07-19 11:47:32.580 2646 2646 D wpa_supplicant: wlan0: Control interface command 'SIGNAL_POLL'
07-19 11:47:35.625 2646 2646 D wpa_supplicant: wlan0: Control interface command 'SIGNAL_POLL'
07-19 11:47:36.539 313 528 D audio_hw_primary: start_output_stream: enter: stream(0xb623d380)usecase(1: low-latency-playback) devices(0x2)
07-19 11:47:36.539 313 528 D audio_hw_primary: select_devices: out_snd_device(2: speaker) in_snd_device(0: )
07-19 11:47:36.539 313 528 W msm8916_platform: Codec backend bitwidth 16, samplerate 48000
