07-19 10:44:16.334 2720 2720 D ImsPhone: handleMessage what=51
07-19 10:44:16.334 2720 2720 D ImsPhone: EVENT_DEFAULT_PHONE_DATA_STATE_CHANGED
07-19 10:44:16.334 2720 2720 D ImsPhone: updateDataServiceState: defSs = 1 1 voice home data home null null null null null null Unknown Unknown CSS not supported -1 -1 RoamInd=-1 DefRoamInd=-1 EmergOnly=false IsDataRoamingFromRegistration=false IsUsingCarrierAggregation=false imsSs = 1 1 voice home data home null null null null null null Unknown Unknown CSS not supported -1 -1 RoamInd=-1 DefRoamInd=-1 EmergOnly=false IsDataRoamingFromRegistration=false IsUsingCarrierAggregation=false
07-19 10:44:16.344 2720 2720 D SubscriptionController: [getActiveSubscriptionInfo]+ subId=1 subInfo={id=1, iccId=89492019156020009546 simSlotIndex=0 displayName=LIDL Connect carrierName=No service nameSource=0 iconTint=-16746133 dataRoaming=0 iconBitmap=android.graphics.Bitmap@4c185ba mcc 262 mnc 2 userNwMode=10}
07-19 10:44:16.351 1827 1926 I Telecom : PhoneAccountRegistrar: [ComponentInfo{com.android.phone/com.android.services.telephony.TelephonyConnectionService}, [c07291f3b3eb4f5251ea45deb91ef815249a00bb], UserHandle{0}(icon: Icon(typ=BITMAP size=48x48) -> Icon(typ=BITMAP size=48x48))]: TSI.rPA@AC4
07-19 10:44:16.354 1827 1926 I Telecom : : Sending phone-account registered intent as user: TSI.rPA@AC4
07-19 10:44:16.583 2720 2858 D RILJ : [UNSL]< UNSOL_STK_PROACTIVE_COMMAND [SUB0]
07-19 10:44:16.583 2720 2720 D CAT : CatService: handleMessage[2]
07-19 10:44:16.583 2720 2720 D CAT : CatService: ril message arrived,slotid:0
07-19 10:44:16.585 2720 3198 D CAT : CommandParamsFactory: process SelectItem
07-19 10:44:16.589 2720 2720 D CAT : CatService: handleMessage[10]
07-19 10:44:16.589 2720 2720 D CAT : CatService: SET_UP_MENU
07-19 10:44:16.590 2720 2720 D CAT : CatService: encodeOptionalTags() Unsupported Cmd details=CmdDetails: compRequired=true commandNumber=1 typeOfCommand=37 commandQualifier=0
07-19 10:44:16.591 2720 2720 D RILJ : [3770]> REQUEST_STK_SEND_TERMINAL_RESPONSE [SUB0]
07-19 10:44:16.591 2720 2720 D CAT : CatService: Sending CmdMsg: com.android.internal.telephony.cat.CatCmdMessage@500cc6b on slotid:0
07-19 10:44:16.601 309 1182 E RILQ : (0/309): RIL[0][event] qcril_gstk_qmi_copy_and_save_proactive_cmd: Invalid ril_unsol_resp parameters, cannot save
07-19 10:44:16.602 2720 2858 D RILJ : [UNSL]< UNSOL_STK_SESSION_END [SUB0]
07-19 10:44:16.603 2720 2858 D RILJ : [3770]< REQUEST_STK_SEND_TERMINAL_RESPONSE [SUB0]
07-19 10:44:16.612 2720 2720 D CAT : StkCmdReceiver: handleAction, op: 1args: Bundle[{SLOT_ID=0, cmd message=com.android.internal.telephony.cat.CatCmdMessage@dde4c61, op=1}], slot id: 0
07-19 10:44:16.617 2720 2720 D CAT : CatService: handleMessage[1]
07-19 10:44:16.617 2720 2720 D CAT : CatService: ril message arrived,slotid:0
07-19 10:44:16.618 2720 2720 D CAT : com.android.stk.StkAppService: onCreate()+
07-19 10:44:16.618 2720 2720 D CAT : com.android.stk.StkAppService: simCount: 2
07-19 10:44:16.620 2720 2720 D CAT : com.android.stk.StkAppService: slotId: 0
07-19 10:44:16.620 2720 2720 D CAT : com.android.stk.StkAppService: slotId: 1
07-19 10:44:16.621 2720 2720 D CAT : com.android.stk.StkAppService: onStart sim id: 0, op: 1, *****
07-19 10:44:16.722 2720 2720 D CAT : CatService: handleMessage[10]
07-19 10:44:16.722 2720 2720 D CAT : CatService: SESSION END on 0
07-19 10:44:16.722 2720 3770 D CAT : com.android.stk.StkAppService: handleMessage opcode[1], sim id[0]
07-19 10:44:16.723 2720 3770 D CAT : com.android.stk.StkAppService: cmdName[SET_UP_MENU]
07-19 10:44:16.723 2720 3770 D CAT : com.android.stk.StkAppService: [OP_CMD]
07-19 10:44:16.724 2720 3770 D CAT : com.android.stk.StkAppService: [handleCmd]SET_UP_MENU
07-19 10:44:16.724 2720 3770 D CAT : com.android.stk.StkAppService: SET_UP_MENU [false]
07-19 10:44:16.724 2720 3770 D CAT : com.android.stk.StkAppService: install App
07-19 10:44:16.724 2720 3770 D CAT : StkAppInstaller: [setAppState]+
07-19 10:44:16.725 2720 2720 D CAT : StkCmdReceiver: handleAction, op: 4args: Bundle[{SLOT_ID=0, op=4}], slot id: 0
07-19 10:44:16.726 2720 3770 D CAT : StkAppInstaller: Change app state[true]
07-19 10:44:16.726 2720 2720 D CAT : com.android.stk.StkAppService: onStart sim id: 0, op: 4, *****
07-19 10:44:16.727 2720 3770 D CAT : StkAppInstaller: [setAppState]-
07-19 10:44:16.727 2720 3770 D CAT : com.android.stk.StkAppService: handleMessage opcode[4], sim id[0]
07-19 10:44:16.727 2720 3770 D CAT : StkAppService$StkContext: getPendingActivityInstance act : 0, null
07-19 10:44:16.727 2720 3770 D CAT : StkAppService$StkContext: getPendingPrevActivityInstance act : 0, null
07-19 10:44:16.727 2720 3770 D CAT : StkAppService$StkContext: getPendingDialogInstance act : 0, null
07-19 10:44:16.727 2720 3770 D CAT : com.android.stk.StkAppService: cleanUpInstanceStackBySlot slotId: 0
07-19 10:44:16.727 2720 3770 D CAT : com.android.stk.StkAppService: [handleSessionEnd] - mCurrentCmd changed to mMainCmd!.
07-19 10:44:16.727 2720 3770 D CAT : com.android.stk.StkAppService: slotId: 0, mMenuState: 0
07-19 10:44:16.727 2720 3770 D CAT : com.android.stk.StkAppService: [handleSessionEnd][mMenuState]false
07-19 10:44:17.779 0 0 I [ 26.617005,2] init: Service 'bootanim' (pid 567) exited with status 0
07-19 10:44:17.781 288 288 I sf_frame_dur: [BootAnimation,1059,19,0,0,0,0,0]
07-19 10:44:17.786 288 288 E qdhwcomposer: qdcmApplyDefaultAfterBootAnimationDone: Not able to load libmm-qdcm.so
07-19 10:44:17.941 1827 1983 I wm_boot_animation_done: 26758
07-19 10:44:17.943 1827 1983 I SystemServiceManager: Starting phase 1000
07-19 10:44:17.945 1827 1985 I chatty : uid=1000(system) PowerManagerSer expire 10 lines
07-19 10:44:17.946 0 0 I [ 26.783519,0] alsps_epl8802[epl_sensor_enable_als]: enable=1
07-19 10:44:17.976 0 0 I [ 26.811631,3] alsps_epl8802[epl_sensor_enable_als]: enable=0
07-19 10:44:17.983 0 0 I [ 26.820062,1] alsps_epl8802[epl_sensor_enable_als]: enable=1
07-19 10:44:18.005 1827 2414 E LiveDisplay: Color temperature out of range: 0
07-19 10:44:18.010 1827 1985 D LuxLevels: bright hysteresis constant= 0.1, threshold=93.5, lux=85.0
07-19 10:44:18.011 1827 1985 D LuxLevels: dark hysteresis constant= 0.2, threshold=68.0, lux=85.0
07-19 10:44:18.029 1827 1983 I am_proc_start: [0,3856,10013,android.ext.services,on-hold,]
07-19 10:44:18.029 1827 1983 I ActivityManager: Start proc 3856:android.ext.services/u0a13 for on-hold
07-19 10:44:18.031 1827 1983 D ActivityManager: Finishing user boot 0
07-19 10:44:18.031 1827 1983 I sysui_histogram: [framework_locked_boot_completed,26]
07-19 10:44:18.033 1827 1983 D CryptdConnector: SND -> {5 cryptfs prepare_user_storage ! 0 0 2}
07-19 10:44:18.034 225 230 D vold : e4crypt_prepare_user_storage for volume null, user 0, serial 0, flags 2
07-19 10:44:18.034 0 0 I [ 26.869292,3] init: write_file: Unable to write to '/sys/devices/system/cpu/cpu0/online': Invalid argument
07-19 10:44:18.034 0 0 I [ 26.871154,3] init: Starting service 'batt_health'...
07-19 10:44:18.034 225 230 D vold : Preparing: /data/system_ce/0
07-19 10:44:18.034 225 230 D vold : Preparing: /data/misc_ce/0
07-19 10:44:18.034 225 230 D vold : Preparing: /data/media/0
07-19 10:44:18.034 225 230 D vold : Preparing: /data/data
07-19 10:44:18.034 1827 2335 D CryptdConnector: RCV <- {200 5 Command succeeded}
07-19 10:44:18.035 1827 1983 V UserManagerService: Found /data/user/0 with serial number 0
07-19 10:44:18.036 1827 1983 V UserManagerService: Found /data/system_ce/0 with serial number 0
07-19 10:44:18.036 1827 1983 V PackageManager: reconcileAppsData for null u0 0x2
07-19 10:44:18.043 0 0 I [ 26.879068,3] init: Starting service 'exec 3 (/system/bin/bootstat)'...
07-19 10:44:18.077 3862 3862 E NEW_BHD : Battery Power Supply logging Daemon start!!!!!
07-19 10:44:18.087 3864 3864 I bootstat: Service started: /system/bin/bootstat --record_boot_complete 
07-19 10:44:18.088 3864 3864 I bootstat: Logging histogram: bootstat_mtime_matches_content 1
07-19 10:44:18.089 3864 3864 I sysui_histogram: [bootstat_mtime_matches_content,1]
07-19 10:44:18.094 3864 3864 I bootstat: Logging histogram: bootstat_mtime_matches_content 1
07-19 10:44:18.094 3864 3864 I sysui_histogram: [bootstat_mtime_matches_content,1]
07-19 10:44:18.094 3864 3864 E bootstat: Failed to read /data/misc/bootstat/post_decrypt_time_elapsed: No such file or directory
07-19 10:44:18.094 3864 3864 E bootstat: Failed to parse boot time record: /data/misc/bootstat/post_decrypt_time_elapsed
07-19 10:44:18.096 0 0 I [ 26.934277,3] init: Service 'exec 3 (/system/bin/bootstat)' (pid 3864) exited with status 0
07-19 10:44:18.096 0 0 I [ 26.934757,3] init: Starting service 'exec 4 (/system/bin/bootstat)'...
07-19 10:44:18.117 3882 3882 I bootstat: Service started: /system/bin/bootstat --record_boot_reason 
07-19 10:44:18.119 0 0 I [ 26.957340,3] init: Service 'exec 4 (/system/bin/bootstat)' (pid 3882) exited with status 0
07-19 10:44:18.119 0 0 I [ 26.957690,3] init: Starting service 'exec 5 (/system/bin/bootstat)'...
07-19 10:44:18.138 3883 3883 I bootstat: Service started: /system/bin/bootstat --record_time_since_factory_reset 
07-19 10:44:18.138 3883 3883 I bootstat: Logging histogram: factory_reset_current_time 1500453858
07-19 10:44:18.139 3883 3883 I sysui_histogram: [factory_reset_current_time,1500453858]
07-19 10:44:18.140 3883 3883 I bootstat: Logging histogram: bootstat_mtime_matches_content 1
07-19 10:44:18.140 3883 3883 I sysui_histogram: [bootstat_mtime_matches_content,1]
07-19 10:44:18.140 3883 3883 I bootstat: Logging histogram: factory_reset_record_value 1499987087
07-19 10:44:18.140 3883 3883 I sysui_histogram: [factory_reset_record_value,1499987087]
07-19 10:44:18.143 0 0 I [ 26.980666,3] init: Service 'exec 5 (/system/bin/bootstat)' (pid 3883) exited with status 0
07-19 10:44:18.143 0 0 I [ 26.980999,3] init: Starting service 'exec 6 (/system/bin/bootstat)'...
07-19 10:44:18.161 3884 3884 I bootstat: Service started: /system/bin/bootstat -l 
07-19 10:44:18.161 3884 3884 I bootstat: Logging histogram: bootstat_mtime_matches_content 1
07-19 10:44:18.161 3884 3884 I sysui_histogram: [bootstat_mtime_matches_content,1]
07-19 10:44:18.161 3884 3884 I bootstat: Logging histogram: bootstat_mtime_matches_content 1
07-19 10:44:18.161 3884 3884 I sysui_histogram: [bootstat_mtime_matches_content,1]
07-19 10:44:18.162 3884 3884 I bootstat: Logging histogram: bootstat_mtime_matches_content 1
07-19 10:44:18.162 3884 3884 I sysui_histogram: [bootstat_mtime_matches_content,1]
07-19 10:44:18.163 3884 3884 I bootstat: Logging histogram: bootstat_mtime_matches_content 1
07-19 10:44:18.163 3884 3884 I sysui_histogram: [bootstat_mtime_matches_content,1]
07-19 10:44:18.163 3884 3884 I bootstat: Logging histogram: bootstat_mtime_matches_content 1
07-19 10:44:18.163 3884 3884 I sysui_histogram: [bootstat_mtime_matches_content,1]
07-19 10:44:18.163 3884 3884 I bootstat: Logging histogram: bootstat_mtime_matches_content 1
07-19 10:44:18.163 3884 3884 I sysui_histogram: [bootstat_mtime_matches_content,1]
07-19 10:44:18.163 3884 3884 I bootstat: Logging histogram: bootstat_mtime_matches_content 1
07-19 10:44:18.163 3884 3884 I sysui_histogram: [bootstat_mtime_matches_content,1]
07-19 10:44:18.163 3884 3884 I bootstat: Logging histogram: bootstat_mtime_matches_content 1
07-19 10:44:18.163 3884 3884 I sysui_histogram: [bootstat_mtime_matches_content,1]
07-19 10:44:18.163 3884 3884 I bootstat: Logging histogram: bootstat_mtime_matches_content 1
07-19 10:44:18.163 3884 3884 I sysui_histogram: [bootstat_mtime_matches_content,1]
07-19 10:44:18.163 3884 3884 I bootstat: Logging histogram: bootstat_mtime_matches_content 1
07-19 10:44:18.163 3884 3884 I sysui_histogram: [bootstat_mtime_matches_content,1]
07-19 10:44:18.163 3884 3884 I bootstat: Logging histogram: bootstat_mtime_matches_content 1
07-19 10:44:18.163 3884 3884 I sysui_histogram: [bootstat_mtime_matches_content,1]
07-19 10:44:18.163 3884 3884 I bootstat: Logging histogram: bootstat_mtime_matches_content 1
07-19 10:44:18.163 3884 3884 I sysui_histogram: [bootstat_mtime_matches_content,1]
07-19 10:44:18.163 3884 3884 I bootstat: Logging histogram: last_boot_time_utc 1500453858
07-19 10:44:18.163 3884 3884 I sysui_histogram: [last_boot_time_utc,1500453858]
07-19 10:44:18.163 3884 3884 I bootstat: Logging histogram: build_date 1499986945
07-19 10:44:18.163 3884 3884 I sysui_histogram: [build_date,1499986945]
07-19 10:44:18.163 3884 3884 I bootstat: Logging histogram: ota_boot_complete_no_encryption 152
07-19 10:44:18.163 3884 3884 I sysui_histogram: [ota_boot_complete_no_encryption,152]
07-19 10:44:18.163 3884 3884 I bootstat: Logging histogram: ota_boot_complete 152
07-19 10:44:18.163 3884 3884 I sysui_histogram: [ota_boot_complete,152]
07-19 10:44:18.164 3884 3884 I bootstat: Logging histogram: boot_reason 4
07-19 10:44:18.164 3884 3884 I sysui_histogram: [boot_reason,4]
07-19 10:44:18.164 3884 3884 I bootstat: Logging histogram: factory_reset_current_time 1500453858
07-19 10:44:18.164 3884 3884 I sysui_histogram: [factory_reset_current_time,1500453858]
07-19 10:44:18.164 3884 3884 I bootstat: Logging histogram: factory_reset 1499987087
07-19 10:44:18.164 3884 3884 I sysui_histogram: [factory_reset,1499987087]
07-19 10:44:18.164 3884 3884 I bootstat: Logging histogram: time_since_last_boot 25
07-19 10:44:18.164 3884 3884 I sysui_histogram: [time_since_last_boot,25]
07-19 10:44:18.164 3884 3884 I bootstat: Logging histogram: boot_complete_no_encryption 26
07-19 10:44:18.164 3884 3884 I sysui_histogram: [boot_complete_no_encryption,26]
07-19 10:44:18.164 3884 3884 I bootstat: Logging histogram: boot_complete 26
07-19 10:44:18.164 3884 3884 I sysui_histogram: [boot_complete,26]
07-19 10:44:18.164 3884 3884 I bootstat: Logging histogram: factory_reset_record_value 1499987087
07-19 10:44:18.164 3884 3884 I sysui_histogram: [factory_reset_record_value,1499987087]
07-19 10:44:18.164 3884 3884 I bootstat: Logging histogram: time_since_factory_reset 466771
07-19 10:44:18.164 3884 3884 I sysui_histogram: [time_since_factory_reset,466771]
07-19 10:44:18.166 0 0 I [ 27.003095,3] init: Service 'exec 6 (/system/bin/bootstat)' (pid 3884) exited with status 0
07-19 10:44:18.186 0 0 I [ 27.021469,3] init: write_file: Unable to open '/sys/block/mmcblk1/queue/scheduler': No such file or directory
07-19 10:44:18.186 0 0 I [ 27.021548,3] init: write_file: Unable to open '/sys/block/sda/queue/scheduler': No such file or directory
07-19 10:44:18.186 0 0 I [ 27.021605,3] init: write_file: Unable to open '/sys/block/sde/queue/scheduler': No such file or directory
07-19 10:44:18.186 0 0 I [ 27.021653,3] init: write_file: Unable to open '/sys/block/dm-0/queue/scheduler': No such file or directory
07-19 10:44:18.186 0 0 I [ 27.021808,3] init: write_file: Unable to open '/sys/block/mmcblk1/queue/iosched/slice_idle': No such file or directory
07-19 10:44:18.186 0 0 I [ 27.021847,3] init: write_file: Unable to open '/sys/block/sda/queue/iosched/slice_idle': No such file or directory
07-19 10:44:18.186 0 0 I [ 27.021884,3] init: write_file: Unable to open '/sys/block/sde/queue/iosched/slice_idle': No such file or directory
07-19 10:44:18.186 0 0 I [ 27.021920,3] init: write_file: Unable to open '/sys/block/dm-0/queue/iosched/slice_idle': No such file or directory
07-19 10:44:18.378 1827 1983 V PackageManager: reconcileAppsData finished 95 packages
07-19 10:44:18.378 1827 1937 I dvm_lock_sample: [system_server,1,ActivityManager,346,BroadcastQueue.java,762,ActivityManagerService.java,7041,69]
07-19 10:44:18.379 1827 1926 I dvm_lock_sample: [system_server,1,Binder:1827_1,292,ActivityManagerService.java,6888,-,7041,58]
07-19 10:44:18.379 1827 1926 I am_proc_bound: [0,3856,android.ext.services]
07-19 10:44:18.382 1827 1937 D BluetoothManagerService: User 0 unlocked
07-19 10:44:18.382 1827 1937 D MountService: onUnlockUser 0
07-19 10:44:18.382 1827 1982 D BluetoothManagerService: MESSAGE_USER_UNLOCKED
07-19 10:44:18.382 1827 1937 D VoldConnector: SND -> {6 volume user_started 0}
07-19 10:44:18.383 225 229 D vold : Linking /storage/emulated/0 to /mnt/user/0/primary
07-19 10:44:18.384 1827 2334 D VoldConnector: RCV <- {200 6 Command succeeded}
07-19 10:44:18.385 1827 2385 D ConnectivityService: Got NetworkFactory Messenger for WIFI
07-19 10:44:18.385 1827 2385 D ConnectivityService: Got NetworkFactory Messenger for WIFI_UT
07-19 10:44:18.400 1827 2333 D MountService: Volume emulated broadcasting mounted to UserHandle{0}
07-19 10:44:18.404 1827 1827 I am_proc_start: [0,3888,10046,com.android.deskclock,broadcast,com.android.deskclock/.AlarmInitReceiver]
07-19 10:44:18.404 1827 1827 I ActivityManager: Start proc 3888:com.android.deskclock/u0a46 for broadcast com.android.deskclock/.AlarmInitReceiver
07-19 10:44:18.420 0 0 E [ 27.255910,0] wlan: [2588:E :CTL] Error returned WDI_ProcessInitScanRspi:0 BMPS0
07-19 10:44:18.414 3856 3856 W System : ClassLoader referenced unknown path: /system/priv-app/ExtServices/lib/arm
07-19 10:44:18.438 1827 2811 I am_proc_bound: [0,3888,com.android.deskclock]
07-19 10:44:18.459 1827 1937 V BackupManagerService: No ancestral data
07-19 10:44:18.467 3888 3888 I art : Starting a blocking GC AddRemoveAppImageSpace
07-19 10:44:18.470 3888 3888 W System : ClassLoader referenced unknown path: /system/app/DeskClock/lib/arm
07-19 10:44:18.482 1827 1937 V BackupManagerService: Starting with transport com.google.android.gms/.backup.BackupTransportService
07-19 10:44:18.482 1827 1937 V BackupManagerService: Found transports: 1
07-19 10:44:18.486 1827 1937 I BackupManagerService: Backup enabled => false
07-19 10:44:18.488 2455 2455 W InputAttributes: No editor info for this field. Bug?
07-19 10:44:18.498 1827 1827 V BackupManagerService: Connected to transport ComponentInfo{android/com.android.internal.backup.LocalTransportService}
07-19 10:44:18.498 1827 1827 V BackupManagerService: Registering transport android/com.android.internal.backup.LocalTransportService::android/com.android.internal.backup.LocalTransport = android.app.backup.BackupTransport$TransportImpl@1876568
07-19 10:44:18.506 1827 1827 I backup_transport_lifecycle: [android/com.android.internal.backup.LocalTransportService,1]
07-19 10:44:18.511 1827 3910 V KeyValueBackupJob: Scheduling k/v pass in 248 minutes
07-19 10:44:18.546 1827 3910 I BackupManagerService: Found stale backup journal, scheduling
07-19 10:44:18.549 1827 1937 W VoiceInteractionManagerService: no available voice interaction services found for user 0
07-19 10:44:18.549 1827 1937 W VoiceInteractionManagerService: no available voice recognition services found for user 0
07-19 10:44:18.550 1827 1937 I BrokerableCMSystemService: Connecting to implementation
07-19 10:44:18.551 1827 1937 W ContextImpl: Calling a method in the system process without a qualified user: android.app.ContextImpl.bindService:1421 org.cyanogenmod.platform.internal.BrokerableCMSystemService.tryConnecting:199 org.cyanogenmod.platform.internal.WeatherManagerServiceBroker.onUnlockUser:97 com.android.server.SystemServiceManager.unlockUser:179 com.android.server.am.ActivityManagerService$MainHandler.handleMessage:2067 
07-19 10:44:18.561 1827 1937 I am_proc_start: [0,3939,10032,org.cyanogenmod.weatherservice,service,org.cyanogenmod.weatherservice/.WeatherManagerService]
07-19 10:44:18.562 1827 1937 I ActivityManager: Start proc 3939:org.cyanogenmod.weatherservice/u0a32 for service org.cyanogenmod.weatherservice/.WeatherManagerService
07-19 10:44:18.562 1827 1937 I ActivityManager: Loading recents for user 0 into memory.
07-19 10:44:18.588 1827 1937 I am_proc_start: [0,3964,10003,org.cyanogenmod.audiofx,added application,org.cyanogenmod.audiofx]
07-19 10:44:18.588 1827 1937 I ActivityManager: Start proc 3964:org.cyanogenmod.audiofx/u0a3 for added application org.cyanogenmod.audiofx
07-19 10:44:18.591 1827 1937 D ActivityManager: Sending BOOT_COMPLETE user #0
07-19 10:44:18.591 1827 1937 I sysui_histogram: [framework_boot_completed,27]
07-19 10:44:18.607 1827 1936 I am_proc_start: [0,3988,10056,com.android.printspooler,service,com.android.printspooler/.model.PrintSpoolerService]
07-19 10:44:18.607 1827 1936 I ActivityManager: Start proc 3988:com.android.printspooler/u0a56 for service com.android.printspooler/.model.PrintSpoolerService
07-19 10:44:18.612 2720 2720 D DCT : [0]NETWORK_STATE_CHANGED_ACTION: mIsWifiConnected=false
07-19 10:44:18.613 2720 2720 D DCT : [1]NETWORK_STATE_CHANGED_ACTION: mIsWifiConnected=false
07-19 10:44:18.613 2720 2720 D WAP PUSH: Received broadcast android.intent.action.USER_UNLOCKED
07-19 10:44:18.613 2720 2720 D WAP PUSH: Received broadcast android.intent.action.USER_UNLOCKED
07-19 10:44:18.614 1827 1927 I am_proc_bound: [0,3964,org.cyanogenmod.audiofx]
07-19 10:44:18.614 2720 2720 D SmsBroadcastUndelivered: Received broadcast android.intent.action.USER_UNLOCKED
07-19 10:44:18.618 1827 2811 I am_proc_bound: [0,3939,org.cyanogenmod.weatherservice]
07-19 10:44:18.618 2751 2751 D FallbackHome: User unlocked and real home found; let's go!
07-19 10:44:18.619 2720 2720 D WAP PUSH: Received broadcast android.intent.action.USER_UNLOCKED
07-19 10:44:18.630 2720 2720 D WAP PUSH: Received broadcast android.intent.action.USER_UNLOCKED
07-19 10:44:18.630 1827 2813 I am_finish_activity: [0,255874642,1,com.android.settings/.FallbackHome,app-request]
07-19 10:44:18.635 2720 3997 D SmsBroadcastUndelivered: scanning raw table for undelivered messages
07-19 10:44:18.635 1827 2813 I am_destroy_activity: [0,255874642,1,com.android.settings/.FallbackHome,finish-imm]
07-19 10:44:18.635 1827 2813 I am_focused_activity: [-1,NULL,resetFocusedActivityIfNeeded]
07-19 10:44:18.635 2720 2720 D SubscriptionInfoUpdater: [Receiver]+
07-19 10:44:18.635 2720 2720 D SubscriptionInfoUpdater: Action: android.intent.action.USER_UNLOCKED
07-19 10:44:18.635 2720 2720 D SubscriptionInfoUpdater: Broadcasting intent ACTION_SIM_STATE_CHANGED for mCardIndex: 0
07-19 10:44:18.639 2751 2751 I art : Starting a blocking GC Explicit
07-19 10:44:18.655 3939 3939 W System : ClassLoader referenced unknown path: /system/priv-app/WeatherManagerService/lib/arm
07-19 10:44:18.664 1827 2811 I am_proc_start: [0,4011,10058,com.android.smspush,service,com.android.smspush/.WapPushManager]
07-19 10:44:18.664 1827 2811 I ActivityManager: Start proc 4011:com.android.smspush/u0a58 for service com.android.smspush/.WapPushManager
07-19 10:44:18.666 2720 2720 D SubscriptionInfoUpdater: Broadcasting intent ACTION_SIM_STATE_CHANGED for mCardIndex: 1
07-19 10:44:18.667 3964 3964 I art : Starting a blocking GC AddRemoveAppImageSpace
07-19 10:44:18.667 2720 2720 D SubscriptionInfoUpdater: [Receiver]-
07-19 10:44:18.671 2751 2751 I art : Explicit concurrent mark sweep GC freed 3678(314KB) AllocSpace objects, 0(0B) LOS objects, 25% free, 2MB/3MB, paused 369us total 31.380ms
07-19 10:44:18.672 2720 2720 D SubscriptionInfoUpdater: [Receiver]+
07-19 10:44:18.672 2720 2720 D SubscriptionInfoUpdater: Action: android.intent.action.SIM_STATE_CHANGED
07-19 10:44:18.672 2720 2720 D SubscriptionInfoUpdater: slotId: 0
07-19 10:44:18.672 2720 2720 D SubscriptionInfoUpdater: simStatus: LOADED
07-19 10:44:18.672 2720 2720 D SubscriptionInfoUpdater: Ignoring simStatus: LOADED
07-19 10:44:18.673 2720 2720 D SubscriptionInfoUpdater: [Receiver]-
07-19 10:44:18.673 2720 2720 D SubscriptionInfoUpdater: [Receiver]+
07-19 10:44:18.673 2720 2720 D SubscriptionInfoUpdater: Action: android.intent.action.SIM_STATE_CHANGED
07-19 10:44:18.673 2720 2720 D SubscriptionInfoUpdater: slotId: 1
07-19 10:44:18.673 2720 2720 D SubscriptionInfoUpdater: simStatus: ABSENT
07-19 10:44:18.673 2720 2720 D SubscriptionInfoUpdater: [Receiver]-
07-19 10:44:18.673 2720 2720 D SubscriptionInfoUpdater: All IccIds query complete
07-19 10:44:18.673 2720 2720 D SubscriptionInfoUpdater: updateSubscriptionInfoByIccId:+ Start
07-19 10:44:18.674 2463 2463 W KeyguardUpdateMonitor: invalid subId in handleSimStateChange()
07-19 10:44:18.675 2720 2720 D SubscriptionController: [clearSubInfo]- clear size=1
07-19 10:44:18.676 3964 3964 W System : ClassLoader referenced unknown path: /system/priv-app/AudioFX/lib/arm
07-19 10:44:18.676 2720 2720 D SubscriptionInfoUpdater: insertedSimCount = 1
07-19 10:44:18.676 2720 2720 D SubscriptionController: [getSubInfoUsingSlotIdWithCheck]+ slotId:0
07-19 10:44:18.678 3888 3888 I AlarmClock: AlarmInitReceiver android.intent.action.LOCKED_BOOT_COMPLETED
07-19 10:44:18.680 2751 2751 I art : Starting a blocking GC Explicit
07-19 10:44:18.681 2720 2750 D SubscriptionController: [getActiveSubInfoList] Sub Controller not ready
07-19 10:44:18.713 2751 2751 I art : Explicit concurrent mark sweep GC freed 715(36KB) AllocSpace objects, 0(0B) LOS objects, 25% free, 2MB/3MB, paused 353us total 32.290ms
07-19 10:44:18.720 2720 2990 D SubscriptionController: [getActiveSubInfoList] Sub Controller not ready
07-19 10:44:18.727 1827 2406 I am_proc_start: [0,4032,1000,com.android.keychain,service,com.android.keychain/.KeyChainService]
07-19 10:44:18.727 1827 2406 I ActivityManager: Start proc 4032:com.android.keychain/1000 for service com.android.keychain/.KeyChainService
07-19 10:44:18.728 1827 4003 I dvm_lock_sample: [system_server,1,Binder:1827_7,34,ActivityManagerService.java,6888,-,17526,6]
07-19 10:44:18.728 1827 4003 I am_proc_bound: [0,3988,com.android.printspooler]
07-19 10:44:18.736 2720 3441 D SubscriptionController: [getSlotId]- size == 0, return SIM_NOT_INSERTED instead
07-19 10:44:18.742 2720 3997 D SmsBroadcastUndelivered: finished scanning raw table in 107 ms
07-19 10:44:18.750 2720 2720 D SubscriptionController: [getPhoneId]- no sims, returning default phoneId=2147483647
07-19 10:44:18.753 2463 3351 D TelephonyManager: getSimState: default sim:-1, sim state for slotIdx=0 is 5, return state as unknown
07-19 10:44:18.754 2720 2720 D SubscriptionController: [getPhoneId]- no sims, returning default phoneId=2147483647
07-19 10:44:18.756 2720 2720 D SubscriptionController: [getPhoneId]- no sims, returning default phoneId=2147483647
07-19 10:44:18.758 2720 2720 D SubscriptionController: [getSubInfoUsingSlotId]- null info return
07-19 10:44:18.758 2720 2720 D SubscriptionInfoUpdater: updateSubscriptionInfoByIccId: oldSubId = 1
07-19 10:44:18.758 2720 2720 D SubscriptionController: [getSubInfoUsingSlotIdWithCheck]+ slotId:1
07-19 10:44:18.765 2720 2990 D SubscriptionController: [getSlotId]- size == 0, return SIM_NOT_INSERTED instead
07-19 10:44:18.768 2720 2748 I chatty : uid=1001(radio) HeapTaskDaemon expire 1 line
07-19 10:44:18.769 2463 3351 D TelephonyManager: getSimState: default sim:-1, sim state for slotIdx=0 is 5, return state as unknown
07-19 10:44:18.779 2720 2720 D SubscriptionController: [getSubInfoUsingSlotId]- null info return
07-19 10:44:18.779 2720 2720 D SubscriptionInfoUpdater: updateSubscriptionInfoByIccId: No SIM in slot 1 last time
07-19 10:44:18.779 2720 2720 D SubscriptionInfoUpdater: updateSubscriptionInfoByIccId: oldIccId[0] = 89492019156020009546, sIccId[0] = 89492019156020009546
07-19 10:44:18.779 2720 2720 D SubscriptionInfoUpdater: updateSubscriptionInfoByIccId: oldIccId[1] = , sIccId[1] = 
07-19 10:44:18.780 2720 2720 D SubscriptionController: [addSubInfoRecord]+ iccId:89492019156020009546 slotId:0
07-19 10:44:18.783 2720 2749 D SubscriptionController: [getSlotId]- size == 0, return SIM_NOT_INSERTED instead
07-19 10:44:18.784 3988 3988 I art : Starting a blocking GC AddRemoveAppImageSpace
07-19 10:44:18.793 2463 3351 D TelephonyManager: getSimState: default sim:-1, sim state for slotIdx=0 is 5, return state as unknown
07-19 10:44:18.797 1827 4003 I wm_task_removed: [1,removeAppToken: last token]
07-19 10:44:18.800 1827 4003 I wm_task_removed: [1,removeTask]
07-19 10:44:18.804 2720 3393 D SubscriptionController: [getSlotId]- size == 0, return SIM_NOT_INSERTED instead
07-19 10:44:18.805 2463 3351 D TelephonyManager: getSimState: default sim:-1, sim state for slotIdx=0 is 5, return state as unknown
07-19 10:44:18.806 1827 4003 I ActivityManager: START u0 {act=android.intent.action.MAIN cat=[android.intent.category.HOME] flg=0x10000100 cmp=com.cyanogenmod.trebuchet/com.android.launcher3.Launcher} from uid 0 on display 0
07-19 10:44:18.808 2720 2750 D SubscriptionController: [getSlotId]- size == 0, return SIM_NOT_INSERTED instead
07-19 10:44:18.808 2463 3351 D TelephonyManager: getSimState: default sim:-1, sim state for slotIdx=0 is 5, return state as unknown
07-19 10:44:18.810 2720 2749 D SubscriptionController: [getSlotId]- size == 0, return SIM_NOT_INSERTED instead
07-19 10:44:18.811 2463 3351 D TelephonyManager: getSimState: default sim:-1, sim state for slotIdx=0 is 5, return state as unknown
07-19 10:44:18.811 1827 4003 I am_create_task: [0,11]
07-19 10:44:18.811 1827 4003 I am_create_activity: [0,79325766,11,com.cyanogenmod.trebuchet/com.android.launcher3.Launcher,android.intent.action.MAIN,NULL,NULL,276824320]
07-19 10:44:18.812 1827 4003 I wm_task_created: [11,0]
07-19 10:44:18.812 1827 4003 I wm_task_moved: [11,1,0]
07-19 10:44:18.813 1827 4003 I wm_task_moved: [11,1,0]
07-19 10:44:18.813 1827 4003 I am_focused_activity: [0,com.cyanogenmod.trebuchet/com.android.launcher3.Launcher,startedActivity]
07-19 10:44:18.816 1827 2554 I am_proc_bound: [0,4011,com.android.smspush]
07-19 10:44:18.819 2720 2720 D SubscriptionController: [getActiveSubInfoList] Sub Controller not ready
07-19 10:44:18.820 2720 2720 D SubscriptionController: [addSubInfoRecord] Record already exists
07-19 10:44:18.828 1827 2554 I am_proc_start: [0,4064,10030,com.cyanogenmod.trebuchet,activity,com.cyanogenmod.trebuchet/com.android.launcher3.Launcher]
07-19 10:44:18.828 1827 2554 I ActivityManager: Start proc 4064:com.cyanogenmod.trebuchet/u0a30 for activity com.cyanogenmod.trebuchet/com.android.launcher3.Launcher
07-19 10:44:18.830 1827 2813 I dvm_lock_sample: [system_server,1,Binder:1827_6,40,ActivityManagerService.java,13941,-,7170,8]
07-19 10:44:18.831 1827 1937 I VrManagerService: VR mode is allowed
07-19 10:44:18.833 1827 4014 I am_proc_bound: [0,4032,com.android.keychain]
07-19 10:44:18.837 2720 2720 D SubscriptionController: [addSubInfoRecord] sSlotIdxToSubId.size=1 slotId=0 subId=1 defaultSubId=1 simCount=2
07-19 10:44:18.839 2720 2720 D SubscriptionController: [addSubInfoRecord] hashmap(0,1)
07-19 10:44:18.858 4011 4011 I art : Starting a blocking GC AddRemoveAppImageSpace
07-19 10:44:18.859 2720 2720 D SubscriptionController: [addSubInfoRecord] sim name = LIDL Connect
07-19 10:44:18.859 4011 4011 W System : ClassLoader referenced unknown path: /system/app/WAPPushManager/lib/arm
07-19 10:44:18.859 2720 2720 D DCT : [0]update sub = 1
07-19 10:44:18.859 2720 2720 D DCT : [0]update(): Active DDS, register for all events now!
07-19 10:44:18.860 2720 2720 D GsmCdmaPhone: [GsmCdmaPhone] updateCurrentCarrierInProvider: mSubId = 1 currentDds = 1 operatorNumeric = 26202
07-19 10:44:18.866 4032 4032 I art : Starting a blocking GC AddRemoveAppImageSpace
07-19 10:44:18.867 4032 4032 W System : ClassLoader referenced unknown path: /system/app/KeyChain/lib/arm
07-19 10:44:18.886 1827 2554 I am_proc_start: [0,4091,10010,android.process.media,broadcast,com.android.providers.downloads/.DownloadReceiver]
07-19 10:44:18.886 1827 2554 I ActivityManager: Start proc 4091:android.process.media/u0a10 for broadcast com.android.providers.downloads/.DownloadReceiver
07-19 10:44:18.894 2720 2720 D SubscriptionController: [addSubInfoRecord]- info size=1
07-19 10:44:18.895 2720 2720 D PhoneFactory: setSMSPromptOption to false
07-19 10:44:18.895 1827 1926 I am_proc_bound: [0,4064,com.cyanogenmod.trebuchet]
07-19 10:44:18.895 2720 2720 D SubscriptionInfoUpdater: newSim = false
07-19 10:44:18.895 2720 2720 D SubscriptionInfoUpdater: updateSubscriptionInfoByIccId: No SIM inserted in slot 1 this time
07-19 10:44:18.895 2720 2720 D SubscriptionInfoUpdater: updateSubscriptionInfoByIccId: sInsertSimState[0] = 0
07-19 10:44:18.895 2720 2720 D SubscriptionInfoUpdater: updateSubscriptionInfoByIccId: sInsertSimState[1] = -99
07-19 10:44:18.899 1827 1926 I am_restart_activity: [0,79325766,11,com.cyanogenmod.trebuchet/com.android.launcher3.Launcher]
07-19 10:44:18.901 1827 1926 I am_pause_activity: [0,79325766,com.cyanogenmod.trebuchet/com.android.launcher3.Launcher]
07-19 10:44:18.911 1827 1827 I BrokerableCMSystemService: Implementation service connected
07-19 10:44:18.925 1827 1927 I am_proc_bound: [0,4091,android.process.media]
07-19 10:44:18.928 4064 4064 I art : Starting a blocking GC AddRemoveAppImageSpace
07-19 10:44:18.929 4064 4064 W System : ClassLoader referenced unknown path: /system/priv-app/Trebuchet/lib/arm
07-19 10:44:18.935 2720 2720 D SubscriptionInfoUpdater: updateSubscriptionInfoByIccId: nSubCount = 1
07-19 10:44:18.943 2720 2720 D SubscriptionController: [setDefaultDataSubId] num phones=2, subId=1 dds flex map = dds
07-19 10:44:18.943 2720 2720 D SubscriptionController: [setDefaultDataSubId] phoneId=0 subId=1 RAF=81928
07-19 10:44:18.944 2720 2720 D SubscriptionController: [getSubId]- numSubIds == 0, return DummySubIds slotIdx=1
07-19 10:44:18.944 2720 2720 D SubscriptionController: [setDefaultDataSubId] phoneId=1 subId=-3 RAF=65536
07-19 10:44:18.944 2720 2720 D ProxyController: setRadioCapability: Already in requested configuration, nothing to do.
07-19 10:44:18.944 2720 2720 D SubscriptionController: [updateAllDataConnectionTrackers] sPhones.length=2
07-19 10:44:18.944 2720 2720 D SubscriptionController: [updateAllDataConnectionTrackers] phoneId=0
07-19 10:44:18.944 2720 2720 D DCT : [0]update sub = 1
07-19 10:44:18.944 2720 2720 D DCT : [0]update(): Active DDS, register for all events now!
07-19 10:44:18.946 2720 2720 D GsmCdmaPhone: [GsmCdmaPhone] updateCurrentCarrierInProvider: mSubId = 1 currentDds = 1 operatorNumeric = 26202
07-19 10:44:18.970 4091 4091 I art : Starting a blocking GC AddRemoveAppImageSpace
07-19 10:44:18.970 4091 4091 W System : ClassLoader referenced unknown path: /system/priv-app/DownloadProvider/lib/arm
07-19 10:44:18.990 2720 2720 D SubscriptionController: [updateAllDataConnectionTrackers] phoneId=1
07-19 10:44:18.991 2720 2720 D SubscriptionController: [getSubId]- numSubIds == 0, return DummySubIds slotIdx=1
07-19 10:44:18.991 2720 2720 D DCT : [1]update sub = -3
07-19 10:44:18.991 2720 2720 D DCT : [1]update(): Active DDS, register for all events now!
07-19 10:44:18.991 2720 2720 D SubscriptionController: [getSubId]- numSubIds == 0, return DummySubIds slotIdx=1
07-19 10:44:18.995 2720 2720 D SubscriptionController: [getSubId]- numSubIds == 0, return DummySubIds slotIdx=1
07-19 10:44:18.995 2720 2720 D GsmCdmaPhone: [GsmCdmaPhone] updateCurrentCarrierInProvider: mSubId = -3 currentDds = 1 operatorNumeric = null
07-19 10:44:18.995 2720 2720 D SubscriptionController: [broadcastDefaultDataSubIdChanged] subId=1
07-19 10:44:18.998 2720 2720 D SubscriptionController: [setDefaultVoiceSubId] subId=1
07-19 10:44:18.999 2720 2720 D SubscriptionController: [broadcastDefaultVoiceSubIdChanged] subId=1
07-19 10:44:19.001 2720 2720 D SubscriptionController: [setDefaultSmsSubId] subId=1
07-19 10:44:19.001 4091 4091 W System : ClassLoader referenced unknown path: /system/priv-app/MediaProvider/lib/arm
07-19 10:44:19.002 2720 2720 D SubscriptionController: [broadcastDefaultSmsSubIdChanged] subId=1
07-19 10:44:19.003 4091 4091 D ApplicationLoaders: ignored Vulkan layer search path /system/priv-app/MediaProvider/lib/arm:/system/priv-app/MediaProvider/MediaProvider.apk!/lib/armeabi-v7a:/system/lib:/vendor/lib for namespace 0xb2edf090
07-19 10:44:19.004 2720 2720 D SubscriptionController: notifySubscriptionInfoChanged:
07-19 10:44:19.005 2720 3393 D SubscriptionController: [getSubId]- numSubIds == 0, return DummySubIds slotIdx=1
07-19 10:44:19.007 2720 2720 D SubscriptionInfoUpdater: updateSubscriptionInfoByIccId:- SsubscriptionInfo update complete
07-19 10:44:19.022 2720 2750 D SubscriptionController: [getSubId]- numSubIds == 0, return DummySubIds slotIdx=1
07-19 10:44:19.033 2720 2720 D SST : SubscriptionListener.onSubscriptionInfoChanged
07-19 10:44:19.033 2720 2720 D DCT : [0]SubscriptionListener.onSubscriptionInfoChanged
07-19 10:44:19.033 2463 2463 E SignalClusterView: Unexpected subscription 1
07-19 10:44:19.033 2463 2463 E SignalClusterView: Unexpected subscription 1
07-19 10:44:19.038 2720 2720 D SST : SubscriptionListener.onSubscriptionInfoChanged
07-19 10:44:19.038 2720 2720 D SubscriptionController: [getSubId]- numSubIds == 0, return DummySubIds slotIdx=1
07-19 10:44:19.038 2720 2720 D DCT : [1]SubscriptionListener.onSubscriptionInfoChanged
07-19 10:44:19.038 2720 2720 D SubscriptionController: [getSubId]- numSubIds == 0, return DummySubIds slotIdx=1
07-19 10:44:19.038 2720 2720 D SubscriptionController: [getSubId]- numSubIds == 0, return DummySubIds slotIdx=1
07-19 10:44:19.047 4064 4064 V Launcher: LauncherAppState inited
07-19 10:44:19.087 2720 2720 D SubscriptionController: [getActiveSubscriptionInfo]+ subId=1 subInfo={id=1, iccId=89492019156020009546 simSlotIndex=0 displayName=LIDL Connect carrierName=No service nameSource=0 iconTint=-16746133 dataRoaming=0 iconBitmap=android.graphics.Bitmap@3958f41 mcc 262 mnc 2 userNwMode=10}
07-19 10:44:19.105 1827 1926 I Telecom : PhoneAccountRegistrar: [ComponentInfo{com.android.phone/com.android.services.telephony.TelephonyConnectionService}, [c07291f3b3eb4f5251ea45deb91ef815249a00bb], UserHandle{0}(icon: Icon(typ=BITMAP size=48x48) -> Icon(typ=BITMAP size=48x48))]: TSI.rPA@ADA
07-19 10:44:19.107 1827 1926 I Telecom : : Sending phone-account registered intent as user: TSI.rPA@ADA
07-19 10:44:19.109 2720 2720 D SubscriptionController: [getSubId]- numSubIds == 0, return DummySubIds slotIdx=1
07-19 10:44:19.114 4064 4064 D Launcher.Model: Old launcher provider: content://com.android.launcher2.settings/favorites?notify=true
07-19 10:44:19.114 4064 4064 D Launcher.Model: Old launcher provider does not exist.
07-19 10:44:19.117 2720 2720 D SubscriptionController: [getSubId]- numSubIds == 0, return DummySubIds slotIdx=1
07-19 10:44:19.128 2720 2720 D SubscriptionController: [getActiveSubscriptionInfo]+ subId=1 subInfo={id=1, iccId=89492019156020009546 simSlotIndex=0 displayName=LIDL Connect carrierName=No service nameSource=0 iconTint=-16746133 dataRoaming=0 iconBitmap=android.graphics.Bitmap@7b32cd4 mcc 262 mnc 2 userNwMode=10}
07-19 10:44:19.139 1827 4014 I Telecom : PhoneAccountRegistrar: [ComponentInfo{com.android.phone/com.android.services.telephony.TelephonyConnectionService}, [c07291f3b3eb4f5251ea45deb91ef815249a00bb], UserHandle{0}(icon: Icon(typ=BITMAP size=48x48) -> Icon(typ=BITMAP size=48x48))]: TSI.rPA@ADM
07-19 10:44:19.146 1827 4014 I Telecom : : Sending phone-account registered intent as user: TSI.rPA@ADM
07-19 10:44:19.175 309 1182 I RILQ : (0/309):RIL[0][event] qcril_qmi_nas_reset_data_snapshot_cache_and_timer: Resetting snapshot timer
07-19 10:44:19.179 2720 2858 D RILJ : [UNSL]< UNSOL_RESPONSE_VOICE_NETWORK_STATE_CHANGED [SUB0]
07-19 10:44:19.180 2720 2720 D RILJ : [3771]> OPERATOR [SUB0]
07-19 10:44:19.183 2720 2720 D RILJ : [3772]> DATA_REGISTRATION_STATE [SUB0]
07-19 10:44:19.184 2720 2720 D RILJ : [3773]> VOICE_REGISTRATION_STATE [SUB0]
07-19 10:44:19.186 2720 2720 D RILJ : [3774]> QUERY_NETWORK_SELECTION_MODE [SUB0]
07-19 10:44:19.194 309 1182 I RILQ : (0/309):RIL[0][event] qcril_qmi_nas_reset_data_snapshot_cache_and_timer: Resetting snapshot timer
07-19 10:44:19.201 2720 2858 D RILJ : [UNSL]< UNSOL_RESPONSE_VOICE_NETWORK_STATE_CHANGED [SUB0]
07-19 10:44:19.202 2720 2720 D RILJ : [3775]> OPERATOR [SUB0]
07-19 10:44:19.202 2720 2720 D RILJ : [3776]> DATA_REGISTRATION_STATE [SUB0]
07-19 10:44:19.204 2720 2720 D RILJ : [3777]> VOICE_REGISTRATION_STATE [SUB0]
07-19 10:44:19.205 2720 2720 D RILJ : [3778]> QUERY_NETWORK_SELECTION_MODE [SUB0]
07-19 10:44:19.206 2720 2858 V RILJ : [UNSL]< UNSOL_OEM_HOOK_RAW 001000041000000001000000080000007e000000220b0000 [SUB0]
07-19 10:44:19.212 309 1182 I RILQ : (0/309):RIL[0][event] qcril_arb_set_dsd_sys_status: old_pref_data 1 - new_data_pref 1
07-19 10:44:19.212 309 1182 I RILQ : (0/309):RIL[0][event] qcril_arb_set_dsd_sys_status: preferred dsd_sys_status nw=0x0, rat_value=0x0, so_mask=0x0000000000000800
07-19 10:44:19.218 4091 4091 D MediaScannerReceiver: action: android.intent.action.MEDIA_MOUNTED path: /storage/emulated/0
07-19 10:44:19.233 1827 2811 I am_proc_start: [0,4168,10048,com.cyanogenmod.eleven,broadcast,com.cyanogenmod.eleven/.appwidgets.AppWidgetLarge]
07-19 10:44:19.233 1827 2811 I ActivityManager: Start proc 4168:com.cyanogenmod.eleven/u0a48 for broadcast com.cyanogenmod.eleven/.appwidgets.AppWidgetLarge
07-19 10:44:19.236 0 0 I [ 28.071927,0] cfg80211: Calling CRDA for country: DE
07-19 10:44:19.256 1827 2600 I am_proc_bound: [0,4168,com.cyanogenmod.eleven]
07-19 10:44:19.277 4168 4168 I art : Starting a blocking GC AddRemoveAppImageSpace
07-19 10:44:19.335 4064 4152 W Launcher: setApplicationContext called twice! old=android.app.Application@fc08550 new=android.app.Application@fc08550
07-19 10:44:19.352 1827 2813 I am_proc_start: [0,4185,10054,com.cyanogenmod.lockclock,broadcast,com.cyanogenmod.lockclock/.ClockWidgetProvider]
07-19 10:44:19.353 1827 2813 I ActivityManager: Start proc 4185:com.cyanogenmod.lockclock/u0a54 for broadcast com.cyanogenmod.lockclock/.ClockWidgetProvider
07-19 10:44:19.367 1827 1936 I am_meminfo: [256729088,1100972032,4096,67940352,141359104]
07-19 10:44:19.370 4064 4064 I am_on_resume_called: [0,com.android.launcher3.Launcher,LAUNCH_ACTIVITY]
07-19 10:44:19.376 1827 2600 I am_proc_bound: [0,4185,com.cyanogenmod.lockclock]
07-19 10:44:19.379 1827 1936 E LocSvc_eng: W/set_server called before init. save the address, type: 3, hostname: NONE, port: 7275
07-19 10:44:19.380 1827 1936 D GnssLocationProvider: GPS configuration:
07-19 10:44:19.380 1827 1936 D GnssLocationProvider: #Wed Jul 19 10:44:19 GMT+02:00 2017
07-19 10:44:19.380 1827 1936 D GnssLocationProvider: A_GLONASS_POS_PROTOCOL_SELECT=0
07-19 10:44:19.380 1827 1936 D GnssLocationProvider: DEBUG_LEVEL=2
07-19 10:44:19.380 1827 1936 D GnssLocationProvider: ERR_ESTIMATE=0
07-19 10:44:19.380 1827 1936 D GnssLocationProvider: SUPL_PORT=7275
07-19 10:44:19.380 1827 1936 D GnssLocationProvider: CAPABILITIES=0x37
07-19 10:44:19.380 1827 1936 D GnssLocationProvider: SUPL_ES=0
07-19 10:44:19.380 1827 1936 D GnssLocationProvider: XTRA_SERVER_3=http\://xtrapath3.izatcloud.net/xtra2.bin
07-19 10:44:19.380 1827 1936 D GnssLocationProvider: XTRA_SERVER_2=http\://xtrapath2.izatcloud.net/xtra2.bin
07-19 10:44:19.380 1827 1936 D GnssLocationProvider: SUPL_VER=0x20000
07-19 10:44:19.380 1827 1936 D GnssLocationProvider: LPP_PROFILE=3
07-19 10:44:19.380 1827 1936 D GnssLocationProvider: XTRA_SERVER_1=http\://xtrapath1.izatcloud.net/xtra2.bin
07-19 10:44:19.380 1827 1936 D GnssLocationProvider: GPS_LOCK=2
07-19 10:44:19.380 1827 1936 D GnssLocationProvider: NMEA_PROVIDER=0
07-19 10:44:19.380 1827 1936 D GnssLocationProvider: SUPL_MODE=0
07-19 10:44:19.380 1827 1936 D GnssLocationProvider: INTERMEDIATE_POS=0
07-19 10:44:19.380 1827 1936 D GnssLocationProvider: NTP_SERVER=north-america.pool.ntp.org
07-19 10:44:19.380 1827 1936 D GnssLocationProvider: SUPL_HOST=NONE
07-19 10:44:19.380 1827 1936 I GnssLocationProvider: WakeLock released by handleMessage(12, 0, null)
07-19 10:44:19.402 1827 1937 W ActivityManager: Activity pause timeout for ActivityRecord{4ba6a46 u0 com.cyanogenmod.trebuchet/com.android.launcher3.Launcher t11}
07-19 10:44:19.402 1827 1937 I am_stop_activity: [0,79325766,com.cyanogenmod.trebuchet/com.android.launcher3.Launcher]
07-19 10:44:19.403 4185 4185 I art : Starting a blocking GC AddRemoveAppImageSpace
07-19 10:44:19.403 1827 1937 I sysui_count: [window_time_0,7]
07-19 10:44:19.404 4185 4185 W System : ClassLoader referenced unknown path: /system/app/LockClock/lib/arm
07-19 10:44:19.421 4064 4064 I am_on_paused_called: [0,com.android.launcher3.Launcher,handlePauseActivity]
07-19 10:44:19.421 1827 4003 I am_failed_to_pause: [0,79325766,com.cyanogenmod.trebuchet/com.android.launcher3.Launcher,(none)]
07-19 10:44:19.471 1827 2600 I am_proc_start: [0,4209,1000,org.cyanogenmod.cmparts,broadcast,org.cyanogenmod.cmparts/.BootReceiver]
07-19 10:44:19.471 1827 2600 I ActivityManager: Start proc 4209:org.cyanogenmod.cmparts/1000 for broadcast org.cyanogenmod.cmparts/.BootReceiver
07-19 10:44:19.473 4064 4199 I Adreno-EGL: : EGL 1.4 QUALCOMM build: (Ifd751822f5)
07-19 10:44:19.473 4064 4199 I Adreno-EGL: OpenGL ES Shader Compiler Version: XE031.06.00.05
07-19 10:44:19.473 4064 4199 I Adreno-EGL: Build Date: 01/26/16 Tue 07-19 10:44:19.473 4064 4199 I Adreno-EGL: Local Branch: AU12_SBA
07-19 10:44:19.473 4064 4199 I Adreno-EGL: Remote Branch: 
07-19 10:44:19.473 4064 4199 I Adreno-EGL: Local Patches: 
07-19 10:44:19.473 4064 4199 I Adreno-EGL: Reconstruct Branch: 
07-19 10:44:19.477 4064 4199 I OpenGLRenderer: Initialized EGL, version 1.4
07-19 10:44:19.477 4064 4199 D OpenGLRenderer: Swap behavior 1
07-19 10:44:19.505 4064 4064 I am_on_stop_called: [0,com.android.launcher3.Launcher,sleeping]
07-19 10:44:19.525 1827 1927 I am_proc_bound: [0,4209,org.cyanogenmod.cmparts]
07-19 10:44:19.537 0 0 I [ 28.372430,0] cfg80211: Regulatory domain changed to country: DE
07-19 10:44:19.537 0 0 I [ 28.372460,0] cfg80211: (start_freq - end_freq @ bandwidth), (max_antenna_gain, max_eirp)
07-19 10:44:19.537 0 0 I [ 28.372471,0] cfg80211: (2402000 KHz - 2482000 KHz @ 40000 KHz), (N/A, 2000 mBm)
07-19 10:44:19.537 0 0 I [ 28.372479,0] cfg80211: (5170000 KHz - 5250000 KHz @ 80000 KHz), (N/A, 2000 mBm)
07-19 10:44:19.537 0 0 I [ 28.372488,0] cfg80211: (5250000 KHz - 5330000 KHz @ 80000 KHz), (N/A, 2000 mBm)
07-19 10:44:19.537 0 0 I [ 28.372498,0] cfg80211: (5490000 KHz - 5710000 KHz @ 80000 KHz), (N/A, 2700 mBm)
07-19 10:44:19.537 0 0 I [ 28.372507,0] cfg80211: (57240000 KHz - 65880000 KHz @ 2160000 KHz), (N/A, 4000 mBm)
07-19 10:44:19.546 1827 1983 I am_activity_launch_time: [0,79325766,com.cyanogenmod.trebuchet/com.android.launcher3.Launcher,645,729]
07-19 10:44:19.546 1827 1983 I ActivityManager: Displayed com.cyanogenmod.trebuchet/com.android.launcher3.Launcher: +645ms (total +729ms)
07-19 10:44:19.553 309 1182 I RILQ : (0/309):RIL[0][event] qcril_qmi_nas_reset_data_snapshot_cache_and_timer: Resetting snapshot timer
07-19 10:44:19.560 2720 2858 D RILJ : [UNSL]< UNSOL_RESPONSE_VOICE_NETWORK_STATE_CHANGED [SUB0]
07-19 10:44:19.561 2720 2858 D RILJ : [UNSL]< UNSOL_RESPONSE_VOICE_NETWORK_STATE_CHANGED [SUB0]
07-19 10:44:19.561 2720 2720 D RILJ : [3779]> OPERATOR [SUB0]
07-19 10:44:19.561 4185 4185 D WeatherUpdateService: onCreate
07-19 10:44:19.561 2720 2720 D RILJ : [3780]> DATA_REGISTRATION_STATE [SUB0]
07-19 10:44:19.562 2720 2720 D RILJ : [3781]> VOICE_REGISTRATION_STATE [SUB0]
07-19 10:44:19.564 2720 2720 D RILJ : [3782]> QUERY_NETWORK_SELECTION_MODE [SUB0]
07-19 10:44:19.565 4209 4209 I art : Starting a blocking GC AddRemoveAppImageSpace
07-19 10:44:19.565 2720 2720 D RILJ : [3783]> OPERATOR [SUB0]
07-19 10:44:19.566 2720 2720 D RILJ : [3784]> DATA_REGISTRATION_STATE [SUB0]
07-19 10:44:19.566 4209 4209 W System : ClassLoader referenced unknown path: /system/priv-app/CMParts/lib/arm
07-19 10:44:19.568 2720 2720 D RILJ : [3785]> VOICE_REGISTRATION_STATE [SUB0]
07-19 10:44:19.568 4185 4185 D WeatherUpdateService: Service started, but shouldn't update ... stopping
07-19 10:44:19.568 2720 2720 D RILJ : [3786]> QUERY_NETWORK_SELECTION_MODE [SUB0]
07-19 10:44:19.571 309 1182 I RILQ : (0/309):RIL[0][event] qcril_qmi_nas_reset_data_snapshot_cache_and_timer: Resetting snapshot timer
07-19 10:44:19.572 4185 4185 D WeatherUpdateService: onDestroy
07-19 10:44:19.581 309 1182 I RILQ : (0/309):RIL[0][event] qcril_qmi_nas_reset_data_snapshot_cache_and_timer: Resetting snapshot timer
07-19 10:44:19.588 309 1182 I RILQ : (0/309):RIL[0][event] qcril_qmi_nas_reset_data_snapshot_cache_and_timer: Resetting snapshot timer
07-19 10:44:19.588 2720 2858 D RILJ : [UNSL]< UNSOL_RESPONSE_VOICE_NETWORK_STATE_CHANGED [SUB0]
07-19 10:44:19.589 2720 2720 D RILJ : [3787]> OPERATOR [SUB0]
07-19 10:44:19.591 2720 2720 D RILJ : [3788]> DATA_REGISTRATION_STATE [SUB0]
07-19 10:44:19.591 2720 2720 D RILJ : [3789]> VOICE_REGISTRATION_STATE [SUB0]
07-19 10:44:19.594 2720 2720 D RILJ : [3790]> QUERY_NETWORK_SELECTION_MODE [SUB0]
07-19 10:44:19.661 2720 2720 D DCT : [0]NETWORK_STATE_CHANGED_ACTION: mIsWifiConnected=false
07-19 10:44:19.661 2720 2720 D DCT : [1]NETWORK_STATE_CHANGED_ACTION: mIsWifiConnected=false
07-19 10:44:19.690 1827 2342 D WifiStateMachine: CMD_AUTO_CONNECT sup state DisconnectedState my state DisconnectedState nid=0 roam=false
07-19 10:44:19.690 1827 2342 D WifiStateMachine: CMD_AUTO_CONNECT will save config -> "BaeumchenInSpitzenhoeschen" nid=0
07-19 10:44:19.699 1827 4269 I RecoverySystem: No recovery log file
07-19 10:44:19.703 1827 1827 I am_proc_start: [0,4271,10020,com.android.dialer,broadcast,com.android.dialer/.calllog.CallLogReceiver]
07-19 10:44:19.703 1827 1827 I ActivityManager: Start proc 4271:com.android.dialer/u0a20 for broadcast com.android.dialer/.calllog.CallLogReceiver
07-19 10:44:19.704 1827 4269 I BootReceiver: Copying /sys/fs/pstore/console-ramoops to DropBox (SYSTEM_LAST_KMSG)
07-19 10:44:19.742 1827 2342 D WifiStateMachine: CMD_AUTO_CONNECT did save config -> nid=0
07-19 10:44:19.742 1827 4277 D WifiNetworkHistory: saving network history: "BaeumchenInSpitzenhoeschen"WPA_PSK gw: null Network Selection-status: NETWORK_SELECTION_ENABLED ephemeral=false choice:null link:0 status:1 nid:0 hasEverConnected: true
07-19 10:44:19.742 1827 4277 V WifiNetworkHistory: writeKnownNetworkHistory write config "BaeumchenInSpitzenhoeschen"WPA_PSK
07-19 10:44:19.744 1827 4269 I BootReceiver: Copying audit failures to DropBox
07-19 10:44:19.756 1827 4014 I am_proc_bound: [0,4271,com.android.dialer]
07-19 10:44:19.757 2646 2646 I wpa_supplicant: wlan0: Trying to associate with SSID 'BaeumchenInSpitzenhoeschen'
07-19 10:44:19.757 2646 2646 D wpa_supplicant: wlan0: Cancelling scan request
