07-19 10:44:11.856 2720 2720 D MccTable: updateMccMncConfiguration updateConfig config={1.0 262mcc2mnc ?localeList ?layoutDir ?swdp ?wdp ?hdp ?density ?lsize ?long ?orien ?uimode ?night ?touch ?keyb/?/? ?nav/?}
07-19 10:44:11.856 2463 2701 D OpenGLRenderer: profile bars disabled
07-19 10:44:11.856 2463 2701 D OpenGLRenderer: ambientRatio = 1.50
07-19 10:44:11.856 1827 2554 I configuration_changed: 3
07-19 10:44:11.857 1827 2554 I ActivityManager: Config changes=3 {1.0 262mcc2mnc [en_US] ldltr sw360dp w360dp h568dp 320dpi nrml port finger -keyb/v/h -nav/h s.7}
07-19 10:44:11.857 2720 2858 D RILJ : [3749]< SIM_IO IccIoResult sw1:0x90 sw2:0x0 [SUB0]
07-19 10:44:11.865 2720 2858 D RilRequest: [3745]< SIM_IO error: com.android.internal.telephony.CommandException: GENERIC_FAILURE ret=IccIoResult sw1:0x6a sw2:0x82 Error: File not found
07-19 10:44:11.886 1827 2554 I am_relaunch_resume_activity: [0,255874642,1,com.android.settings/.FallbackHome]
07-19 10:44:11.888 2720 2720 D SIMRecords: [SIMRecords] onRecordLoaded 8 requested: true
07-19 10:44:11.890 2751 2751 I am_on_paused_called: [0,com.android.settings.FallbackHome,handleRelaunchActivity]
07-19 10:44:11.892 2751 2751 I am_on_stop_called: [0,com.android.settings.FallbackHome,destroy]
07-19 10:44:11.894 2720 2749 D DCT : [0]hasMatchedTetherApnSetting: APN=null
07-19 10:44:11.900 2720 2720 D SIMRecords: [SIMRecords] getServiceProviderName: no brandOverride, providerName=LIDL Connect
07-19 10:44:11.900 2720 2720 D SIMRecords: [SIMRecords] Load EF_SPN: LIDL Connect spnDisplayCondition: 2
07-19 10:44:11.900 2720 2720 D TelephonyManager: setTelephonyProperty: success phoneId=0 property=gsm.sim.operator.alpha value: LIDL Connect propVal=LIDL Connect
07-19 10:44:11.900 2463 2463 D PhoneStatusBar: disable: < EXPAND* icons alerts system_info BACK* HOME* RECENT* clock SEARCH* quick_settings
> 07-19 10:44:11.902 2720 2720 D SIMRecords: [SIMRecords] onRecordLoaded 7 requested: true
07-19 10:44:11.903 2720 2720 D RILJ : [3750]> iccIO: SIM_IO 0xb0 0x6f05 path: 3F007FFF,0,0,12 aid: a0000000871002ffffffff89050600ff [SUB0]
07-19 10:44:11.908 2720 2858 D RILJ : [3750]< SIM_IO IccIoResult sw1:0x90 sw2:0x0 [SUB0]
07-19 10:44:11.911 2720 2720 D SIMRecords: [SIMRecords] SST: UsimServiceTable[96]={ FDN, FDN_EXTENSION, SM_STORAGE, SM_STATUS_REPORTS, SM_SERVICE_PARAMS, CAP_CONFIG_PARAMS_2, CB_MESSAGE_ID, CB_MESSAGE_ID_RANGES, GROUP_ID_LEVEL_1, SPN, USER_PLMN_SELECT, MSISDN, GSM_ACCESS, DATA_DL_VIA_SMS_PP, IGNORED_1, ENABLED_SERVICES_TABLE, GSM_SECURITY_CONTEXT, OPERATOR_PLMN_SELECT, HPLMN_SELECT, EXTENSION_5 }
07-19 10:44:11.911 2720 2720 D SIMRecords: [SIMRecords] onRecordLoaded 6 requested: true
07-19 10:44:11.911 2720 2720 E SIMRecords: [SIMRecords] Failed getting Equivalent Home PLMNs: com.android.internal.telephony.CommandException: GENERIC_FAILURE
07-19 10:44:11.912 2720 2720 D RILJ : [3751]> iccIO: SIM_IO 0xb0 0x2f05 path: 3F00,0,0,12 aid: a0000000871002ffffffff89050600ff [SUB0]
07-19 10:44:11.912 2720 2720 D SST : EVENT_IMS_CAPABILITY_CHANGED
07-19 10:44:11.915 2720 2720 D SIMRecords: [SIMRecords] getServiceProviderName: no brandOverride, providerName=LIDL Connect
07-19 10:44:11.916 2720 2720 D SST : updateSpnDisplay: radio is off w/ showPlmn=true plmn=No service
07-19 10:44:11.916 2720 2720 D SIMRecords: [SIMRecords] getServiceProviderName: no brandOverride, providerName=LIDL Connect
07-19 10:44:11.917 2720 2720 D SST : updateSpnDisplay: changed sending intent rule=2 showPlmn='true' plmn='No service' showSpn='false' spn='null' dataSpn='LIDL Connect' subId='-2'
07-19 10:44:11.920 2720 2858 D RILJ : [3751]< SIM_IO IccIoResult sw1:0x90 sw2:0x0 [SUB0]
07-19 10:44:11.922 2720 2720 D SubscriptionController: [setPlmnSpn] No valid subscription to store info
07-19 10:44:11.922 2720 2720 D SubscriptionController: notifySubscriptionInfoChanged:
07-19 10:44:11.925 2720 2990 D SubscriptionController: [getActiveSubInfoList] Sub Controller not ready
07-19 10:44:11.925 2751 2751 I am_on_resume_called: [0,com.android.settings.FallbackHome,handleRelaunchActivity]
07-19 10:44:11.926 2720 2749 D SubscriptionController: [getActiveSubInfoList] Sub Controller not ready
07-19 10:44:11.927 1827 2600 I chatty : uid=1000(system) Binder:1827_4 expire 2 lines
07-19 10:44:11.928 1827 2600 I am_wtf : [0,1827,system_server,-1,ActivityManager,Sending non-protected broadcast com.android.imscontection.DISCONNECTED from system 2720:com.android.phone/1001 pkg com.android.phone]
07-19 10:44:11.946 2720 3319 D ImsManager: registrationDisconnected :: imsReasonInfoImsReasonInfo :: {1000, 0, null}
07-19 10:44:11.946 2720 3319 D ImsPhoneCallTracker: [ImsPhoneCallTracker] onImsDisconnected imsReasonInfo=ImsReasonInfo :: {1000, 0, null}
07-19 10:44:11.946 2720 3319 D ImsPhone: updateDataServiceState: defSs = 3 3 voice home data home null null null null null null Unknown Unknown CSS not supported -1 -1 RoamInd=-1 DefRoamInd=-1 EmergOnly=false IsDataRoamingFromRegistration=false IsUsingCarrierAggregation=false imsSs = 1 3 voice home data home null null null null null null Unknown Unknown CSS not supported -1 -1 RoamInd=-1 DefRoamInd=-1 EmergOnly=false IsDataRoamingFromRegistration=false IsUsingCarrierAggregation=false
07-19 10:44:11.952 2720 2720 D SIMRecords: [SIMRecords] GID1: ff
07-19 10:44:11.952 2720 2720 D SIMRecords: [SIMRecords] onRecordLoaded 5 requested: true
07-19 10:44:11.952 2720 2720 D UiccCard: Error in SIM access with exceptioncom.android.internal.telephony.CommandException: NO_SUCH_ELEMENT
07-19 10:44:11.960 2720 2720 D SIMRecords: [SIMRecords] Received a PlmnActRecord, raw=32f451c08012f410808022f201808032f451808002f801808002f440808022f810808032f210808082f620808052f010808006f220808012f901808032f030808062f010808002f610808025f099808025f000808025f040808004f434808004f411808004f402808004f472808004f450808032f810808052f510808042f080808002f250808072f0778080030216808022f050808042f210808012f607808054f440808054f430808062f810808025f550808005f530808056f510808022f610808072f620808082f410808042f450808072f210808032f110808012f809808072f810808092f3048080330850808024f720808043f002808004f403808014f202808006f330808042f750808042f620808042f820808014f920808037f010808052f720808024f010808015f530808024f620808014f320808016f701808092f710808014f610808092f430808005f291808082f350808046f040808072f420808082f010808036f920808004f010808026f5108080ffffff0000ffffff0000ffffff0000ffffff0000ffffff0000ffffff0000ffffff0000ffffff0000ffffff0000ffffff0000ffffff0000ffffff0000ffffff0000ffffff0000ffffff0000ffffff0000ffffff0000ffffff0000ffffff0000ffffff0000ffffff0000ffffff0000ffffff0000ffffff0000ffffff0000
07-19 10:44:11.961 2720 2720 V PlmnActRecord: Extracting Logs, count=100
07-19 10:44:11.961 2720 2720 V PlmnActRecord: Creating PlmnActRecord 0
07-19 10:44:11.961 2720 2720 V PlmnActRecord: Creating PlmnActRecord 5
07-19 10:44:11.961 2720 2720 V PlmnActRecord: Creating PlmnActRecord 10
07-19 10:44:11.961 2720 2720 V PlmnActRecord: Creating PlmnActRecord 15
07-19 10:44:11.961 2720 2720 V PlmnActRecord: Creating PlmnActRecord 20
07-19 10:44:11.961 2720 2720 V PlmnActRecord: Creating PlmnActRecord 25
07-19 10:44:11.961 2720 2720 V PlmnActRecord: Creating PlmnActRecord 30
07-19 10:44:11.961 2720 2720 V PlmnActRecord: Creating PlmnActRecord 35
07-19 10:44:11.961 2720 2720 V PlmnActRecord: Creating PlmnActRecord 40
07-19 10:44:11.961 2720 2720 V PlmnActRecord: Creating PlmnActRecord 45
07-19 10:44:11.961 2720 2720 V PlmnActRecord: Creating PlmnActRecord 50
07-19 10:44:11.961 2720 2720 V PlmnActRecord: Creating PlmnActRecord 55
07-19 10:44:11.961 2720 2720 V PlmnActRecord: Creating PlmnActRecord 60
07-19 10:44:11.961 2720 2720 V PlmnActRecord: Creating PlmnActRecord 65
07-19 10:44:11.962 2720 2720 V PlmnActRecord: Creating PlmnActRecord 70
07-19 10:44:11.962 2720 2720 V PlmnActRecord: Creating PlmnActRecord 75
07-19 10:44:11.962 2720 2720 V PlmnActRecord: Creating PlmnActRecord 80
07-19 10:44:11.962 2720 2720 V PlmnActRecord: Creating PlmnActRecord 85
07-19 10:44:11.962 2720 2720 V PlmnActRecord: Creating PlmnActRecord 90
07-19 10:44:11.962 2720 2720 V PlmnActRecord: Creating PlmnActRecord 95
07-19 10:44:11.962 2720 2720 V PlmnActRecord: Creating PlmnActRecord 100
07-19 10:44:11.962 2720 2720 V PlmnActRecord: Creating PlmnActRecord 105
07-19 10:44:11.962 2720 2720 V PlmnActRecord: Creating PlmnActRecord 110
07-19 10:44:11.962 2720 2720 V PlmnActRecord: Creating PlmnActRecord 115
07-19 10:44:11.962 2720 2720 V PlmnActRecord: Creating PlmnActRecord 120
07-19 10:44:11.962 2720 2720 V PlmnActRecord: Creating PlmnActRecord 125
07-19 10:44:11.962 2720 2720 V PlmnActRecord: Creating PlmnActRecord 130
07-19 10:44:11.962 2720 2720 V PlmnActRecord: Creating PlmnActRecord 135
07-19 10:44:11.962 2720 2720 V PlmnActRecord: Creating PlmnActRecord 140
07-19 10:44:11.962 2720 2720 V PlmnActRecord: Creating PlmnActRecord 145
07-19 10:44:11.962 2720 2720 V PlmnActRecord: Creating PlmnActRecord 150
07-19 10:44:11.962 2720 2720 V PlmnActRecord: Creating PlmnActRecord 155
07-19 10:44:11.962 2720 2720 V PlmnActRecord: Creating PlmnActRecord 160
07-19 10:44:11.962 2720 2720 V PlmnActRecord: Creating PlmnActRecord 165
07-19 10:44:11.962 2720 2720 V PlmnActRecord: Creating PlmnActRecord 170
07-19 10:44:11.962 2720 2720 V PlmnActRecord: Creating PlmnActRecord 175
07-19 10:44:11.962 2720 2720 V PlmnActRecord: Creating PlmnActRecord 180
07-19 10:44:11.963 2720 2720 V PlmnActRecord: Creating PlmnActRecord 185
07-19 10:44:11.963 2720 2720 V PlmnActRecord: Creating PlmnActRecord 190
07-19 10:44:11.963 2720 2720 V PlmnActRecord: Creating PlmnActRecord 195
07-19 10:44:11.963 2720 2720 V PlmnActRecord: Creating PlmnActRecord 200
07-19 10:44:11.963 2720 2720 V PlmnActRecord: Creating PlmnActRecord 205
07-19 10:44:11.963 2720 2720 V PlmnActRecord: Creating PlmnActRecord 210
07-19 10:44:11.963 2720 2720 V PlmnActRecord: Creating PlmnActRecord 215
07-19 10:44:11.963 2720 2720 V PlmnActRecord: Creating PlmnActRecord 220
07-19 10:44:11.963 2720 2720 V PlmnActRecord: Creating PlmnActRecord 225
07-19 10:44:11.963 2720 2720 V PlmnActRecord: Creating PlmnActRecord 230
07-19 10:44:11.963 2720 2720 V PlmnActRecord: Creating PlmnActRecord 235
07-19 10:44:11.963 2720 2720 V PlmnActRecord: Creating PlmnActRecord 240
07-19 10:44:11.963 2720 2720 V PlmnActRecord: Creating PlmnActRecord 245
07-19 10:44:11.963 2720 2720 V PlmnActRecord: Creating PlmnActRecord 250
07-19 10:44:11.963 2720 2720 V PlmnActRecord: Creating PlmnActRecord 255
07-19 10:44:11.963 2720 2720 V PlmnActRecord: Creating PlmnActRecord 260
07-19 10:44:11.963 2720 2720 V PlmnActRecord: Creating PlmnActRecord 265
07-19 10:44:11.963 2720 2720 V PlmnActRecord: Creating PlmnActRecord 270
07-19 10:44:11.963 2720 2720 V PlmnActRecord: Creating PlmnActRecord 275
07-19 10:44:11.963 2720 2720 V PlmnActRecord: Creating PlmnActRecord 280
07-19 10:44:11.963 2720 2720 V PlmnActRecord: Creating PlmnActRecord 285
07-19 10:44:11.963 2720 2720 V PlmnActRecord: Creating PlmnActRecord 290
07-19 10:44:11.963 2720 2720 V PlmnActRecord: Creating PlmnActRecord 295
07-19 10:44:11.963 2720 2720 V PlmnActRecord: Creating PlmnActRecord 300
07-19 10:44:11.964 2720 2720 V PlmnActRecord: Creating PlmnActRecord 305
07-19 10:44:11.964 2720 2720 V PlmnActRecord: Creating PlmnActRecord 310
07-19 10:44:11.964 2720 2720 V PlmnActRecord: Creating PlmnActRecord 315
07-19 10:44:11.964 2720 2720 V PlmnActRecord: Creating PlmnActRecord 320
07-19 10:44:11.964 2720 2720 V PlmnActRecord: Creating PlmnActRecord 325
07-19 10:44:11.964 2720 2720 V PlmnActRecord: Creating PlmnActRecord 330
07-19 10:44:11.964 2720 2720 V PlmnActRecord: Creating PlmnActRecord 335
07-19 10:44:11.964 2720 2720 V PlmnActRecord: Creating PlmnActRecord 340
07-19 10:44:11.964 2720 2720 V PlmnActRecord: Creating PlmnActRecord 345
07-19 10:44:11.964 2720 2720 V PlmnActRecord: Creating PlmnActRecord 350
07-19 10:44:11.964 2720 2720 V PlmnActRecord: Creating PlmnActRecord 355
07-19 10:44:11.964 2720 2720 V PlmnActRecord: Creating PlmnActRecord 360
07-19 10:44:11.964 2720 2720 V PlmnActRecord: Creating PlmnActRecord 365
07-19 10:44:11.964 2720 2720 V PlmnActRecord: Creating PlmnActRecord 370
07-19 10:44:11.964 2720 2720 V PlmnActRecord: Creating PlmnActRecord 375
07-19 10:44:11.964 2720 2720 V PlmnActRecord: Creating PlmnActRecord 380
07-19 10:44:11.964 2720 2720 V PlmnActRecord: Creating PlmnActRecord 385
07-19 10:44:11.964 2720 2720 V PlmnActRecord: Creating PlmnActRecord 390
07-19 10:44:11.964 2720 2720 V PlmnActRecord: Creating PlmnActRecord 395
07-19 10:44:11.964 2720 2720 V PlmnActRecord: Creating PlmnActRecord 400
07-19 10:44:11.964 2720 2720 V PlmnActRecord: Creating PlmnActRecord 405
07-19 10:44:11.964 2720 2720 V PlmnActRecord: Creating PlmnActRecord 410
07-19 10:44:11.964 2720 2720 V PlmnActRecord: Creating PlmnActRecord 415
07-19 10:44:11.965 2720 2720 V PlmnActRecord: Creating PlmnActRecord 420
07-19 10:44:11.965 2720 2720 V PlmnActRecord: Creating PlmnActRecord 425
07-19 10:44:11.965 2720 2720 V PlmnActRecord: Creating PlmnActRecord 430
07-19 10:44:11.965 2720 2720 V PlmnActRecord: Creating PlmnActRecord 435
07-19 10:44:11.965 2720 2720 V PlmnActRecord: Creating PlmnActRecord 440
07-19 10:44:11.965 2720 2720 V PlmnActRecord: Creating PlmnActRecord 445
07-19 10:44:11.965 2720 2720 V PlmnActRecord: Creating PlmnActRecord 450
07-19 10:44:11.965 2720 2720 V PlmnActRecord: Creating PlmnActRecord 455
07-19 10:44:11.965 2720 2720 V PlmnActRecord: Creating PlmnActRecord 460
07-19 10:44:11.965 2720 2720 V PlmnActRecord: Creating PlmnActRecord 465
07-19 10:44:11.965 2720 2720 V PlmnActRecord: Creating PlmnActRecord 470
07-19 10:44:11.965 2720 2720 V PlmnActRecord: Creating PlmnActRecord 475
07-19 10:44:11.965 2720 2720 V PlmnActRecord: Creating PlmnActRecord 480
07-19 10:44:11.965 2720 2720 V PlmnActRecord: Creating PlmnActRecord 485
07-19 10:44:11.965 2720 2720 V PlmnActRecord: Creating PlmnActRecord 490
07-19 10:44:11.965 2720 2720 V PlmnActRecord: Creating PlmnActRecord 495
07-19 10:44:11.965 2720 2720 D SIMRecords: [SIMRecords] Received a PlmnActRecord, raw=32f451c08012f410808022f201808032f451808002f801808002f440808022f810808032f210808082f620808052f010808006f220808012f901808032f030808062f010808002f610808025f099808025f000808025f040808004f434808004f411808004f402808004f472808004f450808032f810808052f510808042f080808002f250808072f0778080030216808022f050808042f210808012f607808054f440808054f430808062f810808025f550808005f530808056f510808022f610808072f620808082f410808042f450808072f210808032f110808012f809808072f810808092f3048080330850808024f720808043f002808004f403808014f202808006f330808042f750808042f620808042f820808014f920808037f010808052f720808024f010808015f530808024f620808014f320808016f701808092f710808014f610808092f430808005f291808082f350808046f040808072f420808082f010808036f920808004f010808026f5108080ffffff0000ffffff0000ffffff0000ffffff0000ffffff0000ffffff0000ffffff0000ffffff0000ffffff0000ffffff0000ffffff0000ffffff0000ffffff0000ffffff0000ffffff0000ffffff0000ffffff0000ffffff0000ffffff0000ffffff0000ffffff0000ffffff0000ffffff0000ffffff0000ffffff0000
07-19 10:44:11.966 2720 2720 V PlmnActRecord: Extracting Logs, count=100
07-19 10:44:11.966 2720 2720 V PlmnActRecord: Creating PlmnActRecord 0
07-19 10:44:11.966 2720 2720 V PlmnActRecord: Creating PlmnActRecord 5
07-19 10:44:11.966 2720 2720 V PlmnActRecord: Creating PlmnActRecord 10
07-19 10:44:11.966 2720 2720 V PlmnActRecord: Creating PlmnActRecord 15
07-19 10:44:11.966 2720 2720 V PlmnActRecord: Creating PlmnActRecord 20
07-19 10:44:11.966 2720 2720 V PlmnActRecord: Creating PlmnActRecord 25
07-19 10:44:11.966 2720 2720 V PlmnActRecord: Creating PlmnActRecord 30
07-19 10:44:11.966 2720 2720 V PlmnActRecord: Creating PlmnActRecord 35
07-19 10:44:11.966 2720 2720 V PlmnActRecord: Creating PlmnActRecord 40
07-19 10:44:11.966 2720 2720 V PlmnActRecord: Creating PlmnActRecord 45
07-19 10:44:11.967 2720 2720 V PlmnActRecord: Creating PlmnActRecord 50
07-19 10:44:11.967 2720 2720 V PlmnActRecord: Creating PlmnActRecord 55
07-19 10:44:11.967 2720 2720 V PlmnActRecord: Creating PlmnActRecord 60
07-19 10:44:11.967 2720 2720 V PlmnActRecord: Creating PlmnActRecord 65
07-19 10:44:11.967 2720 2720 V PlmnActRecord: Creating PlmnActRecord 70
07-19 10:44:11.967 2720 2720 V PlmnActRecord: Creating PlmnActRecord 75
07-19 10:44:11.967 2720 2720 V PlmnActRecord: Creating PlmnActRecord 80
07-19 10:44:11.967 2720 2720 V PlmnActRecord: Creating PlmnActRecord 85
07-19 10:44:11.967 2720 2720 V PlmnActRecord: Creating PlmnActRecord 90
07-19 10:44:11.967 2720 2720 V PlmnActRecord: Creating PlmnActRecord 95
07-19 10:44:11.967 2720 2720 V PlmnActRecord: Creating PlmnActRecord 100
07-19 10:44:11.967 2720 2720 V PlmnActRecord: Creating PlmnActRecord 105
07-19 10:44:11.967 2720 2720 V PlmnActRecord: Creating PlmnActRecord 110
07-19 10:44:11.967 2720 2720 V PlmnActRecord: Creating PlmnActRecord 115
07-19 10:44:11.967 2720 2720 V PlmnActRecord: Creating PlmnActRecord 120
07-19 10:44:11.967 2720 2720 V PlmnActRecord: Creating PlmnActRecord 125
07-19 10:44:11.967 2720 2720 V PlmnActRecord: Creating PlmnActRecord 130
07-19 10:44:11.967 2720 2720 V PlmnActRecord: Creating PlmnActRecord 135
07-19 10:44:11.967 2720 2720 V PlmnActRecord: Creating PlmnActRecord 140
07-19 10:44:11.967 2720 2720 V PlmnActRecord: Creating PlmnActRecord 145
07-19 10:44:11.967 2720 2720 V PlmnActRecord: Creating PlmnActRecord 150
07-19 10:44:11.968 2720 2720 V PlmnActRecord: Creating PlmnActRecord 155
07-19 10:44:11.968 2720 2720 V PlmnActRecord: Creating PlmnActRecord 160
07-19 10:44:11.968 2720 2720 V PlmnActRecord: Creating PlmnActRecord 165
07-19 10:44:11.968 2720 2720 V PlmnActRecord: Creating PlmnActRecord 170
07-19 10:44:11.968 2720 2720 V PlmnActRecord: Creating PlmnActRecord 175
07-19 10:44:11.968 2720 2720 V PlmnActRecord: Creating PlmnActRecord 180
07-19 10:44:11.968 2720 2720 V PlmnActRecord: Creating PlmnActRecord 185
07-19 10:44:11.968 2720 2720 V PlmnActRecord: Creating PlmnActRecord 190
07-19 10:44:11.968 2720 2720 V PlmnActRecord: Creating PlmnActRecord 195
07-19 10:44:11.968 2720 2720 V PlmnActRecord: Creating PlmnActRecord 200
07-19 10:44:11.968 2720 2720 V PlmnActRecord: Creating PlmnActRecord 205
07-19 10:44:11.968 2720 2720 V PlmnActRecord: Creating PlmnActRecord 210
07-19 10:44:11.968 2720 2720 V PlmnActRecord: Creating PlmnActRecord 215
07-19 10:44:11.968 2720 2720 V PlmnActRecord: Creating PlmnActRecord 220
07-19 10:44:11.968 2720 2720 V PlmnActRecord: Creating PlmnActRecord 225
07-19 10:44:11.968 2720 2720 V PlmnActRecord: Creating PlmnActRecord 230
07-19 10:44:11.968 2720 2720 V PlmnActRecord: Creating PlmnActRecord 235
07-19 10:44:11.968 2720 2720 V PlmnActRecord: Creating PlmnActRecord 240
07-19 10:44:11.968 2720 2720 V PlmnActRecord: Creating PlmnActRecord 245
07-19 10:44:11.968 2720 2720 V PlmnActRecord: Creating PlmnActRecord 250
07-19 10:44:11.968 2720 2720 V PlmnActRecord: Creating PlmnActRecord 255
07-19 10:44:11.968 2720 2720 V PlmnActRecord: Creating PlmnActRecord 260
07-19 10:44:11.968 2720 2720 V PlmnActRecord: Creating PlmnActRecord 265
07-19 10:44:11.968 2720 2720 V PlmnActRecord: Creating PlmnActRecord 270
07-19 10:44:11.968 2720 2720 V PlmnActRecord: Creating PlmnActRecord 275
07-19 10:44:11.968 2720 2720 V PlmnActRecord: Creating PlmnActRecord 280
07-19 10:44:11.968 2720 2720 V PlmnActRecord: Creating PlmnActRecord 285
07-19 10:44:11.968 2720 2720 V PlmnActRecord: Creating PlmnActRecord 290
07-19 10:44:11.968 2720 2720 V PlmnActRecord: Creating PlmnActRecord 295
07-19 10:44:11.968 2720 2720 V PlmnActRecord: Creating PlmnActRecord 300
07-19 10:44:11.969 2720 2720 V PlmnActRecord: Creating PlmnActRecord 305
07-19 10:44:11.969 2720 2720 V PlmnActRecord: Creating PlmnActRecord 310
07-19 10:44:11.969 2720 2720 V PlmnActRecord: Creating PlmnActRecord 315
07-19 10:44:11.969 2720 2720 V PlmnActRecord: Creating PlmnActRecord 320
07-19 10:44:11.969 2720 2720 V PlmnActRecord: Creating PlmnActRecord 325
07-19 10:44:11.969 2720 2720 V PlmnActRecord: Creating PlmnActRecord 330
07-19 10:44:11.969 2720 2720 V PlmnActRecord: Creating PlmnActRecord 335
07-19 10:44:11.969 2720 2720 V PlmnActRecord: Creating PlmnActRecord 340
07-19 10:44:11.969 2720 2720 V PlmnActRecord: Creating PlmnActRecord 345
07-19 10:44:11.969 2720 2720 V PlmnActRecord: Creating PlmnActRecord 350
07-19 10:44:11.969 2720 2720 V PlmnActRecord: Creating PlmnActRecord 355
07-19 10:44:11.969 2720 2720 V PlmnActRecord: Creating PlmnActRecord 360
07-19 10:44:11.969 2720 2720 V PlmnActRecord: Creating PlmnActRecord 365
07-19 10:44:11.969 2720 2720 V PlmnActRecord: Creating PlmnActRecord 370
07-19 10:44:11.969 2720 2720 V PlmnActRecord: Creating PlmnActRecord 375
07-19 10:44:11.969 2720 2720 V PlmnActRecord: Creating PlmnActRecord 380
07-19 10:44:11.969 2720 2720 V PlmnActRecord: Creating PlmnActRecord 385
07-19 10:44:11.969 2720 2720 V PlmnActRecord: Creating PlmnActRecord 390
07-19 10:44:11.969 2720 2720 V PlmnActRecord: Creating PlmnActRecord 395
07-19 10:44:11.969 2720 2720 V PlmnActRecord: Creating PlmnActRecord 400
07-19 10:44:11.969 2720 2720 V PlmnActRecord: Creating PlmnActRecord 405
07-19 10:44:11.971 2720 2720 V PlmnActRecord: Creating PlmnActRecord 410
07-19 10:44:11.971 2720 2720 V PlmnActRecord: Creating PlmnActRecord 415
07-19 10:44:11.971 2720 2720 V PlmnActRecord: Creating PlmnActRecord 420
07-19 10:44:11.972 2720 2720 V PlmnActRecord: Creating PlmnActRecord 425
07-19 10:44:11.972 2720 2720 V PlmnActRecord: Creating PlmnActRecord 430
07-19 10:44:11.972 2720 2720 V PlmnActRecord: Creating PlmnActRecord 435
07-19 10:44:11.972 2720 2720 V PlmnActRecord: Creating PlmnActRecord 440
07-19 10:44:11.972 2720 2720 V PlmnActRecord: Creating PlmnActRecord 445
07-19 10:44:11.972 2720 2720 V PlmnActRecord: Creating PlmnActRecord 450
07-19 10:44:11.972 2720 2720 V PlmnActRecord: Creating PlmnActRecord 455
07-19 10:44:11.972 2720 2720 V PlmnActRecord: Creating PlmnActRecord 460
07-19 10:44:11.972 2720 2720 V PlmnActRecord: Creating PlmnActRecord 465
07-19 10:44:11.972 2720 2720 V PlmnActRecord: Creating PlmnActRecord 470
07-19 10:44:11.972 2720 2720 V PlmnActRecord: Creating PlmnActRecord 475
07-19 10:44:11.972 2720 2720 V PlmnActRecord: Creating PlmnActRecord 480
07-19 10:44:11.972 2720 2720 V PlmnActRecord: Creating PlmnActRecord 485
07-19 10:44:11.972 2720 2720 V PlmnActRecord: Creating PlmnActRecord 490
07-19 10:44:11.972 2720 2720 V PlmnActRecord: Creating PlmnActRecord 495
07-19 10:44:11.972 2720 2720 D SIMRecords: [SIMRecords] Received a PlmnActRecord, raw=62f220c080ffffff0000
07-19 10:44:11.972 2720 2720 V PlmnActRecord: Extracting Logs, count=2
07-19 10:44:11.972 2720 2720 V PlmnActRecord: Creating PlmnActRecord 0
07-19 10:44:11.972 2720 2720 V PlmnActRecord: Creating PlmnActRecord 5
07-19 10:44:11.974 2751 2751 D SimSelectNotification: no of slots 2 provision = true
07-19 10:44:11.976 2720 2720 D SIMRecords: [SIMRecords] HplmnActRecord[]=[{PLMN=26202,AccessTechs=UTRAN|EUTRAN|GSM|UNKNOWN:3f00}, {PLMN=fffff,AccessTechs=NONE}]
07-19 10:44:11.976 2720 2720 D SIMRecords: [SIMRecords] EVENT_GET_SMS_RECORD_SIZE_DONE Size 176 total 3520 record 20
07-19 10:44:11.977 2720 2720 D SST : SubscriptionListener.onSubscriptionInfoChanged
07-19 10:44:11.977 2720 2720 E Phone : getStoredVoiceMessageCount: invalid subId -2
07-19 10:44:11.977 2720 2720 D GsmCdmaPhone: [GsmCdmaPhone] updateVoiceMail countVoiceMessages = 0 subId -2
07-19 10:44:11.977 2720 2720 E Phone : setVoiceMessageCount in sharedPreference: invalid subId -2
07-19 10:44:11.980 2958 2958 D CellBroadcastReceiver: onReceive Intent { act=android.intent.action.SIM_STATE_CHANGED flg=0x4000010 cmp=com.android.cellbroadcastreceiver/.CellBroadcastReceiver (has extras) }
07-19 10:44:11.980 2720 2720 D DCT : [0]SubscriptionListener.onSubscriptionInfoChanged
07-19 10:44:11.982 2720 2720 D SST : SubscriptionListener.onSubscriptionInfoChanged
07-19 10:44:11.982 2720 2720 D DCT : [1]SubscriptionListener.onSubscriptionInfoChanged
07-19 10:44:11.985 2720 2720 D SubscriptionController: [getActiveSubInfoList] Sub Controller not ready
07-19 10:44:11.996 1827 2554 I Telecom : PhoneAccountRegistrar: [ComponentInfo{com.android.phone/com.android.services.telephony.TelephonyConnectionService}, [e0184adedf913b076626646d3f52c3b49c39ad6d], UserHandle{0}(icon: Icon(typ=BITMAP size=38x48) -> Icon(typ=BITMAP size=38x48))]: TSI.rPA@AAs
07-19 10:44:12.006 1827 2554 I Telecom : : Sending phone-account registered intent as user: TSI.rPA@AAs
07-19 10:44:12.020 1827 1927 I Telecom : PhoneAccountRegistrar: getUserSelVoicePhoneAccount, voice subId = -1: TSI.gUSOPA@AA0
07-19 10:44:12.020 1827 1927 I Telecom : PhoneAccountRegistrar: getUserSelVoicePhoneAccount, emergency account : TSI.gUSOPA@AA0
07-19 10:44:12.020 1827 1983 I WindowManager: Screen frozen for +141ms due to Window{254bc5c u0 KeyguardScrim}
07-19 10:44:12.021 2720 2720 D SubscriptionController: [getActiveSubInfoList] Sub Controller not ready
07-19 10:44:12.022 2720 2720 D UiccPkcs15: handleMessage: 201
07-19 10:44:12.022 2720 2720 D UiccPkcs15: error: com.android.internal.telephony.CommandException: NO_SUCH_ELEMENT
07-19 10:44:12.022 2720 2720 D SIMRecords: [SIMRecords] Received Forbidden PLMNs, raw=62f27062f23062f21002f851
07-19 10:44:12.022 2720 2720 D SIMRecords: [SIMRecords] onRecordLoaded 4 requested: true
07-19 10:44:12.023 2720 2720 D SIMRecords: [SIMRecords] EF_LI LOADED
07-19 10:44:12.023 2720 2720 D SIMRecords: [SIMRecords] EF_LI=6465656effffffffffffffff
07-19 10:44:12.023 2720 2720 D SIMRecords: [SIMRecords] onRecordLoaded 3 requested: true
07-19 10:44:12.023 2720 2720 D SIMRecords: [SIMRecords] MSISDN: [9eqMI1-uW7Quv5Z0fs3MW1r_w0U]
07-19 10:44:12.023 2720 2720 D SIMRecords: [SIMRecords] onRecordLoaded 2 requested: true
07-19 10:44:12.023 2720 2720 D SIMRecords: [SIMRecords] EF_PL LOADED
07-19 10:44:12.023 2720 2720 D SIMRecords: [SIMRecords] EF_PL=6465656effffffffffffffff
07-19 10:44:12.023 2720 2720 D SIMRecords: [SIMRecords] onRecordLoaded 1 requested: true
07-19 10:44:12.025 2751 2751 D SimSelectNotification: no of slots 2 provision = true
07-19 10:44:12.033 313 540 D audio_hw_primary: adev_set_parameters: enter: A2dpSuspended=false
07-19 10:44:12.034 313 313 D AudioPolicyManagerCustom: setForceUse() usage 0, config 0, mPhoneState 0
07-19 10:44:12.035 313 540 D AudioPolicyManagerCustom: setForceUse() usage 2, config 0, mPhoneState 0
07-19 10:44:12.036 1827 1927 I Telecom : PhoneAccountRegistrar: [ComponentInfo{com.android.phone/com.android.services.telephony.TelephonyConnectionService}, [e0184adedf913b076626646d3f52c3b49c39ad6d], UserHandle{0}(addr: tel:************** -> tel:)(icon: Icon(typ=BITMAP size=38x48) -> Icon(typ=BITMAP size=38x48))(subAddr: tel:************** -> tel:)]: TSI.rPA@AA4
07-19 10:44:12.038 1827 1927 I Telecom : : Sending phone-account registered intent as user: TSI.rPA@AA4
07-19 10:44:12.038 2720 2720 D UiccPkcs15: handleMessage: 1
07-19 10:44:12.038 2720 2720 D UiccPkcs15: select pkcs15 failed: com.android.internal.telephony.CommandException: NO_SUCH_ELEMENT
07-19 10:44:12.039 2720 2720 D SIMRecords: [SIMRecords] Invalid or missing EF[MAILBOX]
07-19 10:44:12.039 2720 2720 D SIMRecords: [SIMRecords] onRecordLoaded 0 requested: true
07-19 10:44:12.039 2720 2720 D SIMRecords: [SIMRecords] record load complete
07-19 10:44:12.039 2720 2720 D SIMRecords: [SIMRecords] Not using EF LI/EF PL
07-19 10:44:12.039 2720 2720 D SIMRecords: [SIMRecords] EF_CFIS and EF_CFF not valid. callForwardingEnabled=-1
07-19 10:44:12.039 2720 2720 D SIMRecords: [SIMRecords] onAllRecordsLoaded set 'gsm.sim.operator.numeric' to operator='26202'
07-19 10:44:12.039 2720 2720 D TelephonyManager: setTelephonyProperty: success phoneId=0 property=gsm.sim.operator.numeric value: 26202 propVal=26202
07-19 10:44:12.039 2720 2720 D SubscriptionController: [setMccMnc]+ mcc/mnc:262/2 subId:-2
07-19 10:44:12.043 2720 2720 D SubscriptionController: notifySubscriptionInfoChanged:
07-19 10:44:12.045 2720 2990 D SubscriptionController: [getActiveSubInfoList] Sub Controller not ready
07-19 10:44:12.045 2720 2750 D SubscriptionController: [getActiveSubInfoList] Sub Controller not ready
07-19 10:44:12.046 2720 2720 D SIMRecords: [SIMRecords] update icc_operator_numeric = 26202 subId = -2
07-19 10:44:12.046 2720 2720 D SIMRecords: [SIMRecords] onAllRecordsLoaded set mcc imsi
07-19 10:44:12.046 2720 2720 D TelephonyManager: setTelephonyProperty: success phoneId=0 property=gsm.sim.operator.iso-country value: de propVal=de
07-19 10:44:12.049 2720 2720 D SST : SubscriptionListener.onSubscriptionInfoChanged
07-19 10:44:12.049 2720 2720 D DCT : [0]SubscriptionListener.onSubscriptionInfoChanged
07-19 10:44:12.050 2720 2720 D SST : SubscriptionListener.onSubscriptionInfoChanged
07-19 10:44:12.050 2720 2720 D DCT : [1]SubscriptionListener.onSubscriptionInfoChanged
07-19 10:44:12.051 2720 2720 D SubscriptionController: [getActiveSubInfoList] Sub Controller not ready
07-19 10:44:12.052 2720 2720 D SubscriptionController: [getActiveSubInfoList] Sub Controller not ready
07-19 10:44:12.060 1827 1926 I Telecom : PhoneAccountRegistrar: [ComponentInfo{com.android.phone/com.android.services.telephony.TelephonyConnectionService}, [e0184adedf913b076626646d3f52c3b49c39ad6d], UserHandle{0}(icon: Icon(typ=BITMAP size=38x48) -> Icon(typ=BITMAP size=38x48))]: TSI.rPA@AA8
07-19 10:44:12.062 1827 1926 I Telecom : : Sending phone-account registered intent as user: TSI.rPA@AA8
07-19 10:44:12.071 1827 2811 I Telecom : PhoneAccountRegistrar: getUserSelVoicePhoneAccount, voice subId = -1: TSI.gUSOPA@ABE
07-19 10:44:12.071 1827 2811 I Telecom : PhoneAccountRegistrar: getUserSelVoicePhoneAccount, emergency account : TSI.gUSOPA@ABE
07-19 10:44:12.071 2720 2720 D CAT : CatService: handleMessage[20]
07-19 10:44:12.072 2720 2720 D GsmCdmaPhone: [GsmCdmaPhone] updateCurrentCarrierInProvider: mSubId = -2 currentDds = -1 operatorNumeric = 26202
07-19 10:44:12.072 2720 2720 D IccCardProxy: operator=26202 mPhoneId=0
07-19 10:44:12.072 2720 2720 D TelephonyManager: setTelephonyProperty: success phoneId=0 property=gsm.sim.operator.numeric value: 26202 propVal=26202
07-19 10:44:12.073 2720 2720 D TelephonyManager: setTelephonyProperty: success phoneId=0 property=gsm.sim.operator.iso-country value: de propVal=de
07-19 10:44:12.073 2720 2720 D IccCardProxy: Sending intent ACTION_INTERNAL_SIM_STATE_CHANGED for mPhoneId : 0
07-19 10:44:12.074 2720 2720 D SST : EVENT_SIM_RECORDS_LOADED: what=16
07-19 10:44:12.074 2720 2720 D SST : updatePhoneObject: Ignore update
07-19 10:44:12.074 2720 2720 D SST : getOtasp: otasp not needed for GSM
07-19 10:44:12.074 2720 2720 D SST : updateOtaspState: call notifyOtaspChanged old otaspMode=0 new otaspMode=3
07-19 10:44:12.076 2720 2720 D SIMRecords: [SIMRecords] getServiceProviderName: no brandOverride, providerName=LIDL Connect
07-19 10:44:12.076 2720 2720 D SST : updateSpnDisplay: radio is off w/ showPlmn=true plmn=No service
07-19 10:44:12.076 2720 2720 D SIMRecords: [SIMRecords] getServiceProviderName: no brandOverride, providerName=LIDL Connect
07-19 10:44:12.086 1827 1927 I Telecom : PhoneAccountRegistrar: [ComponentInfo{com.android.phone/com.android.services.telephony.TelephonyConnectionService}, [e0184adedf913b076626646d3f52c3b49c39ad6d], UserHandle{0}(icon: Icon(typ=BITMAP size=38x48) -> Icon(typ=BITMAP size=38x48))]: TSI.rPA@ABI
07-19 10:44:12.088 1827 1927 I Telecom : : Sending phone-account registered intent as user: TSI.rPA@ABI
07-19 10:44:12.089 2720 2720 D SubscriptionInfoUpdater: [Receiver]+
07-19 10:44:12.089 2720 2720 D SubscriptionInfoUpdater: Action: android.intent.action.internal_sim_state_changed
07-19 10:44:12.089 2720 2720 D SubscriptionInfoUpdater: slotId: 0
07-19 10:44:12.089 2720 2720 D SubscriptionInfoUpdater: simStatus: LOADED
07-19 10:44:12.089 2720 2720 D SubscriptionInfoUpdater: [Receiver]-
07-19 10:44:12.089 2720 2720 D SubscriptionInfoUpdater: handleSimStateLoadedInternal: slotId: 0
07-19 10:44:12.089 2720 2720 D SubscriptionInfoUpdater: All IccIds query complete
07-19 10:44:12.089 2720 2720 D SubscriptionInfoUpdater: updateSubscriptionInfoByIccId:+ Start
07-19 10:44:12.090 2720 2720 D SubscriptionController: [clearSubInfo]- no simInfo size=0
07-19 10:44:12.090 2720 2720 D SubscriptionInfoUpdater: insertedSimCount = 1
07-19 10:44:12.090 2720 2720 D SubscriptionController: [getSubInfoUsingSlotIdWithCheck]+ slotId:0
07-19 10:44:12.091 2463 2463 D PhoneStatusBar: heads up is enabled
07-19 10:44:12.097 2720 2720 D SubscriptionController: [getSubInfoUsingSlotId]- null info return
07-19 10:44:12.097 2720 2720 D SubscriptionInfoUpdater: updateSubscriptionInfoByIccId: No SIM in slot 0 last time
07-19 10:44:12.097 2720 2720 D SubscriptionController: [getSubInfoUsingSlotIdWithCheck]+ slotId:1
07-19 10:44:12.103 2720 2720 D SubscriptionController: [getSubInfoUsingSlotId]- null info return
07-19 10:44:12.103 2720 2720 D SubscriptionInfoUpdater: updateSubscriptionInfoByIccId: No SIM in slot 1 last time
07-19 10:44:12.103 2720 2720 D SubscriptionInfoUpdater: updateSubscriptionInfoByIccId: oldIccId[0] = , sIccId[0] = 89492019156020009546
07-19 10:44:12.103 2720 2720 D SubscriptionInfoUpdater: updateSubscriptionInfoByIccId: oldIccId[1] = , sIccId[1] = 
07-19 10:44:12.104 2720 2720 D SubscriptionController: [addSubInfoRecord]+ iccId:89492019156020009546 slotId:0
07-19 10:44:12.111 2720 2720 D SubscriptionController: [getActiveSubInfoList] Sub Controller not ready
07-19 10:44:12.130 2720 2720 D SubscriptionController: [addSubInfoRecord] New record created: content://telephony/siminfo/1
07-19 10:44:12.130 2463 2463 I Choreographer: Skipped 104 frames! The application may be doing too much work on its main thread.
07-19 10:44:12.140 2720 2720 D SubscriptionController: [addSubInfoRecord] sSlotIdxToSubId.size=1 slotId=0 subId=1 defaultSubId=-1 simCount=2
07-19 10:44:12.140 2720 2720 D SubscriptionController: [setDefaultFallbackSubId] subId=1
07-19 10:44:12.141 2720 2720 D SubscriptionController: [setDefaultFallbackSubId] set mDefaultFallbackSubId=1
07-19 10:44:12.141 2720 2720 D MccTable: updateMccMncConfiguration mccmnc='26202' fromServiceState=false
07-19 10:44:12.143 2720 2720 D MccTable: updateMccMncConfiguration defaultMccMnc=26202
07-19 10:44:12.143 2720 2720 D MccTable: updateMccMncConfiguration: mcc=262, mnc=2
07-19 10:44:12.143 2720 2720 D MccTable: updateMccMncConfiguration updateConfig config={1.0 262mcc2mnc ?localeList ?layoutDir ?swdp ?wdp ?hdp ?density ?lsize ?long ?orien ?uimode ?night ?touch ?keyb/?/? ?nav/?}
07-19 10:44:12.153 2720 2720 D SubscriptionController: [setDefaultFallbackSubId] broadcast default subId changed phoneId=0 subId=1
07-19 10:44:12.155 2720 2720 I SubscriptionController: Subscription is invalid. Set default to 1
07-19 10:44:12.155 2720 2720 D SubscriptionController: [setDefaultSmsSubId] subId=1
07-19 10:44:12.158 2720 2720 D SubscriptionController: [broadcastDefaultSmsSubIdChanged] subId=1
07-19 10:44:12.160 2720 2720 D PhoneFactory: setSMSPromptOption to true
07-19 10:44:12.160 2720 2720 D SubscriptionController: [addSubInfoRecord] hashmap(0,1)
07-19 10:44:12.160 2463 2463 D ViewRootImpl[StatusBar]: changeCanvasOpacity: opaque=true
07-19 10:44:12.163 2958 2958 D CellBroadcastReceiver: onReceive Intent { act=android.intent.action.ACTION_DEFAULT_SMS_SUBSCRIPTION_CHANGED flg=0x20000010 cmp=com.android.cellbroadcastreceiver/.CellBroadcastReceiver (has extras) }
07-19 10:44:12.167 2958 2958 D CellBroadcastReceiver: Start Cell Broadcast configuration.
07-19 10:44:12.175 2720 2750 D RILJ : [3752]> RIL_REQUEST_GET_CELL_INFO_LIST [SUB0]
07-19 10:44:12.176 2720 2720 D SubscriptionController: [addSubInfoRecord] sim name = LIDL Connect
07-19 10:44:12.176 2720 2720 D DCT : [0]update sub = 1
07-19 10:44:12.176 2720 2720 D DCT : [0]update(): Active DDS, register for all events now!
07-19 10:44:12.177 2958 3413 D CellBroadcastConfigService: Enable CellBroadcast on sub 1
07-19 10:44:12.177 2720 2720 D DCT : [0]New records found.
07-19 10:44:12.177 2720 2720 D SST : mDeviceShuttingDown=false, mDesiredPowerState=true, getRadioState=RADIO_OFF, mPowerOffDelayNeed=true, mAlarmSwitch=false, mRadioDisabledByCarrier=false
07-19 10:44:12.178 2720 2720 D RILJ : [3753]> RADIO_POWER on [SUB0]
07-19 10:44:12.181 2720 2720 D GsmCdmaPhone: [GsmCdmaPhone] updateCurrentCarrierInProvider: mSubId = 1 currentDds = -1 operatorNumeric = 26202
07-19 10:44:12.181 2720 2720 D SubscriptionController: [addSubInfoRecord]- info size=1
07-19 10:44:12.182 2720 2858 D RilRequest: [3752]< RIL_REQUEST_GET_CELL_INFO_LIST error: com.android.internal.telephony.CommandException: GENERIC_FAILURE ret=
07-19 10:44:12.182 2720 2720 D PhoneFactory: setSMSPromptOption to false
07-19 10:44:12.183 2720 2720 D SubscriptionInfoUpdater: newSim = true
07-19 10:44:12.183 2720 2720 D SubscriptionInfoUpdater: updateSubscriptionInfoByIccId: No SIM inserted in slot 1 this time
07-19 10:44:12.183 2720 2720 D SubscriptionInfoUpdater: updateSubscriptionInfoByIccId: sInsertSimState[0] = -2
07-19 10:44:12.183 2720 2720 D SubscriptionInfoUpdater: updateSubscriptionInfoByIccId: sInsertSimState[1] = -99
07-19 10:44:12.195 2720 2720 D SubscriptionInfoUpdater: updateSubscriptionInfoByIccId: nSubCount = 1
07-19 10:44:12.199 2720 2720 D SubscriptionController: [setDefaultDataSubId] num phones=2, subId=1 dds flex map = dds
07-19 10:44:12.200 2720 2720 D SubscriptionController: [setDefaultDataSubId] phoneId=0 subId=1 RAF=81928
07-19 10:44:12.200 2720 2720 D SubscriptionController: [getSubId]- numSubIds == 0, return DummySubIds slotIdx=1
07-19 10:44:12.200 2720 2720 D SubscriptionController: [setDefaultDataSubId] phoneId=1 subId=-3 RAF=65536
07-19 10:44:12.200 2720 2720 D ProxyController: setRadioCapability: Already in requested configuration, nothing to do.
07-19 10:44:12.200 2720 2720 D SubscriptionController: [updateAllDataConnectionTrackers] sPhones.length=2
07-19 10:44:12.201 2720 2720 D SubscriptionController: [updateAllDataConnectionTrackers] phoneId=0
07-19 10:44:12.201 2720 2720 D DCT : [0]update sub = 1
07-19 10:44:12.201 2720 2720 D DCT : [0]update(): Active DDS, register for all events now!
07-19 10:44:12.204 2720 2720 D GsmCdmaPhone: [GsmCdmaPhone] updateCurrentCarrierInProvider: mSubId = 1 currentDds = -1 operatorNumeric = 26202
07-19 10:44:12.204 2720 2720 D SubscriptionController: [updateAllDataConnectionTrackers] phoneId=1
07-19 10:44:12.204 2720 2720 D SubscriptionController: [getSubId]- numSubIds == 0, return DummySubIds slotIdx=1
07-19 10:44:12.204 2720 2720 D DCT : [1]update sub = -3
07-19 10:44:12.205 2720 2720 D DCT : [1]update(): Active DDS, register for all events now!
07-19 10:44:12.205 2720 2720 D SubscriptionController: [getSubId]- numSubIds == 0, return DummySubIds slotIdx=1
07-19 10:44:12.206 2720 2720 D SubscriptionController: [getSubId]- numSubIds == 0, return DummySubIds slotIdx=1
07-19 10:44:12.206 2720 2720 D GsmCdmaPhone: [GsmCdmaPhone] updateCurrentCarrierInProvider: mSubId = -3 currentDds = -1 operatorNumeric = null
07-19 10:44:12.206 2958 3413 E CellBroadcastConfigService: exception enabling cell broadcast channels
07-19 10:44:12.206 2958 3413 E CellBroadcastConfigService: java.lang.NullPointerException: Attempt to invoke virtual method 'java.lang.String android.content.ComponentName.getPackageName()' on a null object reference
07-19 10:44:12.206 2958 3413 E CellBroadcastConfigService: at android.os.Parcel.readException(Parcel.java:1690)
07-19 10:44:12.206 2958 3413 E CellBroadcastConfigService: at android.os.Parcel.readException(Parcel.java:1637)
07-19 10:44:12.206 2958 3413 E CellBroadcastConfigService: at com.android.internal.telephony.ISms$Stub$Proxy.isSmsSimPickActivityNeeded(ISms.java:1409)
07-19 10:44:12.206 2958 3413 E CellBroadcastConfigService: at android.telephony.SmsManager.getSubscriptionId(SmsManager.java:828)
07-19 10:44:12.206 2958 3413 E CellBroadcastConfigService: at android.telephony.SmsManager.enableCellBroadcastRange(SmsManager.java:1098)
07-19 10:44:12.206 2958 3413 E CellBroadcastConfigService: at com.android.cellbroadcastreceiver.CellBroadcastConfigService.setCellBroadcastRange(CellBroadcastConfigService.java:387)
07-19 10:44:12.206 2958 3413 E CellBroadcastConfigService: at com.android.cellbroadcastreceiver.CellBroadcastConfigService.setCellBroadcastOnSub(CellBroadcastConfigService.java:217)
07-19 10:44:12.206 2958 3413 E CellBroadcastConfigService: at com.android.cellbroadcastreceiver.CellBroadcastConfigService.onHandleIntent(CellBroadcastConfigService.java:96)
07-19 10:44:12.206 2958 3413 E CellBroadcastConfigService: at android.app.IntentService$ServiceHandler.handleMessage(IntentService.java:68)
07-19 10:44:12.206 2958 3413 E CellBroadcastConfigService: at android.os.Handler.dispatchMessage(Handler.java:102)
07-19 10:44:12.206 2958 3413 E CellBroadcastConfigService: at android.os.Looper.loop(Looper.java:154)
07-19 10:44:12.206 2958 3413 E CellBroadcastConfigService: at android.os.HandlerThread.run(HandlerThread.java:61)
07-19 10:44:12.207 2720 2720 D SubscriptionController: [broadcastDefaultDataSubIdChanged] subId=1
07-19 10:44:12.208 2720 2720 D SubscriptionController: [setDefaultVoiceSubId] subId=1
07-19 10:44:12.209 2720 2720 D SubscriptionController: [broadcastDefaultVoiceSubIdChanged] subId=1
07-19 10:44:12.212 2720 2720 D SubscriptionController: [setDefaultSmsSubId] subId=1
07-19 10:44:12.213 2720 2720 D SubscriptionController: [broadcastDefaultSmsSubIdChanged] subId=1
07-19 10:44:12.216 2720 2720 D SubscriptionController: notifySubscriptionInfoChanged:
07-19 10:44:12.217 2720 2990 D SubscriptionMonitor: Phone[0] subId changed -2->1, 1 registrants
07-19 10:44:12.217 2720 2990 D SubscriptionController: [getSubId]- numSubIds == 0, return DummySubIds slotIdx=1
07-19 10:44:12.220 2958 2958 D CellBroadcastReceiver: onReceive Intent { act=android.intent.action.ACTION_DEFAULT_SMS_SUBSCRIPTION_CHANGED flg=0x20000010 cmp=com.android.cellbroadcastreceiver/.CellBroadcastReceiver (has extras) }
07-19 10:44:12.221 2958 2958 D CellBroadcastReceiver: Start Cell Broadcast configuration.
07-19 10:44:12.221 2720 2720 D SubscriptionInfoUpdater: updateSubscriptionInfoByIccId:- SsubscriptionInfo update complete
07-19 10:44:12.222 2720 2720 D MccTable: updateMccMncConfiguration mccmnc='26202' fromServiceState=false
07-19 10:44:12.224 2720 2720 D MccTable: updateMccMncConfiguration defaultMccMnc=26202
07-19 10:44:12.224 2720 2720 D MccTable: updateMccMncConfiguration: mcc=262, mnc=2
07-19 10:44:12.224 2720 2720 D MccTable: updateMccMncConfiguration updateConfig config={1.0 262mcc2mnc ?localeList ?layoutDir ?swdp ?wdp ?hdp ?density ?lsize ?long ?orien ?uimode ?night ?touch ?keyb/?/? ?nav/?}
07-19 10:44:12.225 2720 2720 D SubscriptionController: [setMccMnc]+ mcc/mnc:262/2 subId:1
07-19 10:44:12.231 2958 3435 D CellBroadcastConfigService: Enable CellBroadcast on sub 1
07-19 10:44:12.238 2720 2720 D SubscriptionController: notifySubscriptionInfoChanged:
07-19 10:44:12.239 2720 2749 D SubscriptionController: [getSubId]- numSubIds == 0, return DummySubIds slotIdx=1
07-19 10:44:12.244 2958 3435 E CellBroadcastConfigService: exception enabling cell broadcast channels
07-19 10:44:12.244 2958 3435 E CellBroadcastConfigService: java.lang.NullPointerException: Attempt to invoke virtual method 'java.lang.String android.content.ComponentName.getPackageName()' on a null object reference
07-19 10:44:12.244 2958 3435 E CellBroadcastConfigService: at android.os.Parcel.readException(Parcel.java:1690)
07-19 10:44:12.244 2958 3435 E CellBroadcastConfigService: at android.os.Parcel.readException(Parcel.java:1637)
07-19 10:44:12.244 2958 3435 E CellBroadcastConfigService: at com.android.internal.telephony.ISms$Stub$Proxy.isSmsSimPickActivityNeeded(ISms.java:1409)
07-19 10:44:12.244 2958 3435 E CellBroadcastConfigService: at android.telephony.SmsManager.getSubscriptionId(SmsManager.java:828)
07-19 10:44:12.244 2958 3435 E CellBroadcastConfigService: at android.telephony.SmsManager.enableCellBroadcastRange(SmsManager.java:1098)
07-19 10:44:12.244 2958 3435 E CellBroadcastConfigService: at com.android.cellbroadcastreceiver.CellBroadcastConfigService.setCellBroadcastRange(CellBroadcastConfigService.java:387)
07-19 10:44:12.244 2958 3435 E CellBroadcastConfigService: at com.android.cellbroadcastreceiver.CellBroadcastConfigService.setCellBroadcastOnSub(CellBroadcastConfigService.java:217)
07-19 10:44:12.244 2958 3435 E CellBroadcastConfigService: at com.android.cellbroadcastreceiver.CellBroadcastConfigService.onHandleIntent(CellBroadcastConfigService.java:96)
07-19 10:44:12.244 2958 3435 E CellBroadcastConfigService: at android.app.IntentService$ServiceHandler.handleMessage(IntentService.java:68)
07-19 10:44:12.244 2958 3435 E CellBroadcastConfigService: at android.os.Handler.dispatchMessage(Handler.java:102)
07-19 10:44:12.244 2958 3435 E CellBroadcastConfigService: at android.os.Looper.loop(Looper.java:154)
07-19 10:44:12.244 2958 3435 E CellBroadcastConfigService: at android.os.HandlerThread.run(HandlerThread.java:61)
07-19 10:44:12.255 2720 2720 D SubscriptionController: [getActiveSubscriptionInfo]+ subId=1 subInfo={id=1, iccId=89492019156020009546 simSlotIndex=0 displayName=LIDL Connect carrierName= nameSource=0 iconTint=-16746133 dataRoaming=0 iconBitmap=android.graphics.Bitmap@b6007de mcc 262 mnc 2 userNwMode=10}
07-19 10:44:12.255 2720 2720 D SubscriptionInfoUpdater: sim name = LIDL Connect
07-19 10:44:12.255 2720 2720 D SubscriptionController: [setDisplayName]+ displayName:LIDL Connect subId:1 nameSource:-1
07-19 10:44:12.256 2720 2720 D SubscriptionController: validateSubId subId: 1
07-19 10:44:12.256 2720 2720 D SubscriptionController: [setDisplayName]- mDisplayName:LIDL Connect set
07-19 10:44:12.265 2720 2720 D SubscriptionController: notifySubscriptionInfoChanged:
07-19 10:44:12.266 2720 2990 D SubscriptionController: [getSubId]- numSubIds == 0, return DummySubIds slotIdx=1
07-19 10:44:12.270 2720 2720 D SubscriptionInfoUpdater: Settings Exception reading value at subid for Settings.Global.PREFERRED_NETWORK_MODE
07-19 10:44:12.279 2720 2720 D SubscriptionController: [getActiveSubscriptionInfo]+ subId=1 subInfo={id=1, iccId=89492019156020009546 simSlotIndex=0 displayName=LIDL Connect carrierName= nameSource=0 iconTint=-16746133 dataRoaming=0 iconBitmap=android.graphics.Bitmap@ee0c3ea mcc 262 mnc 2 userNwMode=10}
07-19 10:44:12.279 2720 2720 D Phone : setPreferredNetworkType: networkType = 10 modemRaf = 81928 rafFromType = 655358 filteredType = 9
07-19 10:44:12.279 2720 2720 D RILJ : [3754]> REQUEST_SET_PREFERRED_NETWORK_TYPE : 9 [SUB0]
07-19 10:44:12.281 2720 2720 D RILJ : [3755]> QUERY_NETWORK_SELECTION_MODE [SUB0]
07-19 10:44:12.283 2720 2720 D SubscriptionInfoUpdater: Broadcasting intent ACTION_SIM_STATE_CHANGED LOADED reason null for mCardIndex: 0
07-19 10:44:12.288 2720 2858 D RILJ : [3755]< QUERY_NETWORK_SELECTION_MODE {0} [SUB0]
07-19 10:44:12.289 2720 2858 D RILJ : [3754]< REQUEST_SET_PREFERRED_NETWORK_TYPE [SUB0]
07-19 10:44:12.290 2958 2958 D CellBroadcastReceiver: onReceive Intent { act=android.intent.action.SIM_STATE_CHANGED flg=0x4000010 cmp=com.android.cellbroadcastreceiver/.CellBroadcastReceiver (has extras) }
07-19 10:44:12.291 2958 2958 D CellBroadcastReceiver: Default interval 0 did not change.
07-19 10:44:12.308 2720 2720 D DCT : [0]onRecordsLoadedOrSubIdChanged: createAllApnList
07-19 10:44:12.308 2720 2720 D DCT : [0]createAllApnList: selection=numeric = '26202'
07-19 10:44:12.320 2720 2720 D SIMRecords: [SIMRecords] getServiceProviderName: no brandOverride, providerName=LIDL Connect
07-19 10:44:12.321 2720 2720 D SIMRecords: [SIMRecords] getServiceProviderName: no brandOverride, providerName=LIDL Connect
07-19 10:44:12.321 2720 2720 D SIMRecords: [SIMRecords] getServiceProviderName: no brandOverride, providerName=LIDL Connect
07-19 10:44:12.321 2720 2720 D SIMRecords: [SIMRecords] getServiceProviderName: no brandOverride, providerName=LIDL Connect
07-19 10:44:12.321 2720 2720 D SIMRecords: [SIMRecords] getServiceProviderName: no brandOverride, providerName=LIDL Connect
07-19 10:44:12.321 2720 2720 D SIMRecords: [SIMRecords] getServiceProviderName: no brandOverride, providerName=LIDL Connect
07-19 10:44:12.321 2720 2720 D SIMRecords: [SIMRecords] getServiceProviderName: no brandOverride, providerName=LIDL Connect
07-19 10:44:12.321 2720 2720 D SIMRecords: [SIMRecords] getServiceProviderName: no brandOverride, providerName=LIDL Connect
07-19 10:44:12.322 2720 2720 D DCT : [0]createApnList: X result=[[ApnSettingV3] otelo web, 964, 26202, data.otelo.de, , , , , , -1, default | supl, IP, IP, true, 0, 0, 0, false, 0, 0, 0, 0, , , false, [ApnSettingV3] Vodafone DE Web, 1010, 26202, web.vodafone.de, , , , , , -1, default | supl, IP, IP, true, 0, 0, 0, false, 0, 0, 0, 0, , , false, [ApnSettingV3] Vodafone DE MMS, 1011, 26202, event.vodafone.de, , http://139.7.24.1/servlets/mms, 139.7.29.17, 80, , -1, mms, IP, IP, true, 0, 0, 0, false, 0, 0, 0, 0, , , false, [ApnSettingV3] Vodafone DE-IMS, 1012, 26202, ims, , , , , , -1, ims, IPV4V6, IP, true, 0, 0, 0, false, 0, 0, 0, 0, , , false]
07-19 10:44:12.340 2720 2720 D DCT : [0]getPreferredApn: mRequestedApnType=default cursor=android.content.ContentResolver$CursorWrapperInner@4c35653 cursor.count=0
07-19 10:44:12.341 2720 2720 D DCT : [0]getPreferredApn: X not found
07-19 10:44:12.341 2720 2720 D DCT : [0]createAllApnList: mPreferredApn=null
07-19 10:44:12.341 2720 2720 D DCT : [0]createAllApnList: X mAllApnSettings=[[ApnSettingV3] otelo web, 964, 26202, data.otelo.de, , , , , , -1, default | supl, IP, IP, true, 0, 0, 0, false, 0, 0, 0, 0, , , false, [ApnSettingV3] Vodafone DE Web, 1010, 26202, web.vodafone.de, , , , , , -1, default | supl, IP, IP, true, 0, 0, 0, false, 0, 0, 0, 0, , , false, [ApnSettingV3] Vodafone DE MMS, 1011, 26202, event.vodafone.de, , http://139.7.24.1/servlets/mms, 139.7.29.17, 80, , -1, mms, IP, IP, true, 0, 0, 0, false, 0, 0, 0, 0, , , false, [ApnSettingV3] Vodafone DE-IMS, 1012, 26202, ims, , , , , , -1, ims, IPV4V6, IP, true, 0, 0, 0, false, 0, 0, 0, 0, , , false]
