D/RIL-IPC ( 3146): ipc: [0000] 01 .
D/RIL-IPC ( 3146): ipc: =======================
D/RIL-IPC ( 3146): ipc: xmm6260_ipc_fmt_client_send: SEND FMT!
D/RIL-IPC ( 3146): ipc: xmm6260_ipc_fmt_client_send: Request: mseq=0x4b command=IPC_NET_PLMN_SEL (0x0802) type=SET
D/RIL-IPC ( 3146): ipc: ==== FMT DATA DUMP ====
D/RIL-IPC ( 3146): ipc: [0000] 02 00 00 00 00 00 00 FF ........
D/RIL-IPC ( 3146): ipc: =======================
D/RIL-NET ( 3146): Got RILJ request for SOL data
D/RIL-IPC ( 3146): ipc: xmm6260_ipc_fmt_client_send: SEND FMT!
D/RIL-IPC ( 3146): ipc: xmm6260_ipc_fmt_client_send: Request: mseq=0x4c command=IPC_NET_CURRENT_PLMN (0x0803) type=GET
D/RIL-NET ( 3146): ril_tokens_net_state_dump:
D/RIL-NET ( 3146): ril_data.tokens.registration_state = 0x81aea0
D/RIL-NET ( 3146): ril_data.tokens.gprs_registration_state = 0x81ae30
D/RIL-NET ( 3146): ril_data.tokens.operator = 0x81af88
E/RIL-NET ( 3146): Another request is going on, returning UNSOL data
D/RIL-NET ( 3146): ril_tokens_net_state_dump:
D/RIL-NET ( 3146): ril_data.tokens.registration_state = 0x81aea0
D/RIL-NET ( 3146): ril_data.tokens.gprs_registration_state = 0x81ae30
D/RIL-NET ( 3146): ril_data.tokens.operator = 0x81af88
E/RIL-NET ( 3146): Another request is going on, returning UNSOL data
D/RIL-NET ( 3146): ril_tokens_net_state_dump:
D/RIL-NET ( 3146): ril_data.tokens.registration_state = 0x81aea0
D/RIL-NET ( 3146): ril_data.tokens.gprs_registration_state = 0x81ae30
D/RIL-NET ( 3146): ril_data.tokens.operator = 0x81af88
D/RILJ ( 323): [0100]< DATA_REGISTRATION_STATE {1, 519, 2ee6e39, 3}
D/RILJ ( 323): [0101]< VOICE_REGISTRATION_STATE {1, 519, 2ee6e39, 3}
D/RIL-IPC ( 3146): ipc: xmm6260_ipc_fmt_client_recv: RECV FMT!
D/RIL-IPC ( 3146): ipc: xmm6260_ipc_fmt_client_recv: Response: aseq=0x47 command=IPC_NET_REGIST (0x0805) type=RESP
D/RIL-IPC ( 3146): ipc: ==== FMT DATA DUMP ====
D/RIL-IPC ( 3146): ipc: [0000] 04 03 02 01 19 05 39 6E EE 02 00 ......9n ...
D/RIL-IPC ( 3146): ipc: =======================
D/RIL-NET ( 3146): Got SOL NetRegist message
D/RIL-NET ( 3146): ril_tokens_net_state_dump:
D/RIL-NET ( 3146): ril_data.tokens.registration_state = 0x81aea0
D/RIL-NET ( 3146): ril_data.tokens.gprs_registration_state = 0x0
D/RIL-NET ( 3146): ril_data.tokens.operator = 0x81af88
D/RILJ ( 323): [0094]< DATA_REGISTRATION_STATE {1, 519, 2ee6e39, 3}
D/RILB ( 323): getLteOnCdmaMode=0 curVal=0 product_type='' lteOnCdmaProductType=''
D/GSM ( 323): [IccCard] Broadcasting intent ACTION_SIM_STATE_CHANGED READY reason null
D/RIL-IPC ( 3146): ipc: xmm6260_ipc_fmt_client_recv: RECV FMT!
D/RIL-IPC ( 3146): ipc: xmm6260_ipc_fmt_client_recv: Response: aseq=0x48 command=IPC_NET_REGIST (0x0805) type=RESP
D/RIL-IPC ( 3146): ipc: ==== FMT DATA DUMP ====
D/RIL-IPC ( 3146): ipc: [0000] 04 02 02 01 19 05 39 6E EE 02 00 ......9n ...
D/RIL-IPC ( 3146): ipc: =======================
D/RIL-NET ( 3146): Got SOL NetRegist message
D/RIL-NET ( 3146): ril_tokens_net_state_dump:
D/RIL-NET ( 3146): ril_data.tokens.registration_state = 0x0
D/RIL-NET ( 3146): ril_data.tokens.gprs_registration_state = 0x0
D/RIL-NET ( 3146): ril_data.tokens.operator = 0x81af88
D/RIL-IPC ( 3146): ipc: xmm6260_ipc_fmt_client_recv: RECV FMT!
D/RIL-IPC ( 3146): ipc: xmm6260_ipc_fmt_client_recv: Response: aseq=0x49 command=IPC_NET_PLMN_SEL (0x0802) type=RESP
D/RIL-IPC ( 3146): ipc: ==== FMT DATA DUMP ====
D/RIL-IPC ( 3146): ipc: [0000] 02 .
D/RIL-IPC ( 3146): ipc: =======================
D/RIL-IPC ( 3146): ipc: xmm6260_ipc_fmt_client_recv: RECV FMT!
D/RIL-IPC ( 3146): ipc: xmm6260_ipc_fmt_client_recv: Response: aseq=0x4a command=IPC_GEN_PHONE_RES (0x8001) type=RESP
D/RIL-IPC ( 3146): ipc: ==== FMT DATA DUMP ====
D/RIL-IPC ( 3146): ipc: [0000] 08 0A 03 00 80 .....
D/RIL-IPC ( 3146): ipc: =======================
D/RIL-GEN ( 3146): aseq: 0x4a found in the IPC_GEN_PHONE_RES queue!
D/RIL-IPC ( 3146): ipc: xmm6260_ipc_fmt_client_recv: RECV FMT!
D/RIL-IPC ( 3146): ipc: xmm6260_ipc_fmt_client_recv: Response: aseq=0x4b command=IPC_GEN_PHONE_RES (0x8001) type=RESP
D/RIL-IPC ( 3146): ipc: ==== FMT DATA DUMP ====
D/RIL-IPC ( 3146): ipc: [0000] 08 02 03 00 80 .....
D/RIL-IPC ( 3146): ipc: =======================
D/RIL-GEN ( 3146): aseq: 0x4b found in the IPC_GEN_PHONE_RES queue!
D/RIL-IPC ( 3146): ipc: xmm6260_ipc_fmt_client_recv: RECV FMT!
D/RIL-IPC ( 3146): ipc: xmm6260_ipc_fmt_client_recv: Response: aseq=0x4c command=IPC_NET_CURRENT_PLMN (0x0803) type=RESP
D/RIL-IPC ( 3146): ipc: ==== FMT DATA DUMP ====
D/RIL-IPC ( 3146): ipc: [0000] 02 02 04 32 30 38 30 31 23 19 05 ...20801 ...
D/RIL-IPC ( 3146): ipc: =======================
D/RILJ ( 323): [0095]< VOICE_REGISTRATION_STATE {1, 519, 2ee6e39, 3}
D/RILJ ( 323): [0096]< QUERY_NETWORK_SELECTION_MODE {0}
D/RILJ ( 323): [0097]< REQUEST_SET_PREFERRED_NETWORK_TYPE
D/RIL-IPC ( 3146): ipc: xmm6260_ipc_fmt_client_send: SEND FMT!
D/RIL-IPC ( 3146): ipc: xmm6260_ipc_fmt_client_send: Request: mseq=0x4d command=IPC_NET_PLMN_SEL (0x0802) type=GET
D/RIL-NET ( 3146): Got SOL Operator message
D/RIL-NET ( 3146): Found 1473 plmn records
D/RIL-NET ( 3146): ril_tokens_net_state_dump:
D/RIL-NET ( 3146): ril_data.tokens.registration_state = 0x0
D/RIL-NET ( 3146): ril_data.tokens.gprs_registration_state = 0x0
D/RIL-NET ( 3146): ril_data.tokens.operator = 0x0
D/RIL-IPC ( 3146): ipc: xmm6260_ipc_fmt_client_recv: RECV FMT!
D/RIL-IPC ( 3146): ipc: xmm6260_ipc_fmt_client_recv: Response: aseq=0x4d command=IPC_NET_PLMN_SEL (0x0802) type=RESP
D/RIL-IPC ( 3146): ipc: ==== FMT DATA DUMP ====
D/RIL-IPC ( 3146): ipc: [0000] 02 .
D/RIL-IPC ( 3146): ipc: =======================
V/GSM ( 323): SIMRecords:fetchSimRecords 0
D/RILJ ( 323): [0103]> GET_IMSI
D/RILJ ( 323): [0098]< SET_NETWORK_SELECTION_AUTOMATIC
D/RIL-IPC ( 3146): ipc: xmm6260_ipc_fmt_client_send: SEND FMT!
D/RIL-IPC ( 3146): ipc: xmm6260_ipc_fmt_client_send: Request: mseq=0x4e command=IPC_MISC_ME_IMSI (0x0a02) type=GET
D/RILJ ( 323): [0104]> iccIO: SIM_IO 0xc0 0x2fe2 path: 3F00,0,0,15
D/RIL-IPC ( 3146): ipc: xmm6260_ipc_fmt_client_recv: RECV FMT!
D/RIL-IPC ( 3146): ipc: xmm6260_ipc_fmt_client_recv: Response: aseq=0x4e command=IPC_MISC_ME_IMSI (0x0a02) type=RESP
D/RIL-IPC ( 3146): ipc: ==== FMT DATA DUMP ====
D/RIL-IPC ( 3146): ipc: [0000] 0F 32 30 38 31 35 30 31 30 30 38 30 37 31 30 35 .2081501 00807105
D/RIL-IPC ( 3146): ipc: =======================
D/RIL-IPC ( 3146): ipc: xmm6260_ipc_fmt_client_send: SEND FMT!
D/RIL-IPC ( 3146): ipc: xmm6260_ipc_fmt_client_send: Request: mseq=0x4f command=IPC_SEC_RSIM_ACCESS (0x0505) type=GET
D/RIL-IPC ( 3146): ipc: ==== FMT DATA DUMP ====
D/RIL-IPC ( 3146): ipc: [0000] C0 E2 2F 00 00 0F ......
D/RIL-IPC ( 3146): ipc: =======================
D/RILJ ( 323): [0105]> iccIO: SIM_IO 0xc0 0x6f40 path: 3F007F10,0,0,15
D/RIL-SEC ( 3146): Another SIM I/O is being processed, adding to the list
D/RILJ ( 323): [0106]> iccIO: SIM_IO 0xc0 0x6fc9 path: 3F007F20,0,0,15
D/RIL-SEC ( 3146): Another SIM I/O is being processed, adding to the list
D/RILJ ( 323): [0099]< OPERATOR {Orange, Orange, 20801}
D/RILJ ( 323): [0102]< QUERY_NETWORK_SELECTION_MODE {0}
D/RILJ ( 323): [0107]> iccIO: SIM_IO 0xc0 0x6fad path: 3F007F20,0,0,15
D/RILJ ( 323): [0103]< GET_IMSI
D/RIL-SEC ( 3146): Another SIM I/O is being processed, adding to the list
D/RILJ ( 323): [0108]> iccIO: SIM_IO 0xc0 0x6fca path: 3F007F20,0,0,15
D/RIL-SEC ( 3146): Another SIM I/O is being processed, adding to the list
D/RILJ ( 323): [0109]> iccIO: SIM_IO 0xc0 0x6f11 path: 3F007F20,0,0,15
D/RIL-SEC ( 3146): Another SIM I/O is being processed, adding to the list
D/RILJ ( 323): [0110]> iccIO: SIM_IO 0xc0 0x6fcb path: 3F007F20,0,0,15
D/RIL-IPC ( 3146): ipc: xmm6260_ipc_fmt_client_recv: RECV FMT!
D/RIL-IPC ( 3146): ipc: xmm6260_ipc_fmt_client_recv: Response: aseq=0x4f command=IPC_SEC_RSIM_ACCESS (0x0505) type=RESP
D/RIL-IPC ( 3146): ipc: ==== FMT DATA DUMP ====
D/RIL-IPC ( 3146): ipc: [0000] 90 00 19 62 17 82 02 41 21 83 02 2F E2 8A 01 05 ...b...A ........
D/RIL-IPC ( 3146): ipc: [a416] 8B 03 2F 06 0F 80 02 00 0A 88 01 10 ........ ....
D/RIL-IPC ( 3146): ipc: =======================
D/RIL-SEC ( 3146): SIM response: 0000000a2fe2040000ffff01020002
D/RIL-IPC ( 3146): ipc: xmm6260_ipc_fmt_client_send: SEND FMT!
D/RIL-IPC ( 3146): ipc: xmm6260_ipc_fmt_client_send: Request: mseq=0x50 command=IPC_SEC_RSIM_ACCESS (0x0505) type=GET
D/RIL-IPC ( 3146): ipc: ==== FMT DATA DUMP ====
D/RIL-IPC ( 3146): ipc: [0000] C0 40 6F 00 00 0F ..o...
D/RIL-IPC ( 3146): ipc: =======================
D/RILJ ( 323): [0104]< SIM_IO IccIoResponse sw1:0x90 sw2:0x0
D/RIL-SEC ( 3146): Another SIM I/O is being processed, adding to the list
D/RILJ ( 323): [0111]> iccIO: SIM_IO 0xc0 0x6f13 path: 3F007F20,0,0,15
D/RIL-SEC ( 3146): Another SIM I/O is being processed, adding to the list
D/RILJ ( 323): [0112]> iccIO: SIM_IO 0xc0 0x6f46 path: 3F007F20,0,0,15
D/RIL-SEC ( 3146): Another SIM I/O is being processed, adding to the list
D/RILJ ( 323): [0113]> iccIO: SIM_IO 0xc0 0x6fcd path: 3F007F20,0,0,15
D/RIL-SEC ( 3146): Another SIM I/O is being processed, adding to the list
D/RILJ ( 323): [0114]> iccIO: SIM_IO 0xc0 0x6fc5 path: 3F007F20,0,0,15
D/RIL-SEC ( 3146): Another SIM I/O is being processed, adding to the list
D/RILJ ( 323): [0115]> iccIO: SIM_IO 0xc0 0x6f38 path: 3F007F20,0,0,15
D/RIL-SEC ( 3146): Another SIM I/O is being processed, adding to the list
D/RILJ ( 323): [0116]> iccIO: SIM_IO 0xc0 0x6f16 path: 3F007F20,0,0,15
D/RIL-SEC ( 3146): Another SIM I/O is being processed, adding to the list
D/RIL-IPC ( 3146): ipc: xmm6260_ipc_fmt_client_recv: RECV FMT!
D/RIL-IPC ( 3146): ipc: xmm6260_ipc_fmt_client_recv: Response: aseq=0x50 command=IPC_SEC_RSIM_ACCESS (0x0505) type=RESP
D/RIL-IPC ( 3146): ipc: ==== FMT DATA DUMP ====
D/RIL-IPC ( 3146): ipc: [0000] 90 00 1B 62 19 82 05 42 21 00 1C 05 83 02 6F 40 ...b...B ......o.
D/RIL-IPC ( 3146): ipc: [28ea] 8A 01 05 8B 03 6F 06 04 80 02 00 8C 88 00 .....o.. ......
D/RIL-IPC ( 3146): ipc: =======================
D/RIL-SEC ( 3146): SIM response: 0000008c6f40040000ffff0102011c
D/RIL-IPC ( 3146): ipc: xmm6260_ipc_fmt_client_send: SEND FMT!
D/RIL-IPC ( 3146): ipc: xmm6260_ipc_fmt_client_send: Request: mseq=0x51 command=IPC_SEC_RSIM_ACCESS (0x0505) type=GET
D/RIL-IPC ( 3146): ipc: ==== FMT DATA DUMP ====
D/RIL-IPC ( 3146): ipc: [0000] C0 C9 6F 00 00 0F ..o...
D/RIL-IPC ( 3146): ipc: =======================
D/RILJ ( 323): [0105]< SIM_IO IccIoResponse sw1:0x90 sw2:0x0
D/RILJ ( 323): [0117]> iccIO: SIM_IO 0xc0 0x6f15 path: 3F007F20,0,0,15
D/RIL-SEC ( 3146): Another SIM I/O is being processed, adding to the list
D/RILJ ( 323): [0118]> GET_SIM_STATUS
D/RIL-SEC ( 3146): Got RILJ request for UNSOL data
D/RIL-UTIL( 3146): [0000] 83 00 ..
D/RIL-SEC ( 3146): Selecting application #2 on 8
D/RIL-SEC ( 3146): ril_tokens_pin_status_dump:
D/RIL-SEC ( 3146): ril_data.tokens.pin_status = 0x0
D/RILJ ( 323): [0118]< GET_SIM_STATUS IccCardState {CARDSTATE_PRESENT,PINSTATE_UNKNOWN,num_apps=8,gsm_id=2{APPTYPE_SIM,APPSTATE_READY},cmda_id=2{APPTYPE_SIM,APPSTATE_READY},ism_id=1074996488}
D/RILJ ( 323): [0119]> QUERY_FACILITY_LOCK
D/RIL-IPC ( 3146): ipc: xmm6260_ipc_fmt_client_send: SEND FMT!
D/RIL-IPC ( 3146): ipc: xmm6260_ipc_fmt_client_send: Request: mseq=0x52 command=IPC_SEC_PHONE_LOCK (0x0502) type=GET
D/RIL-IPC ( 3146): ipc: ==== FMT DATA DUMP ====
D/RIL-IPC ( 3146): ipc: [0000] 03 .
D/RIL-IPC ( 3146): ipc: =======================
D/RILJ ( 323): [0120]> QUERY_FACILITY_LOCK
D/RIL-IPC ( 3146): ipc: xmm6260_ipc_fmt_client_recv: RECV FMT!
D/RIL-IPC ( 3146): ipc: xmm6260_ipc_fmt_client_recv: Response: aseq=0x52 command=IPC_SEC_PHONE_LOCK (0x0502) type=RESP
D/RIL-IPC ( 3146): ipc: ==== FMT DATA DUMP ====
D/RIL-IPC ( 3146): ipc: [0000] 03 01 ..
D/RIL-IPC ( 3146): ipc: =======================
D/RILJ ( 323): [0119]< QUERY_FACILITY_LOCK {1}
D/RIL-IPC ( 3146): ipc: xmm6260_ipc_fmt_client_send: SEND FMT!
D/RIL-IPC ( 3146): ipc: xmm6260_ipc_fmt_client_send: Request: mseq=0x53 command=IPC_SEC_PHONE_LOCK (0x0502) type=GET
D/RIL-IPC ( 3146): ipc: ==== FMT DATA DUMP ====
D/RIL-IPC ( 3146): ipc: [0000] 04 .
D/RIL-IPC ( 3146): ipc: =======================
D/RILJ ( 323): [0121]> RIL_REQUEST_REPORT_STK_SERVICE_IS_RUNNING
D/RIL-IPC ( 3146): ipc: xmm6260_ipc_fmt_client_recv: RECV FMT!
D/RIL-IPC ( 3146): ipc: xmm6260_ipc_fmt_client_recv: Response: aseq=0x53 command=IPC_SEC_PHONE_LOCK (0x0502) type=RESP
D/RIL-IPC ( 3146): ipc: ==== FMT DATA DUMP ====
D/RIL-IPC ( 3146): ipc: [0000] 04 00 ..
D/RIL-IPC ( 3146): ipc: =======================
E/RIL ( 3146): ril_on_request: Unhandled request: 103
D/RILJ ( 323): [0121]< RIL_REQUEST_REPORT_STK_SERVICE_IS_RUNNING error: com.android.internal.telephony.CommandException: REQUEST_NOT_SUPPORTED
D/RILJ ( 323): [0120]< QUERY_FACILITY_LOCK {0}
D/GSM ( 323): Received Event EVENT_ICC_STATUS_CHANGED
D/RILJ ( 323): [0122]> GET_SIM_STATUS
D/RIL-SEC ( 3146): Got RILJ request for SOL data
D/RIL-IPC ( 3146): ipc: xmm6260_ipc_fmt_client_send: SEND FMT!
D/RIL-IPC ( 3146): ipc: xmm6260_ipc_fmt_client_send: Request: mseq=0x54 command=IPC_SEC_SIM_STATUS (0x0501) type=GET
D/RIL-SEC ( 3146): ril_tokens_pin_status_dump:
D/RIL-SEC ( 3146): ril_data.tokens.pin_status = 0x81b388
D/RIL-IPC ( 3146): ipc: xmm6260_ipc_fmt_client_recv: RECV FMT!
D/RIL-IPC ( 3146): ipc: xmm6260_ipc_fmt_client_recv: Response: aseq=0x54 command=IPC_SEC_SIM_STATUS (0x0501) type=RESP
D/RIL-IPC ( 3146): ipc: ==== FMT DATA DUMP ====
D/RIL-IPC ( 3146): ipc: [0000] 00 00 ..
D/RIL-IPC ( 3146): ipc: =======================
D/RIL-SEC ( 3146): Got SOL PIN status message
D/RIL-SEC ( 3146): Selecting application #1 on 8
D/RIL-SEC ( 3146): ril_tokens_pin_status_dump:
D/RIL-SEC ( 3146): ril_data.tokens.pin_status = 0x0
D/RILJ ( 323): [UNSL]< UNSOL_RESPONSE_RADIO_STATE_CHANGED SIM_NOT_READY
D/RILB ( 323): getLteOnCdmaMode=0 curVal=0 product_type='' lteOnCdmaProductType=''
D/RILB ( 323): getLteOnCdmaMode=0 curVal=0 product_type='' lteOnCdmaProductType=''
D/RILB ( 323): getLteOnCdmaMode=0 curVal=0 product_type='' lteOnCdmaProductType=''
D/RILB ( 323): getLteOnCdmaMode=0 curVal=0 product_type='' lteOnCdmaProductType=''
D/RILB ( 323): getLteOnCdmaMode=0 curVal=0 product_type='' lteOnCdmaProductType=''
D/RILJ ( 323): [0122]< GET_SIM_STATUS IccCardState {CARDSTATE_PRESENT,PINSTATE_UNKNOWN,num_apps=8,gsm_id=1{APPTYPE_SIM,APPSTATE_DETECTED},cmda_id=1{APPTYPE_SIM,APPSTATE_DETECTED},ism_id=0}
D/GSM ( 323): [GsmSST] Poll ServiceState done: oldSS=[0 home Orange Orange 20801 UMTS:3 CSS not supported -1 -1 RoamInd=-1 DefRoamInd=-1 EmergOnly=false] newSS=[0 home Orange Orange 20801 UMTS:3 CSS not supported -1 -1 RoamInd=-1 DefRoamInd=-1 EmergOnly=false] oldGprs=0 newData=0 oldMaxDataCalls=1 mNewMaxDataCalls=1 oldReasonDataDenied=-1 mNewReasonDataDenied=-1 oldType=UMTS:3 newType=UMTS:3
D/GSM ( 323): IMSI: xxxxxxx
D/RIL-IPC ( 3146): ipc: xmm6260_ipc_fmt_client_recv: RECV FMT!
D/RIL-IPC ( 3146): ipc: xmm6260_ipc_fmt_client_recv: Response: aseq=0x51 command=IPC_SEC_RSIM_ACCESS (0x0505) type=RESP
D/RIL-IPC ( 3146): ipc: ==== FMT DATA DUMP ====
D/RIL-IPC ( 3146): ipc: [0000] 90 00 1B 62 19 82 05 42 21 00 04 05 83 02 6F C9 ...b...B ......o.
D/RIL-IPC ( 3146): ipc: [28ea] 8A 01 05 8B 03 6F 06 04 80 02 00 14 88 00 .....o.. ......
D/RIL-IPC ( 3146): ipc: =======================
D/RIL-SEC ( 3146): SIM response: 000000146fc9040000ffff01020104
D/RIL-IPC ( 3146): ipc: xmm6260_ipc_fmt_client_send: SEND FMT!
D/RIL-IPC ( 3146): ipc: xmm6260_ipc_fmt_client_send: Request: mseq=0x55 command=IPC_SEC_RSIM_ACCESS (0x0505) type=GET
D/RIL-IPC ( 3146): ipc: ==== FMT DATA DUMP ====
D/RIL-IPC ( 3146): ipc: [0000] C0 AD 6F 00 00 0F ..o...
D/RIL-IPC ( 3146): ipc: =======================
D/RILJ ( 323): [0106]< SIM_IO IccIoResponse sw1:0x90 sw2:0x0
D/GSM ( 323): [IccCard] Broadcasting intent ACTION_SIM_STATE_CHANGED IMSI reason null
D/RILJ ( 323): [0123]> iccIO: SIM_IO 0xb0 0x2fe2 path: 3F00,0,0,10
D/RIL-SEC ( 3146): Another SIM I/O is being processed, adding to the list
D/RILJ ( 323): [0124]> iccIO: SIM_IO 0xb2 0x6f40 path: 3F007F10,1,4,28
D/RIL-SEC ( 3146): Another SIM I/O is being processed, adding to the list
D/GSM ( 323): [IccCard] Query facility lock : true
D/GSM ( 323): [IccCard] Query facility lock : false
D/RILJ ( 323): [0125]> OPERATOR
D/RIL-NET ( 3146): Got RILJ request for SOL data
D/RIL-IPC ( 3146): ipc: xmm6260_ipc_fmt_client_send: SEND FMT!
D/RIL-IPC ( 3146): ipc: xmm6260_ipc_fmt_client_send: Request: mseq=0x56 command=IPC_NET_CURRENT_PLMN (0x0803) type=GET
D/RIL-NET ( 3146): ril_tokens_net_state_dump:
D/RIL-NET ( 3146): ril_data.tokens.registration_state = 0x0
D/RIL-NET ( 3146): ril_data.tokens.gprs_registration_state = 0x0
D/RIL-NET ( 3146): ril_data.tokens.operator = 0x81b4a8
D/RILJ ( 323): [0126]> DATA_REGISTRATION_STATE
D/RIL-IPC ( 3146): ipc: xmm6260_ipc_fmt_client_recv: RECV FMT!
D/RIL-IPC ( 3146): ipc: xmm6260_ipc_fmt_client_recv: Response: aseq=0x55 command=IPC_SEC_RSIM_ACCESS (0x0505) type=RESP
D/RIL-IPC ( 3146): ipc: ==== FMT DATA DUMP ====
D/RIL-IPC ( 3146): ipc: [0000] 90 00 19 62 17 82 02 41 21 83 02 6F AD 8A 01 05 ...b...A ...o....
D/RIL-IPC ( 3146): ipc: [a456] 8B 03 6F 06 01 80 02 00 04 88 01 18 ..o..... ....
D/RIL-IPC ( 3146): ipc: =======================
D/RIL-SEC ( 3146): SIM response: 000000046fad040000ffff01020002
D/RIL-IPC ( 3146): ipc: xmm6260_ipc_fmt_client_send: SEND FMT!
D/RIL-IPC ( 3146): ipc: xmm6260_ipc_fmt_client_send: Request: mseq=0x57 command=IPC_SEC_RSIM_ACCESS (0x0505) type=GET
D/RIL-IPC ( 3146): ipc: ==== FMT DATA DUMP ====
D/RIL-IPC ( 3146): ipc: [0000] C0 CA 6F 00 00 0F ..o...
D/RIL-IPC ( 3146): ipc: =======================
D/RILJ ( 323): [0107]< SIM_IO IccIoResponse sw1:0x90 sw2:0x0
D/RIL-IPC ( 3146): ipc: xmm6260_ipc_fmt_client_recv: RECV FMT!
D/RIL-IPC ( 3146): ipc: xmm6260_ipc_fmt_client_recv: Response: aseq=0x56 command=IPC_NET_CURRENT_PLMN (0x0803) type=RESP
D/RIL-IPC ( 3146): ipc: ==== FMT DATA DUMP ====
D/RIL-IPC ( 3146): ipc: [0000] 02 02 04 32 30 38 30 31 23 19 05 ...20801 ...
D/RIL-IPC ( 3146): ipc: =======================
D/RIL-NET ( 3146): Got SOL Operator message
D/RIL-NET ( 3146): Found 1473 plmn records
D/RIL-NET ( 3146): ril_tokens_net_state_dump:
D/RIL-NET ( 3146): ril_data.tokens.registration_state = 0x0
D/RIL-NET ( 3146): ril_data.tokens.gprs_registration_state = 0x0
D/RIL-NET ( 3146): ril_data.tokens.operator = 0x0
D/RILJ ( 323): [0125]< OPERATOR {Orange, Orange, 20801}
D/RIL-NET ( 3146): Got RILJ request for SOL data
D/RIL-IPC ( 3146): ipc: xmm6260_ipc_fmt_client_send: SEND FMT!
D/RIL-IPC ( 3146): ipc: xmm6260_ipc_fmt_client_send: Request: mseq=0x58 command=IPC_NET_REGIST (0x0805) type=GET
D/RIL-IPC ( 3146): ipc: ==== FMT DATA DUMP ====
D/RIL-IPC ( 3146): ipc: [0000] FF 03 ..
D/RIL-IPC ( 3146): ipc: =======================
D/RIL-NET ( 3146): ril_tokens_net_state_dump:
D/RIL-NET ( 3146): ril_data.tokens.registration_state = 0x0
D/RIL-NET ( 3146): ril_data.tokens.gprs_registration_state = 0x81b120
D/RIL-NET ( 3146): ril_data.tokens.operator = 0x0
D/RILJ ( 323): [0127]> VOICE_REGISTRATION_STATE
D/RIL-IPC ( 3146): ipc: xmm6260_ipc_fmt_client_recv: RECV FMT!
D/RIL-IPC ( 3146): ipc: xmm6260_ipc_fmt_client_recv: Response: aseq=0x58 command=IPC_NET_REGIST (0x0805) type=RESP
D/RIL-IPC ( 3146): ipc: ==== FMT DATA DUMP ====
D/RIL-IPC ( 3146): ipc: [0000] 04 03 02 01 19 05 39 6E EE 02 00 ......9n ...
D/RIL-IPC ( 3146): ipc: =======================
D/RIL-NET ( 3146): Got SOL NetRegist message
D/RIL-NET ( 3146): ril_tokens_net_state_dump:
D/RIL-NET ( 3146): ril_data.tokens.registration_state = 0x0
D/RIL-NET ( 3146): ril_data.tokens.gprs_registration_state = 0x0
D/RIL-NET ( 3146): ril_data.tokens.operator = 0x0
D/RIL-NET ( 3146): Got RILJ request for SOL data
D/RIL-IPC ( 3146): ipc: xmm6260_ipc_fmt_client_send: SEND FMT!
D/RIL-IPC ( 3146): ipc: xmm6260_ipc_fmt_client_send: Request: mseq=0x59 command=IPC_NET_REGIST (0x0805) type=GET
D/RIL-IPC ( 3146): ipc: ==== FMT DATA DUMP ====
D/RIL-IPC ( 3146): ipc: [0000] FF 02 ..
D/RIL-IPC ( 3146): ipc: =======================
D/RIL-NET ( 3146): ril_tokens_net_state_dump:
D/RIL-NET ( 3146): ril_data.tokens.registration_state = 0x81b120
D/RIL-NET ( 3146): ril_data.tokens.gprs_registration_state = 0x0
D/RIL-NET ( 3146): ril_data.tokens.operator = 0x0
D/RILJ ( 323): [0126]< DATA_REGISTRATION_STATE {1, 519, 2ee6e39, 3}
D/RILJ ( 323): [0128]> QUERY_NETWORK_SELECTION_MODE
D/RIL-IPC ( 3146): ipc: xmm6260_ipc_fmt_client_recv: RECV FMT!
D/RIL-IPC ( 3146): ipc: xmm6260_ipc_fmt_client_recv: Response: aseq=0x59 command=IPC_NET_REGIST (0x0805) type=RESP
D/RIL-IPC ( 3146): ipc: ==== FMT DATA DUMP ====
D/RIL-IPC ( 3146): ipc: [0000] 04 02 02 01 19 05 39 6E EE 02 00 ......9n ...
D/RIL-IPC ( 3146): ipc: =======================
D/RIL-NET ( 3146): Got SOL NetRegist message
D/RIL-NET ( 3146): ril_tokens_net_state_dump:
D/RIL-NET ( 3146): ril_data.tokens.registration_state = 0x0
D/RIL-NET ( 3146): ril_data.tokens.gprs_registration_state = 0x0
D/RIL-NET ( 3146): ril_data.tokens.operator = 0x0
D/RIL-IPC ( 3146): ipc: xmm6260_ipc_fmt_client_send: SEND FMT!
D/RIL-IPC ( 3146): ipc: xmm6260_ipc_fmt_client_send: Request: mseq=0x5a command=IPC_NET_PLMN_SEL (0x0802) type=GET
D/RILJ ( 323): [0127]< VOICE_REGISTRATION_STATE {1, 519, 2ee6e39, 3}
D/RIL-IPC ( 3146): ipc: xmm6260_ipc_fmt_client_recv: RECV FMT!
D/RIL-IPC ( 3146): ipc: xmm6260_ipc_fmt_client_recv: Response: aseq=0x5a command=IPC_NET_PLMN_SEL (0x0802) type=RESP
D/RIL-IPC ( 3146): ipc: ==== FMT DATA DUMP ====
D/RIL-IPC ( 3146): ipc: [0000] 02 .
D/RIL-IPC ( 3146): ipc: =======================
D/RILJ ( 323): [0128]< QUERY_NETWORK_SELECTION_MODE {0}
D/RILJ ( 323): [0129]> iccIO: SIM_IO 0xb2 0x6fc9 path: 3F007F20,1,4,4
D/RIL-SEC ( 3146): Another SIM I/O is being processed, adding to the list
D/RILJ ( 323): [0130]> iccIO: SIM_IO 0xb0 0x6fad path: 3F007F20,0,0,4
D/RIL-SEC ( 3146): Another SIM I/O is being processed, adding to the list
D/GSM ( 323): [GsmSST] Poll ServiceState done: oldSS=[0 home Orange Orange 20801 UMTS:3 CSS not supported -1 -1 RoamInd=-1 DefRoamInd=-1 EmergOnly=false] newSS=[0 home Orange Orange 20801 UMTS:3 CSS not supported -1 -1 RoamInd=-1 DefRoamInd=-1 EmergOnly=false] oldGprs=0 newData=0 oldMaxDataCalls=1 mNewMaxDataCalls=1 oldReasonDataDenied=-1 mNewReasonDataDenied=-1 oldType=UMTS:3 newType=UMTS:3
D/RIL-IPC ( 3146): ipc: xmm6260_ipc_fmt_client_recv: RECV FMT!
D/RIL-IPC ( 3146): ipc: xmm6260_ipc_fmt_client_recv: Response: aseq=0x57 command=IPC_SEC_RSIM_ACCESS (0x0505) type=RESP
D/RIL-IPC ( 3146): ipc: ==== FMT DATA DUMP ====
D/RIL-IPC ( 3146): ipc: [0000] 90 00 1B 62 19 82 05 42 21 00 05 05 83 02 6F CA ...b...B ......o.
D/RIL-IPC ( 3146): ipc: [28ea] 8A 01 05 8B 03 6F 06 04 80 02 00 19 88 00 .....o.. ......
D/RIL-IPC ( 3146): ipc: =======================
D/RIL-SEC ( 3146): SIM response: 000000196fca040000ffff01020105
D/RIL-IPC ( 3146): ipc: xmm6260_ipc_fmt_client_send: SEND FMT!
D/RIL-IPC ( 3146): ipc: xmm6260_ipc_fmt_client_send: Request: mseq=0x5b command=IPC_SEC_RSIM_ACCESS (0x0505) type=GET
D/RIL-IPC ( 3146): ipc: ==== FMT DATA DUMP ====
D/RIL-IPC ( 3146): ipc: [0000] C0 11 6F 00 00 0F ..o...
D/RIL-IPC ( 3146): ipc: =======================
D/RILJ ( 323): [0108]< SIM_IO IccIoResponse sw1:0x90 sw2:0x0
D/RILJ ( 323): [0131]> iccIO: SIM_IO 0xb2 0x6fca path: 3F007F20,1,4,5
D/RIL-SEC ( 3146): Another SIM I/O is being processed, adding to the list
D/RIL-IPC ( 3146): ipc: xmm6260_ipc_fmt_client_recv: RECV FMT!
D/RIL-IPC ( 3146): ipc: xmm6260_ipc_fmt_client_recv: Response: aseq=0x5b command=IPC_SEC_RSIM_ACCESS (0x0505) type=RESP
D/RIL-IPC ( 3146): ipc: ==== FMT DATA DUMP ====
D/RIL-IPC ( 3146): ipc: [0000] 90 00 18 62 16 82 02 41 21 83 02 6F 11 8A 01 05 ...b...A ...o....
D/RIL-IPC ( 3146): ipc: [a457] 8B 03 6F 06 04 80 02 00 01 88 00 ..o..... ...
D/RIL-IPC ( 3146): ipc: =======================
D/RIL-SEC ( 3146): SIM response: 000000016f11040000ffff01020002
D/RIL-IPC ( 3146): ipc: xmm6260_ipc_fmt_client_send: SEND FMT!
D/RIL-IPC ( 3146): ipc: xmm6260_ipc_fmt_client_send: Request: mseq=0x5c command=IPC_SEC_RSIM_ACCESS (0x0505) type=GET
D/RIL-IPC ( 3146): ipc: ==== FMT DATA DUMP ====
D/RIL-IPC ( 3146): ipc: [0000] C0 CB 6F 00 00 0F ..o...
D/RIL-IPC ( 3146): ipc: =======================
D/RILJ ( 323): [0109]< SIM_IO IccIoResponse sw1:0x90 sw2:0x0
D/RILJ ( 323): [0132]> iccIO: SIM_IO 0xb0 0x6f11 path: 3F007F20,0,0,1
D/RIL-SEC ( 3146): Another SIM I/O is being processed, adding to the list
D/RIL-IPC ( 3146): ipc: xmm6260_ipc_fmt_client_recv: RECV FMT!
D/RIL-IPC ( 3146): ipc: xmm6260_ipc_fmt_client_recv: Response: aseq=0x5c command=IPC_SEC_RSIM_ACCESS (0x0505) type=RESP
D/RIL-IPC ( 3146): ipc: ==== FMT DATA DUMP ====
D/RIL-IPC ( 3146): ipc: [0000] 90 00 1B 62 19 82 05 42 21 00 10 05 83 02 6F CB ...b...B ......o.
D/RIL-IPC ( 3146): ipc: [28ea] 8A 01 05 8B 03 6F 06 04 80 02 00 50 88 00 .....o.. ...P..
D/RIL-IPC ( 3146): ipc: =======================
D/RIL-SEC ( 3146): SIM response: 000000506fcb040000ffff01020110
D/RIL-IPC ( 3146): ipc: xmm6260_ipc_fmt_client_send: SEND FMT!
D/RIL-IPC ( 3146): ipc: xmm6260_ipc_fmt_client_send: Request: mseq=0x5d command=IPC_SEC_RSIM_ACCESS (0x0505) type=GET
D/RIL-IPC ( 3146): ipc: ==== FMT DATA DUMP ====
D/RIL-IPC ( 3146): ipc: [0000] C0 13 6F 00 00 0F ..o...
D/RIL-IPC ( 3146): ipc: =======================
D/RILJ ( 323): [0110]< SIM_IO IccIoResponse sw1:0x90 sw2:0x0
D/RILJ ( 323): [0133]> iccIO: SIM_IO 0xb2 0x6fcb path: 3F007F20,1,4,16
D/RIL-SEC ( 3146): Another SIM I/O is being processed, adding to the list
D/RIL-IPC ( 3146): ipc: xmm6260_ipc_fmt_client_recv: RECV FMT!
D/RIL-IPC ( 3146): ipc: xmm6260_ipc_fmt_client_recv: Response: aseq=0x5d command=IPC_SEC_RSIM_ACCESS (0x0505) type=RESP
D/RIL-IPC ( 3146): ipc: ==== FMT DATA DUMP ====
D/RIL-IPC ( 3146): ipc: [0000] 90 00 18 62 16 82 02 41 21 83 02 6F 13 8A 01 05 ...b...A ...o....
D/RIL-IPC ( 3146): ipc: [a457] 8B 03 6F 06 04 80 02 00 01 88 00 ..o..... ...
D/RIL-IPC ( 3146): ipc: =======================
D/RIL-SEC ( 3146): SIM response: 000000016f13040000ffff01020002
D/RIL-IPC ( 3146): ipc: xmm6260_ipc_fmt_client_send: SEND FMT!
D/RIL-IPC ( 3146): ipc: xmm6260_ipc_fmt_client_send: Request: mseq=0x5e command=IPC_SEC_RSIM_ACCESS (0x0505) type=GET
D/RIL-IPC ( 3146): ipc: ==== FMT DATA DUMP ====
D/RIL-IPC ( 3146): ipc: [0000] C0 46 6F 00 00 0F .Fo...
D/RIL-IPC ( 3146): ipc: =======================
D/RILJ ( 323): [0111]< SIM_IO IccIoResponse sw1:0x90 sw2:0x0
D/RILJ ( 323): [0134]> iccIO: SIM_IO 0xb0 0x6f13 path: 3F007F20,0,0,1
D/RIL-SEC ( 3146): Another SIM I/O is being processed, adding to the list
D/RIL-IPC ( 3146): ipc: xmm6260_ipc_fmt_client_recv: RECV FMT!
D/RIL-IPC ( 3146): ipc: xmm6260_ipc_fmt_client_recv: Response: aseq=0x5e command=IPC_SEC_RSIM_ACCESS (0x0505) type=RESP
D/RIL-IPC ( 3146): ipc: ==== FMT DATA DUMP ====
D/RIL-IPC ( 3146): ipc: [0000] 90 00 18 62 16 82 02 41 21 83 02 6F 46 8A 01 05 ...b...A ...oF...
D/RIL-IPC ( 3146): ipc: [a457] 8B 03 6F 06 01 80 02 00 11 88 00 ..o..... ...
D/RIL-IPC ( 3146): ipc: =======================
D/RIL-SEC ( 3146): SIM response: 000000116f46040000ffff01020002
D/RIL-IPC ( 3146): ipc: xmm6260_ipc_fmt_client_send: SEND FMT!
D/RIL-IPC ( 3146): ipc: xmm6260_ipc_fmt_client_send: Request: mseq=0x5f command=IPC_SEC_RSIM_ACCESS (0x0505) type=GET
D/RIL-IPC ( 3146): ipc: ==== FMT DATA DUMP ====
D/RIL-IPC ( 3146): ipc: [0000] C0 CD 6F 00 00 0F ..o...
D/RIL-IPC ( 3146): ipc: =======================
D/RILJ ( 323): [0112]< SIM_IO IccIoResponse sw1:0x90 sw2:0x0
D/RILJ ( 323): [0135]> iccIO: SIM_IO 0xb0 0x6f46 path: 3F007F20,0,0,17
D/RIL-SEC ( 3146): Another SIM I/O is being processed, adding to the list
D/RIL-IPC ( 3146): ipc: xmm6260_ipc_fmt_client_recv: RECV FMT!
D/RIL-IPC ( 3146): ipc: xmm6260_ipc_fmt_client_recv: Response: aseq=0x5f command=IPC_SEC_RSIM_ACCESS (0x0505) type=RESP
D/RIL-IPC ( 3146): ipc: ==== FMT DATA DUMP ====
D/RIL-IPC ( 3146): ipc: [0000] 90 00 19 62 17 82 02 41 21 83 02 6F CD 8A 01 05 ...b...A ...o....
D/RIL-IPC ( 3146): ipc: [a456] 8B 03 6F 06 03 80 02 00 1F 88 01 D8 ..o..... ....
D/RIL-IPC ( 3146): ipc: =======================
D/RIL-SEC ( 3146): SIM response: 0000001f6fcd040000ffff01020002
D/RIL-IPC ( 3146): ipc: xmm6260_ipc_fmt_client_send: SEND FMT!
D/RIL-IPC ( 3146): ipc: xmm6260_ipc_fmt_client_send: Request: mseq=0x60 command=IPC_SEC_RSIM_ACCESS (0x0505) type=GET
D/RIL-IPC ( 3146): ipc: ==== FMT DATA DUMP ====
D/RIL-IPC ( 3146): ipc: [0000] C0 C5 6F 00 00 0F ..o...
D/RIL-IPC ( 3146): ipc: =======================
D/RIL-IPC ( 3146): ipc: xmm6260_ipc_fmt_client_recv: RECV FMT!
D/RIL-IPC ( 3146): ipc: xmm6260_ipc_fmt_client_recv: Response: aseq=0x60 command=IPC_SEC_RSIM_ACCESS (0x0505) type=RESP
D/RIL-IPC ( 3146): ipc: ==== FMT DATA DUMP ====
D/RIL-IPC ( 3146): ipc: [0000] 90 00 1C 62 1A 82 05 42 21 00 28 05 83 02 6F C5 ...b...B ......o.
D/RIL-IPC ( 3146): ipc: [28e9] 8A 01 05 8B 03 6F 06 01 80 02 00 C8 88 01 C8 .....o.. .......
D/RIL-IPC ( 3146): ipc: =======================
D/RIL-SEC ( 3146): SIM response: 000000c86fc5040000ffff01020128
D/RIL-IPC ( 3146): ipc: xmm6260_ipc_fmt_client_send: SEND FMT!
D/RIL-IPC ( 3146): ipc: xmm6260_ipc_fmt_client_send: Request: mseq=0x61 command=IPC_SEC_RSIM_ACCESS (0x0505) type=GET
D/RIL-IPC ( 3146): ipc: ==== FMT DATA DUMP ====
D/RIL-IPC ( 3146): ipc: [0000] C0 38 6F 00 00 0F .8o...
D/RIL-IPC ( 3146): ipc: =======================
D/RILJ ( 323): [0113]< SIM_IO IccIoResponse sw1:0x90 sw2:0x0
D/RILJ ( 323): [0114]< SIM_IO IccIoResponse sw1:0x90 sw2:0x0
D/RIL-IPC ( 3146): ipc: xmm6260_ipc_fmt_client_recv: RECV FMT!
D/RIL-IPC ( 3146): ipc: xmm6260_ipc_fmt_client_recv: Response: aseq=0x61 command=IPC_SEC_RSIM_ACCESS (0x0505) type=RESP
D/RIL-IPC ( 3146): ipc: ==== FMT DATA DUMP ====
D/RIL-IPC ( 3146): ipc: [0000] 90 00 19 62 17 82 02 41 21 83 02 6F 38 8A 01 05 ...b...A ...o8...
D/RIL-IPC ( 3146): ipc: [a456] 8B 03 6F 06 03 80 02 00 09 88 01 20 ..o..... ....
D/RIL-IPC ( 3146): ipc: =======================
D/RIL-SEC ( 3146): SIM response: 000000096f38040000ffff01020002
D/RIL-IPC ( 3146): ipc: xmm6260_ipc_fmt_client_send: SEND FMT!
D/RIL-IPC ( 3146): ipc: xmm6260_ipc_fmt_client_send: Request: mseq=0x62 command=IPC_SEC_RSIM_ACCESS (0x0505) type=GET
D/RIL-IPC ( 3146): ipc: ==== FMT DATA DUMP ====
D/RIL-IPC ( 3146): ipc: [0000] C0 16 6F 00 00 0F ..o...
D/RIL-IPC ( 3146): ipc: =======================
D/RILJ ( 323): [0136]> iccIO: SIM_IO 0xb0 0x6fcd path: 3F007F20,0,0,31
D/RILJ ( 323): [0115]< SIM_IO IccIoResponse sw1:0x90 sw2:0x0
D/RILJ ( 323): [0137]> iccIO: SIM_IO 0xb2 0x6fc5 path: 3F007F20,1,4,40
D/RIL-SEC ( 3146): Another SIM I/O is being processed, adding to the list
D/RILJ ( 323): [0138]> iccIO: SIM_IO 0xb0 0x6f38 path: 3F007F20,0,0,9
D/RIL-SEC ( 3146): Another SIM I/O is being processed, adding to the list
D/RIL-SEC ( 3146): Another SIM I/O is being processed, adding to the list
D/RIL-IPC ( 3146): ipc: xmm6260_ipc_fmt_client_recv: RECV FMT!
D/RIL-IPC ( 3146): ipc: xmm6260_ipc_fmt_client_recv: Response: aseq=0x62 command=IPC_SEC_RSIM_ACCESS (0x0505) type=RESP
D/RIL-IPC ( 3146): ipc: ==== FMT DATA DUMP ====
D/RIL-IPC ( 3146): ipc: [0000] 90 00 18 62 16 82 02 41 21 83 02 6F 16 8A 01 05 ...b...A ...o....
D/RIL-IPC ( 3146): ipc: [a457] 8B 03 6F 06 04 80 02 00 03 88 00 ..o..... ...
D/RIL-IPC ( 3146): ipc: =======================
D/RIL-SEC ( 3146): SIM response: 000000036f16040000ffff01020002
D/RIL-IPC ( 3146): ipc: xmm6260_ipc_fmt_client_send: SEND FMT!
D/RIL-IPC ( 3146): ipc: xmm6260_ipc_fmt_client_send: Request: mseq=0x63 command=IPC_SEC_RSIM_ACCESS (0x0505) type=GET
D/RIL-IPC ( 3146): ipc: ==== FMT DATA DUMP ====
D/RIL-IPC ( 3146): ipc: [0000] C0 15 6F 00 00 0F ..o...
D/RIL-IPC ( 3146): ipc: =======================
D/RILJ ( 323): [0116]< SIM_IO IccIoResponse sw1:0x90 sw2:0x0
D/RILJ ( 323): [0139]> iccIO: SIM_IO 0xb0 0x6f16 path: 3F007F20,0,0,3
D/RIL-SEC ( 3146): Another SIM I/O is being processed, adding to the list
D/RIL-IPC ( 3146): ipc: xmm6260_ipc_fmt_client_recv: RECV FMT!
D/RIL-IPC ( 3146): ipc: xmm6260_ipc_fmt_client_recv: Response: aseq=0x63 command=IPC_SEC_RSIM_ACCESS (0x0505) type=RESP
D/RIL-IPC ( 3146): ipc: ==== FMT DATA DUMP ====
D/RIL-IPC ( 3146): ipc: [0000] 6A 82 00 j..
D/RIL-IPC ( 3146): ipc: =======================
D/RIL-IPC ( 3146): ipc: xmm6260_ipc_fmt_client_send: SEND FMT!
D/RIL-IPC ( 3146): ipc: xmm6260_ipc_fmt_client_send: Request: mseq=0x64 command=IPC_SEC_RSIM_ACCESS (0x0505) type=GET
D/RIL-IPC ( 3146): ipc: ==== FMT DATA DUMP ====
D/RIL-IPC ( 3146): ipc: [0000] B0 E2 2F 00 00 0A ......
D/RIL-IPC ( 3146): ipc: =======================
D/RILJ ( 323): [0117]< SIM_IO IccIoResponse sw1:0x6a sw2:0x82
E/GSM ( 323): Exception in fetching EF_CSP data com.android.internal.telephony.IccException: sw1:106 sw2:130
D/RIL-IPC ( 3146): ipc: xmm6260_ipc_fmt_client_recv: RECV FMT!
D/RIL-IPC ( 3146): ipc: xmm6260_ipc_fmt_client_recv: Response: aseq=0x64 command=IPC_SEC_RSIM_ACCESS (0x0505) type=RESP
D/RIL-IPC ( 3146): ipc: ==== FMT DATA DUMP ====
D/RIL-IPC ( 3146): ipc: [0000] 90 00 0A 98 33 51 10 11 11 08 45 57 F5 ....3Q.. ..EW.
D/RIL-IPC ( 3146): ipc: =======================
D/RIL-SEC ( 3146): SIM response: 983351101111084557f5
D/RIL-IPC ( 3146): ipc: xmm6260_ipc_fmt_client_send: SEND FMT!
D/RIL-IPC ( 3146): ipc: xmm6260_ipc_fmt_client_send: Request: mseq=0x65 command=IPC_SEC_RSIM_ACCESS (0x0505) type=GET
D/RIL-IPC ( 3146): ipc: ==== FMT DATA DUMP ====
D/RIL-IPC ( 3146): ipc: [0000] B2 40 6F 01 04 1C ..o...
D/RIL-IPC ( 3146): ipc: =======================
D/RILJ ( 323): [0123]< SIM_IO IccIoResponse sw1:0x90 sw2:0x0
D/GSM ( 323): iccid: 8933150111118054755
D/RIL-IPC ( 3146): ipc: xmm6260_ipc_fmt_client_recv: RECV FMT!
D/RIL-IPC ( 3146): ipc: xmm6260_ipc_fmt_client_recv: Response: aseq=0x65 command=IPC_SEC_RSIM_ACCESS (0x0505) type=RESP
D/RIL-IPC ( 3146): ipc: ==== FMT DATA DUMP ====
D/RIL-IPC ( 3146): ipc: [0000] 90 00 1C 4D 65 73 73 61 67 65 72 69 65 FF FF FF ...Messa gerie...
D/RIL-IPC ( 3146): ipc: [e675] FF 07 91 33 06 04 42 58 F5 FF FF FF FF FF FF ...3..BX .......
D/RIL-IPC ( 3146): ipc: =======================
D/RIL-SEC ( 3146): SIM response: 4d657373616765726965ffffffff07913306044258f5ffffffffffff
D/RIL-IPC ( 3146): ipc: xmm6260_ipc_fmt_client_send: SEND FMT!
D/RIL-IPC ( 3146): ipc: xmm6260_ipc_fmt_client_send: Request: mseq=0x66 command=IPC_SEC_RSIM_ACCESS (0x0505) type=GET
D/RIL-IPC ( 3146): ipc: ==== FMT DATA DUMP ====
D/RIL-IPC ( 3146): ipc: [0000] B2 C9 6F 01 04 04 ..o...
D/RIL-IPC ( 3146): ipc: =======================
D/RILJ ( 323): [0124]< SIM_IO IccIoResponse sw1:0x90 sw2:0x0
D/GSM ( 323): MSISDN: xxxxxxx
D/RIL-IPC ( 3146): ipc: xmm6260_ipc_fmt_client_recv: RECV FMT!
D/RIL-IPC ( 3146): ipc: xmm6260_ipc_fmt_client_recv: Response: aseq=0x66 command=IPC_SEC_RSIM_ACCESS (0x0505) type=RESP
D/RIL-IPC ( 3146): ipc: ==== FMT DATA DUMP ====
D/RIL-IPC ( 3146): ipc: [0000] 90 00 04 01 00 00 00 .......
D/RIL-IPC ( 3146): ipc: =======================
D/RIL-SEC ( 3146): SIM response: 01000000
D/RIL-IPC ( 3146): ipc: xmm6260_ipc_fmt_client_send: SEND FMT!
D/RIL-IPC ( 3146): ipc: xmm6260_ipc_fmt_client_send: Request: mseq=0x67 command=IPC_SEC_RSIM_ACCESS (0x0505) type=GET
D/RIL-IPC ( 3146): ipc: ==== FMT DATA DUMP ====
D/RIL-IPC ( 3146): ipc: [0000] B0 AD 6F 00 00 04 ..o...
D/RIL-IPC ( 3146): ipc: =======================
D/RILJ ( 323): [0129]< SIM_IO IccIoResponse sw1:0x90 sw2:0x0
D/GSM ( 323): EF_MBI: 01000000
D/GSM ( 323): Got valid mailbox number for MBDN
D/RILJ ( 323): [0140]> iccIO: SIM_IO 0xc0 0x6fc7 path: 3F007F20,0,0,15
D/RIL-SEC ( 3146): Another SIM I/O is being processed, adding to the list
D/RIL-IPC ( 3146): ipc: xmm6260_ipc_fmt_client_recv: RECV FMT!
D/RIL-IPC ( 3146): ipc: xmm6260_ipc_fmt_client_recv: Response: aseq=0x67 command=IPC_SEC_RSIM_ACCESS (0x0505) type=RESP
D/RIL-IPC ( 3146): ipc: ==== FMT DATA DUMP ====
D/RIL-IPC ( 3146): ipc: [0000] 90 00 04 00 00 00 02 .......
D/RIL-IPC ( 3146): ipc: =======================
D/RIL-SEC ( 3146): SIM response: 00000002
D/RIL-IPC ( 3146): ipc: xmm6260_ipc_fmt_client_send: SEND FMT!
D/RIL-IPC ( 3146): ipc: xmm6260_ipc_fmt_client_send: Request: mseq=0x68 command=IPC_SEC_RSIM_ACCESS (0x0505) type=GET
D/RIL-IPC ( 3146): ipc: ==== FMT DATA DUMP ====
D/RIL-IPC ( 3146): ipc: [0000] B2 CA 6F 01 04 05 ..o...
D/RIL-IPC ( 3146): ipc: =======================
D/RILJ ( 323): [0130]< SIM_IO IccIoResponse sw1:0x90 sw2:0x0
D/GSM ( 323): EF_AD: 00000002
D/RIL-IPC ( 3146): ipc: xmm6260_ipc_fmt_client_recv: RECV FMT!
D/RIL-IPC ( 3146): ipc: xmm6260_ipc_fmt_client_recv: Response: aseq=0x68 command=IPC_SEC_RSIM_ACCESS (0x0505) type=RESP
D/RIL-IPC ( 3146): ipc: ==== FMT DATA DUMP ====
D/RIL-IPC ( 3146): ipc: [0000] 90 00 05 00 00 00 00 00 ........
D/RIL-IPC ( 3146): ipc: =======================
D/RIL-SEC ( 3146): SIM response: 0000000000
D/RIL-IPC ( 3146): ipc: xmm6260_ipc_fmt_client_send: SEND FMT!
D/RIL-IPC ( 3146): ipc: xmm6260_ipc_fmt_client_send: Request: mseq=0x69 command=IPC_SEC_RSIM_ACCESS (0x0505) type=GET
D/RIL-IPC ( 3146): ipc: ==== FMT DATA DUMP ====
D/RIL-IPC ( 3146): ipc: [0000] B0 11 6F 00 00 01 ..o...
D/RIL-IPC ( 3146): ipc: =======================
D/RILJ ( 323): [0131]< SIM_IO IccIoResponse sw1:0x90 sw2:0x0
D/GSM ( 323): EF_MWIS: 0000000000
D/RIL-IPC ( 3146): ipc: xmm6260_ipc_fmt_client_recv: RECV FMT!
D/RIL-IPC ( 3146): ipc: xmm6260_ipc_fmt_client_recv: Response: aseq=0x69 command=IPC_SEC_RSIM_ACCESS (0x0505) type=RESP
D/RIL-IPC ( 3146): ipc: ==== FMT DATA DUMP ====
D/RIL-IPC ( 3146): ipc: [0000] 90 00 01 55 ...U
D/RIL-IPC ( 3146): ipc: =======================
D/RIL-SEC ( 3146): SIM response: 55
D/RIL-IPC ( 3146): ipc: xmm6260_ipc_fmt_client_send: SEND FMT!
D/RIL-IPC ( 3146): ipc: xmm6260_ipc_fmt_client_send: Request: mseq=0x6a command=IPC_SEC_RSIM_ACCESS (0x0505) type=GET
D/RIL-IPC ( 3146): ipc: ==== FMT DATA DUMP ====
D/RIL-IPC ( 3146): ipc: [0000] B2 CB 6F 01 04 10 ..o...
D/RIL-IPC ( 3146): ipc: =======================
D/RILJ ( 323): [0132]< SIM_IO IccIoResponse sw1:0x90 sw2:0x0
D/RIL-IPC ( 3146): ipc: xmm6260_ipc_fmt_client_recv: RECV FMT!
D/RIL-IPC ( 3146): ipc: xmm6260_ipc_fmt_client_recv: Response: aseq=0x6a command=IPC_SEC_RSIM_ACCESS (0x0505) type=RESP
D/RIL-IPC ( 3146): ipc: ==== FMT DATA DUMP ====
D/RIL-IPC ( 3146): ipc: [0000] 90 00 10 FF 00 FF FF FF FF FF FF FF FF FF FF FF ........ ........
D/RIL-IPC ( 3146): ipc: [1eff] FF FF FF ...
D/RIL-IPC ( 3146): ipc: =======================
D/RIL-SEC ( 3146): SIM response: ff00ffffffffffffffffffffffffffff
D/RIL-IPC ( 3146): ipc: xmm6260_ipc_fmt_client_send: SEND FMT!
D/RIL-IPC ( 3146): ipc: xmm6260_ipc_fmt_client_send: Request: mseq=0x6b command=IPC_SEC_RSIM_ACCESS (0x0505) type=GET
D/RIL-IPC ( 3146): ipc: ==== FMT DATA DUMP ====
D/RIL-IPC ( 3146): ipc: [0000] B0 13 6F 00 00 01 ..o...
D/RIL-IPC ( 3146): ipc: =======================
D/RILJ ( 323): [0133]< SIM_IO IccIoResponse sw1:0x90 sw2:0x0
D/GSM ( 323): EF_CFIS: ff00ffffffffffffffffffffffffffff
D/RIL-IPC ( 3146): ipc: xmm6260_ipc_fmt_client_recv: RECV FMT!
D/RIL-IPC ( 3146): ipc: xmm6260_ipc_fmt_client_recv: Response: aseq=0x6b command=IPC_SEC_RSIM_ACCESS (0x0505) type=RESP
D/RIL-IPC ( 3146): ipc: ==== FMT DATA DUMP ====
D/RIL-IPC ( 3146): ipc: [0000] 90 00 01 55 ...U
D/RIL-IPC ( 3146): ipc: =======================
D/RIL-SEC ( 3146): SIM response: 55
D/RIL-IPC ( 3146): ipc: xmm6260_ipc_fmt_client_send: SEND FMT!
D/RIL-IPC ( 3146): ipc: xmm6260_ipc_fmt_client_send: Request: mseq=0x6c command=IPC_SEC_RSIM_ACCESS (0x0505) type=GET
D/RIL-IPC ( 3146): ipc: ==== FMT DATA DUMP ====
D/RIL-IPC ( 3146): ipc: [0000] B0 46 6F 00 00 11 .Fo...
D/RIL-IPC ( 3146): ipc: =======================
D/RILJ ( 323): [0134]< SIM_IO IccIoResponse sw1:0x90 sw2:0x0
D/GSM ( 323): EF_CFF_CPHS: 55
D/RIL-IPC ( 3146): ipc: xmm6260_ipc_fmt_client_recv: RECV FMT!
D/RIL-IPC ( 3146): ipc: xmm6260_ipc_fmt_client_recv: Response: aseq=0x6c command=IPC_SEC_RSIM_ACCESS (0x0505) type=RESP
D/RIL-IPC ( 3146): ipc: ==== FMT DATA DUMP ====
D/RIL-IPC ( 3146): ipc: [0000] 90 00 11 02 46 72 65 65 FF FF FF FF FF FF FF FF ....Free ........
D/RIL-IPC ( 3146): ipc: [fdee] FF FF FF FF ....
D/RIL-IPC ( 3146): ipc: =======================
D/RIL-SEC ( 3146): SIM response: 0246726565ffffffffffffffffffffffff
D/RIL-IPC ( 3146): ipc: xmm6260_ipc_fmt_client_send: SEND FMT!
D/RIL-IPC ( 3146): ipc: xmm6260_ipc_fmt_client_send: Request: mseq=0x6d command=IPC_SEC_RSIM_ACCESS (0x0505) type=GET
D/RIL-IPC ( 3146): ipc: ==== FMT DATA DUMP ====
D/RIL-IPC ( 3146): ipc: [0000] B0 CD 6F 00 00 1F ..o...
D/RIL-IPC ( 3146): ipc: =======================
D/RILJ ( 323): [0135]< SIM_IO IccIoResponse sw1:0x90 sw2:0x0
D/GSM ( 323): [SIMRecords] Load EF_SPN: Free spnDisplayCondition: 2
D/RIL-IPC ( 3146): ipc: xmm6260_ipc_fmt_client_recv: RECV FMT!
D/RIL-IPC ( 3146): ipc: xmm6260_ipc_fmt_client_recv: Response: aseq=0x6d command=IPC_SEC_RSIM_ACCESS (0x0505) type=RESP
D/RIL-IPC ( 3146): ipc: ==== FMT DATA DUMP ====
D/RIL-IPC ( 3146): ipc: [0000] 90 00 1F A3 08 80 06 02 F8 10 02 F8 20 FF FF FF ........ ........
D/RIL-IPC ( 3146): ipc: [5ce0] FF FF FF FF FF FF FF FF FF FF FF FF FF FF FF FF ........ ........
D/RIL-IPC ( 3146): ipc: [5ce1] FF FF ..
D/RIL-IPC ( 3146): ipc: =======================
D/RIL-SEC ( 3146): SIM response: a308800602f81002f820ffffffffffffffffffffffffffffffffffffffffff
D/RIL-IPC ( 3146): ipc: xmm6260_ipc_fmt_client_send: SEND FMT!
D/RIL-IPC ( 3146): ipc: xmm6260_ipc_fmt_client_send: Request: mseq=0x6e command=IPC_SEC_RSIM_ACCESS (0x0505) type=GET
D/RIL-IPC ( 3146): ipc: ==== FMT DATA DUMP ====
D/RIL-IPC ( 3146): ipc: [0000] B2 C5 6F 01 04 28 ..o...
D/RIL-IPC ( 3146): ipc: =======================
D/RILJ ( 323): [0136]< SIM_IO IccIoResponse sw1:0x90 sw2:0x0
D/GSM ( 323): [SIMRecords] EF_SPDI network: 20801
D/GSM ( 323): [SIMRecords] EF_SPDI network: 20802
D/RIL-IPC ( 3146): ipc: xmm6260_ipc_fmt_client_recv: RECV FMT!
D/RIL-IPC ( 3146): ipc: xmm6260_ipc_fmt_client_recv: Response: aseq=0x6e command=IPC_SEC_RSIM_ACCESS (0x0505) type=RESP
D/RIL-IPC ( 3146): ipc: ==== FMT DATA DUMP ====
D/RIL-IPC ( 3146): ipc: [0000] 90 00 28 43 05 84 46 79 B9 0C 45 05 84 46 79 B9 ...C..Fy ..E..Fy.
D/RIL-IPC ( 3146): ipc: [bcd7] 0C FF FF FF FF FF FF FF FF FF FF FF FF FF FF FF ........ ........
D/RIL-IPC ( 3146): ipc: [bcd7] FF FF FF FF FF FF FF FF FF FF FF ........ ...
D/RIL-IPC ( 3146): ipc: =======================
D/RIL-SEC ( 3146): SIM response: 4305844679b90c4505844679b90cffffffffffffffffffffffffffffffffffffffffffffffffffff
D/RIL-IPC ( 3146): ipc: xmm6260_ipc_fmt_client_send: SEND FMT!
D/RIL-IPC ( 3146): ipc: xmm6260_ipc_fmt_client_send: Request: mseq=0x6f command=IPC_SEC_RSIM_ACCESS (0x0505) type=GET
D/RIL-IPC ( 3146): ipc: ==== FMT DATA DUMP ====
D/RIL-IPC ( 3146): ipc: [0000] B0 38 6F 00 00 09 .8o...
D/RIL-IPC ( 3146): ipc: =======================
D/RILJ ( 323): [0137]< SIM_IO IccIoResponse sw1:0x90 sw2:0x0
D/RIL-IPC ( 3146): ipc: xmm6260_ipc_fmt_client_recv: RECV FMT!
D/RIL-IPC ( 3146): ipc: xmm6260_ipc_fmt_client_recv: Response: aseq=0x6f command=IPC_SEC_RSIM_ACCESS (0x0505) type=RESP
D/RIL-IPC ( 3146): ipc: ==== FMT DATA DUMP ====
D/RIL-IPC ( 3146): ipc: [0000] 90 00 09 86 CF 17 AC E7 F2 04 00 00 ........ ....
D/RIL-IPC ( 3146): ipc: =======================
D/RIL-SEC ( 3146): SIM response: 86cf17ace7f2040000
D/RIL-IPC ( 3146): ipc: xmm6260_ipc_fmt_client_send: SEND FMT!
D/RIL-IPC ( 3146): ipc: xmm6260_ipc_fmt_client_send: Request: mseq=0x70 command=IPC_SEC_RSIM_ACCESS (0x0505) type=GET
D/RIL-IPC ( 3146): ipc: ==== FMT DATA DUMP ====
D/RIL-IPC ( 3146): ipc: [0000] B0 16 6F 00 00 03 ..o...
D/RIL-IPC ( 3146): ipc: =======================
D/RILJ ( 323): [0138]< SIM_IO IccIoResponse sw1:0x90 sw2:0x0
D/GSM ( 323): [SIMRecords] SST: UsimServiceTable[72]={ FDN, FDN_EXTENSION, OUTGOING_CALL_INFO, INCOMING_CALL_INFO, SM_STORAGE, SM_STATUS_REPORTS, SM_SERVICE_PARAMS, CB_MESSAGE_ID, CB_MESSAGE_ID_RANGES, GROUP_ID_LEVEL_1, GROUP_ID_LEVEL_2, SPN, MSISDN, GSM_ACCESS, DATA_DL_VIA_SMS_PP, CALL_CONTROL_BY_USIM, RUN_AT_COMMAND, IGNORED_1, ENABLED_SERVICES_TABLE, APN_CONTROL_LIST, GSM_SECURITY_CONTEXT, CPBCCH_INFO, INVESTIGATION_SCAN, OPERATOR_PLMN_SELECT, PLMN_NETWORK_NAME, OPERATOR_PLMN_LIST, MBDN, MWI_STATUS, SERVICE_PROVIDER_DISPLAY_INFO }
D/RIL-IPC ( 3146): ipc: xmm6260_ipc_fmt_client_recv: RECV FMT!
D/RIL-IPC ( 3146): ipc: xmm6260_ipc_fmt_client_recv: Response: aseq=0x70 command=IPC_SEC_RSIM_ACCESS (0x0505) type=RESP
D/RIL-IPC ( 3146): ipc: ==== FMT DATA DUMP ====
D/RIL-IPC ( 3146): ipc: [0000] 90 00 03 02 00 00 ......
D/RIL-IPC ( 3146): ipc: =======================
D/RIL-SEC ( 3146): SIM response: 020000
D/RIL-IPC ( 3146): ipc: xmm6260_ipc_fmt_client_send: SEND FMT!
D/RIL-IPC ( 3146): ipc: xmm6260_ipc_fmt_client_send: Request: mseq=0x71 command=IPC_SEC_RSIM_ACCESS (0x0505) type=GET
D/RIL-IPC ( 3146): ipc: ==== FMT DATA DUMP ====
D/RIL-IPC ( 3146): ipc: [0000] C0 C7 6F 00 00 0F ..o...
D/RIL-IPC ( 3146): ipc: =======================
D/RILJ ( 323): [0139]< SIM_IO IccIoResponse sw1:0x90 sw2:0x0
D/GSM ( 323): [SIMRecords] iCPHS: 020000
D/RIL-IPC ( 3146): ipc: xmm6260_ipc_fmt_client_recv: RECV FMT!
D/RIL-IPC ( 3146): ipc: xmm6260_ipc_fmt_client_recv: Response: aseq=0x71 command=IPC_SEC_RSIM_ACCESS (0x0505) type=RESP
D/RIL-IPC ( 3146): ipc: ==== FMT DATA DUMP ====
D/RIL-IPC ( 3146): ipc: [0000] 90 00 1B 62 19 82 05 02 21 00 1C 05 83 02 6F C7 ...b.... ......o.
D/RIL-IPC ( 3146): ipc: [28ea] 8A 01 05 8B 03 6F 06 04 80 02 00 8C 88 00 .....o.. ......
D/RIL-IPC ( 3146): ipc: =======================
D/RIL-SEC ( 3146): SIM response: 0000008c6fc7040000ffff0102011c
D/RILJ ( 323): [0140]< SIM_IO IccIoResponse sw1:0x90 sw2:0x0
D/RILJ ( 323): [0141]> iccIO: SIM_IO 0xb2 0x6fc7 path: 3F007F20,1,4,28
D/RIL-IPC ( 3146): ipc: xmm6260_ipc_fmt_client_send: SEND FMT!
D/RIL-IPC ( 3146): ipc: xmm6260_ipc_fmt_client_send: Request: mseq=0x72 command=IPC_SEC_RSIM_ACCESS (0x0505) type=GET
D/RIL-IPC ( 3146): ipc: ==== FMT DATA DUMP ====
D/RIL-IPC ( 3146): ipc: [0000] B2 C7 6F 01 04 1C ..o...
D/RIL-IPC ( 3146): ipc: =======================
D/RIL-IPC ( 3146): ipc: xmm6260_ipc_fmt_client_recv: RECV FMT!
D/RIL-IPC ( 3146): ipc: xmm6260_ipc_fmt_client_recv: Response: aseq=0x72 command=IPC_SEC_RSIM_ACCESS (0x0505) type=RESP
D/RIL-IPC ( 3146): ipc: ==== FMT DATA DUMP ====
D/RIL-IPC ( 3146): ipc: [0000] 90 00 1C 4D 65 73 73 61 67 65 72 69 65 FF FF FF ...Messa gerie...
D/RIL-IPC ( 3146): ipc: [e675] FF 07 91 33 96 65 00 10 F1 FF FF FF FF FF FF ...3.e.. .......
D/RIL-IPC ( 3146): ipc: =======================
D/RIL-SEC ( 3146): SIM response: 4d657373616765726965ffffffff07913396650010f1ffffffffffff
D/RILJ ( 323): [0141]< SIM_IO IccIoResponse sw1:0x90 sw2:0x0
D/GSM ( 323): VM: ADN Record 'Messagerie' '+33695600011 null' EF[MBDN]
D/GSM ( 323): SIMRecords: record load complete
D/GSM ( 323): [IccCard] Broadcasting intent ACTION_SIM_STATE_CHANGED LOADED reason null
D/GSM ( 323): [GsmDCT] handleMessage msg={ what=270338 when=-16ms obj=android.os.AsyncResult@40e20698 }
D/GSM ( 323): [GsmDCT] onRecordsLoaded: createAllApnList
D/GSM ( 323): [GsmDCT] createAllApnList: selection=numeric = '20815' and carrier_enabled = 1
D/GSM ( 323): [GsmDCT] createApnList: X result=[[ApnSettingV2] Free Mobile, 53, 20815, free, null, null, null, null, null, -1, default | supl, IP, IP, true, 0, [ApnSettingV2] Free Mobile MMS, 54, 20815, mmsfree, null, http://mms.free.fr, null, null, null, -1, mms, IP, IP, true, 0]
D/GSM ( 323): [GsmDCT] getPreferredApn: X found apnSetting[ApnSettingV2] Free Mobile, 53, 20815, free, null, null, null, null, null, -1, default | supl, IP, IP, true, 0
D/GSM ( 323): [GsmDCT] createAllApnList: mPreferredApn=[ApnSettingV2] Free Mobile, 53, 20815, free, null, null, null, null, null, -1, default | supl, IP, IP, true, 0
D/GSM ( 323): [GsmDCT] createAllApnList: X mAllApns=[[ApnSettingV2] Free Mobile, 53, 20815, free, null, null, null, null, null, -1, default | supl, IP, IP, true, 0, [ApnSettingV2] Free Mobile MMS, 54, 20815, mmsfree, null, http://mms.free.fr, null, null, null, -1, mms, IP, IP, true, 0]
D/GSM ( 323): [GsmDCT] onRecordsLoaded: notifying data availability
D/GSM ( 323): [GsmDCT] notifyOffApnOfAvailability type:dun
D/GSM ( 323): [GsmDCT] isDataPossible(dun): possible=true isDataAllowed=true apnTypePossible=true apnContextisEnabled=false apnContextState()=IDLE
D/GSM ( 323): [GsmDCT] get active apn string for type:dun
D/GSM ( 323): [GsmDCT] notifyOffApnOfAvailability type:supl
D/GSM ( 323): [GsmDCT] isDataPossible(supl): possible=true isDataAllowed=true apnTypePossible=true apnContextisEnabled=false apnContextState()=IDLE
D/GSM ( 323): [GsmDCT] get active apn string for type:supl
D/GSM ( 323): [GsmDCT] notifyOffApnOfAvailability type:hipri
D/GSM ( 323): [GsmDCT] isDataPossible(hipri): possible=true isDataAllowed=true apnTypePossible=true apnContextisEnabled=false apnContextState()=IDLE
D/GSM ( 323): [GsmDCT] get active apn string for type:hipri
D/GSM ( 323): [GsmDCT] notifyOffApnsOfAvailability skipped apn due to isReady==false: state=IDLE apnType=default
D/GSM ( 323): [GsmDCT] notifyOffApnOfAvailability type:mms
D/GSM ( 323): [GsmDCT] isDataPossible(mms): possible=true isDataAllowed=true apnTypePossible=true apnContextisEnabled=false apnContextState()=IDLE
D/GSM ( 323): [GsmDCT] get active apn string for type:mms
D/GSM ( 323): [ApnContext] set reason as simLoaded, for type default,current state IDLE
D/GSM ( 323): [GsmDCT] trySetupData for type:default due to simLoaded
D/GSM ( 323): [GsmDCT] trySetupData with mIsPsRestricted=false
D/GSM ( 323): [GsmDCT] notifyOffApnOfAvailability type:dun
D/GSM ( 323): [GsmDCT] isDataPossible(dun): possible=true isDataAllowed=true apnTypePossible=true apnContextisEnabled=false apnContextState()=IDLE
D/GSM ( 323): [GsmDCT] get active apn string for type:dun
D/GSM ( 323): [GsmDCT] notifyOffApnOfAvailability type:supl
D/GSM ( 323): [GsmDCT] isDataPossible(supl): possible=true isDataAllowed=true apnTypePossible=true apnContextisEnabled=false apnContextState()=IDLE
D/GSM ( 323): [GsmDCT] get active apn string for type:supl
D/GSM ( 323): [GsmDCT] notifyOffApnOfAvailability type:hipri
D/GSM ( 323): [GsmDCT] isDataPossible(hipri): possible=true isDataAllowed=true apnTypePossible=true apnContextisEnabled=false apnContextState()=IDLE
D/GSM ( 323): [GsmDCT] get active apn string for type:hipri
