D/GSM ( 323): [GsmDCT] notifyOffApnsOfAvailability skipped apn due to isReady==false: state=IDLE apnType=default
D/GSM ( 323): [GsmDCT] notifyOffApnOfAvailability type:mms
D/GSM ( 323): [GsmDCT] isDataPossible(mms): possible=true isDataAllowed=true apnTypePossible=true apnContextisEnabled=false apnContextState()=IDLE
D/GSM ( 323): [GsmDCT] get active apn string for type:mms
D/GSM ( 323): [GsmDCT] handleMessage msg={ what=270365 when=-1ms arg1=1 }
D/GSM ( 323): [GsmDCT] CMD_SET_USER_DATA_ENABLE enabled=true
D/GSM ( 323): [GsmDCT] onTrySetupData: reason=dataEnabled
D/GSM ( 323): [ApnContext] set reason as dataEnabled, for type default,current state IDLE
D/GSM ( 323): [GsmDCT] trySetupData for type:default due to dataEnabled
D/GSM ( 323): [GsmDCT] trySetupData with mIsPsRestricted=false
D/GSM ( 323): [GsmDCT] isEmergency: result=false
D/GSM ( 323): [GsmDCT] buildWaitingApns: Preferred APN:20815:20815:[ApnSettingV2] Free Mobile, 53, 20815, free, null, null, null, null, null, -1, default | supl, IP, IP, true, 0
D/GSM ( 323): [GsmDCT] buildWaitingApns: X added preferred apnList=[[ApnSettingV2] Free Mobile, 53, 20815, free, null, null, null, null, null, -1, default | supl, IP, IP, true, 0]
D/GSM ( 323): [GsmDCT] trySetupData: Create from mAllApns : [[ApnSettingV2] Free Mobile, 53, 20815, free, null, null, null, null, null, -1, default | supl, IP, IP, true, 0][[ApnSettingV2] Free Mobile MMS, 54, 20815, mmsfree, null, http://mms.free.fr, null, null, null, -1, mms, IP, IP, true, 0]
D/GSM ( 323): [GsmDCT] Setup watingApns : [[ApnSettingV2] Free Mobile, 53, 20815, free, null, null, null, null, null, -1, default | supl, IP, IP, true, 0]
D/GSM ( 323): [GsmDCT] setupData: apnContext=state=IDLE apnType=default
D/GSM ( 323): [GsmDCT] checkForConnectionForApnContext: apnContext=state=IDLE apnType=default NO conn
D/GSM ( 323): [GsmDCT] findReadyDataConnection: apn string <[ApnSettingV2] Free Mobile, 53, 20815, free, null, null, null, null, null, -1, default | supl, IP, IP, true, 0>
D/GSM ( 323): [GsmDCT] findReadyDataConnection: dc apn string
D/GSM ( 323): [GsmDCT] setupData: No ready GsmDataConnection found!
D/GSM ( 323): [GsmDCT] findFreeDataConnection: found free GsmDataConnection
D/GSM ( 323): [GsmDCT] setupData: init dc and apnContext refCount=0
D/GSM ( 323): [ApnContext] setState: INITING for type default, previous state:IDLE
D/GSM ( 323): [GsmDCT] isDataPossible(default): possible=true isDataAllowed=true apnTypePossible=true apnContextisEnabled=true apnContextState()=INITING
D/GSM ( 323): [GsmDCT] get active apn string for type:default
D/GSM ( 323): [GsmDCT] setupData: initing!
D/GSM ( 323): [GsmDCT] notifyOffApnOfAvailability type:dun
D/GSM ( 323): [GsmDCT] isDataPossible(dun): possible=true isDataAllowed=true apnTypePossible=true apnContextisEnabled=false apnContextState()=IDLE
D/GSM ( 323): [GsmDCT] get active apn string for type:dun
D/GSM ( 323): [GsmDC-1] DcInactiveState msg.what=EVENT_CONNECT.RefCount = 0
D/GSM ( 323): [GsmDC-1] Connecting to carrier: 'Free Mobile' APN: 'free' proxy: 'null' port: 'null
D/RILJ ( 323): [0142]> SETUP_DATA_CALL 5 0 free null null 0 IP
D/RIL-GPRS( 3146): Requesting data connection to APN 'free'
D/RIL-GPRS( 3146): Using GPRS connection cid: 1
D/RIL-IPC ( 3146): ipc: xmm6260_ipc_fmt_client_send: SEND FMT!
D/RIL-IPC ( 3146): ipc: xmm6260_ipc_fmt_client_send: Request: mseq=0x73 command=IPC_UNKNOWN (0x0d11) type=SET
D/RIL-IPC ( 3146): ipc: ==== FMT DATA DUMP ====
D/RIL-IPC ( 3146): ipc: [0000] 02 04 16 00 17 00 87 00 BD 01 00 00 00 00 00 00 ........ ........
D/RIL-IPC ( 3146): ipc: [ffe9] 00 00 00 00 00 00 00 00 00 00 00 00 00 00 00 00 ........ ........
D/RIL-IPC ( 3146): ipc: [ffe9] 00 00 00 00 00 00 00 00 00 00 00 00 00 00 00 00 ........ ........
D/RIL-IPC ( 3146): ipc: [ffe9] 00 00 00 00 00 00 00 00 00 00 00 00 00 00 00 00 ........ ........
D/RIL-IPC ( 3146): ipc: [ffe9] 00 00 00 00 00 00 00 00 00 00 00 00 00 00 00 00 ........ ........
D/RIL-IPC ( 3146): ipc: [ffe9] 00 00 00 00 00 00 00 00 00 00 00 00 00 00 00 00 ........ ........
D/RIL-IPC ( 3146): ipc: [ffe9] 00 00 00 00 00 00 00 00 00 00 00 00 00 00 00 00 ........ ........
D/RIL-IPC ( 3146): ipc: [ffe9] 00 00 00 00 00 00 00 00 00 00 00 00 00 00 00 00 ........ ........
D/RIL-IPC ( 3146): ipc: [ffe9] 00 00 00 00 00 00 00 00 00 00 00 00 00 00 00 00 ........ ........
D/RIL-IPC ( 3146): ipc: [ffe9] 00 00 00 00 00 00 00 00 00 00 00 00 00 00 00 00 ........ ........
D/RIL-IPC ( 3146): ipc: [ffe9] 00 00 00 00 00 00 00 00 00 00 00 00 00 00 00 00 ........ ........
D/RIL-IPC ( 3146): ipc: [ffe9] 00 00 00 00 00 00 00 00 00 00 00 00 00 00 00 00 ........ ........
D/RIL-IPC ( 3146): ipc: [ffe9] 00 00 00 00 00 00 00 00 00 00 00 00 00 00 00 00 ........ ........
D/RIL-IPC ( 3146): ipc: [ffe9] 00 00 00 00 00 00 00 00 00 00 00 00 00 00 00 00 ........ ........
D/RIL-IPC ( 3146): ipc: [ffe9] 00 00 00 00 00 00 00 00 00 00 00 00 00 00 00 00 ........ ........
D/RIL-IPC ( 3146): ipc: [ffe9] 00 00 00 00 00 00 00 00 00 00 00 00 00 00 00 00 ........ ........
D/RIL-IPC ( 3146): ipc: =======================
D/GSM ( 323): [GsmDCT] notifyOffApnOfAvailability type:supl
D/GSM ( 323): [GsmDCT] isDataPossible(supl): possible=true isDataAllowed=true apnTypePossible=true apnContextisEnabled=false apnContextState()=IDLE
D/GSM ( 323): [GsmDCT] get active apn string for type:supl
D/GSM ( 323): [GsmDCT] notifyOffApnOfAvailability type:hipri
D/GSM ( 323): [GsmDCT] isDataPossible(hipri): possible=true isDataAllowed=true apnTypePossible=true apnContextisEnabled=false apnContextState()=IDLE
D/GSM ( 323): [GsmDCT] get active apn string for type:hipri
D/GSM ( 323): [GsmDCT] notifyOffApnsOfAvailability skipped apn due to isReady==false: state=INITING apnType=default
D/GSM ( 323): [GsmDCT] notifyOffApnOfAvailability type:mms
D/GSM ( 323): [GsmDCT] isDataPossible(mms): possible=true isDataAllowed=true apnTypePossible=true apnContextisEnabled=false apnContextState()=IDLE
D/GSM ( 323): [GsmDCT] get active apn string for type:mms
D/RIL-IPC ( 3146): ipc: xmm6260_ipc_fmt_client_recv: RECV FMT!
D/RIL-IPC ( 3146): ipc: xmm6260_ipc_fmt_client_recv: Response: aseq=0x73 command=IPC_GEN_PHONE_RES (0x8001) type=RESP
D/RIL-IPC ( 3146): ipc: ==== FMT DATA DUMP ====
D/RIL-IPC ( 3146): ipc: [0000] 0D 11 03 00 80 .....
D/RIL-IPC ( 3146): ipc: =======================
D/RIL-GEN ( 3146): aseq: 0x73 found in the IPC_GEN_PHONE_RES queue!
D/RIL-IPC ( 3146): ipc: xmm6260_ipc_fmt_client_send: SEND FMT!
D/RIL-IPC ( 3146): ipc: xmm6260_ipc_fmt_client_send: Request: mseq=0x74 command=IPC_GPRS_DEFINE_PDP_CONTEXT (0x0d01) type=SET
D/RIL-IPC ( 3146): ipc: ==== FMT DATA DUMP ====
D/RIL-IPC ( 3146): ipc: [0000] 01 01 02 66 72 65 65 00 00 00 00 00 00 00 00 00 ...free. ........
D/RIL-IPC ( 3146): ipc: [99fd] 00 00 00 00 00 00 00 00 00 00 00 00 00 00 00 00 ........ ........
D/RIL-IPC ( 3146): ipc: [99fd] 00 00 00 00 00 00 00 00 00 00 00 00 00 00 00 00 ........ ........
D/RIL-IPC ( 3146): ipc: [99fd] 00 00 00 00 00 00 00 00 00 00 00 00 00 00 00 00 ........ ........
D/RIL-IPC ( 3146): ipc: [99fd] 00 00 00 00 00 00 00 00 00 00 00 00 00 00 00 00 ........ ........
D/RIL-IPC ( 3146): ipc: [99fd] 00 00 00 00 00 00 00 00 00 00 00 00 00 00 00 00 ........ ........
D/RIL-IPC ( 3146): ipc: [99fd] 00 00 00 00 00 00 00 00 00 00 00 00 00 00 00 00 ........ ........
D/RIL-IPC ( 3146): ipc: [99fd] 00 00 00 00 00 00 00 00 00 00 00 00 00 00 00 ........ .......
D/RIL-IPC ( 3146): ipc: =======================
D/RIL-IPC ( 3146): ipc: xmm6260_ipc_fmt_client_recv: RECV FMT!
D/RIL-IPC ( 3146): ipc: xmm6260_ipc_fmt_client_recv: Response: aseq=0x74 command=IPC_GEN_PHONE_RES (0x8001) type=RESP
D/RIL-IPC ( 3146): ipc: ==== FMT DATA DUMP ====
D/RIL-IPC ( 3146): ipc: [0000] 0D 01 03 00 80 .....
D/RIL-IPC ( 3146): ipc: =======================
D/RIL-GEN ( 3146): aseq: 0x74 found in the IPC_GEN_PHONE_RES queue!
D/RIL-IPC ( 3146): ipc: xmm6260_ipc_fmt_client_send: SEND FMT!
D/RIL-IPC ( 3146): ipc: xmm6260_ipc_fmt_client_send: Request: mseq=0x75 command=IPC_GPRS_PDP_CONTEXT (0x0d04) type=SET
D/RIL-IPC ( 3146): ipc: ==== FMT DATA DUMP ====
D/RIL-IPC ( 3146): ipc: [0000] 01 01 00 00 00 00 00 00 00 00 00 00 00 00 00 00 ........ ........
D/RIL-IPC ( 3146): ipc: [ffff] 00 00 00 00 00 00 00 00 00 00 00 00 00 00 00 00 ........ ........
D/RIL-IPC ( 3146): ipc: [ffff] 00 00 00 00 00 00 00 00 00 00 00 00 00 00 00 00 ........ ........
D/RIL-IPC ( 3146): ipc: [ffff] 00 00 00 00 00 00 00 00 00 00 00 00 00 00 00 00 ........ ........
D/RIL-IPC ( 3146): ipc: [ffff] 00 00 00 00 00 00 00 00 00 00 00 00 00 00 00 00 ........ ........
D/RIL-IPC ( 3146): ipc: [ffff] 00 00 00 00 00 00 00 00 00 00 00 00 00 00 00 00 ........ ........
D/RIL-IPC ( 3146): ipc: [ffff] 00 00 00 00 00 00 00 .......
D/RIL-IPC ( 3146): ipc: =======================
D/RIL-IPC ( 3146): ipc: xmm6260_ipc_fmt_client_recv: RECV FMT!
D/RIL-IPC ( 3146): ipc: xmm6260_ipc_fmt_client_recv: Response: aseq=0x75 command=IPC_GEN_PHONE_RES (0x8001) type=RESP
D/RIL-IPC ( 3146): ipc: ==== FMT DATA DUMP ====
D/RIL-IPC ( 3146): ipc: [0000] 0D 04 03 00 80 .....
D/RIL-IPC ( 3146): ipc: =======================
D/RIL-GEN ( 3146): aseq: 0x75 found in the IPC_GEN_PHONE_RES queue!
D/RIL-GPRS( 3146): Waiting for IP configuration!
D/GSM ( 323): [GsmDCT] handleMessage msg={ what=270368 when=0 arg1=1 }
D/RIL-IPC ( 3146): ipc: xmm6260_ipc_fmt_client_recv: RECV FMT!
D/RIL-IPC ( 3146): ipc: xmm6260_ipc_fmt_client_recv: Response: aseq=0x75 command=IPC_GPRS_HSDPA_STATUS (0x0d0c) type=NOTI
D/RIL-IPC ( 3146): ipc: ==== FMT DATA DUMP ====
D/RIL-IPC ( 3146): ipc: [0000] 02 .
D/RIL-IPC ( 3146): ipc: =======================
E/RIL ( 3146): ipc_fmt_dispatch: Unhandled request: IPC_GPRS_HSDPA_STATUS (0d0c)
D/RILJ ( 323): [0143]> SIGNAL_STRENGTH
D/RIL-IPC ( 3146): ipc: xmm6260_ipc_fmt_client_send: SEND FMT!
D/RIL-IPC ( 3146): ipc: xmm6260_ipc_fmt_client_send: Request: mseq=0x76 command=IPC_DISP_ICON_INFO (0x0701) type=GET
D/RIL-IPC ( 3146): ipc: ==== FMT DATA DUMP ====
D/RIL-IPC ( 3146): ipc: [0000] 01 .
D/RIL-IPC ( 3146): ipc: =======================
D/RIL-IPC ( 3146): ipc: xmm6260_ipc_fmt_client_recv: RECV FMT!
D/RIL-IPC ( 3146): ipc: xmm6260_ipc_fmt_client_recv: Response: aseq=0x76 command=IPC_DISP_ICON_INFO (0x0701) type=RESP
D/RIL-IPC ( 3146): ipc: ==== FMT DATA DUMP ====
D/RIL-IPC ( 3146): ipc: [0000] 01 04 00 04 ....
D/RIL-IPC ( 3146): ipc: =======================
D/RIL-DISP( 3146): Signal Strength is 31
D/RIL-DISP( 3146): Sol request!
D/RILJ ( 323): [0143]< SIGNAL_STRENGTH {31, 99, 0, 0, 0, 0, 0, -1, -1, -1, -1, -1}
D/RILB ( 323): getLteOnCdmaMode=0 curVal=0 product_type='' lteOnCdmaProductType=''
D/RILB ( 323): getLteOnCdmaMode=0 curVal=0 product_type='' lteOnCdmaProductType=''
D/RIL-IPC ( 3146): ipc: xmm6260_ipc_fmt_client_recv: RECV FMT!
D/RIL-IPC ( 3146): ipc: xmm6260_ipc_fmt_client_recv: Response: aseq=0x76 command=IPC_GPRS_IP_CONFIGURATION (0x0d09) type=NOTI
D/RIL-IPC ( 3146): ipc: ==== FMT DATA DUMP ====
D/RIL-IPC ( 3146): ipc: [0000] 01 07 00 0A 65 55 C6 D4 1B 28 F0 D4 1B 28 F1 FF ....eU.. ........
D/RIL-IPC ( 3146): ipc: [2991] FF 07 91 33 96 65 00 10 F1 FF FF FF FF FF FF FF ...3.e.. ........
D/RIL-IPC ( 3146): ipc: [f5ff] FF FF FF FF FF FF FF FF FF FF FF 00 08 00 00 14 ........ ........
D/RIL-IPC ( 3146): ipc: [feff] 00 00 00 09 00 00 14 00 00 00 0A 00 00 14 00 00 ........ ........
D/RIL-IPC ( 3146): ipc: [f600] 00 0B 00 00 E3 00 00 00 0C 00 00 8D 00 00 00 0D ........ ........
D/RIL-IPC ( 3146): ipc: [f6ed] 00 00 EE 00 00 00 00 00 00 00 00 00 00 00 00 00 ........ ........
D/RIL-IPC ( 3146): ipc: [f5ff] 00 00 00 00 00 00 00 00 32 30 38 30 31 23 00 00 ........ 20801...
D/RIL-IPC ( 3146): ipc: [f5ff] 00 00 00 00 00 00 00 00 00 00 00 ........ ...
D/RIL-IPC ( 3146): ipc: =======================
D/RIL-GPRS( 3146): Obtained IP Configuration
D/RIL-GPRS( 3146): Waiting for GPRS call status
D/RIL-IPC ( 3146): ipc: xmm6260_ipc_fmt_client_recv: RECV FMT!
D/RIL-IPC ( 3146): ipc: xmm6260_ipc_fmt_client_recv: Response: aseq=0x76 command=IPC_GPRS_CALL_STATUS (0x0d10) type=NOTI
D/RIL-IPC ( 3146): ipc: ==== FMT DATA DUMP ====
D/RIL-IPC ( 3146): ipc: [0000] 01 01 00 00 ....
D/RIL-IPC ( 3146): ipc: =======================
D/RIL-GPRS( 3146): GPRS connection is now enabled
D/RIL-GPRS( 3146): Using net interface: rmnet0
D/RIL-GPRS( 3146): GPRS configuration: iface: rmnet0, ip:10.101.85.198, gateway:10.101.85.198, subnet_mask:255.255.255.255, dns1:212.27.40.240, dns2:212.27.40.241
D/RIL-GPRS( 3146): GPRS interface enabled
D/RILJ ( 323): [0142]< SETUP_DATA_CALL DataCallState: {version=6 status=0 retry=0 cid=1 active=1 type='IP' ifname='rmnet0' addresses=[10.101.85.198] dnses=[212.27.40.240,212.27.40.241] gateways=[10.101.85.198]}
D/GSM ( 323): [GsmDC-1] DcActivatingState msg.what=EVENT_SETUP_DATA_CONNECTION_DONE
D/GSM ( 323): [GsmDC-1] onSetupConnectionCompleted received DataCallState: DataCallState: {version=6 status=0 retry=0 cid=1 active=1 type='IP' ifname='rmnet0' addresses=[10.101.85.198] dnses=[212.27.40.240,212.27.40.241] gateways=[10.101.85.198]}
D/GSM ( 323): addr/pl=10.101.85.198/32
D/GSM ( 323): [GsmDC-1] updateLinkProperty old != new
D/GSM ( 323): [GsmDC-1] DcActivatingState onSetupConnectionCompleted result=SUCCESS SetupResult.mFailCause=NONE
D/GSM ( 323): [GsmDC-1] notifyConnectionCompleted at 1363537557705 cause=NONE
D/GSM ( 323): [GsmDCT] handleMessage msg={ what=270336 when=0 arg1=1 obj=android.os.AsyncResult@40eadb00 }
D/GSM ( 323): [GsmDCT] isDataSetupCompleteOk return true
D/GSM ( 323): [GsmDCT] onDataSetupComplete: success apn=free
D/GSM ( 323): [GsmDCT] notifyDefaultData: type=default, reason:dataEnabled
D/GSM ( 323): [ApnContext] setState: CONNECTED for type default, previous state:INITING
D/GSM ( 323): [GsmDCT] return link properites for default
D/GSM ( 323): [GsmDCT] get active pdp is not null, return link Capabilities for default
D/GSM ( 323): [GsmDCT] isDataPossible(default): possible=true isDataAllowed=true apnTypePossible=true apnContextisEnabled=true apnContextState()=CONNECTED
D/GSM ( 323): [GsmDCT] get active apn string for type:default
D/GSM ( 323): [GsmDCT] overall state is CONNECTED
D/GSM ( 323): [GsmDCT] startNetStatPoll
D/GSM ( 323): [GsmDCT] handleMessage msg={ what=270368 when=-1ms arg1=1 }
D/GSM ( 323): [GsmDCT] handleMessage msg={ what=270368 when=-1ms arg1=1 }
D/RIL-IPC ( 3146): ipc: xmm6260_ipc_fmt_client_recv: RECV FMT!
D/RIL-IPC ( 3146): ipc: xmm6260_ipc_fmt_client_recv: Response: aseq=0x76 command=IPC_GPRS_HSDPA_STATUS (0x0d0c) type=NOTI
D/RIL-IPC ( 3146): ipc: ==== FMT DATA DUMP ====
D/RIL-IPC ( 3146): ipc: [0000] 00 .
D/RIL-IPC ( 3146): ipc: =======================
E/RIL ( 3146): ipc_fmt_dispatch: Unhandled request: IPC_GPRS_HSDPA_STATUS (0d0c)
D/RIL-IPC ( 3146): ipc: xmm6260_ipc_fmt_client_recv: RECV FMT!
D/RIL-IPC ( 3146): ipc: xmm6260_ipc_fmt_client_recv: Response: aseq=0x76 command=IPC_GPRS_HSDPA_STATUS (0x0d0c) type=NOTI
D/RIL-IPC ( 3146): ipc: ==== FMT DATA DUMP ====
D/RIL-IPC ( 3146): ipc: [0000] 01 .
D/RIL-IPC ( 3146): ipc: =======================
E/RIL ( 3146): ipc_fmt_dispatch: Unhandled request: IPC_GPRS_HSDPA_STATUS (0d0c)
D/RILJ ( 323): [0144]> SIGNAL_STRENGTH
D/RIL-IPC ( 3146): ipc: xmm6260_ipc_fmt_client_send: SEND FMT!
D/RIL-IPC ( 3146): ipc: xmm6260_ipc_fmt_client_send: Request: mseq=0x77 command=IPC_DISP_ICON_INFO (0x0701) type=GET
D/RIL-IPC ( 3146): ipc: ==== FMT DATA DUMP ====
D/RIL-IPC ( 3146): ipc: [0000] 01 .
D/RIL-IPC ( 3146): ipc: =======================
D/RIL-IPC ( 3146): ipc: xmm6260_ipc_fmt_client_recv: RECV FMT!
D/RIL-IPC ( 3146): ipc: xmm6260_ipc_fmt_client_recv: Response: aseq=0x77 command=IPC_DISP_ICON_INFO (0x0701) type=RESP
D/RIL-IPC ( 3146): ipc: ==== FMT DATA DUMP ====
D/RIL-IPC ( 3146): ipc: [0000] 01 04 00 04 ....
D/RIL-IPC ( 3146): ipc: =======================
D/RIL-DISP( 3146): Signal Strength is 31
D/RIL-DISP( 3146): Sol request!
D/RILJ ( 323): [0144]< SIGNAL_STRENGTH {31, 99, 0, 0, 0, 0, 0, -1, -1, -1, -1, -1}
D/RILB ( 323): getLteOnCdmaMode=0 curVal=0 product_type='' lteOnCdmaProductType=''
D/RILB ( 323): getLteOnCdmaMode=0 curVal=0 product_type='' lteOnCdmaProductType=''
D/RIL-IPC ( 3146): ipc: xmm6260_ipc_fmt_client_recv: RECV FMT!
D/RIL-IPC ( 3146): ipc: xmm6260_ipc_fmt_client_recv: Response: aseq=0x77 command=IPC_GPRS_HSDPA_STATUS (0x0d0c) type=NOTI
D/RIL-IPC ( 3146): ipc: ==== FMT DATA DUMP ====
D/RIL-IPC ( 3146): ipc: [0000] 02 .
D/RIL-IPC ( 3146): ipc: =======================
E/RIL ( 3146): ipc_fmt_dispatch: Unhandled request: IPC_GPRS_HSDPA_STATUS (0d0c)
D/RILJ ( 323): [0145]> SIGNAL_STRENGTH
D/RIL-IPC ( 3146): ipc: xmm6260_ipc_fmt_client_send: SEND FMT!
D/RIL-IPC ( 3146): ipc: xmm6260_ipc_fmt_client_send: Request: mseq=0x78 command=IPC_DISP_ICON_INFO (0x0701) type=GET
D/RIL-IPC ( 3146): ipc: ==== FMT DATA DUMP ====
D/RIL-IPC ( 3146): ipc: [0000] 01 .
D/RIL-IPC ( 3146): ipc: =======================
D/RIL-IPC ( 3146): ipc: xmm6260_ipc_fmt_client_recv: RECV FMT!
D/RIL-IPC ( 3146): ipc: xmm6260_ipc_fmt_client_recv: Response: aseq=0x78 command=IPC_DISP_ICON_INFO (0x0701) type=RESP
D/RIL-IPC ( 3146): ipc: ==== FMT DATA DUMP ====
D/RIL-IPC ( 3146): ipc: [0000] 01 04 00 04 ....
D/RIL-IPC ( 3146): ipc: =======================
D/RIL-DISP( 3146): Signal Strength is 31
D/RIL-DISP( 3146): Sol request!
D/RILJ ( 323): [0145]< SIGNAL_STRENGTH {31, 99, 0, 0, 0, 0, 0, -1, -1, -1, -1, -1}
D/RILB ( 323): getLteOnCdmaMode=0 curVal=0 product_type='' lteOnCdmaProductType=''
D/RILB ( 323): getLteOnCdmaMode=0 curVal=0 product_type='' lteOnCdmaProductType=''
D/RIL-IPC ( 3146): ipc: xmm6260_ipc_fmt_client_recv: RECV FMT!
D/RIL-IPC ( 3146): ipc: xmm6260_ipc_fmt_client_recv: Response: aseq=0x78 command=IPC_GPRS_HSDPA_STATUS (0x0d0c) type=NOTI
D/RIL-IPC ( 3146): ipc: ==== FMT DATA DUMP ====
D/RIL-IPC ( 3146): ipc: [0000] 00 .
D/RIL-IPC ( 3146): ipc: =======================
E/RIL ( 3146): ipc_fmt_dispatch: Unhandled request: IPC_GPRS_HSDPA_STATUS (0d0c)
D/RIL-IPC ( 3146): ipc: xmm6260_ipc_fmt_client_recv: RECV FMT!
D/RIL-IPC ( 3146): ipc: xmm6260_ipc_fmt_client_recv: Response: aseq=0x78 command=IPC_GPRS_HSDPA_STATUS (0x0d0c) type=NOTI
D/RIL-IPC ( 3146): ipc: ==== FMT DATA DUMP ====
D/RIL-IPC ( 3146): ipc: [0000] 01 .
D/RIL-IPC ( 3146): ipc: =======================
E/RIL ( 3146): ipc_fmt_dispatch: Unhandled request: IPC_GPRS_HSDPA_STATUS (0d0c)
D/RILJ ( 323): [0146]> SIGNAL_STRENGTH
D/RIL-IPC ( 3146): ipc: xmm6260_ipc_fmt_client_send: SEND FMT!
D/RIL-IPC ( 3146): ipc: xmm6260_ipc_fmt_client_send: Request: mseq=0x79 command=IPC_DISP_ICON_INFO (0x0701) type=GET
D/RIL-IPC ( 3146): ipc: ==== FMT DATA DUMP ====
D/RIL-IPC ( 3146): ipc: [0000] 01 .
D/RIL-IPC ( 3146): ipc: =======================
D/RIL-IPC ( 3146): ipc: xmm6260_ipc_fmt_client_recv: RECV FMT!
D/RIL-IPC ( 3146): ipc: xmm6260_ipc_fmt_client_recv: Response: aseq=0x79 command=IPC_DISP_ICON_INFO (0x0701) type=RESP
D/RIL-IPC ( 3146): ipc: ==== FMT DATA DUMP ====
D/RIL-IPC ( 3146): ipc: [0000] 01 04 00 04 ....
D/RIL-IPC ( 3146): ipc: =======================
D/RIL-DISP( 3146): Signal Strength is 31
D/RIL-DISP( 3146): Sol request!
D/RILJ ( 323): [0146]< SIGNAL_STRENGTH {31, 99, 0, 0, 0, 0, 0, -1, -1, -1, -1, -1}
D/RILB ( 323): getLteOnCdmaMode=0 curVal=0 product_type='' lteOnCdmaProductType=''
D/RILB ( 323): getLteOnCdmaMode=0 curVal=0 product_type='' lteOnCdmaProductType=''
D/RIL-IPC ( 3146): ipc: xmm6260_ipc_fmt_client_recv: RECV FMT!
D/RIL-IPC ( 3146): ipc: xmm6260_ipc_fmt_client_recv: Response: aseq=0x79 command=IPC_GPRS_HSDPA_STATUS (0x0d0c) type=NOTI
D/RIL-IPC ( 3146): ipc: ==== FMT DATA DUMP ====
D/RIL-IPC ( 3146): ipc: [0000] 02 .
D/RIL-IPC ( 3146): ipc: =======================
E/RIL ( 3146): ipc_fmt_dispatch: Unhandled request: IPC_GPRS_HSDPA_STATUS (0d0c)
D/RIL-IPC ( 3146): ipc: xmm6260_ipc_fmt_client_recv: RECV FMT!
D/RIL-IPC ( 3146): ipc: xmm6260_ipc_fmt_client_recv: Response: aseq=0x79 command=IPC_GPRS_HSDPA_STATUS (0x0d0c) type=NOTI
D/RIL-IPC ( 3146): ipc: ==== FMT DATA DUMP ====
D/RIL-IPC ( 3146): ipc: [0000] 00 .
D/RIL-IPC ( 3146): ipc: =======================
E/RIL ( 3146): ipc_fmt_dispatch: Unhandled request: IPC_GPRS_HSDPA_STATUS (0d0c)
D/RIL-IPC ( 3146): ipc: xmm6260_ipc_fmt_client_recv: RECV FMT!
D/RIL-IPC ( 3146): ipc: xmm6260_ipc_fmt_client_recv: Response: aseq=0x79 command=IPC_GPRS_HSDPA_STATUS (0x0d0c) type=NOTI
D/RIL-IPC ( 3146): ipc: ==== FMT DATA DUMP ====
D/RIL-IPC ( 3146): ipc: [0000] 01 .
D/RIL-IPC ( 3146): ipc: =======================
E/RIL ( 3146): ipc_fmt_dispatch: Unhandled request: IPC_GPRS_HSDPA_STATUS (0d0c)
D/RILJ ( 323): [0147]> SIGNAL_STRENGTH
D/RIL-IPC ( 3146): ipc: xmm6260_ipc_fmt_client_send: SEND FMT!
D/RIL-IPC ( 3146): ipc: xmm6260_ipc_fmt_client_send: Request: mseq=0x7a command=IPC_DISP_ICON_INFO (0x0701) type=GET
D/RIL-IPC ( 3146): ipc: ==== FMT DATA DUMP ====
D/RIL-IPC ( 3146): ipc: [0000] 01 .
D/RIL-IPC ( 3146): ipc: =======================
D/RIL-IPC ( 3146): ipc: xmm6260_ipc_fmt_client_recv: RECV FMT!
D/RIL-IPC ( 3146): ipc: xmm6260_ipc_fmt_client_recv: Response: aseq=0x7a command=IPC_DISP_ICON_INFO (0x0701) type=RESP
D/RIL-IPC ( 3146): ipc: ==== FMT DATA DUMP ====
D/RIL-IPC ( 3146): ipc: [0000] 01 04 00 04 ....
D/RIL-IPC ( 3146): ipc: =======================
D/RIL-DISP( 3146): Signal Strength is 31
D/RIL-DISP( 3146): Sol request!
D/RILJ ( 323): [0147]< SIGNAL_STRENGTH {31, 99, 0, 0, 0, 0, 0, -1, -1, -1, -1, -1}
D/RILB ( 323): getLteOnCdmaMode=0 curVal=0 product_type='' lteOnCdmaProductType=''
D/RILB ( 323): getLteOnCdmaMode=0 curVal=0 product_type='' lteOnCdmaProductType=''
D/RIL-IPC ( 3146): ipc: xmm6260_ipc_fmt_client_recv: RECV FMT!
D/RIL-IPC ( 3146): ipc: xmm6260_ipc_fmt_client_recv: Response: aseq=0x7a command=IPC_GPRS_HSDPA_STATUS (0x0d0c) type=NOTI
D/RIL-IPC ( 3146): ipc: ==== FMT DATA DUMP ====
D/RIL-IPC ( 3146): ipc: [0000] 02 .
D/RIL-IPC ( 3146): ipc: =======================
E/RIL ( 3146): ipc_fmt_dispatch: Unhandled request: IPC_GPRS_HSDPA_STATUS (0d0c)